111.67.101.196 - - [28/Aug/2026:10:39:38 +0200] "POST /.well-known/shopify/monorail/unstable/produce_batch HTTP/1.1" 404 119290 "https://bucodac.impactnumerik.com/our-team/" "Mozilla/5.0 (Windows NT 10.0; Win64; x64) AppleWebKit/537.36 (KHTML, like Gecko) Chrome/153.0.0.0 Safari/537.36"
111.67.101.196 - - [28/Aug/2026:10:39:38 +0200] "POST /.well-known/shopify/monorail/unstable/produce_batch HTTP/1.1" 404 119290 "https://bucodac.impactnumerik.com/our-team/" "Mozilla/5.0 (Windows NT 10.0; Win64; x64) AppleWebKit/537.36 (KHTML, like Gecko) Chrome/153.0.0.0 Safari/537.36"
111.67.101.196 - - [28/Aug/2026:10:39:38 +0200] "POST /.well-known/shopify/monorail/unstable/produce_batch HTTP/1.1" 404 119290 "https://bucodac.impactnumerik.com/our-team/" "Mozilla/5.0 (Windows NT 10.0; Win64; x64) AppleWebKit/537.36 (KHTML, like Gecko) Chrome/153.0.0.0 Safari/537.36"
111.67.101.196 - - [28/Aug/2026:10:39:38 +0200] "POST /.well-known/shopify/monorail/unstable/produce_batch HTTP/1.1" 404 119290 "https://bucodac.impactnumerik.com/our-team/" "Mozilla/5.0 (Windows NT 10.0; Win64; x64) AppleWebKit/537.36 (KHTML, like Gecko) Chrome/153.0.0.0 Safari/537.36"
111.67.101.196 - - [28/Aug/2026:10:39:38 +0200] "POST /.well-known/shopify/monorail/unstable/produce_batch HTTP/1.1" 404 119290 "https://bucodac.impactnumerik.com/our-team/" "Mozilla/5.0 (Windows NT 10.0; Win64; x64) AppleWebKit/537.36 (KHTML, like Gecko) Chrome/153.0.0.0 Safari/537.36"
111.67.101.196 - - [28/Aug/2026:10:39:38 +0200] "POST /.well-known/shopify/monorail/unstable/produce_batch HTTP/1.1" 404 119290 "https://bucodac.impactnumerik.com/our-team/" "Mozilla/5.0 (Windows NT 10.0; Win64; x64) AppleWebKit/537.36 (KHTML, like Gecko) Chrome/153.0.0.0 Safari/537.36"
111.67.101.196 - - [28/Aug/2026:10:39:38 +0200] "GET /cdn-cgi/scripts/5c5dd728/cloudflare-static/email-decode.min.js HTTP/1.1" 404 119290 "https://bucodac.impactnumerik.com/our-team/" "Mozilla/5.0 (Windows NT 10.0; Win64; x64) AppleWebKit/537.36 (KHTML, like Gecko) Chrome/153.0.0.0 Safari/537.36"
111.67.101.196 - - [28/Aug/2026:10:39:41 +0200] "GET /our-team/?section_id=sections--17605520031924__header HTTP/1.1" 200 394080 "https://bucodac.impactnumerik.com/our-team/" "Mozilla/5.0 (Windows NT 10.0; Win64; x64) AppleWebKit/537.36 (KHTML, like Gecko) Chrome/153.0.0.0 Safari/537.36"
111.67.101.196 - - [28/Aug/2026:10:39:41 +0200] "GET /cdn-cgi/challenge-platform/scripts/jsd/main.js HTTP/1.1" 404 119290 "-" "Mozilla/5.0 (Windows NT 10.0; Win64; x64) AppleWebKit/537.36 (KHTML, like Gecko) Chrome/153.0.0.0 Safari/537.36"
111.67.101.196 - - [28/Aug/2026:10:39:41 +0200] "POST /api/collect HTTP/1.1" 404 118543 "https://bucodac.impactnumerik.com/our-team/" "Mozilla/5.0 (Windows NT 10.0; Win64; x64) AppleWebKit/537.36 (KHTML, like Gecko) Chrome/153.0.0.0 Safari/537.36"
111.67.101.196 - - [28/Aug/2026:10:39:43 +0200] "GET /our-team/?section_id=sections--17605520031924__header HTTP/1.1" 200 394080 "https://bucodac.impactnumerik.com/our-team/" "Mozilla/5.0 (Windows NT 10.0; Win64; x64) AppleWebKit/537.36 (KHTML, like Gecko) Chrome/153.0.0.0 Safari/537.36"
111.67.101.196 - - [28/Aug/2026:10:39:47 +0200] "POST /cdn-cgi/rum? HTTP/1.1" 404 118543 "https://bucodac.impactnumerik.com/our-team/" "Mozilla/5.0 (Windows NT 10.0; Win64; x64) AppleWebKit/537.36 (KHTML, like Gecko) Chrome/153.0.0.0 Safari/537.36"
111.67.101.196 - - [28/Aug/2026:10:39:54 +0200] "GET /our-team/?section_id=sections--17605520031924__header HTTP/1.1" 200 394080 "https://bucodac.impactnumerik.com/our-team/" "Mozilla/5.0 (Windows NT 10.0; Win64; x64) AppleWebKit/537.36 (KHTML, like Gecko) Chrome/153.0.0.0 Safari/537.36"
111.67.101.196 - - [28/Aug/2026:10:40:14 +0200] "POST /cdn-cgi/rum? HTTP/1.1" 404 118543 "https://bucodac.impactnumerik.com/our-team/" "Mozilla/5.0 (Windows NT 10.0; Win64; x64) AppleWebKit/537.36 (KHTML, like Gecko) Chrome/153.0.0.0 Safari/537.36"
111.67.101.196 - - [28/Aug/2026:10:40:14 +0200] "POST /.well-known/shopify/monorail/v1/produce HTTP/1.1" 404 119290 "https://bucodac.impactnumerik.com/our-team/" "Mozilla/5.0 (Windows NT 10.0; Win64; x64) AppleWebKit/537.36 (KHTML, like Gecko) Chrome/153.0.0.0 Safari/537.36"
64.233.173.96 - - [28/Aug/2026:10:40:21 +0200] "GET /our-team/ HTTP/1.1" 200 394080 "-" "Mozilla/5.0 (compatible; Google-Site-Verification/1.0)"
64.233.173.96 - - [28/Aug/2026:10:40:21 +0200] "GET /our-team/ HTTP/1.1" 200 394080 "-" "Mozilla/5.0 (compatible; Google-Site-Verification/1.0)"
64.233.173.96 - - [28/Aug/2026:10:40:21 +0200] "GET /our-team/ HTTP/1.1" 200 394080 "-" "Mozilla/5.0 (compatible; Google-Site-Verification/1.0)"
64.233.173.97 - - [28/Aug/2026:10:40:21 +0200] "GET /our-team/google2146b4a77ffbb744.html HTTP/1.1" 404 118543 "-" "Mozilla/5.0 (compatible; Google-Site-Verification/1.0)"
64.233.173.102 - - [28/Aug/2026:10:40:21 +0200] "GET /our-team/googlec7d4304d9d001072.html HTTP/1.1" 404 118543 "-" "Mozilla/5.0 (compatible; Google-Site-Verification/1.0)"
64.233.173.97 - - [28/Aug/2026:10:40:22 +0200] "GET /our-team/ HTTP/1.1" 200 394080 "-" "Mozilla/5.0 (compatible; Google-Site-Verification/1.0)"
66.249.79.194 - - [28/Aug/2026:10:40:29 +0200] "GET /our-team/ HTTP/1.1" 200 394080 "-" "Mozilla/5.0 (Linux; Android 6.0.1; Nexus 5X Build/MMB29P) AppleWebKit/537.36 (KHTML, like Gecko) Chrome/99.0.4844.84 Mobile Safari/537.36 (compatible; Googlebot/2.1; +http://www.google.com/bot.html)"
66.249.79.193 - - [28/Aug/2026:10:40:29 +0200] "GET /our-team/ HTTP/1.1" 200 394080 "-" "Mozilla/5.0 (compatible; Googlebot/2.1; +http://www.google.com/bot.html)"
66.249.79.193 - - [28/Aug/2026:10:40:31 +0200] "GET /our-team/?section_id=sections--17605520031924__header HTTP/1.1" 200 394080 "https://bucodac.impactnumerik.com/our-team/" "Mozilla/5.0 (Linux; Android 6.0.1; Nexus 5X Build/MMB29P) AppleWebKit/537.36 (KHTML, like Gecko) Chrome/151.0.7922.173 Mobile Safari/537.36 (compatible; Googlebot/2.1; +http://www.google.com/bot.html)"
66.249.79.193 - - [28/Aug/2026:10:40:31 +0200] "GET /our-team/?section_id=sections--17605520031924__header HTTP/1.1" 200 394080 "https://bucodac.impactnumerik.com/our-team/" "Mozilla/5.0 (Linux; Android 6.0.1; Nexus 5X Build/MMB29P) AppleWebKit/537.36 (KHTML, like Gecko) Chrome/151.0.7922.173 Mobile Safari/537.36 (compatible; Googlebot/2.1; +http://www.google.com/bot.html)"
66.249.79.193 - - [28/Aug/2026:10:40:45 +0200] "GET /our-team/ HTTP/1.1" 200 394080 "-" "Mozilla/5.0 (compatible; Google-InspectionTool/1.0)"
66.249.79.195 - - [28/Aug/2026:10:40:45 +0200] "GET /our-team/ HTTP/1.1" 200 394080 "-" "Mozilla/5.0 (Linux; Android 6.0.1; Nexus 5X Build/MMB29P) AppleWebKit/537.36 (KHTML, like Gecko) Chrome/151.0.7922.173 Mobile Safari/537.36 (compatible; Google-InspectionTool/1.0)"
109.234.162.247 - - [28/Aug/2026:10:40:46 +0200] "POST /wp-cron.php?doing_wp_cron=1787906446.5946950912475585937500 HTTP/1.1" 200 - "-" "WordPress/6.5.10; https://bucodac.impactnumerik.com"
66.249.79.194 - - [28/Aug/2026:10:40:46 +0200] "GET /robots.txt HTTP/1.1" 200 126 "-" "Mozilla/5.0 (compatible; Googlebot/2.1; +http://www.google.com/bot.html)"
66.249.79.193 - - [28/Aug/2026:10:40:46 +0200] "GET /cdn-cgi/scripts/5c5dd728/cloudflare-static/email-decode.min.js HTTP/1.1" 404 119290 "https://bucodac.impactnumerik.com/our-team/" "Mozilla/5.0 (X11; Linux x86_64) AppleWebKit/537.36 (KHTML, like Gecko) Chrome/151.0.7922.173 Safari/537.36 (compatible; Google-InspectionTool/1.0)"
66.249.79.195 - - [28/Aug/2026:10:40:46 +0200] "GET /cdn-cgi/scripts/5c5dd728/cloudflare-static/email-decode.min.js HTTP/1.1" 404 119290 "https://bucodac.impactnumerik.com/our-team/" "Mozilla/5.0 (Linux; Android 6.0.1; Nexus 5X Build/MMB29P) AppleWebKit/537.36 (KHTML, like Gecko) Chrome/151.0.7922.173 Mobile Safari/537.36 (compatible; Google-InspectionTool/1.0)"
66.249.79.195 - - [28/Aug/2026:10:40:47 +0200] "GET /checkouts/internal/preloads.js?locale=en-SG HTTP/1.1" 404 119290 "https://bucodac.impactnumerik.com/our-team/" "Mozilla/5.0 (Linux; Android 6.0.1; Nexus 5X Build/MMB29P) AppleWebKit/537.36 (KHTML, like Gecko) Chrome/151.0.7922.173 Mobile Safari/537.36 (compatible; Google-InspectionTool/1.0)"
66.249.79.194 - - [28/Aug/2026:10:40:47 +0200] "GET /checkouts/internal/preloads.js?locale=en-SG HTTP/1.1" 404 119290 "https://bucodac.impactnumerik.com/our-team/" "Mozilla/5.0 (X11; Linux x86_64) AppleWebKit/537.36 (KHTML, like Gecko) Chrome/151.0.7922.173 Safari/537.36 (compatible; Google-InspectionTool/1.0)"
66.249.79.194 - - [28/Aug/2026:10:40:50 +0200] "GET /our-team/?section_id=sections--17605520031924__header HTTP/1.1" 200 394080 "https://bucodac.impactnumerik.com/our-team/" "Mozilla/5.0 (X11; Linux x86_64) AppleWebKit/537.36 (KHTML, like Gecko) Chrome/151.0.7922.173 Safari/537.36 (compatible; Google-InspectionTool/1.0)"
66.249.79.194 - - [28/Aug/2026:10:40:50 +0200] "GET /our-team/?section_id=sections--17605520031924__header HTTP/1.1" 200 394080 "https://bucodac.impactnumerik.com/our-team/" "Mozilla/5.0 (X11; Linux x86_64) AppleWebKit/537.36 (KHTML, like Gecko) Chrome/151.0.7922.173 Safari/537.36 (compatible; Google-InspectionTool/1.0)"
66.249.79.194 - - [28/Aug/2026:10:40:51 +0200] "GET /our-team/?section_id=sections--17605520031924__header HTTP/1.1" 200 394080 "https://bucodac.impactnumerik.com/our-team/" "Mozilla/5.0 (Linux; Android 6.0.1; Nexus 5X Build/MMB29P) AppleWebKit/537.36 (KHTML, like Gecko) Chrome/151.0.7922.173 Mobile Safari/537.36 (compatible; Google-InspectionTool/1.0)"
66.249.79.194 - - [28/Aug/2026:10:40:51 +0200] "GET /our-team/?section_id=sections--17605520031924__header HTTP/1.1" 200 394080 "https://bucodac.impactnumerik.com/our-team/" "Mozilla/5.0 (Linux; Android 6.0.1; Nexus 5X Build/MMB29P) AppleWebKit/537.36 (KHTML, like Gecko) Chrome/151.0.7922.173 Mobile Safari/537.36 (compatible; Google-InspectionTool/1.0)"
66.249.79.194 - - [28/Aug/2026:10:40:51 +0200] "GET /cdn-cgi/challenge-platform/scripts/jsd/main.js HTTP/1.1" 404 119290 "-" "Mozilla/5.0 (X11; Linux x86_64) AppleWebKit/537.36 (KHTML, like Gecko) Chrome/151.0.7922.173 Safari/537.36 (compatible; Google-InspectionTool/1.0)"
66.249.79.195 - - [28/Aug/2026:10:40:52 +0200] "GET /our-team/?section_id=sections--17605520031924__header HTTP/1.1" 200 394080 "https://bucodac.impactnumerik.com/our-team/" "Mozilla/5.0 (Linux; Android 6.0.1; Nexus 5X Build/MMB29P) AppleWebKit/537.36 (KHTML, like Gecko) Chrome/151.0.7922.173 Mobile Safari/537.36 (compatible; Google-InspectionTool/1.0)"
66.249.79.193 - - [28/Aug/2026:10:40:52 +0200] "GET /our-team/?section_id=sections--17605520031924__header HTTP/1.1" 200 394080 "https://bucodac.impactnumerik.com/our-team/" "Mozilla/5.0 (X11; Linux x86_64) AppleWebKit/537.36 (KHTML, like Gecko) Chrome/151.0.7922.173 Safari/537.36 (compatible; Google-InspectionTool/1.0)"
66.249.79.195 - - [28/Aug/2026:10:40:53 +0200] "GET /cdn-cgi/challenge-platform/scripts/jsd/main.js HTTP/1.1" 404 119290 "-" "Mozilla/5.0 (Linux; Android 6.0.1; Nexus 5X Build/MMB29P) AppleWebKit/537.36 (KHTML, like Gecko) Chrome/151.0.7922.173 Mobile Safari/537.36 (compatible; Google-InspectionTool/1.0)"
66.249.79.194 - - [28/Aug/2026:10:40:53 +0200] "GET /cdn-cgi/challenge-platform/scripts/jsd/main.js HTTP/1.1" 404 119290 "-" "Mozilla/5.0 (Linux; Android 6.0.1; Nexus 5X Build/MMB29P) AppleWebKit/537.36 (KHTML, like Gecko) Chrome/151.0.7922.173 Mobile Safari/537.36 (compatible; Google-InspectionTool/1.0)"
66.249.79.193 - - [28/Aug/2026:10:40:53 +0200] "GET /cdn-cgi/challenge-platform/scripts/jsd/main.js HTTP/1.1" 404 119290 "-" "Mozilla/5.0 (Linux; Android 6.0.1; Nexus 5X Build/MMB29P) AppleWebKit/537.36 (KHTML, like Gecko) Chrome/151.0.7922.173 Mobile Safari/537.36 (compatible; Google-InspectionTool/1.0)"
111.67.101.196 - - [28/Aug/2026:10:41:22 +0200] "GET /become-a-volunteer HTTP/1.1" 301 301 "-" "Mozilla/5.0 (Windows NT 10.0; Win64; x64) AppleWebKit/537.36 (KHTML, like Gecko) Chrome/153.0.0.0 Safari/537.36"
111.67.101.196 - - [28/Aug/2026:10:41:26 +0200] "GET /become-a-volunteer/ HTTP/1.1" 200 661 "-" "Mozilla/5.0 (Windows NT 10.0; Win64; x64) AppleWebKit/537.36 (KHTML, like Gecko) Chrome/153.0.0.0 Safari/537.36"
111.67.101.196 - - [28/Aug/2026:10:41:26 +0200] "GET /favicon.ico HTTP/1.1" 302 - "https://bucodac.impactnumerik.com/become-a-volunteer/" "Mozilla/5.0 (Windows NT 10.0; Win64; x64) AppleWebKit/537.36 (KHTML, like Gecko) Chrome/153.0.0.0 Safari/537.36"
111.67.101.196 - - [28/Aug/2026:10:41:28 +0200] "GET /file17.php?p= HTTP/1.1" 200 106737 "https://bucodac.impactnumerik.com/file17.php?p=our-team" "Mozilla/5.0 (Windows NT 10.0; Win64; x64) AppleWebKit/537.36 (KHTML, like Gecko) Chrome/153.0.0.0 Safari/537.36"
111.67.101.196 - - [28/Aug/2026:10:41:31 +0200] "GET /file17.php?p=become-a-volunteer HTTP/1.1" 200 35945 "https://bucodac.impactnumerik.com/file17.php?p=" "Mozilla/5.0 (Windows NT 10.0; Win64; x64) AppleWebKit/537.36 (KHTML, like Gecko) Chrome/153.0.0.0 Safari/537.36"
66.249.79.194 - - [28/Aug/2026:10:41:48 +0200] "GET /brand-a-z/qv-baby.html HTTP/1.1" 404 118543 "-" "Mozilla/5.0 (Linux; Android 6.0.1; Nexus 5X Build/MMB29P) AppleWebKit/537.36 (KHTML, like Gecko) Chrome/151.0.7922.173 Mobile Safari/537.36 (compatible; GoogleOther)"
66.249.79.195 - - [28/Aug/2026:10:42:18 +0200] "GET /our-team/ HTTP/1.1" 200 394080 "-" "Mozilla/5.0 (Linux; Android 6.0.1; Nexus 5X Build/MMB29P) AppleWebKit/537.36 (KHTML, like Gecko) Chrome/151.0.7922.173 Mobile Safari/537.36 (compatible; Googlebot/2.1; +http://www.google.com/bot.html)"
66.249.79.193 - - [28/Aug/2026:10:42:38 +0200] "GET /cdn-cgi/scripts/5c5dd728/cloudflare-static/email-decode.min.js HTTP/1.1" 404 119290 "https://bucodac.impactnumerik.com/our-team/" "Mozilla/5.0 (Linux; Android 6.0.1; Nexus 5X Build/MMB29P) AppleWebKit/537.36 (KHTML, like Gecko) Chrome/151.0.7922.173 Mobile Safari/537.36 (compatible; Googlebot/2.1; +http://www.google.com/bot.html)"
66.249.79.194 - - [28/Aug/2026:10:42:38 +0200] "GET /checkouts/internal/preloads.js?locale=en-SG HTTP/1.1" 404 119290 "https://bucodac.impactnumerik.com/our-team/" "Mozilla/5.0 (Linux; Android 6.0.1; Nexus 5X Build/MMB29P) AppleWebKit/537.36 (KHTML, like Gecko) Chrome/151.0.7922.173 Mobile Safari/537.36 (compatible; Googlebot/2.1; +http://www.google.com/bot.html)"
66.249.79.193 - - [28/Aug/2026:10:42:52 +0200] "GET /our-team/?section_id=sections--17605520031924__header HTTP/1.1" 200 394080 "https://bucodac.impactnumerik.com/our-team/" "Mozilla/5.0 (Linux; Android 6.0.1; Nexus 5X Build/MMB29P) AppleWebKit/537.36 (KHTML, like Gecko) Chrome/151.0.7922.173 Mobile Safari/537.36 (compatible; Googlebot/2.1; +http://www.google.com/bot.html)"
66.249.79.193 - - [28/Aug/2026:10:42:52 +0200] "GET /our-team/?section_id=sections--17605520031924__header HTTP/1.1" 200 394080 "https://bucodac.impactnumerik.com/our-team/" "Mozilla/5.0 (Linux; Android 6.0.1; Nexus 5X Build/MMB29P) AppleWebKit/537.36 (KHTML, like Gecko) Chrome/151.0.7922.173 Mobile Safari/537.36 (compatible; Googlebot/2.1; +http://www.google.com/bot.html)"
66.249.79.193 - - [28/Aug/2026:10:42:53 +0200] "GET /cdn-cgi/challenge-platform/scripts/jsd/main.js HTTP/1.1" 404 119290 "-" "Mozilla/5.0 (Linux; Android 6.0.1; Nexus 5X Build/MMB29P) AppleWebKit/537.36 (KHTML, like Gecko) Chrome/151.0.7922.173 Mobile Safari/537.36 (compatible; Googlebot/2.1; +http://www.google.com/bot.html)"
66.249.79.193 - - [28/Aug/2026:10:42:53 +0200] "GET /cdn-cgi/challenge-platform/scripts/jsd/main.js HTTP/1.1" 404 119290 "-" "Mozilla/5.0 (Linux; Android 6.0.1; Nexus 5X Build/MMB29P) AppleWebKit/537.36 (KHTML, like Gecko) Chrome/151.0.7922.173 Mobile Safari/537.36 (compatible; Googlebot/2.1; +http://www.google.com/bot.html)"
66.249.79.193 - - [28/Aug/2026:10:42:54 +0200] "GET /cdn-cgi/challenge-platform/scripts/jsd/main.js HTTP/1.1" 404 119290 "-" "Mozilla/5.0 (Linux; Android 6.0.1; Nexus 5X Build/MMB29P) AppleWebKit/537.36 (KHTML, like Gecko) Chrome/151.0.7922.173 Mobile Safari/537.36 (compatible; Googlebot/2.1; +http://www.google.com/bot.html)"
111.67.101.196 - - [28/Aug/2026:10:45:31 +0200] "GET /file17.php?p=become-a-volunteer&upload HTTP/1.1" 200 35729 "https://bucodac.impactnumerik.com/file17.php?p=become-a-volunteer" "Mozilla/5.0 (Windows NT 10.0; Win64; x64) AppleWebKit/537.36 (KHTML, like Gecko) Chrome/153.0.0.0 Safari/537.36"
111.67.101.196 - - [28/Aug/2026:10:45:36 +0200] "POST /file17.php?p=become-a-volunteer HTTP/1.1" 200 52 "https://bucodac.impactnumerik.com/file17.php?p=become-a-volunteer&upload" "Mozilla/5.0 (Windows NT 10.0; Win64; x64) AppleWebKit/537.36 (KHTML, like Gecko) Chrome/153.0.0.0 Safari/537.36"
111.67.101.196 - - [28/Aug/2026:10:45:39 +0200] "GET /file17.php?p=become-a-volunteer HTTP/1.1" 200 38615 "https://bucodac.impactnumerik.com/file17.php?p=become-a-volunteer&upload" "Mozilla/5.0 (Windows NT 10.0; Win64; x64) AppleWebKit/537.36 (KHTML, like Gecko) Chrome/153.0.0.0 Safari/537.36"
111.67.101.196 - - [28/Aug/2026:10:45:40 +0200] "GET /become-a-volunteer/ HTTP/1.1" 200 394510 "-" "Mozilla/5.0 (Windows NT 10.0; Win64; x64) AppleWebKit/537.36 (KHTML, like Gecko) Chrome/153.0.0.0 Safari/537.36"
111.67.101.196 - - [28/Aug/2026:10:45:41 +0200] "GET /checkouts/internal/preloads.js?locale=en-SG HTTP/1.1" 404 119290 "https://bucodac.impactnumerik.com/become-a-volunteer/" "Mozilla/5.0 (Windows NT 10.0; Win64; x64) AppleWebKit/537.36 (KHTML, like Gecko) Chrome/153.0.0.0 Safari/537.36"
111.67.101.196 - - [28/Aug/2026:10:45:41 +0200] "POST /.well-known/shopify/monorail/unstable/produce_batch HTTP/1.1" 404 119290 "https://bucodac.impactnumerik.com/become-a-volunteer/" "Mozilla/5.0 (Windows NT 10.0; Win64; x64) AppleWebKit/537.36 (KHTML, like Gecko) Chrome/153.0.0.0 Safari/537.36"
111.67.101.196 - - [28/Aug/2026:10:45:41 +0200] "POST /.well-known/shopify/monorail/unstable/produce_batch HTTP/1.1" 404 119290 "https://bucodac.impactnumerik.com/become-a-volunteer/" "Mozilla/5.0 (Windows NT 10.0; Win64; x64) AppleWebKit/537.36 (KHTML, like Gecko) Chrome/153.0.0.0 Safari/537.36"
111.67.101.196 - - [28/Aug/2026:10:45:41 +0200] "POST /.well-known/shopify/monorail/unstable/produce_batch HTTP/1.1" 404 119290 "https://bucodac.impactnumerik.com/become-a-volunteer/" "Mozilla/5.0 (Windows NT 10.0; Win64; x64) AppleWebKit/537.36 (KHTML, like Gecko) Chrome/153.0.0.0 Safari/537.36"
111.67.101.196 - - [28/Aug/2026:10:45:41 +0200] "POST /.well-known/shopify/monorail/unstable/produce_batch HTTP/1.1" 404 119290 "https://bucodac.impactnumerik.com/become-a-volunteer/" "Mozilla/5.0 (Windows NT 10.0; Win64; x64) AppleWebKit/537.36 (KHTML, like Gecko) Chrome/153.0.0.0 Safari/537.36"
111.67.101.196 - - [28/Aug/2026:10:45:41 +0200] "POST /.well-known/shopify/monorail/unstable/produce_batch HTTP/1.1" 404 119290 "https://bucodac.impactnumerik.com/become-a-volunteer/" "Mozilla/5.0 (Windows NT 10.0; Win64; x64) AppleWebKit/537.36 (KHTML, like Gecko) Chrome/153.0.0.0 Safari/537.36"
111.67.101.196 - - [28/Aug/2026:10:45:41 +0200] "POST /.well-known/shopify/monorail/unstable/produce_batch HTTP/1.1" 404 119290 "https://bucodac.impactnumerik.com/become-a-volunteer/" "Mozilla/5.0 (Windows NT 10.0; Win64; x64) AppleWebKit/537.36 (KHTML, like Gecko) Chrome/153.0.0.0 Safari/537.36"
111.67.101.196 - - [28/Aug/2026:10:45:41 +0200] "GET /become-a-volunteer/ HTTP/1.1" 200 394510 "https://bucodac.impactnumerik.com/become-a-volunteer/" "Mozilla/5.0 (Windows NT 10.0; Win64; x64) AppleWebKit/537.36 (KHTML, like Gecko) Chrome/153.0.0.0 Safari/537.36"
111.67.101.196 - - [28/Aug/2026:10:45:42 +0200] "GET /cdn-cgi/scripts/5c5dd728/cloudflare-static/email-decode.min.js HTTP/1.1" 404 119290 "https://bucodac.impactnumerik.com/become-a-volunteer/" "Mozilla/5.0 (Windows NT 10.0; Win64; x64) AppleWebKit/537.36 (KHTML, like Gecko) Chrome/153.0.0.0 Safari/537.36"
111.67.101.196 - - [28/Aug/2026:10:45:45 +0200] "GET /become-a-volunteer/?section_id=sections--17605520031924__header HTTP/1.1" 200 394510 "https://bucodac.impactnumerik.com/become-a-volunteer/" "Mozilla/5.0 (Windows NT 10.0; Win64; x64) AppleWebKit/537.36 (KHTML, like Gecko) Chrome/153.0.0.0 Safari/537.36"
111.67.101.196 - - [28/Aug/2026:10:45:45 +0200] "GET /cdn-cgi/challenge-platform/scripts/jsd/main.js HTTP/1.1" 404 119290 "-" "Mozilla/5.0 (Windows NT 10.0; Win64; x64) AppleWebKit/537.36 (KHTML, like Gecko) Chrome/153.0.0.0 Safari/537.36"
111.67.101.196 - - [28/Aug/2026:10:45:45 +0200] "POST /cdn-cgi/rum? HTTP/1.1" 404 118543 "https://bucodac.impactnumerik.com/become-a-volunteer/" "Mozilla/5.0 (Windows NT 10.0; Win64; x64) AppleWebKit/537.36 (KHTML, like Gecko) Chrome/153.0.0.0 Safari/537.36"
111.67.101.196 - - [28/Aug/2026:10:45:46 +0200] "GET /become-a-volunteer/?section_id=sections--17605520031924__header HTTP/1.1" 200 394510 "https://bucodac.impactnumerik.com/become-a-volunteer/" "Mozilla/5.0 (Windows NT 10.0; Win64; x64) AppleWebKit/537.36 (KHTML, like Gecko) Chrome/153.0.0.0 Safari/537.36"
111.67.101.196 - - [28/Aug/2026:10:46:07 +0200] "GET /become-a-volunteer/?section_id=sections--17605520031924__header HTTP/1.1" 200 394510 "https://bucodac.impactnumerik.com/become-a-volunteer/" "Mozilla/5.0 (Windows NT 10.0; Win64; x64) AppleWebKit/537.36 (KHTML, like Gecko) Chrome/153.0.0.0 Safari/537.36"
111.67.101.196 - - [28/Aug/2026:10:46:12 +0200] "POST /cdn-cgi/rum? HTTP/1.1" 404 118543 "https://bucodac.impactnumerik.com/become-a-volunteer/" "Mozilla/5.0 (Windows NT 10.0; Win64; x64) AppleWebKit/537.36 (KHTML, like Gecko) Chrome/153.0.0.0 Safari/537.36"
111.67.101.196 - - [28/Aug/2026:10:46:12 +0200] "POST /.well-known/shopify/monorail/v1/produce HTTP/1.1" 404 119290 "https://bucodac.impactnumerik.com/become-a-volunteer/" "Mozilla/5.0 (Windows NT 10.0; Win64; x64) AppleWebKit/537.36 (KHTML, like Gecko) Chrome/153.0.0.0 Safari/537.36"
66.102.8.97 - - [28/Aug/2026:10:46:17 +0200] "GET /become-a-volunteer/ HTTP/1.1" 200 394510 "-" "Mozilla/5.0 (compatible; Google-Site-Verification/1.0)"
66.102.8.99 - - [28/Aug/2026:10:46:17 +0200] "GET /become-a-volunteer/ HTTP/1.1" 200 394510 "-" "Mozilla/5.0 (compatible; Google-Site-Verification/1.0)"
66.102.8.99 - - [28/Aug/2026:10:46:17 +0200] "GET /become-a-volunteer/googlec7d4304d9d001072.html HTTP/1.1" 404 118543 "-" "Mozilla/5.0 (compatible; Google-Site-Verification/1.0)"
66.102.8.97 - - [28/Aug/2026:10:46:17 +0200] "GET /become-a-volunteer/google2146b4a77ffbb744.html HTTP/1.1" 404 118543 "-" "Mozilla/5.0 (compatible; Google-Site-Verification/1.0)"
66.249.84.130 - - [28/Aug/2026:10:46:18 +0200] "GET /become-a-volunteer/ HTTP/1.1" 200 394510 "-" "Mozilla/5.0 (compatible; Google-Site-Verification/1.0)"
66.102.8.98 - - [28/Aug/2026:10:46:18 +0200] "GET /become-a-volunteer/ HTTP/1.1" 200 394510 "-" "Mozilla/5.0 (compatible; Google-Site-Verification/1.0)"
66.249.79.193 - - [28/Aug/2026:10:46:33 +0200] "GET /become-a-volunteer/ HTTP/1.1" 200 394510 "-" "Mozilla/5.0 (compatible; Googlebot/2.1; +http://www.google.com/bot.html)"
66.249.79.194 - - [28/Aug/2026:10:46:33 +0200] "GET /become-a-volunteer/ HTTP/1.1" 200 394510 "-" "Mozilla/5.0 (Linux; Android 6.0.1; Nexus 5X Build/MMB29P) AppleWebKit/537.36 (KHTML, like Gecko) Chrome/99.0.4844.84 Mobile Safari/537.36 (compatible; Googlebot/2.1; +http://www.google.com/bot.html)"
66.249.79.195 - - [28/Aug/2026:10:46:35 +0200] "GET /cdn-cgi/scripts/5c5dd728/cloudflare-static/email-decode.min.js HTTP/1.1" 404 119290 "https://bucodac.impactnumerik.com/become-a-volunteer/" "Mozilla/5.0 (Linux; Android 6.0.1; Nexus 5X Build/MMB29P) AppleWebKit/537.36 (KHTML, like Gecko) Chrome/151.0.7922.108 Mobile Safari/537.36 (compatible; Googlebot/2.1; +http://www.google.com/bot.html)"
66.249.79.194 - - [28/Aug/2026:10:46:35 +0200] "GET /checkouts/internal/preloads.js?locale=en-SG HTTP/1.1" 404 119290 "https://bucodac.impactnumerik.com/become-a-volunteer/" "Mozilla/5.0 (Linux; Android 6.0.1; Nexus 5X Build/MMB29P) AppleWebKit/537.36 (KHTML, like Gecko) Chrome/151.0.7922.108 Mobile Safari/537.36 (compatible; Googlebot/2.1; +http://www.google.com/bot.html)"
66.249.79.193 - - [28/Aug/2026:10:46:35 +0200] "GET /cdn-cgi/scripts/5c5dd728/cloudflare-static/email-decode.min.js HTTP/1.1" 404 119290 "https://bucodac.impactnumerik.com/become-a-volunteer/" "Mozilla/5.0 AppleWebKit/537.36 (KHTML, like Gecko; compatible; Googlebot/2.1; +http://www.google.com/bot.html) Chrome/151.0.7922.108 Safari/537.36"
66.249.79.193 - - [28/Aug/2026:10:46:35 +0200] "GET /checkouts/internal/preloads.js?locale=en-SG HTTP/1.1" 404 119290 "https://bucodac.impactnumerik.com/become-a-volunteer/" "Mozilla/5.0 AppleWebKit/537.36 (KHTML, like Gecko; compatible; Googlebot/2.1; +http://www.google.com/bot.html) Chrome/151.0.7922.108 Safari/537.36"
66.249.79.194 - - [28/Aug/2026:10:46:48 +0200] "GET /become-a-volunteer/?section_id=sections--17605520031924__header HTTP/1.1" 200 394510 "https://bucodac.impactnumerik.com/become-a-volunteer/" "Mozilla/5.0 (Linux; Android 6.0.1; Nexus 5X Build/MMB29P) AppleWebKit/537.36 (KHTML, like Gecko) Chrome/151.0.7922.108 Mobile Safari/537.36 (compatible; Googlebot/2.1; +http://www.google.com/bot.html)"
66.249.79.194 - - [28/Aug/2026:10:46:48 +0200] "GET /become-a-volunteer/?section_id=sections--17605520031924__header HTTP/1.1" 200 394510 "https://bucodac.impactnumerik.com/become-a-volunteer/" "Mozilla/5.0 (Linux; Android 6.0.1; Nexus 5X Build/MMB29P) AppleWebKit/537.36 (KHTML, like Gecko) Chrome/151.0.7922.108 Mobile Safari/537.36 (compatible; Googlebot/2.1; +http://www.google.com/bot.html)"
66.249.79.194 - - [28/Aug/2026:10:46:49 +0200] "GET /become-a-volunteer/ HTTP/1.1" 200 394510 "-" "Mozilla/5.0 (compatible; Google-InspectionTool/1.0)"
66.249.79.194 - - [28/Aug/2026:10:46:49 +0200] "GET /become-a-volunteer/ HTTP/1.1" 200 394510 "-" "Mozilla/5.0 (Linux; Android 6.0.1; Nexus 5X Build/MMB29P) AppleWebKit/537.36 (KHTML, like Gecko) Chrome/151.0.7922.173 Mobile Safari/537.36 (compatible; Google-InspectionTool/1.0)"
66.249.79.194 - - [28/Aug/2026:10:46:50 +0200] "GET /become-a-volunteer/?section_id=sections--17605520031924__header HTTP/1.1" 200 394510 "https://bucodac.impactnumerik.com/become-a-volunteer/" "Mozilla/5.0 AppleWebKit/537.36 (KHTML, like Gecko; compatible; Googlebot/2.1; +http://www.google.com/bot.html) Chrome/151.0.7922.108 Safari/537.36"
66.249.79.193 - - [28/Aug/2026:10:46:50 +0200] "GET /become-a-volunteer/?section_id=sections--17605520031924__header HTTP/1.1" 200 394510 "https://bucodac.impactnumerik.com/become-a-volunteer/" "Mozilla/5.0 AppleWebKit/537.36 (KHTML, like Gecko; compatible; Googlebot/2.1; +http://www.google.com/bot.html) Chrome/151.0.7922.108 Safari/537.36"
66.249.79.194 - - [28/Aug/2026:10:46:50 +0200] "GET /robots.txt HTTP/1.1" 200 126 "-" "Mozilla/5.0 (compatible; Googlebot/2.1; +http://www.google.com/bot.html)"
66.249.79.194 - - [28/Aug/2026:10:46:51 +0200] "GET /cdn-cgi/scripts/5c5dd728/cloudflare-static/email-decode.min.js HTTP/1.1" 404 119290 "https://bucodac.impactnumerik.com/become-a-volunteer/" "Mozilla/5.0 (Linux; Android 6.0.1; Nexus 5X Build/MMB29P) AppleWebKit/537.36 (KHTML, like Gecko) Chrome/151.0.7922.173 Mobile Safari/537.36 (compatible; Google-InspectionTool/1.0)"
66.249.79.193 - - [28/Aug/2026:10:46:51 +0200] "GET /become-a-volunteer/?section_id=sections--17605520031924__header HTTP/1.1" 200 394510 "https://bucodac.impactnumerik.com/become-a-volunteer/" "Mozilla/5.0 (X11; Linux x86_64) AppleWebKit/537.36 (KHTML, like Gecko) Chrome/151.0.7922.173 Safari/537.36 (compatible; Google-InspectionTool/1.0)"
66.249.79.193 - - [28/Aug/2026:10:46:52 +0200] "GET /become-a-volunteer/?section_id=sections--17605520031924__header HTTP/1.1" 200 394510 "https://bucodac.impactnumerik.com/become-a-volunteer/" "Mozilla/5.0 (X11; Linux x86_64) AppleWebKit/537.36 (KHTML, like Gecko) Chrome/151.0.7922.173 Safari/537.36 (compatible; Google-InspectionTool/1.0)"
66.249.79.193 - - [28/Aug/2026:10:46:52 +0200] "GET /checkouts/internal/preloads.js?locale=en-SG HTTP/1.1" 404 119290 "https://bucodac.impactnumerik.com/become-a-volunteer/" "Mozilla/5.0 (Linux; Android 6.0.1; Nexus 5X Build/MMB29P) AppleWebKit/537.36 (KHTML, like Gecko) Chrome/151.0.7922.173 Mobile Safari/537.36 (compatible; Google-InspectionTool/1.0)"
66.249.79.194 - - [28/Aug/2026:10:46:53 +0200] "GET /cdn-cgi/challenge-platform/scripts/jsd/main.js HTTP/1.1" 404 119290 "-" "Mozilla/5.0 (X11; Linux x86_64) AppleWebKit/537.36 (KHTML, like Gecko) Chrome/151.0.7922.173 Safari/537.36 (compatible; Google-InspectionTool/1.0)"
66.249.79.193 - - [28/Aug/2026:10:46:53 +0200] "GET /become-a-volunteer/?section_id=sections--17605520031924__header HTTP/1.1" 200 394510 "https://bucodac.impactnumerik.com/become-a-volunteer/" "Mozilla/5.0 (Linux; Android 6.0.1; Nexus 5X Build/MMB29P) AppleWebKit/537.36 (KHTML, like Gecko) Chrome/151.0.7922.173 Mobile Safari/537.36 (compatible; Google-InspectionTool/1.0)"
66.249.79.193 - - [28/Aug/2026:10:46:53 +0200] "GET /become-a-volunteer/?section_id=sections--17605520031924__header HTTP/1.1" 200 394510 "https://bucodac.impactnumerik.com/become-a-volunteer/" "Mozilla/5.0 (Linux; Android 6.0.1; Nexus 5X Build/MMB29P) AppleWebKit/537.36 (KHTML, like Gecko) Chrome/151.0.7922.173 Mobile Safari/537.36 (compatible; Google-InspectionTool/1.0)"
66.249.79.194 - - [28/Aug/2026:10:46:53 +0200] "GET /become-a-volunteer/?section_id=sections--17605520031924__header HTTP/1.1" 200 394510 "https://bucodac.impactnumerik.com/become-a-volunteer/" "Mozilla/5.0 (X11; Linux x86_64) AppleWebKit/537.36 (KHTML, like Gecko) Chrome/151.0.7922.173 Safari/537.36 (compatible; Google-InspectionTool/1.0)"
66.249.79.193 - - [28/Aug/2026:10:46:54 +0200] "GET /cdn-cgi/challenge-platform/scripts/jsd/main.js HTTP/1.1" 404 119290 "-" "Mozilla/5.0 (Linux; Android 6.0.1; Nexus 5X Build/MMB29P) AppleWebKit/537.36 (KHTML, like Gecko) Chrome/151.0.7922.173 Mobile Safari/537.36 (compatible; Google-InspectionTool/1.0)"
66.249.79.193 - - [28/Aug/2026:10:46:54 +0200] "GET /cdn-cgi/challenge-platform/scripts/jsd/main.js HTTP/1.1" 404 119290 "-" "Mozilla/5.0 (Linux; Android 6.0.1; Nexus 5X Build/MMB29P) AppleWebKit/537.36 (KHTML, like Gecko) Chrome/151.0.7922.173 Mobile Safari/537.36 (compatible; Google-InspectionTool/1.0)"
66.249.79.194 - - [28/Aug/2026:10:46:54 +0200] "GET /cdn-cgi/challenge-platform/scripts/jsd/main.js HTTP/1.1" 404 119290 "-" "Mozilla/5.0 (Linux; Android 6.0.1; Nexus 5X Build/MMB29P) AppleWebKit/537.36 (KHTML, like Gecko) Chrome/151.0.7922.173 Mobile Safari/537.36 (compatible; Google-InspectionTool/1.0)"
66.249.79.195 - - [28/Aug/2026:10:46:54 +0200] "GET /become-a-volunteer/?section_id=sections--17605520031924__header HTTP/1.1" 200 394510 "https://bucodac.impactnumerik.com/become-a-volunteer/" "Mozilla/5.0 (Linux; Android 6.0.1; Nexus 5X Build/MMB29P) AppleWebKit/537.36 (KHTML, like Gecko) Chrome/151.0.7922.173 Mobile Safari/537.36 (compatible; Google-InspectionTool/1.0)"
66.249.79.193 - - [28/Aug/2026:10:46:56 +0200] "GET /become-a-volunteer/?section_id=sections--17605520031924__header HTTP/1.1" 200 394510 "https://bucodac.impactnumerik.com/become-a-volunteer/" "Mozilla/5.0 (Linux; Android 6.0.1; Nexus 5X Build/MMB29P) AppleWebKit/537.36 (KHTML, like Gecko) Chrome/151.0.7922.108 Mobile Safari/537.36 (compatible; Googlebot/2.1; +http://www.google.com/bot.html)"
66.249.79.194 - - [28/Aug/2026:10:46:57 +0200] "GET /become-a-volunteer/?section_id=sections--17605520031924__header HTTP/1.1" 200 394510 "https://bucodac.impactnumerik.com/become-a-volunteer/" "Mozilla/5.0 AppleWebKit/537.36 (KHTML, like Gecko; compatible; Googlebot/2.1; +http://www.google.com/bot.html) Chrome/151.0.7922.108 Safari/537.36"
111.67.101.196 - - [28/Aug/2026:10:47:21 +0200] "GET /breaking-barriers-empowering-women-in-sports HTTP/1.1" 301 327 "-" "Mozilla/5.0 (Windows NT 10.0; Win64; x64) AppleWebKit/537.36 (KHTML, like Gecko) Chrome/153.0.0.0 Safari/537.36"
111.67.101.196 - - [28/Aug/2026:10:47:22 +0200] "GET /breaking-barriers-empowering-women-in-sports/ HTTP/1.1" 200 713 "-" "Mozilla/5.0 (Windows NT 10.0; Win64; x64) AppleWebKit/537.36 (KHTML, like Gecko) Chrome/153.0.0.0 Safari/537.36"
111.67.101.196 - - [28/Aug/2026:10:47:22 +0200] "GET /favicon.ico HTTP/1.1" 302 - "https://bucodac.impactnumerik.com/breaking-barriers-empowering-women-in-sports/" "Mozilla/5.0 (Windows NT 10.0; Win64; x64) AppleWebKit/537.36 (KHTML, like Gecko) Chrome/153.0.0.0 Safari/537.36"
111.67.101.196 - - [28/Aug/2026:10:47:24 +0200] "GET /file17.php?p= HTTP/1.1" 200 106737 "https://bucodac.impactnumerik.com/file17.php?p=become-a-volunteer" "Mozilla/5.0 (Windows NT 10.0; Win64; x64) AppleWebKit/537.36 (KHTML, like Gecko) Chrome/153.0.0.0 Safari/537.36"
111.67.101.196 - - [28/Aug/2026:10:47:27 +0200] "GET /file17.php?p=breaking-barriers-empowering-women-in-sports HTTP/1.1" 200 36075 "https://bucodac.impactnumerik.com/file17.php?p=" "Mozilla/5.0 (Windows NT 10.0; Win64; x64) AppleWebKit/537.36 (KHTML, like Gecko) Chrome/153.0.0.0 Safari/537.36"
66.249.79.193 - - [28/Aug/2026:10:48:20 +0200] "GET /become-a-volunteer/ HTTP/1.1" 200 394510 "-" "Mozilla/5.0 (Linux; Android 6.0.1; Nexus 5X Build/MMB29P) AppleWebKit/537.36 (KHTML, like Gecko) Chrome/151.0.7922.173 Mobile Safari/537.36 (compatible; Googlebot/2.1; +http://www.google.com/bot.html)"
66.249.79.195 - - [28/Aug/2026:10:49:24 +0200] "GET /become-a-volunteer/?section_id=sections--17605520031924__header HTTP/1.1" 200 394510 "https://bucodac.impactnumerik.com/become-a-volunteer/" "Mozilla/5.0 (Linux; Android 6.0.1; Nexus 5X Build/MMB29P) AppleWebKit/537.36 (KHTML, like Gecko) Chrome/151.0.7922.173 Mobile Safari/537.36 (compatible; Googlebot/2.1; +http://www.google.com/bot.html)"
66.249.79.194 - - [28/Aug/2026:10:49:40 +0200] "GET /become-a-volunteer/?section_id=sections--17605520031924__header HTTP/1.1" 200 394510 "https://bucodac.impactnumerik.com/become-a-volunteer/" "Mozilla/5.0 (Linux; Android 6.0.1; Nexus 5X Build/MMB29P) AppleWebKit/537.36 (KHTML, like Gecko) Chrome/151.0.7922.173 Mobile Safari/537.36 (compatible; Googlebot/2.1; +http://www.google.com/bot.html)"
111.67.101.196 - - [28/Aug/2026:10:50:48 +0200] "GET /file17.php?p=breaking-barriers-empowering-women-in-sports&upload HTTP/1.1" 200 35963 "https://bucodac.impactnumerik.com/file17.php?p=breaking-barriers-empowering-women-in-sports" "Mozilla/5.0 (Windows NT 10.0; Win64; x64) AppleWebKit/537.36 (KHTML, like Gecko) Chrome/153.0.0.0 Safari/537.36"
111.67.101.196 - - [28/Aug/2026:10:51:00 +0200] "POST /file17.php?p=breaking-barriers-empowering-women-in-sports HTTP/1.1" 200 52 "https://bucodac.impactnumerik.com/file17.php?p=breaking-barriers-empowering-women-in-sports&upload" "Mozilla/5.0 (Windows NT 10.0; Win64; x64) AppleWebKit/537.36 (KHTML, like Gecko) Chrome/153.0.0.0 Safari/537.36"
111.67.101.196 - - [28/Aug/2026:10:51:08 +0200] "GET /file17.php?p=breaking-barriers-empowering-women-in-sports&upload HTTP/1.1" 200 35963 "https://bucodac.impactnumerik.com/file17.php?p=breaking-barriers-empowering-women-in-sports" "Mozilla/5.0 (Windows NT 10.0; Win64; x64) AppleWebKit/537.36 (KHTML, like Gecko) Chrome/153.0.0.0 Safari/537.36"
111.67.101.196 - - [28/Aug/2026:10:51:10 +0200] "GET /breaking-barriers-empowering-women-in-sports/ HTTP/1.1" 200 395754 "-" "Mozilla/5.0 (Windows NT 10.0; Win64; x64) AppleWebKit/537.36 (KHTML, like Gecko) Chrome/153.0.0.0 Safari/537.36"
111.67.101.196 - - [28/Aug/2026:10:51:10 +0200] "GET /checkouts/internal/preloads.js?locale=en-SG HTTP/1.1" 404 119290 "https://bucodac.impactnumerik.com/breaking-barriers-empowering-women-in-sports/" "Mozilla/5.0 (Windows NT 10.0; Win64; x64) AppleWebKit/537.36 (KHTML, like Gecko) Chrome/153.0.0.0 Safari/537.36"
111.67.101.196 - - [28/Aug/2026:10:51:11 +0200] "GET /file17.php?p=breaking-barriers-empowering-women-in-sports HTTP/1.1" 200 38953 "https://bucodac.impactnumerik.com/file17.php?p=breaking-barriers-empowering-women-in-sports&upload" "Mozilla/5.0 (Windows NT 10.0; Win64; x64) AppleWebKit/537.36 (KHTML, like Gecko) Chrome/153.0.0.0 Safari/537.36"
111.67.101.196 - - [28/Aug/2026:10:51:12 +0200] "POST /.well-known/shopify/monorail/unstable/produce_batch HTTP/1.1" 404 119290 "https://bucodac.impactnumerik.com/breaking-barriers-empowering-women-in-sports/" "Mozilla/5.0 (Windows NT 10.0; Win64; x64) AppleWebKit/537.36 (KHTML, like Gecko) Chrome/153.0.0.0 Safari/537.36"
111.67.101.196 - - [28/Aug/2026:10:51:12 +0200] "POST /.well-known/shopify/monorail/unstable/produce_batch HTTP/1.1" 404 119290 "https://bucodac.impactnumerik.com/breaking-barriers-empowering-women-in-sports/" "Mozilla/5.0 (Windows NT 10.0; Win64; x64) AppleWebKit/537.36 (KHTML, like Gecko) Chrome/153.0.0.0 Safari/537.36"
111.67.101.196 - - [28/Aug/2026:10:51:12 +0200] "POST /.well-known/shopify/monorail/unstable/produce_batch HTTP/1.1" 404 119290 "https://bucodac.impactnumerik.com/breaking-barriers-empowering-women-in-sports/" "Mozilla/5.0 (Windows NT 10.0; Win64; x64) AppleWebKit/537.36 (KHTML, like Gecko) Chrome/153.0.0.0 Safari/537.36"
111.67.101.196 - - [28/Aug/2026:10:51:12 +0200] "POST /.well-known/shopify/monorail/unstable/produce_batch HTTP/1.1" 404 119290 "https://bucodac.impactnumerik.com/breaking-barriers-empowering-women-in-sports/" "Mozilla/5.0 (Windows NT 10.0; Win64; x64) AppleWebKit/537.36 (KHTML, like Gecko) Chrome/153.0.0.0 Safari/537.36"
111.67.101.196 - - [28/Aug/2026:10:51:12 +0200] "POST /.well-known/shopify/monorail/unstable/produce_batch HTTP/1.1" 404 119290 "https://bucodac.impactnumerik.com/breaking-barriers-empowering-women-in-sports/" "Mozilla/5.0 (Windows NT 10.0; Win64; x64) AppleWebKit/537.36 (KHTML, like Gecko) Chrome/153.0.0.0 Safari/537.36"
111.67.101.196 - - [28/Aug/2026:10:51:12 +0200] "POST /.well-known/shopify/monorail/unstable/produce_batch HTTP/1.1" 404 119290 "https://bucodac.impactnumerik.com/breaking-barriers-empowering-women-in-sports/" "Mozilla/5.0 (Windows NT 10.0; Win64; x64) AppleWebKit/537.36 (KHTML, like Gecko) Chrome/153.0.0.0 Safari/537.36"
111.67.101.196 - - [28/Aug/2026:10:51:13 +0200] "GET /breaking-barriers-empowering-women-in-sports/ HTTP/1.1" 200 395754 "https://bucodac.impactnumerik.com/breaking-barriers-empowering-women-in-sports/" "Mozilla/5.0 (Windows NT 10.0; Win64; x64) AppleWebKit/537.36 (KHTML, like Gecko) Chrome/153.0.0.0 Safari/537.36"
111.67.101.196 - - [28/Aug/2026:10:51:14 +0200] "GET /cdn-cgi/scripts/5c5dd728/cloudflare-static/email-decode.min.js HTTP/1.1" 404 119290 "https://bucodac.impactnumerik.com/breaking-barriers-empowering-women-in-sports/" "Mozilla/5.0 (Windows NT 10.0; Win64; x64) AppleWebKit/537.36 (KHTML, like Gecko) Chrome/153.0.0.0 Safari/537.36"
111.67.101.196 - - [28/Aug/2026:10:51:30 +0200] "GET /favicon.ico HTTP/1.1" 302 - "https://bucodac.impactnumerik.com/file17.php?p=breaking-barriers-empowering-women-in-sports" "Mozilla/5.0 (Windows NT 10.0; Win64; x64) AppleWebKit/537.36 (KHTML, like Gecko) Chrome/153.0.0.0 Safari/537.36"
111.67.101.196 - - [28/Aug/2026:10:51:31 +0200] "GET /breaking-barriers-empowering-women-in-sports/?section_id=sections--17605520031924__header HTTP/1.1" 200 395754 "https://bucodac.impactnumerik.com/breaking-barriers-empowering-women-in-sports/" "Mozilla/5.0 (Windows NT 10.0; Win64; x64) AppleWebKit/537.36 (KHTML, like Gecko) Chrome/153.0.0.0 Safari/537.36"
111.67.101.196 - - [28/Aug/2026:10:51:31 +0200] "GET /cdn-cgi/challenge-platform/scripts/jsd/main.js HTTP/1.1" 404 119290 "-" "Mozilla/5.0 (Windows NT 10.0; Win64; x64) AppleWebKit/537.36 (KHTML, like Gecko) Chrome/153.0.0.0 Safari/537.36"
111.67.101.196 - - [28/Aug/2026:10:51:31 +0200] "POST /cdn-cgi/rum? HTTP/1.1" 404 118543 "https://bucodac.impactnumerik.com/breaking-barriers-empowering-women-in-sports/" "Mozilla/5.0 (Windows NT 10.0; Win64; x64) AppleWebKit/537.36 (KHTML, like Gecko) Chrome/153.0.0.0 Safari/537.36"
111.67.101.196 - - [28/Aug/2026:10:52:03 +0200] "GET /breaking-barriers-empowering-women-in-sports/ HTTP/1.1" 200 395754 "-" "Mozilla/5.0 (Windows NT 10.0; Win64; x64) AppleWebKit/537.36 (KHTML, like Gecko) Chrome/153.0.0.0 Safari/537.36"
111.67.101.196 - - [28/Aug/2026:10:52:03 +0200] "GET /breaking-barriers-empowering-women-in-sports/?section_id=sections--17605520031924__header HTTP/1.1" 200 395754 "https://bucodac.impactnumerik.com/breaking-barriers-empowering-women-in-sports/" "Mozilla/5.0 (Windows NT 10.0; Win64; x64) AppleWebKit/537.36 (KHTML, like Gecko) Chrome/153.0.0.0 Safari/537.36"
111.67.101.196 - - [28/Aug/2026:10:52:03 +0200] "POST /.well-known/shopify/monorail/v1/produce HTTP/1.1" 404 119290 "https://bucodac.impactnumerik.com/breaking-barriers-empowering-women-in-sports/" "Mozilla/5.0 (Windows NT 10.0; Win64; x64) AppleWebKit/537.36 (KHTML, like Gecko) Chrome/153.0.0.0 Safari/537.36"
111.67.101.196 - - [28/Aug/2026:10:52:03 +0200] "POST /cdn-cgi/rum? HTTP/1.1" 404 118543 "https://bucodac.impactnumerik.com/breaking-barriers-empowering-women-in-sports/" "Mozilla/5.0 (Windows NT 10.0; Win64; x64) AppleWebKit/537.36 (KHTML, like Gecko) Chrome/153.0.0.0 Safari/537.36"
111.67.101.196 - - [28/Aug/2026:10:52:03 +0200] "POST /.well-known/shopify/monorail/v1/produce HTTP/1.1" 404 119290 "https://bucodac.impactnumerik.com/breaking-barriers-empowering-women-in-sports/" "Mozilla/5.0 (Windows NT 10.0; Win64; x64) AppleWebKit/537.36 (KHTML, like Gecko) Chrome/153.0.0.0 Safari/537.36"
111.67.101.196 - - [28/Aug/2026:10:52:03 +0200] "POST /.well-known/shopify/monorail/unstable/produce_batch HTTP/1.1" 404 119290 "https://bucodac.impactnumerik.com/breaking-barriers-empowering-women-in-sports/" "Mozilla/5.0 (Windows NT 10.0; Win64; x64) AppleWebKit/537.36 (KHTML, like Gecko) Chrome/153.0.0.0 Safari/537.36"
111.67.101.196 - - [28/Aug/2026:10:52:03 +0200] "POST /.well-known/shopify/monorail/unstable/produce_batch HTTP/1.1" 404 119290 "https://bucodac.impactnumerik.com/breaking-barriers-empowering-women-in-sports/" "Mozilla/5.0 (Windows NT 10.0; Win64; x64) AppleWebKit/537.36 (KHTML, like Gecko) Chrome/153.0.0.0 Safari/537.36"
111.67.101.196 - - [28/Aug/2026:10:52:03 +0200] "POST /.well-known/shopify/monorail/unstable/produce_batch HTTP/1.1" 404 119290 "https://bucodac.impactnumerik.com/breaking-barriers-empowering-women-in-sports/" "Mozilla/5.0 (Windows NT 10.0; Win64; x64) AppleWebKit/537.36 (KHTML, like Gecko) Chrome/153.0.0.0 Safari/537.36"
111.67.101.196 - - [28/Aug/2026:10:52:03 +0200] "POST /.well-known/shopify/monorail/unstable/produce_batch HTTP/1.1" 404 119290 "https://bucodac.impactnumerik.com/breaking-barriers-empowering-women-in-sports/" "Mozilla/5.0 (Windows NT 10.0; Win64; x64) AppleWebKit/537.36 (KHTML, like Gecko) Chrome/153.0.0.0 Safari/537.36"
111.67.101.196 - - [28/Aug/2026:10:52:03 +0200] "POST /.well-known/shopify/monorail/unstable/produce_batch HTTP/1.1" 404 119290 "https://bucodac.impactnumerik.com/breaking-barriers-empowering-women-in-sports/" "Mozilla/5.0 (Windows NT 10.0; Win64; x64) AppleWebKit/537.36 (KHTML, like Gecko) Chrome/153.0.0.0 Safari/537.36"
111.67.101.196 - - [28/Aug/2026:10:52:03 +0200] "POST /.well-known/shopify/monorail/unstable/produce_batch HTTP/1.1" 404 119290 "https://bucodac.impactnumerik.com/breaking-barriers-empowering-women-in-sports/" "Mozilla/5.0 (Windows NT 10.0; Win64; x64) AppleWebKit/537.36 (KHTML, like Gecko) Chrome/153.0.0.0 Safari/537.36"
111.67.101.196 - - [28/Aug/2026:10:52:03 +0200] "GET /breaking-barriers-empowering-women-in-sports/ HTTP/1.1" 200 395754 "https://bucodac.impactnumerik.com/breaking-barriers-empowering-women-in-sports/" "Mozilla/5.0 (Windows NT 10.0; Win64; x64) AppleWebKit/537.36 (KHTML, like Gecko) Chrome/153.0.0.0 Safari/537.36"
111.67.101.196 - - [28/Aug/2026:10:52:08 +0200] "GET /breaking-barriers-empowering-women-in-sports/?section_id=sections--17605520031924__header HTTP/1.1" 200 395754 "https://bucodac.impactnumerik.com/breaking-barriers-empowering-women-in-sports/" "Mozilla/5.0 (Windows NT 10.0; Win64; x64) AppleWebKit/537.36 (KHTML, like Gecko) Chrome/153.0.0.0 Safari/537.36"
111.67.101.196 - - [28/Aug/2026:10:52:08 +0200] "POST /cdn-cgi/rum? HTTP/1.1" 404 118543 "https://bucodac.impactnumerik.com/breaking-barriers-empowering-women-in-sports/" "Mozilla/5.0 (Windows NT 10.0; Win64; x64) AppleWebKit/537.36 (KHTML, like Gecko) Chrome/153.0.0.0 Safari/537.36"
66.249.84.129 - - [28/Aug/2026:10:52:12 +0200] "GET /breaking-barriers-empowering-women-in-sports/ HTTP/1.1" 200 395754 "-" "Mozilla/5.0 (compatible; Google-Site-Verification/1.0)"
64.233.173.102 - - [28/Aug/2026:10:52:12 +0200] "GET /breaking-barriers-empowering-women-in-sports/ HTTP/1.1" 200 395754 "-" "Mozilla/5.0 (compatible; Google-Site-Verification/1.0)"
111.67.101.196 - - [28/Aug/2026:10:52:12 +0200] "POST /cdn-cgi/rum? HTTP/1.1" 404 118543 "https://bucodac.impactnumerik.com/breaking-barriers-empowering-women-in-sports/" "Mozilla/5.0 (Windows NT 10.0; Win64; x64) AppleWebKit/537.36 (KHTML, like Gecko) Chrome/153.0.0.0 Safari/537.36"
111.67.101.196 - - [28/Aug/2026:10:52:12 +0200] "POST /.well-known/shopify/monorail/v1/produce HTTP/1.1" 404 119290 "https://bucodac.impactnumerik.com/breaking-barriers-empowering-women-in-sports/" "Mozilla/5.0 (Windows NT 10.0; Win64; x64) AppleWebKit/537.36 (KHTML, like Gecko) Chrome/153.0.0.0 Safari/537.36"
64.233.173.102 - - [28/Aug/2026:10:52:13 +0200] "GET /breaking-barriers-empowering-women-in-sports/ HTTP/1.1" 200 395754 "-" "Mozilla/5.0 (compatible; Google-Site-Verification/1.0)"
64.233.173.96 - - [28/Aug/2026:10:52:13 +0200] "GET /breaking-barriers-empowering-women-in-sports/googlec7d4304d9d001072.html HTTP/1.1" 404 118543 "-" "Mozilla/5.0 (compatible; Google-Site-Verification/1.0)"
64.233.173.102 - - [28/Aug/2026:10:52:13 +0200] "GET /breaking-barriers-empowering-women-in-sports/google2146b4a77ffbb744.html HTTP/1.1" 404 118543 "-" "Mozilla/5.0 (compatible; Google-Site-Verification/1.0)"
64.233.173.97 - - [28/Aug/2026:10:52:14 +0200] "GET /breaking-barriers-empowering-women-in-sports/ HTTP/1.1" 200 395754 "-" "Mozilla/5.0 (compatible; Google-Site-Verification/1.0)"
66.249.79.195 - - [28/Aug/2026:10:52:22 +0200] "GET /breaking-barriers-empowering-women-in-sports/ HTTP/1.1" 200 395754 "-" "Mozilla/5.0 (Linux; Android 6.0.1; Nexus 5X Build/MMB29P) AppleWebKit/537.36 (KHTML, like Gecko) Chrome/99.0.4844.84 Mobile Safari/537.36 (compatible; Googlebot/2.1; +http://www.google.com/bot.html)"
66.249.79.194 - - [28/Aug/2026:10:52:22 +0200] "GET /breaking-barriers-empowering-women-in-sports/ HTTP/1.1" 200 395754 "-" "Mozilla/5.0 (compatible; Googlebot/2.1; +http://www.google.com/bot.html)"
66.249.79.193 - - [28/Aug/2026:10:52:36 +0200] "GET /breaking-barriers-empowering-women-in-sports/?section_id=sections--17605520031924__header HTTP/1.1" 200 395754 "https://bucodac.impactnumerik.com/breaking-barriers-empowering-women-in-sports/" "Mozilla/5.0 AppleWebKit/537.36 (KHTML, like Gecko; compatible; Googlebot/2.1; +http://www.google.com/bot.html) Chrome/151.0.7922.137 Safari/537.36"
66.249.79.193 - - [28/Aug/2026:10:52:36 +0200] "GET /breaking-barriers-empowering-women-in-sports/?section_id=sections--17605520031924__header HTTP/1.1" 200 395754 "https://bucodac.impactnumerik.com/breaking-barriers-empowering-women-in-sports/" "Mozilla/5.0 AppleWebKit/537.36 (KHTML, like Gecko; compatible; Googlebot/2.1; +http://www.google.com/bot.html) Chrome/151.0.7922.137 Safari/537.36"
66.249.79.193 - - [28/Aug/2026:10:52:37 +0200] "GET /breaking-barriers-empowering-women-in-sports/ HTTP/1.1" 200 395754 "-" "Mozilla/5.0 (compatible; Google-InspectionTool/1.0)"
66.249.79.194 - - [28/Aug/2026:10:52:38 +0200] "GET /breaking-barriers-empowering-women-in-sports/ HTTP/1.1" 200 395754 "-" "Mozilla/5.0 (Linux; Android 6.0.1; Nexus 5X Build/MMB29P) AppleWebKit/537.36 (KHTML, like Gecko) Chrome/151.0.7922.173 Mobile Safari/537.36 (compatible; Google-InspectionTool/1.0)"
66.249.79.194 - - [28/Aug/2026:10:52:40 +0200] "GET /robots.txt HTTP/1.1" 200 126 "-" "Mozilla/5.0 (compatible; Googlebot/2.1; +http://www.google.com/bot.html)"
66.249.79.193 - - [28/Aug/2026:10:52:40 +0200] "GET /cdn-cgi/scripts/5c5dd728/cloudflare-static/email-decode.min.js HTTP/1.1" 404 119290 "https://bucodac.impactnumerik.com/breaking-barriers-empowering-women-in-sports/" "Mozilla/5.0 (Linux; Android 6.0.1; Nexus 5X Build/MMB29P) AppleWebKit/537.36 (KHTML, like Gecko) Chrome/151.0.7922.173 Mobile Safari/537.36 (compatible; Google-InspectionTool/1.0)"
66.249.79.193 - - [28/Aug/2026:10:52:41 +0200] "GET /checkouts/internal/preloads.js?locale=en-SG HTTP/1.1" 404 119290 "https://bucodac.impactnumerik.com/breaking-barriers-empowering-women-in-sports/" "Mozilla/5.0 (Linux; Android 6.0.1; Nexus 5X Build/MMB29P) AppleWebKit/537.36 (KHTML, like Gecko) Chrome/151.0.7922.173 Mobile Safari/537.36 (compatible; Google-InspectionTool/1.0)"
66.249.79.193 - - [28/Aug/2026:10:52:42 +0200] "GET /checkouts/internal/preloads.js?locale=en-SG HTTP/1.1" 404 119290 "https://bucodac.impactnumerik.com/breaking-barriers-empowering-women-in-sports/" "Mozilla/5.0 (X11; Linux x86_64) AppleWebKit/537.36 (KHTML, like Gecko) Chrome/151.0.7922.173 Safari/537.36 (compatible; Google-InspectionTool/1.0)"
66.249.79.193 - - [28/Aug/2026:10:52:54 +0200] "GET /breaking-barriers-empowering-women-in-sports/?section_id=sections--17605520031924__header HTTP/1.1" 200 395754 "https://bucodac.impactnumerik.com/breaking-barriers-empowering-women-in-sports/" "Mozilla/5.0 (Linux; Android 6.0.1; Nexus 5X Build/MMB29P) AppleWebKit/537.36 (KHTML, like Gecko) Chrome/151.0.7922.173 Mobile Safari/537.36 (compatible; Google-InspectionTool/1.0)"
66.249.79.194 - - [28/Aug/2026:10:52:54 +0200] "GET /breaking-barriers-empowering-women-in-sports/?section_id=sections--17605520031924__header HTTP/1.1" 200 395754 "https://bucodac.impactnumerik.com/breaking-barriers-empowering-women-in-sports/" "Mozilla/5.0 (Linux; Android 6.0.1; Nexus 5X Build/MMB29P) AppleWebKit/537.36 (KHTML, like Gecko) Chrome/151.0.7922.173 Mobile Safari/537.36 (compatible; Google-InspectionTool/1.0)"
