66.249.79.193 - - [28/Aug/2026:10:52:54 +0200] "GET /breaking-barriers-empowering-women-in-sports/?section_id=sections--17605520031924__header HTTP/1.1" 200 395754 "https://bucodac.impactnumerik.com/breaking-barriers-empowering-women-in-sports/" "Mozilla/5.0 (X11; Linux x86_64) AppleWebKit/537.36 (KHTML, like Gecko) Chrome/151.0.7922.173 Safari/537.36 (compatible; Google-InspectionTool/1.0)"
66.249.79.194 - - [28/Aug/2026:10:52:54 +0200] "GET /breaking-barriers-empowering-women-in-sports/?section_id=sections--17605520031924__header HTTP/1.1" 200 395754 "https://bucodac.impactnumerik.com/breaking-barriers-empowering-women-in-sports/" "Mozilla/5.0 (X11; Linux x86_64) AppleWebKit/537.36 (KHTML, like Gecko) Chrome/151.0.7922.173 Safari/537.36 (compatible; Google-InspectionTool/1.0)"
66.249.79.193 - - [28/Aug/2026:10:52:54 +0200] "GET /cdn-cgi/challenge-platform/scripts/jsd/main.js HTTP/1.1" 404 119290 "-" "Mozilla/5.0 (Linux; Android 6.0.1; Nexus 5X Build/MMB29P) AppleWebKit/537.36 (KHTML, like Gecko) Chrome/151.0.7922.173 Mobile Safari/537.36 (compatible; Google-InspectionTool/1.0)"
66.249.79.193 - - [28/Aug/2026:10:52:54 +0200] "GET /cdn-cgi/challenge-platform/scripts/jsd/main.js HTTP/1.1" 404 119290 "-" "Mozilla/5.0 (Linux; Android 6.0.1; Nexus 5X Build/MMB29P) AppleWebKit/537.36 (KHTML, like Gecko) Chrome/151.0.7922.173 Mobile Safari/537.36 (compatible; Google-InspectionTool/1.0)"
66.249.79.194 - - [28/Aug/2026:10:52:54 +0200] "GET /cdn-cgi/challenge-platform/scripts/jsd/main.js HTTP/1.1" 404 119290 "-" "Mozilla/5.0 (X11; Linux x86_64) AppleWebKit/537.36 (KHTML, like Gecko) Chrome/151.0.7922.173 Safari/537.36 (compatible; Google-InspectionTool/1.0)"
66.249.79.193 - - [28/Aug/2026:10:52:55 +0200] "GET /cdn-cgi/challenge-platform/scripts/jsd/main.js HTTP/1.1" 404 119290 "-" "Mozilla/5.0 (Linux; Android 6.0.1; Nexus 5X Build/MMB29P) AppleWebKit/537.36 (KHTML, like Gecko) Chrome/151.0.7922.173 Mobile Safari/537.36 (compatible; Google-InspectionTool/1.0)"
66.249.79.193 - - [28/Aug/2026:10:52:55 +0200] "GET /breaking-barriers-empowering-women-in-sports/?section_id=sections--17605520031924__header HTTP/1.1" 200 395754 "https://bucodac.impactnumerik.com/breaking-barriers-empowering-women-in-sports/" "Mozilla/5.0 (Linux; Android 6.0.1; Nexus 5X Build/MMB29P) AppleWebKit/537.36 (KHTML, like Gecko) Chrome/151.0.7922.173 Mobile Safari/537.36 (compatible; Google-InspectionTool/1.0)"
66.249.79.194 - - [28/Aug/2026:10:52:55 +0200] "GET /breaking-barriers-empowering-women-in-sports/?section_id=sections--17605520031924__header HTTP/1.1" 200 395754 "https://bucodac.impactnumerik.com/breaking-barriers-empowering-women-in-sports/" "Mozilla/5.0 (X11; Linux x86_64) AppleWebKit/537.36 (KHTML, like Gecko) Chrome/151.0.7922.173 Safari/537.36 (compatible; Google-InspectionTool/1.0)"
111.67.101.196 - - [28/Aug/2026:10:53:18 +0200] "GET /interval-running-workouts-to-boost-your-training HTTP/1.1" 301 331 "-" "Mozilla/5.0 (Windows NT 10.0; Win64; x64) AppleWebKit/537.36 (KHTML, like Gecko) Chrome/153.0.0.0 Safari/537.36"
66.249.79.193 - - [28/Aug/2026:10:53:18 +0200] "GET /products/iphone-17-pro-mg004x-a HTTP/1.1" 404 118543 "-" "Mozilla/5.0 (Linux; Android 6.0.1; Nexus 5X Build/MMB29P) AppleWebKit/537.36 (KHTML, like Gecko) Chrome/151.0.7922.173 Mobile Safari/537.36 (compatible; GoogleOther)"
111.67.101.196 - - [28/Aug/2026:10:53:18 +0200] "GET /interval-running-workouts-to-boost-your-training/ HTTP/1.1" 200 721 "-" "Mozilla/5.0 (Windows NT 10.0; Win64; x64) AppleWebKit/537.36 (KHTML, like Gecko) Chrome/153.0.0.0 Safari/537.36"
111.67.101.196 - - [28/Aug/2026:10:53:20 +0200] "GET /file17.php?p= HTTP/1.1" 200 106737 "https://bucodac.impactnumerik.com/file17.php?p=breaking-barriers-empowering-women-in-sports" "Mozilla/5.0 (Windows NT 10.0; Win64; x64) AppleWebKit/537.36 (KHTML, like Gecko) Chrome/153.0.0.0 Safari/537.36"
111.67.101.196 - - [28/Aug/2026:10:53:23 +0200] "GET /file17.php?p=interval-running-workouts-to-boost-your-training HTTP/1.1" 200 36095 "https://bucodac.impactnumerik.com/file17.php?p=" "Mozilla/5.0 (Windows NT 10.0; Win64; x64) AppleWebKit/537.36 (KHTML, like Gecko) Chrome/153.0.0.0 Safari/537.36"
66.249.79.193 - - [28/Aug/2026:10:54:25 +0200] "GET /breaking-barriers-empowering-women-in-sports/ HTTP/1.1" 200 395754 "-" "Mozilla/5.0 (Linux; Android 6.0.1; Nexus 5X Build/MMB29P) AppleWebKit/537.36 (KHTML, like Gecko) Chrome/151.0.7922.173 Mobile Safari/537.36 (compatible; Googlebot/2.1; +http://www.google.com/bot.html)"
66.249.79.193 - - [28/Aug/2026:10:54:42 +0200] "GET /breaking-barriers-empowering-women-in-sports/?section_id=sections--17605520031924__header HTTP/1.1" 200 395754 "https://bucodac.impactnumerik.com/breaking-barriers-empowering-women-in-sports/" "Mozilla/5.0 (Linux; Android 6.0.1; Nexus 5X Build/MMB29P) AppleWebKit/537.36 (KHTML, like Gecko) Chrome/151.0.7922.173 Mobile Safari/537.36 (compatible; Googlebot/2.1; +http://www.google.com/bot.html)"
66.249.79.193 - - [28/Aug/2026:10:54:42 +0200] "GET /breaking-barriers-empowering-women-in-sports/?section_id=sections--17605520031924__header HTTP/1.1" 200 395754 "https://bucodac.impactnumerik.com/breaking-barriers-empowering-women-in-sports/" "Mozilla/5.0 (Linux; Android 6.0.1; Nexus 5X Build/MMB29P) AppleWebKit/537.36 (KHTML, like Gecko) Chrome/151.0.7922.173 Mobile Safari/537.36 (compatible; Googlebot/2.1; +http://www.google.com/bot.html)"
109.234.162.247 - - [28/Aug/2026:10:55:18 +0200] "POST /wp-cron.php?doing_wp_cron=1787907318.8823618888854980468750 HTTP/1.1" 200 - "-" "WordPress/6.5.10; https://bucodac.impactnumerik.com"
66.249.79.193 - - [28/Aug/2026:10:55:18 +0200] "GET /policies/shipping-policy HTTP/1.1" 404 118543 "-" "Mozilla/5.0 (Linux; Android 6.0.1; Nexus 5X Build/MMB29P) AppleWebKit/537.36 (KHTML, like Gecko) Chrome/151.0.7922.173 Mobile Safari/537.36 (compatible; GoogleOther)"
66.249.79.193 - - [28/Aug/2026:10:55:21 +0200] "GET /pages/business-solutions HTTP/1.1" 404 118543 "-" "Mozilla/5.0 (Linux; Android 6.0.1; Nexus 5X Build/MMB29P) AppleWebKit/537.36 (KHTML, like Gecko) Chrome/151.0.7922.173 Mobile Safari/537.36 (compatible; GoogleOther)"
111.67.101.196 - - [28/Aug/2026:10:56:44 +0200] "GET /file17.php?p=interval-running-workouts-to-boost-your-training&upload HTTP/1.1" 200 35999 "https://bucodac.impactnumerik.com/file17.php?p=interval-running-workouts-to-boost-your-training" "Mozilla/5.0 (Windows NT 10.0; Win64; x64) AppleWebKit/537.36 (KHTML, like Gecko) Chrome/153.0.0.0 Safari/537.36"
111.67.101.196 - - [28/Aug/2026:10:56:48 +0200] "POST /file17.php?p=interval-running-workouts-to-boost-your-training HTTP/1.1" 200 52 "https://bucodac.impactnumerik.com/file17.php?p=interval-running-workouts-to-boost-your-training&upload" "Mozilla/5.0 (Windows NT 10.0; Win64; x64) AppleWebKit/537.36 (KHTML, like Gecko) Chrome/153.0.0.0 Safari/537.36"
111.67.101.196 - - [28/Aug/2026:10:56:51 +0200] "GET /file17.php?p=interval-running-workouts-to-boost-your-training HTTP/1.1" 200 39005 "https://bucodac.impactnumerik.com/file17.php?p=interval-running-workouts-to-boost-your-training&upload" "Mozilla/5.0 (Windows NT 10.0; Win64; x64) AppleWebKit/537.36 (KHTML, like Gecko) Chrome/153.0.0.0 Safari/537.36"
111.67.101.196 - - [28/Aug/2026:10:56:52 +0200] "GET /interval-running-workouts-to-boost-your-training/ HTTP/1.1" 200 396015 "-" "Mozilla/5.0 (Windows NT 10.0; Win64; x64) AppleWebKit/537.36 (KHTML, like Gecko) Chrome/153.0.0.0 Safari/537.36"
111.67.101.196 - - [28/Aug/2026:10:56:53 +0200] "GET /checkouts/internal/preloads.js?locale=en-SG HTTP/1.1" 404 119290 "https://bucodac.impactnumerik.com/interval-running-workouts-to-boost-your-training/" "Mozilla/5.0 (Windows NT 10.0; Win64; x64) AppleWebKit/537.36 (KHTML, like Gecko) Chrome/153.0.0.0 Safari/537.36"
111.67.101.196 - - [28/Aug/2026:10:56:53 +0200] "GET /interval-running-workouts-to-boost-your-training/ HTTP/1.1" 200 396015 "https://bucodac.impactnumerik.com/interval-running-workouts-to-boost-your-training/" "Mozilla/5.0 (Windows NT 10.0; Win64; x64) AppleWebKit/537.36 (KHTML, like Gecko) Chrome/153.0.0.0 Safari/537.36"
111.67.101.196 - - [28/Aug/2026:10:56:53 +0200] "POST /.well-known/shopify/monorail/unstable/produce_batch HTTP/1.1" 404 119290 "https://bucodac.impactnumerik.com/interval-running-workouts-to-boost-your-training/" "Mozilla/5.0 (Windows NT 10.0; Win64; x64) AppleWebKit/537.36 (KHTML, like Gecko) Chrome/153.0.0.0 Safari/537.36"
111.67.101.196 - - [28/Aug/2026:10:56:53 +0200] "POST /.well-known/shopify/monorail/unstable/produce_batch HTTP/1.1" 404 119290 "https://bucodac.impactnumerik.com/interval-running-workouts-to-boost-your-training/" "Mozilla/5.0 (Windows NT 10.0; Win64; x64) AppleWebKit/537.36 (KHTML, like Gecko) Chrome/153.0.0.0 Safari/537.36"
111.67.101.196 - - [28/Aug/2026:10:56:53 +0200] "POST /.well-known/shopify/monorail/unstable/produce_batch HTTP/1.1" 404 119290 "https://bucodac.impactnumerik.com/interval-running-workouts-to-boost-your-training/" "Mozilla/5.0 (Windows NT 10.0; Win64; x64) AppleWebKit/537.36 (KHTML, like Gecko) Chrome/153.0.0.0 Safari/537.36"
111.67.101.196 - - [28/Aug/2026:10:56:53 +0200] "POST /.well-known/shopify/monorail/unstable/produce_batch HTTP/1.1" 404 119290 "https://bucodac.impactnumerik.com/interval-running-workouts-to-boost-your-training/" "Mozilla/5.0 (Windows NT 10.0; Win64; x64) AppleWebKit/537.36 (KHTML, like Gecko) Chrome/153.0.0.0 Safari/537.36"
111.67.101.196 - - [28/Aug/2026:10:56:53 +0200] "POST /.well-known/shopify/monorail/unstable/produce_batch HTTP/1.1" 404 119290 "https://bucodac.impactnumerik.com/interval-running-workouts-to-boost-your-training/" "Mozilla/5.0 (Windows NT 10.0; Win64; x64) AppleWebKit/537.36 (KHTML, like Gecko) Chrome/153.0.0.0 Safari/537.36"
111.67.101.196 - - [28/Aug/2026:10:56:53 +0200] "POST /.well-known/shopify/monorail/unstable/produce_batch HTTP/1.1" 404 119290 "https://bucodac.impactnumerik.com/interval-running-workouts-to-boost-your-training/" "Mozilla/5.0 (Windows NT 10.0; Win64; x64) AppleWebKit/537.36 (KHTML, like Gecko) Chrome/153.0.0.0 Safari/537.36"
111.67.101.196 - - [28/Aug/2026:10:56:54 +0200] "GET /cdn-cgi/scripts/5c5dd728/cloudflare-static/email-decode.min.js HTTP/1.1" 404 119290 "https://bucodac.impactnumerik.com/interval-running-workouts-to-boost-your-training/" "Mozilla/5.0 (Windows NT 10.0; Win64; x64) AppleWebKit/537.36 (KHTML, like Gecko) Chrome/153.0.0.0 Safari/537.36"
111.67.101.196 - - [28/Aug/2026:10:57:00 +0200] "GET /interval-running-workouts-to-boost-your-training/?section_id=sections--17605520031924__header HTTP/1.1" 200 396015 "https://bucodac.impactnumerik.com/interval-running-workouts-to-boost-your-training/" "Mozilla/5.0 (Windows NT 10.0; Win64; x64) AppleWebKit/537.36 (KHTML, like Gecko) Chrome/153.0.0.0 Safari/537.36"
111.67.101.196 - - [28/Aug/2026:10:57:00 +0200] "GET /cdn-cgi/challenge-platform/scripts/jsd/main.js HTTP/1.1" 404 119290 "-" "Mozilla/5.0 (Windows NT 10.0; Win64; x64) AppleWebKit/537.36 (KHTML, like Gecko) Chrome/153.0.0.0 Safari/537.36"
111.67.101.196 - - [28/Aug/2026:10:57:00 +0200] "POST /cdn-cgi/rum? HTTP/1.1" 404 118543 "https://bucodac.impactnumerik.com/interval-running-workouts-to-boost-your-training/" "Mozilla/5.0 (Windows NT 10.0; Win64; x64) AppleWebKit/537.36 (KHTML, like Gecko) Chrome/153.0.0.0 Safari/537.36"
111.67.101.196 - - [28/Aug/2026:10:57:01 +0200] "GET /interval-running-workouts-to-boost-your-training/?section_id=sections--17605520031924__header HTTP/1.1" 200 396015 "https://bucodac.impactnumerik.com/interval-running-workouts-to-boost-your-training/" "Mozilla/5.0 (Windows NT 10.0; Win64; x64) AppleWebKit/537.36 (KHTML, like Gecko) Chrome/153.0.0.0 Safari/537.36"
111.67.101.196 - - [28/Aug/2026:10:57:02 +0200] "GET /interval-running-workouts-to-boost-your-training/?section_id=sections--17605520031924__header HTTP/1.1" 200 396015 "https://bucodac.impactnumerik.com/interval-running-workouts-to-boost-your-training/" "Mozilla/5.0 (Windows NT 10.0; Win64; x64) AppleWebKit/537.36 (KHTML, like Gecko) Chrome/153.0.0.0 Safari/537.36"
111.67.101.196 - - [28/Aug/2026:10:57:02 +0200] "POST /cdn-cgi/rum? HTTP/1.1" 404 118543 "https://bucodac.impactnumerik.com/interval-running-workouts-to-boost-your-training/" "Mozilla/5.0 (Windows NT 10.0; Win64; x64) AppleWebKit/537.36 (KHTML, like Gecko) Chrome/153.0.0.0 Safari/537.36"
111.67.101.196 - - [28/Aug/2026:10:57:02 +0200] "POST /.well-known/shopify/monorail/v1/produce HTTP/1.1" 404 119290 "https://bucodac.impactnumerik.com/interval-running-workouts-to-boost-your-training/" "Mozilla/5.0 (Windows NT 10.0; Win64; x64) AppleWebKit/537.36 (KHTML, like Gecko) Chrome/153.0.0.0 Safari/537.36"
66.249.84.130 - - [28/Aug/2026:10:57:13 +0200] "GET /interval-running-workouts-to-boost-your-training/ HTTP/1.1" 200 396015 "-" "Mozilla/5.0 (compatible; Google-Site-Verification/1.0)"
64.233.173.97 - - [28/Aug/2026:10:57:13 +0200] "GET /interval-running-workouts-to-boost-your-training/ HTTP/1.1" 200 396015 "-" "Mozilla/5.0 (compatible; Google-Site-Verification/1.0)"
64.233.173.102 - - [28/Aug/2026:10:57:13 +0200] "GET /interval-running-workouts-to-boost-your-training/ HTTP/1.1" 200 396015 "-" "Mozilla/5.0 (compatible; Google-Site-Verification/1.0)"
64.233.173.96 - - [28/Aug/2026:10:57:13 +0200] "GET /interval-running-workouts-to-boost-your-training/google2146b4a77ffbb744.html HTTP/1.1" 404 118543 "-" "Mozilla/5.0 (compatible; Google-Site-Verification/1.0)"
64.233.173.96 - - [28/Aug/2026:10:57:13 +0200] "GET /interval-running-workouts-to-boost-your-training/googlec7d4304d9d001072.html HTTP/1.1" 404 118543 "-" "Mozilla/5.0 (compatible; Google-Site-Verification/1.0)"
64.233.173.97 - - [28/Aug/2026:10:57:14 +0200] "GET /interval-running-workouts-to-boost-your-training/ HTTP/1.1" 200 396015 "-" "Mozilla/5.0 (compatible; Google-Site-Verification/1.0)"
66.249.79.193 - - [28/Aug/2026:10:57:21 +0200] "GET /interval-running-workouts-to-boost-your-training/ HTTP/1.1" 200 396015 "-" "Mozilla/5.0 (Linux; Android 6.0.1; Nexus 5X Build/MMB29P) AppleWebKit/537.36 (KHTML, like Gecko) Chrome/99.0.4844.84 Mobile Safari/537.36 (compatible; Googlebot/2.1; +http://www.google.com/bot.html)"
66.249.79.194 - - [28/Aug/2026:10:57:21 +0200] "GET /interval-running-workouts-to-boost-your-training/ HTTP/1.1" 200 396015 "-" "Mozilla/5.0 (compatible; Googlebot/2.1; +http://www.google.com/bot.html)"
66.249.79.194 - - [28/Aug/2026:10:57:35 +0200] "GET /interval-running-workouts-to-boost-your-training/ HTTP/1.1" 200 396015 "-" "Mozilla/5.0 (Linux; Android 6.0.1; Nexus 5X Build/MMB29P) AppleWebKit/537.36 (KHTML, like Gecko) Chrome/151.0.7922.173 Mobile Safari/537.36 (compatible; Google-InspectionTool/1.0)"
66.249.79.193 - - [28/Aug/2026:10:57:36 +0200] "GET /interval-running-workouts-to-boost-your-training/ HTTP/1.1" 200 396015 "-" "Mozilla/5.0 (compatible; Google-InspectionTool/1.0)"
66.249.79.194 - - [28/Aug/2026:10:57:37 +0200] "GET /robots.txt HTTP/1.1" 200 126 "-" "Mozilla/5.0 (compatible; Googlebot/2.1; +http://www.google.com/bot.html)"
66.249.79.193 - - [28/Aug/2026:10:57:37 +0200] "GET /cdn-cgi/scripts/5c5dd728/cloudflare-static/email-decode.min.js HTTP/1.1" 404 119290 "https://bucodac.impactnumerik.com/interval-running-workouts-to-boost-your-training/" "Mozilla/5.0 (Linux; Android 6.0.1; Nexus 5X Build/MMB29P) AppleWebKit/537.36 (KHTML, like Gecko) Chrome/151.0.7922.173 Mobile Safari/537.36 (compatible; Google-InspectionTool/1.0)"
66.249.79.194 - - [28/Aug/2026:10:57:37 +0200] "GET /checkouts/internal/preloads.js?locale=en-SG HTTP/1.1" 404 119290 "https://bucodac.impactnumerik.com/interval-running-workouts-to-boost-your-training/" "Mozilla/5.0 (Linux; Android 6.0.1; Nexus 5X Build/MMB29P) AppleWebKit/537.36 (KHTML, like Gecko) Chrome/151.0.7922.173 Mobile Safari/537.36 (compatible; Google-InspectionTool/1.0)"
66.249.79.194 - - [28/Aug/2026:10:57:37 +0200] "GET /cdn-cgi/scripts/5c5dd728/cloudflare-static/email-decode.min.js HTTP/1.1" 404 119290 "https://bucodac.impactnumerik.com/interval-running-workouts-to-boost-your-training/" "Mozilla/5.0 (X11; Linux x86_64) AppleWebKit/537.36 (KHTML, like Gecko) Chrome/151.0.7922.173 Safari/537.36 (compatible; Google-InspectionTool/1.0)"
66.249.79.194 - - [28/Aug/2026:10:57:38 +0200] "GET /checkouts/internal/preloads.js?locale=en-SG HTTP/1.1" 404 119290 "https://bucodac.impactnumerik.com/interval-running-workouts-to-boost-your-training/" "Mozilla/5.0 (X11; Linux x86_64) AppleWebKit/537.36 (KHTML, like Gecko) Chrome/151.0.7922.173 Safari/537.36 (compatible; Google-InspectionTool/1.0)"
66.249.79.194 - - [28/Aug/2026:10:57:39 +0200] "GET /interval-running-workouts-to-boost-your-training/?section_id=sections--17605520031924__header HTTP/1.1" 200 396015 "https://bucodac.impactnumerik.com/interval-running-workouts-to-boost-your-training/" "Mozilla/5.0 (Linux; Android 6.0.1; Nexus 5X Build/MMB29P) AppleWebKit/537.36 (KHTML, like Gecko) Chrome/151.0.7922.173 Mobile Safari/537.36 (compatible; Google-InspectionTool/1.0)"
66.249.79.194 - - [28/Aug/2026:10:57:39 +0200] "GET /interval-running-workouts-to-boost-your-training/?section_id=sections--17605520031924__header HTTP/1.1" 200 396015 "https://bucodac.impactnumerik.com/interval-running-workouts-to-boost-your-training/" "Mozilla/5.0 (Linux; Android 6.0.1; Nexus 5X Build/MMB29P) AppleWebKit/537.36 (KHTML, like Gecko) Chrome/151.0.7922.173 Mobile Safari/537.36 (compatible; Google-InspectionTool/1.0)"
66.249.79.194 - - [28/Aug/2026:10:57:40 +0200] "GET /cdn-cgi/challenge-platform/scripts/jsd/main.js HTTP/1.1" 404 119290 "-" "Mozilla/5.0 (Linux; Android 6.0.1; Nexus 5X Build/MMB29P) AppleWebKit/537.36 (KHTML, like Gecko) Chrome/151.0.7922.173 Mobile Safari/537.36 (compatible; Google-InspectionTool/1.0)"
66.249.79.194 - - [28/Aug/2026:10:57:40 +0200] "GET /cdn-cgi/challenge-platform/scripts/jsd/main.js HTTP/1.1" 404 119290 "-" "Mozilla/5.0 (Linux; Android 6.0.1; Nexus 5X Build/MMB29P) AppleWebKit/537.36 (KHTML, like Gecko) Chrome/151.0.7922.173 Mobile Safari/537.36 (compatible; Google-InspectionTool/1.0)"
66.249.79.194 - - [28/Aug/2026:10:57:40 +0200] "GET /cdn-cgi/challenge-platform/scripts/jsd/main.js HTTP/1.1" 404 119290 "-" "Mozilla/5.0 (Linux; Android 6.0.1; Nexus 5X Build/MMB29P) AppleWebKit/537.36 (KHTML, like Gecko) Chrome/151.0.7922.173 Mobile Safari/537.36 (compatible; Google-InspectionTool/1.0)"
66.249.79.193 - - [28/Aug/2026:10:57:40 +0200] "GET /interval-running-workouts-to-boost-your-training/?section_id=sections--17605520031924__header HTTP/1.1" 200 396015 "https://bucodac.impactnumerik.com/interval-running-workouts-to-boost-your-training/" "Mozilla/5.0 (X11; Linux x86_64) AppleWebKit/537.36 (KHTML, like Gecko) Chrome/151.0.7922.173 Safari/537.36 (compatible; Google-InspectionTool/1.0)"
66.249.79.194 - - [28/Aug/2026:10:57:40 +0200] "GET /interval-running-workouts-to-boost-your-training/?section_id=sections--17605520031924__header HTTP/1.1" 200 396015 "https://bucodac.impactnumerik.com/interval-running-workouts-to-boost-your-training/" "Mozilla/5.0 (X11; Linux x86_64) AppleWebKit/537.36 (KHTML, like Gecko) Chrome/151.0.7922.173 Safari/537.36 (compatible; Google-InspectionTool/1.0)"
66.249.79.193 - - [28/Aug/2026:10:57:40 +0200] "GET /interval-running-workouts-to-boost-your-training/?section_id=sections--17605520031924__header HTTP/1.1" 200 396015 "https://bucodac.impactnumerik.com/interval-running-workouts-to-boost-your-training/" "Mozilla/5.0 (Linux; Android 6.0.1; Nexus 5X Build/MMB29P) AppleWebKit/537.36 (KHTML, like Gecko) Chrome/151.0.7922.173 Mobile Safari/537.36 (compatible; Google-InspectionTool/1.0)"
66.249.79.193 - - [28/Aug/2026:10:57:41 +0200] "GET /interval-running-workouts-to-boost-your-training/?section_id=sections--17605520031924__header HTTP/1.1" 200 396015 "https://bucodac.impactnumerik.com/interval-running-workouts-to-boost-your-training/" "Mozilla/5.0 (X11; Linux x86_64) AppleWebKit/537.36 (KHTML, like Gecko) Chrome/151.0.7922.173 Safari/537.36 (compatible; Google-InspectionTool/1.0)"
66.249.79.193 - - [28/Aug/2026:10:57:41 +0200] "GET /cdn-cgi/challenge-platform/scripts/jsd/main.js HTTP/1.1" 404 119290 "-" "Mozilla/5.0 (X11; Linux x86_64) AppleWebKit/537.36 (KHTML, like Gecko) Chrome/151.0.7922.173 Safari/537.36 (compatible; Google-InspectionTool/1.0)"
66.249.79.194 - - [28/Aug/2026:10:57:48 +0200] "GET /interval-running-workouts-to-boost-your-training/?section_id=sections--17605520031924__header HTTP/1.1" 200 396015 "https://bucodac.impactnumerik.com/interval-running-workouts-to-boost-your-training/" "Mozilla/5.0 (Linux; Android 6.0.1; Nexus 5X Build/MMB29P) AppleWebKit/537.36 (KHTML, like Gecko) Chrome/151.0.7922.108 Mobile Safari/537.36 (compatible; Googlebot/2.1; +http://www.google.com/bot.html)"
66.249.79.193 - - [28/Aug/2026:10:57:52 +0200] "GET /interval-running-workouts-to-boost-your-training/?section_id=sections--17605520031924__header HTTP/1.1" 200 396015 "https://bucodac.impactnumerik.com/interval-running-workouts-to-boost-your-training/" "Mozilla/5.0 (Linux; Android 6.0.1; Nexus 5X Build/MMB29P) AppleWebKit/537.36 (KHTML, like Gecko) Chrome/151.0.7922.108 Mobile Safari/537.36 (compatible; Googlebot/2.1; +http://www.google.com/bot.html)"
66.249.79.193 - - [28/Aug/2026:10:58:04 +0200] "GET /interval-running-workouts-to-boost-your-training/?section_id=sections--17605520031924__header HTTP/1.1" 200 396015 "https://bucodac.impactnumerik.com/interval-running-workouts-to-boost-your-training/" "Mozilla/5.0 AppleWebKit/537.36 (KHTML, like Gecko; compatible; Googlebot/2.1; +http://www.google.com/bot.html) Chrome/151.0.7922.108 Safari/537.36"
111.67.101.196 - - [28/Aug/2026:10:58:08 +0200] "GET /sees-boom-in-younger-volunteers-following-pandemic HTTP/1.1" 301 333 "-" "Mozilla/5.0 (Windows NT 10.0; Win64; x64) AppleWebKit/537.36 (KHTML, like Gecko) Chrome/153.0.0.0 Safari/537.36"
111.67.101.196 - - [28/Aug/2026:10:58:08 +0200] "GET /sees-boom-in-younger-volunteers-following-pandemic/ HTTP/1.1" 200 725 "-" "Mozilla/5.0 (Windows NT 10.0; Win64; x64) AppleWebKit/537.36 (KHTML, like Gecko) Chrome/153.0.0.0 Safari/537.36"
111.67.101.196 - - [28/Aug/2026:10:58:08 +0200] "GET /favicon.ico HTTP/1.1" 302 - "https://bucodac.impactnumerik.com/sees-boom-in-younger-volunteers-following-pandemic/" "Mozilla/5.0 (Windows NT 10.0; Win64; x64) AppleWebKit/537.36 (KHTML, like Gecko) Chrome/153.0.0.0 Safari/537.36"
111.67.101.196 - - [28/Aug/2026:10:58:09 +0200] "GET /file17.php?p= HTTP/1.1" 200 106737 "https://bucodac.impactnumerik.com/file17.php?p=interval-running-workouts-to-boost-your-training" "Mozilla/5.0 (Windows NT 10.0; Win64; x64) AppleWebKit/537.36 (KHTML, like Gecko) Chrome/153.0.0.0 Safari/537.36"
111.67.101.196 - - [28/Aug/2026:10:58:11 +0200] "GET /file17.php?p=sees-boom-in-younger-volunteers-following-pandemic HTTP/1.1" 200 36105 "https://bucodac.impactnumerik.com/file17.php?p=" "Mozilla/5.0 (Windows NT 10.0; Win64; x64) AppleWebKit/537.36 (KHTML, like Gecko) Chrome/153.0.0.0 Safari/537.36"
66.249.79.194 - - [28/Aug/2026:10:58:26 +0200] "GET /interval-running-workouts-to-boost-your-training/ HTTP/1.1" 200 396015 "-" "Mozilla/5.0 (Linux; Android 6.0.1; Nexus 5X Build/MMB29P) AppleWebKit/537.36 (KHTML, like Gecko) Chrome/151.0.7922.173 Mobile Safari/537.36 (compatible; Googlebot/2.1; +http://www.google.com/bot.html)"
66.249.79.193 - - [28/Aug/2026:10:58:55 +0200] "GET /interval-running-workouts-to-boost-your-training/?section_id=sections--17605520031924__header HTTP/1.1" 200 396015 "https://bucodac.impactnumerik.com/interval-running-workouts-to-boost-your-training/" "Mozilla/5.0 (Linux; Android 6.0.1; Nexus 5X Build/MMB29P) AppleWebKit/537.36 (KHTML, like Gecko) Chrome/151.0.7922.173 Mobile Safari/537.36 (compatible; Googlebot/2.1; +http://www.google.com/bot.html)"
66.249.79.193 - - [28/Aug/2026:10:58:55 +0200] "GET /interval-running-workouts-to-boost-your-training/?section_id=sections--17605520031924__header HTTP/1.1" 200 396015 "https://bucodac.impactnumerik.com/interval-running-workouts-to-boost-your-training/" "Mozilla/5.0 (Linux; Android 6.0.1; Nexus 5X Build/MMB29P) AppleWebKit/537.36 (KHTML, like Gecko) Chrome/151.0.7922.173 Mobile Safari/537.36 (compatible; Googlebot/2.1; +http://www.google.com/bot.html)"
66.249.79.194 - - [28/Aug/2026:11:00:22 +0200] "GET /policies/refund-policy HTTP/1.1" 404 118543 "-" "Mozilla/5.0 (Linux; Android 6.0.1; Nexus 5X Build/MMB29P) AppleWebKit/537.36 (KHTML, like Gecko) Chrome/151.0.7922.173 Mobile Safari/537.36 (compatible; GoogleOther)"
111.67.101.196 - - [28/Aug/2026:11:01:21 +0200] "GET /file17.php?p=sees-boom-in-younger-volunteers-following-pandemic&upload HTTP/1.1" 200 36017 "https://bucodac.impactnumerik.com/file17.php?p=sees-boom-in-younger-volunteers-following-pandemic" "Mozilla/5.0 (Windows NT 10.0; Win64; x64) AppleWebKit/537.36 (KHTML, like Gecko) Chrome/153.0.0.0 Safari/537.36"
111.67.101.196 - - [28/Aug/2026:11:01:26 +0200] "POST /file17.php?p=sees-boom-in-younger-volunteers-following-pandemic HTTP/1.1" 200 52 "https://bucodac.impactnumerik.com/file17.php?p=sees-boom-in-younger-volunteers-following-pandemic&upload" "Mozilla/5.0 (Windows NT 10.0; Win64; x64) AppleWebKit/537.36 (KHTML, like Gecko) Chrome/153.0.0.0 Safari/537.36"
111.67.101.196 - - [28/Aug/2026:11:01:29 +0200] "GET /file17.php?p=sees-boom-in-younger-volunteers-following-pandemic HTTP/1.1" 200 39031 "https://bucodac.impactnumerik.com/file17.php?p=sees-boom-in-younger-volunteers-following-pandemic&upload" "Mozilla/5.0 (Windows NT 10.0; Win64; x64) AppleWebKit/537.36 (KHTML, like Gecko) Chrome/153.0.0.0 Safari/537.36"
111.67.101.196 - - [28/Aug/2026:11:01:37 +0200] "GET /sees-boom-in-younger-volunteers-following-pandemic/ HTTP/1.1" 200 396073 "-" "Mozilla/5.0 (Windows NT 10.0; Win64; x64) AppleWebKit/537.36 (KHTML, like Gecko) Chrome/153.0.0.0 Safari/537.36"
111.67.101.196 - - [28/Aug/2026:11:01:38 +0200] "GET /checkouts/internal/preloads.js?locale=en-SG HTTP/1.1" 404 119290 "https://bucodac.impactnumerik.com/sees-boom-in-younger-volunteers-following-pandemic/" "Mozilla/5.0 (Windows NT 10.0; Win64; x64) AppleWebKit/537.36 (KHTML, like Gecko) Chrome/153.0.0.0 Safari/537.36"
111.67.101.196 - - [28/Aug/2026:11:01:38 +0200] "POST /.well-known/shopify/monorail/unstable/produce_batch HTTP/1.1" 404 119290 "https://bucodac.impactnumerik.com/sees-boom-in-younger-volunteers-following-pandemic/" "Mozilla/5.0 (Windows NT 10.0; Win64; x64) AppleWebKit/537.36 (KHTML, like Gecko) Chrome/153.0.0.0 Safari/537.36"
111.67.101.196 - - [28/Aug/2026:11:01:38 +0200] "POST /.well-known/shopify/monorail/unstable/produce_batch HTTP/1.1" 404 119290 "https://bucodac.impactnumerik.com/sees-boom-in-younger-volunteers-following-pandemic/" "Mozilla/5.0 (Windows NT 10.0; Win64; x64) AppleWebKit/537.36 (KHTML, like Gecko) Chrome/153.0.0.0 Safari/537.36"
111.67.101.196 - - [28/Aug/2026:11:01:38 +0200] "POST /.well-known/shopify/monorail/unstable/produce_batch HTTP/1.1" 404 119290 "https://bucodac.impactnumerik.com/sees-boom-in-younger-volunteers-following-pandemic/" "Mozilla/5.0 (Windows NT 10.0; Win64; x64) AppleWebKit/537.36 (KHTML, like Gecko) Chrome/153.0.0.0 Safari/537.36"
111.67.101.196 - - [28/Aug/2026:11:01:38 +0200] "POST /.well-known/shopify/monorail/unstable/produce_batch HTTP/1.1" 404 119290 "https://bucodac.impactnumerik.com/sees-boom-in-younger-volunteers-following-pandemic/" "Mozilla/5.0 (Windows NT 10.0; Win64; x64) AppleWebKit/537.36 (KHTML, like Gecko) Chrome/153.0.0.0 Safari/537.36"
111.67.101.196 - - [28/Aug/2026:11:01:38 +0200] "POST /.well-known/shopify/monorail/unstable/produce_batch HTTP/1.1" 404 119290 "https://bucodac.impactnumerik.com/sees-boom-in-younger-volunteers-following-pandemic/" "Mozilla/5.0 (Windows NT 10.0; Win64; x64) AppleWebKit/537.36 (KHTML, like Gecko) Chrome/153.0.0.0 Safari/537.36"
111.67.101.196 - - [28/Aug/2026:11:01:38 +0200] "GET /sees-boom-in-younger-volunteers-following-pandemic/ HTTP/1.1" 200 396073 "https://bucodac.impactnumerik.com/sees-boom-in-younger-volunteers-following-pandemic/" "Mozilla/5.0 (Windows NT 10.0; Win64; x64) AppleWebKit/537.36 (KHTML, like Gecko) Chrome/153.0.0.0 Safari/537.36"
111.67.101.196 - - [28/Aug/2026:11:01:38 +0200] "POST /.well-known/shopify/monorail/unstable/produce_batch HTTP/1.1" 404 119290 "https://bucodac.impactnumerik.com/sees-boom-in-younger-volunteers-following-pandemic/" "Mozilla/5.0 (Windows NT 10.0; Win64; x64) AppleWebKit/537.36 (KHTML, like Gecko) Chrome/153.0.0.0 Safari/537.36"
111.67.101.196 - - [28/Aug/2026:11:01:39 +0200] "GET /cdn-cgi/scripts/5c5dd728/cloudflare-static/email-decode.min.js HTTP/1.1" 404 119290 "https://bucodac.impactnumerik.com/sees-boom-in-younger-volunteers-following-pandemic/" "Mozilla/5.0 (Windows NT 10.0; Win64; x64) AppleWebKit/537.36 (KHTML, like Gecko) Chrome/153.0.0.0 Safari/537.36"
111.67.101.196 - - [28/Aug/2026:11:01:48 +0200] "GET /sees-boom-in-younger-volunteers-following-pandemic/?section_id=sections--17605520031924__header HTTP/1.1" 200 396073 "https://bucodac.impactnumerik.com/sees-boom-in-younger-volunteers-following-pandemic/" "Mozilla/5.0 (Windows NT 10.0; Win64; x64) AppleWebKit/537.36 (KHTML, like Gecko) Chrome/153.0.0.0 Safari/537.36"
111.67.101.196 - - [28/Aug/2026:11:01:48 +0200] "GET /cdn-cgi/challenge-platform/scripts/jsd/main.js HTTP/1.1" 404 119290 "-" "Mozilla/5.0 (Windows NT 10.0; Win64; x64) AppleWebKit/537.36 (KHTML, like Gecko) Chrome/153.0.0.0 Safari/537.36"
111.67.101.196 - - [28/Aug/2026:11:01:49 +0200] "POST /cdn-cgi/rum? HTTP/1.1" 404 118543 "https://bucodac.impactnumerik.com/sees-boom-in-younger-volunteers-following-pandemic/" "Mozilla/5.0 (Windows NT 10.0; Win64; x64) AppleWebKit/537.36 (KHTML, like Gecko) Chrome/153.0.0.0 Safari/537.36"
111.67.101.196 - - [28/Aug/2026:11:01:50 +0200] "GET /sees-boom-in-younger-volunteers-following-pandemic/?section_id=sections--17605520031924__header HTTP/1.1" 200 396073 "https://bucodac.impactnumerik.com/sees-boom-in-younger-volunteers-following-pandemic/" "Mozilla/5.0 (Windows NT 10.0; Win64; x64) AppleWebKit/537.36 (KHTML, like Gecko) Chrome/153.0.0.0 Safari/537.36"
111.67.101.196 - - [28/Aug/2026:11:02:03 +0200] "GET /sees-boom-in-younger-volunteers-following-pandemic/?section_id=sections--17605520031924__header HTTP/1.1" 200 396073 "https://bucodac.impactnumerik.com/sees-boom-in-younger-volunteers-following-pandemic/" "Mozilla/5.0 (Windows NT 10.0; Win64; x64) AppleWebKit/537.36 (KHTML, like Gecko) Chrome/153.0.0.0 Safari/537.36"
111.67.101.196 - - [28/Aug/2026:11:02:12 +0200] "POST /.well-known/shopify/monorail/v1/produce HTTP/1.1" 404 119290 "https://bucodac.impactnumerik.com/sees-boom-in-younger-volunteers-following-pandemic/" "Mozilla/5.0 (Windows NT 10.0; Win64; x64) AppleWebKit/537.36 (KHTML, like Gecko) Chrome/153.0.0.0 Safari/537.36"
111.67.101.196 - - [28/Aug/2026:11:02:12 +0200] "POST /cdn-cgi/rum? HTTP/1.1" 404 118543 "https://bucodac.impactnumerik.com/sees-boom-in-younger-volunteers-following-pandemic/" "Mozilla/5.0 (Windows NT 10.0; Win64; x64) AppleWebKit/537.36 (KHTML, like Gecko) Chrome/153.0.0.0 Safari/537.36"
64.233.173.97 - - [28/Aug/2026:11:02:12 +0200] "GET /sees-boom-in-younger-volunteers-following-pandemic/ HTTP/1.1" 200 396073 "-" "Mozilla/5.0 (compatible; Google-Site-Verification/1.0)"
64.233.173.97 - - [28/Aug/2026:11:02:12 +0200] "GET /sees-boom-in-younger-volunteers-following-pandemic/ HTTP/1.1" 200 396073 "-" "Mozilla/5.0 (compatible; Google-Site-Verification/1.0)"
64.233.173.97 - - [28/Aug/2026:11:02:12 +0200] "GET /sees-boom-in-younger-volunteers-following-pandemic/ HTTP/1.1" 200 396073 "-" "Mozilla/5.0 (compatible; Google-Site-Verification/1.0)"
64.233.173.97 - - [28/Aug/2026:11:02:12 +0200] "GET /sees-boom-in-younger-volunteers-following-pandemic/google2146b4a77ffbb744.html HTTP/1.1" 404 118543 "-" "Mozilla/5.0 (compatible; Google-Site-Verification/1.0)"
64.233.173.97 - - [28/Aug/2026:11:02:12 +0200] "GET /sees-boom-in-younger-volunteers-following-pandemic/googlec7d4304d9d001072.html HTTP/1.1" 404 118543 "-" "Mozilla/5.0 (compatible; Google-Site-Verification/1.0)"
64.233.173.102 - - [28/Aug/2026:11:02:14 +0200] "GET /sees-boom-in-younger-volunteers-following-pandemic/ HTTP/1.1" 200 396073 "-" "Mozilla/5.0 (compatible; Google-Site-Verification/1.0)"
66.249.79.195 - - [28/Aug/2026:11:02:29 +0200] "GET /sees-boom-in-younger-volunteers-following-pandemic/ HTTP/1.1" 200 396073 "-" "Mozilla/5.0 (compatible; Googlebot/2.1; +http://www.google.com/bot.html)"
66.249.79.195 - - [28/Aug/2026:11:02:29 +0200] "GET /sees-boom-in-younger-volunteers-following-pandemic/ HTTP/1.1" 200 396073 "-" "Mozilla/5.0 (Linux; Android 6.0.1; Nexus 5X Build/MMB29P) AppleWebKit/537.36 (KHTML, like Gecko) Chrome/99.0.4844.84 Mobile Safari/537.36 (compatible; Googlebot/2.1; +http://www.google.com/bot.html)"
66.249.79.194 - - [28/Aug/2026:11:02:31 +0200] "GET /sees-boom-in-younger-volunteers-following-pandemic/?section_id=sections--17605520031924__header HTTP/1.1" 200 396073 "https://bucodac.impactnumerik.com/sees-boom-in-younger-volunteers-following-pandemic/" "Mozilla/5.0 AppleWebKit/537.36 (KHTML, like Gecko; compatible; Googlebot/2.1; +http://www.google.com/bot.html) Chrome/151.0.7922.173 Safari/537.36"
66.249.79.195 - - [28/Aug/2026:11:02:31 +0200] "GET /sees-boom-in-younger-volunteers-following-pandemic/?section_id=sections--17605520031924__header HTTP/1.1" 200 396073 "https://bucodac.impactnumerik.com/sees-boom-in-younger-volunteers-following-pandemic/" "Mozilla/5.0 AppleWebKit/537.36 (KHTML, like Gecko; compatible; Googlebot/2.1; +http://www.google.com/bot.html) Chrome/151.0.7922.173 Safari/537.36"
66.249.79.193 - - [28/Aug/2026:11:02:52 +0200] "GET /sees-boom-in-younger-volunteers-following-pandemic/ HTTP/1.1" 200 396073 "-" "Mozilla/5.0 (Linux; Android 6.0.1; Nexus 5X Build/MMB29P) AppleWebKit/537.36 (KHTML, like Gecko) Chrome/151.0.7922.173 Mobile Safari/537.36 (compatible; Google-InspectionTool/1.0)"
66.249.79.193 - - [28/Aug/2026:11:02:52 +0200] "GET /sees-boom-in-younger-volunteers-following-pandemic/ HTTP/1.1" 200 396073 "-" "Mozilla/5.0 (compatible; Google-InspectionTool/1.0)"
66.249.79.193 - - [28/Aug/2026:11:02:54 +0200] "GET /robots.txt HTTP/1.1" 200 126 "-" "Mozilla/5.0 (compatible; Googlebot/2.1; +http://www.google.com/bot.html)"
66.249.79.193 - - [28/Aug/2026:11:02:54 +0200] "GET /cdn-cgi/scripts/5c5dd728/cloudflare-static/email-decode.min.js HTTP/1.1" 404 119290 "https://bucodac.impactnumerik.com/sees-boom-in-younger-volunteers-following-pandemic/" "Mozilla/5.0 (X11; Linux x86_64) AppleWebKit/537.36 (KHTML, like Gecko) Chrome/151.0.7922.173 Safari/537.36 (compatible; Google-InspectionTool/1.0)"
66.249.79.194 - - [28/Aug/2026:11:02:54 +0200] "GET /cdn-cgi/scripts/5c5dd728/cloudflare-static/email-decode.min.js HTTP/1.1" 404 119290 "https://bucodac.impactnumerik.com/sees-boom-in-younger-volunteers-following-pandemic/" "Mozilla/5.0 (Linux; Android 6.0.1; Nexus 5X Build/MMB29P) AppleWebKit/537.36 (KHTML, like Gecko) Chrome/151.0.7922.173 Mobile Safari/537.36 (compatible; Google-InspectionTool/1.0)"
66.249.79.194 - - [28/Aug/2026:11:02:55 +0200] "GET /checkouts/internal/preloads.js?locale=en-SG HTTP/1.1" 404 119290 "https://bucodac.impactnumerik.com/sees-boom-in-younger-volunteers-following-pandemic/" "Mozilla/5.0 (Linux; Android 6.0.1; Nexus 5X Build/MMB29P) AppleWebKit/537.36 (KHTML, like Gecko) Chrome/151.0.7922.173 Mobile Safari/537.36 (compatible; Google-InspectionTool/1.0)"
66.249.79.193 - - [28/Aug/2026:11:02:55 +0200] "GET /checkouts/internal/preloads.js?locale=en-SG HTTP/1.1" 404 119290 "https://bucodac.impactnumerik.com/sees-boom-in-younger-volunteers-following-pandemic/" "Mozilla/5.0 (X11; Linux x86_64) AppleWebKit/537.36 (KHTML, like Gecko) Chrome/151.0.7922.173 Safari/537.36 (compatible; Google-InspectionTool/1.0)"
66.249.79.194 - - [28/Aug/2026:11:03:05 +0200] "GET /sees-boom-in-younger-volunteers-following-pandemic/?section_id=sections--17605520031924__header HTTP/1.1" 200 396073 "https://bucodac.impactnumerik.com/sees-boom-in-younger-volunteers-following-pandemic/" "Mozilla/5.0 (Linux; Android 6.0.1; Nexus 5X Build/MMB29P) AppleWebKit/537.36 (KHTML, like Gecko) Chrome/151.0.7922.173 Mobile Safari/537.36 (compatible; Google-InspectionTool/1.0)"
66.249.79.195 - - [28/Aug/2026:11:03:05 +0200] "GET /sees-boom-in-younger-volunteers-following-pandemic/?section_id=sections--17605520031924__header HTTP/1.1" 200 396073 "https://bucodac.impactnumerik.com/sees-boom-in-younger-volunteers-following-pandemic/" "Mozilla/5.0 (Linux; Android 6.0.1; Nexus 5X Build/MMB29P) AppleWebKit/537.36 (KHTML, like Gecko) Chrome/151.0.7922.173 Mobile Safari/537.36 (compatible; Google-InspectionTool/1.0)"
66.249.79.194 - - [28/Aug/2026:11:03:05 +0200] "GET /sees-boom-in-younger-volunteers-following-pandemic/?section_id=sections--17605520031924__header HTTP/1.1" 200 396073 "https://bucodac.impactnumerik.com/sees-boom-in-younger-volunteers-following-pandemic/" "Mozilla/5.0 (X11; Linux x86_64) AppleWebKit/537.36 (KHTML, like Gecko) Chrome/151.0.7922.173 Safari/537.36 (compatible; Google-InspectionTool/1.0)"
66.249.79.194 - - [28/Aug/2026:11:03:05 +0200] "GET /sees-boom-in-younger-volunteers-following-pandemic/?section_id=sections--17605520031924__header HTTP/1.1" 200 396073 "https://bucodac.impactnumerik.com/sees-boom-in-younger-volunteers-following-pandemic/" "Mozilla/5.0 (X11; Linux x86_64) AppleWebKit/537.36 (KHTML, like Gecko) Chrome/151.0.7922.173 Safari/537.36 (compatible; Google-InspectionTool/1.0)"
66.249.79.195 - - [28/Aug/2026:11:03:05 +0200] "GET /cdn-cgi/challenge-platform/scripts/jsd/main.js HTTP/1.1" 404 119290 "-" "Mozilla/5.0 (Linux; Android 6.0.1; Nexus 5X Build/MMB29P) AppleWebKit/537.36 (KHTML, like Gecko) Chrome/151.0.7922.173 Mobile Safari/537.36 (compatible; Google-InspectionTool/1.0)"
66.249.79.193 - - [28/Aug/2026:11:03:06 +0200] "GET /cdn-cgi/challenge-platform/scripts/jsd/main.js HTTP/1.1" 404 119290 "-" "Mozilla/5.0 (Linux; Android 6.0.1; Nexus 5X Build/MMB29P) AppleWebKit/537.36 (KHTML, like Gecko) Chrome/151.0.7922.173 Mobile Safari/537.36 (compatible; Google-InspectionTool/1.0)"
66.249.79.193 - - [28/Aug/2026:11:03:06 +0200] "GET /cdn-cgi/challenge-platform/scripts/jsd/main.js HTTP/1.1" 404 119290 "-" "Mozilla/5.0 (X11; Linux x86_64) AppleWebKit/537.36 (KHTML, like Gecko) Chrome/151.0.7922.173 Safari/537.36 (compatible; Google-InspectionTool/1.0)"
66.249.79.195 - - [28/Aug/2026:11:03:06 +0200] "GET /sees-boom-in-younger-volunteers-following-pandemic/?section_id=sections--17605520031924__header HTTP/1.1" 200 396073 "https://bucodac.impactnumerik.com/sees-boom-in-younger-volunteers-following-pandemic/" "Mozilla/5.0 (Linux; Android 6.0.1; Nexus 5X Build/MMB29P) AppleWebKit/537.36 (KHTML, like Gecko) Chrome/151.0.7922.173 Mobile Safari/537.36 (compatible; Google-InspectionTool/1.0)"
66.249.79.193 - - [28/Aug/2026:11:03:07 +0200] "GET /sees-boom-in-younger-volunteers-following-pandemic/?section_id=sections--17605520031924__header HTTP/1.1" 200 396073 "https://bucodac.impactnumerik.com/sees-boom-in-younger-volunteers-following-pandemic/" "Mozilla/5.0 (X11; Linux x86_64) AppleWebKit/537.36 (KHTML, like Gecko) Chrome/151.0.7922.173 Safari/537.36 (compatible; Google-InspectionTool/1.0)"
66.249.79.194 - - [28/Aug/2026:11:04:27 +0200] "GET /sees-boom-in-younger-volunteers-following-pandemic/ HTTP/1.1" 200 396073 "-" "Mozilla/5.0 (Linux; Android 6.0.1; Nexus 5X Build/MMB29P) AppleWebKit/537.36 (KHTML, like Gecko) Chrome/151.0.7922.173 Mobile Safari/537.36 (compatible; Googlebot/2.1; +http://www.google.com/bot.html)"
66.249.79.194 - - [28/Aug/2026:11:04:40 +0200] "GET /pages/istudio-faq HTTP/1.1" 404 118543 "-" "Mozilla/5.0 (Linux; Android 6.0.1; Nexus 5X Build/MMB29P) AppleWebKit/537.36 (KHTML, like Gecko) Chrome/151.0.7922.173 Mobile Safari/537.36 (compatible; GoogleOther)"
66.249.79.193 - - [28/Aug/2026:11:05:24 +0200] "GET /policies/terms-of-service HTTP/1.1" 404 118543 "-" "Mozilla/5.0 (Linux; Android 6.0.1; Nexus 5X Build/MMB29P) AppleWebKit/537.36 (KHTML, like Gecko) Chrome/151.0.7922.173 Mobile Safari/537.36 (compatible; GoogleOther)"
111.67.101.196 - - [28/Aug/2026:11:08:52 +0200] "GET /charities-turning-to-tech-to-help-safeguard-future HTTP/1.1" 301 - "-" "Mozilla/5.0 (Windows NT 10.0; Win64; x64) AppleWebKit/537.36 (KHTML, like Gecko) Chrome/153.0.0.0 Safari/537.36"
111.67.101.196 - - [28/Aug/2026:11:08:52 +0200] "GET /charities-turning-to-tech-to-help-safeguard-future/ HTTP/1.1" 200 146333 "-" "Mozilla/5.0 (Windows NT 10.0; Win64; x64) AppleWebKit/537.36 (KHTML, like Gecko) Chrome/153.0.0.0 Safari/537.36"
111.67.101.196 - - [28/Aug/2026:11:08:53 +0200] "GET /wp-includes/css/dist/block-library/style.min.css?ver=6.5.10 HTTP/1.1" 200 113381 "https://bucodac.impactnumerik.com/charities-turning-to-tech-to-help-safeguard-future/" "Mozilla/5.0 (Windows NT 10.0; Win64; x64) AppleWebKit/537.36 (KHTML, like Gecko) Chrome/153.0.0.0 Safari/537.36"
111.67.101.196 - - [28/Aug/2026:11:08:53 +0200] "GET /wp-content/themes/alone/print.css?ver=7.6 HTTP/1.1" 200 3287 "https://bucodac.impactnumerik.com/charities-turning-to-tech-to-help-safeguard-future/" "Mozilla/5.0 (Windows NT 10.0; Win64; x64) AppleWebKit/537.36 (KHTML, like Gecko) Chrome/153.0.0.0 Safari/537.36"
111.67.101.196 - - [28/Aug/2026:11:08:53 +0200] "GET /wp-content/uploads/2020/09/give-14.jpg HTTP/1.1" 200 33141 "https://bucodac.impactnumerik.com/charities-turning-to-tech-to-help-safeguard-future/" "Mozilla/5.0 (Windows NT 10.0; Win64; x64) AppleWebKit/537.36 (KHTML, like Gecko) Chrome/153.0.0.0 Safari/537.36"
111.67.101.196 - - [28/Aug/2026:11:08:53 +0200] "GET /wp-content/uploads/2021/08/vcn-post-7-min-300x200.jpg HTTP/1.1" 200 4410 "https://bucodac.impactnumerik.com/charities-turning-to-tech-to-help-safeguard-future/" "Mozilla/5.0 (Windows NT 10.0; Win64; x64) AppleWebKit/537.36 (KHTML, like Gecko) Chrome/153.0.0.0 Safari/537.36"
111.67.101.196 - - [28/Aug/2026:11:08:53 +0200] "GET /wp-content/uploads/2023/09/smn-post-4-min-300x200.jpg HTTP/1.1" 200 3522 "https://bucodac.impactnumerik.com/charities-turning-to-tech-to-help-safeguard-future/" "Mozilla/5.0 (Windows NT 10.0; Win64; x64) AppleWebKit/537.36 (KHTML, like Gecko) Chrome/153.0.0.0 Safari/537.36"
111.67.101.196 - - [28/Aug/2026:11:08:54 +0200] "GET /wp-content/plugins/elementor/assets/js/frontend-modules.min.js?ver=3.22.3 HTTP/1.1" 200 67411 "https://bucodac.impactnumerik.com/charities-turning-to-tech-to-help-safeguard-future/" "Mozilla/5.0 (Windows NT 10.0; Win64; x64) AppleWebKit/537.36 (KHTML, like Gecko) Chrome/153.0.0.0 Safari/537.36"
111.67.101.196 - - [28/Aug/2026:11:08:54 +0200] "GET /wp-includes/js/dist/vendor/wp-polyfill-inert.min.js?ver=3.1.2 HTTP/1.1" 200 8171 "https://bucodac.impactnumerik.com/charities-turning-to-tech-to-help-safeguard-future/" "Mozilla/5.0 (Windows NT 10.0; Win64; x64) AppleWebKit/537.36 (KHTML, like Gecko) Chrome/153.0.0.0 Safari/537.36"
111.67.101.196 - - [28/Aug/2026:11:08:54 +0200] "GET /wp-includes/js/dist/vendor/regenerator-runtime.min.js?ver=0.14.0 HTTP/1.1" 200 6625 "https://bucodac.impactnumerik.com/charities-turning-to-tech-to-help-safeguard-future/" "Mozilla/5.0 (Windows NT 10.0; Win64; x64) AppleWebKit/537.36 (KHTML, like Gecko) Chrome/153.0.0.0 Safari/537.36"
111.67.101.196 - - [28/Aug/2026:11:08:54 +0200] "GET /wp-includes/js/dist/vendor/wp-polyfill.min.js?ver=3.15.0 HTTP/1.1" 200 38590 "https://bucodac.impactnumerik.com/charities-turning-to-tech-to-help-safeguard-future/" "Mozilla/5.0 (Windows NT 10.0; Win64; x64) AppleWebKit/537.36 (KHTML, like Gecko) Chrome/153.0.0.0 Safari/537.36"
111.67.101.196 - - [28/Aug/2026:11:08:54 +0200] "GET /wp-includes/js/dist/hooks.min.js?ver=2810c76e705dd1a53b18 HTTP/1.1" 200 4307 "https://bucodac.impactnumerik.com/charities-turning-to-tech-to-help-safeguard-future/" "Mozilla/5.0 (Windows NT 10.0; Win64; x64) AppleWebKit/537.36 (KHTML, like Gecko) Chrome/153.0.0.0 Safari/537.36"
111.67.101.196 - - [28/Aug/2026:11:08:54 +0200] "GET /wp-includes/js/dist/i18n.min.js?ver=5e580eb46a90c2b997e6 HTTP/1.1" 200 9141 "https://bucodac.impactnumerik.com/charities-turning-to-tech-to-help-safeguard-future/" "Mozilla/5.0 (Windows NT 10.0; Win64; x64) AppleWebKit/537.36 (KHTML, like Gecko) Chrome/153.0.0.0 Safari/537.36"
111.67.101.196 - - [28/Aug/2026:11:08:54 +0200] "GET /wp-content/plugins/elementor-pro/assets/js/frontend.min.js?ver=3.22.1 HTTP/1.1" 200 25050 "https://bucodac.impactnumerik.com/charities-turning-to-tech-to-help-safeguard-future/" "Mozilla/5.0 (Windows NT 10.0; Win64; x64) AppleWebKit/537.36 (KHTML, like Gecko) Chrome/153.0.0.0 Safari/537.36"
111.67.101.196 - - [28/Aug/2026:11:08:54 +0200] "GET /wp-includes/js/jquery/ui/core.min.js?ver=1.13.2 HTTP/1.1" 200 21438 "https://bucodac.impactnumerik.com/charities-turning-to-tech-to-help-safeguard-future/" "Mozilla/5.0 (Windows NT 10.0; Win64; x64) AppleWebKit/537.36 (KHTML, like Gecko) Chrome/153.0.0.0 Safari/537.36"
111.67.101.196 - - [28/Aug/2026:11:08:54 +0200] "GET /wp-content/plugins/elementor/assets/js/frontend.min.js?ver=3.22.3 HTTP/1.1" 200 40254 "https://bucodac.impactnumerik.com/charities-turning-to-tech-to-help-safeguard-future/" "Mozilla/5.0 (Windows NT 10.0; Win64; x64) AppleWebKit/537.36 (KHTML, like Gecko) Chrome/153.0.0.0 Safari/537.36"
111.67.101.196 - - [28/Aug/2026:11:08:54 +0200] "GET /wp-content/plugins/elementor-pro/assets/js/elements-handlers.min.js?ver=3.22.1 HTTP/1.1" 200 41573 "https://bucodac.impactnumerik.com/charities-turning-to-tech-to-help-safeguard-future/" "Mozilla/5.0 (Windows NT 10.0; Win64; x64) AppleWebKit/537.36 (KHTML, like Gecko) Chrome/153.0.0.0 Safari/537.36"
111.67.101.196 - - [28/Aug/2026:11:08:54 +0200] "GET /wp-includes/js/comment-reply.min.js?ver=6.5.10 HTTP/1.1" 200 2981 "https://bucodac.impactnumerik.com/charities-turning-to-tech-to-help-safeguard-future/" "Mozilla/5.0 (Windows NT 10.0; Win64; x64) AppleWebKit/537.36 (KHTML, like Gecko) Chrome/153.0.0.0 Safari/537.36"
111.67.101.196 - - [28/Aug/2026:11:08:54 +0200] "GET /wp-content/plugins/elementor/assets/lib/font-awesome/webfonts/fa-solid-900.woff2 HTTP/1.1" 200 78196 "https://bucodac.impactnumerik.com/wp-content/plugins/elementor/assets/lib/font-awesome/css/solid.min.css?ver=5.15.3" "Mozilla/5.0 (Windows NT 10.0; Win64; x64) AppleWebKit/537.36 (KHTML, like Gecko) Chrome/153.0.0.0 Safari/537.36"
111.67.101.196 - - [28/Aug/2026:11:08:54 +0200] "GET /wp-content/fonts/poppins/pxiEyp8kv8JHgFVrJJfecg.woff2 HTTP/1.1" 200 7884 "https://bucodac.impactnumerik.com/charities-turning-to-tech-to-help-safeguard-future/" "Mozilla/5.0 (Windows NT 10.0; Win64; x64) AppleWebKit/537.36 (KHTML, like Gecko) Chrome/153.0.0.0 Safari/537.36"
111.67.101.196 - - [28/Aug/2026:11:08:54 +0200] "GET /wp-content/fonts/poppins/pxiByp8kv8JHgFVrLEj6Z1xlFQ.woff2 HTTP/1.1" 200 8000 "https://bucodac.impactnumerik.com/charities-turning-to-tech-to-help-safeguard-future/" "Mozilla/5.0 (Windows NT 10.0; Win64; x64) AppleWebKit/537.36 (KHTML, like Gecko) Chrome/153.0.0.0 Safari/537.36"
111.67.101.196 - - [28/Aug/2026:11:08:54 +0200] "GET /wp-content/uploads/2021/06/pmr-bg-footer.jpg HTTP/1.1" 200 9717 "https://bucodac.impactnumerik.com/wp-content/uploads/elementor/css/post-11429.css?ver=1720139547" "Mozilla/5.0 (Windows NT 10.0; Win64; x64) AppleWebKit/537.36 (KHTML, like Gecko) Chrome/153.0.0.0 Safari/537.36"
111.67.101.196 - - [28/Aug/2026:11:08:54 +0200] "GET /wp-content/fonts/poppins/pxiByp8kv8JHgFVrLCz7Z1xlFQ.woff2 HTTP/1.1" 200 7816 "https://bucodac.impactnumerik.com/charities-turning-to-tech-to-help-safeguard-future/" "Mozilla/5.0 (Windows NT 10.0; Win64; x64) AppleWebKit/537.36 (KHTML, like Gecko) Chrome/153.0.0.0 Safari/537.36"
111.67.101.196 - - [28/Aug/2026:11:08:54 +0200] "GET /wp-content/plugins/elementor/assets/lib/font-awesome/webfonts/fa-brands-400.woff2 HTTP/1.1" 200 81612 "https://bucodac.impactnumerik.com/wp-content/plugins/elementor/assets/lib/font-awesome/css/brands.min.css?ver=5.15.3" "Mozilla/5.0 (Windows NT 10.0; Win64; x64) AppleWebKit/537.36 (KHTML, like Gecko) Chrome/153.0.0.0 Safari/537.36"
111.67.101.196 - - [28/Aug/2026:11:08:54 +0200] "GET /wp-content/plugins/ubermenu/assets/fontawesome/webfonts/fa-regular-400.woff2 HTTP/1.1" 200 13224 "https://bucodac.impactnumerik.com/wp-content/plugins/ubermenu/assets/fontawesome/css/all.min.css?ver=6.5.10" "Mozilla/5.0 (Windows NT 10.0; Win64; x64) AppleWebKit/537.36 (KHTML, like Gecko) Chrome/153.0.0.0 Safari/537.36"
111.67.101.196 - - [28/Aug/2026:11:08:54 +0200] "GET /wp-content/uploads/2021/05/gallery-img-2.png HTTP/1.1" 200 45049 "https://bucodac.impactnumerik.com/charities-turning-to-tech-to-help-safeguard-future/" "Mozilla/5.0 (Windows NT 10.0; Win64; x64) AppleWebKit/537.36 (KHTML, like Gecko) Chrome/153.0.0.0 Safari/537.36"
111.67.101.196 - - [28/Aug/2026:11:08:54 +0200] "GET /wp-content/uploads/2021/05/gallery-img-3.png HTTP/1.1" 200 32573 "https://bucodac.impactnumerik.com/charities-turning-to-tech-to-help-safeguard-future/" "Mozilla/5.0 (Windows NT 10.0; Win64; x64) AppleWebKit/537.36 (KHTML, like Gecko) Chrome/153.0.0.0 Safari/537.36"
111.67.101.196 - - [28/Aug/2026:11:08:54 +0200] "GET /wp-content/uploads/2021/05/gallery-img-6.png HTTP/1.1" 200 56123 "https://bucodac.impactnumerik.com/charities-turning-to-tech-to-help-safeguard-future/" "Mozilla/5.0 (Windows NT 10.0; Win64; x64) AppleWebKit/537.36 (KHTML, like Gecko) Chrome/153.0.0.0 Safari/537.36"
111.67.101.196 - - [28/Aug/2026:11:08:54 +0200] "GET /wp-content/uploads/2021/05/gallery-img-7.png HTTP/1.1" 200 32161 "https://bucodac.impactnumerik.com/charities-turning-to-tech-to-help-safeguard-future/" "Mozilla/5.0 (Windows NT 10.0; Win64; x64) AppleWebKit/537.36 (KHTML, like Gecko) Chrome/153.0.0.0 Safari/537.36"
111.67.101.196 - - [28/Aug/2026:11:08:54 +0200] "GET /wp-content/uploads/2021/05/gallery-img-8.png HTTP/1.1" 200 33988 "https://bucodac.impactnumerik.com/charities-turning-to-tech-to-help-safeguard-future/" "Mozilla/5.0 (Windows NT 10.0; Win64; x64) AppleWebKit/537.36 (KHTML, like Gecko) Chrome/153.0.0.0 Safari/537.36"
