216.73.216.164 - - [28/Aug/2026:14:22:15 +0200] "GET /wp-includes/images/crystal/text.png HTTP/1.1" 200 670 "-" "Mozilla/5.0 AppleWebKit/537.36 (KHTML, like Gecko; compatible; ClaudeBot/1.0; +claudebot@anthropic.com)"
216.73.216.164 - - [28/Aug/2026:14:22:20 +0200] "GET /wp-includes/Requests/?C=D&O=D HTTP/1.1" 200 1025 "-" "Mozilla/5.0 AppleWebKit/537.36 (KHTML, like Gecko; compatible; ClaudeBot/1.0; +claudebot@anthropic.com)"
216.73.216.164 - - [28/Aug/2026:14:22:22 +0200] "GET /wp-includes/images/media/audio.svg HTTP/1.1" 200 384 "-" "Mozilla/5.0 AppleWebKit/537.36 (KHTML, like Gecko; compatible; ClaudeBot/1.0; +claudebot@anthropic.com)"
216.73.216.164 - - [28/Aug/2026:14:22:27 +0200] "GET /wp-includes/css/dist/admin-ui/?C=D&O=D HTTP/1.1" 200 1428 "-" "Mozilla/5.0 AppleWebKit/537.36 (KHTML, like Gecko; compatible; ClaudeBot/1.0; +claudebot@anthropic.com)"
57.141.20.5 - - [28/Aug/2026:14:22:32 +0200] "GET /nos-realisations-plaidoyer-et-representation/ HTTP/1.1" 404 - "-" "Mozilla/5.0 (Windows NT 10.0; Win64; x64) AppleWebKit/537.36 (KHTML, like Gecko) Chrome/145.0.0.0 Safari/537.36 (compatible; meta-externalagent/1.1 (+https://developers.facebook.com/docs/sharing/webmasters/crawler))"
216.73.216.164 - - [28/Aug/2026:14:22:32 +0200] "GET /wp-includes/css/dist/edit-post/?C=D&O=D HTTP/1.1" 200 2162 "-" "Mozilla/5.0 AppleWebKit/537.36 (KHTML, like Gecko; compatible; ClaudeBot/1.0; +claudebot@anthropic.com)"
216.73.216.164 - - [28/Aug/2026:14:22:37 +0200] "GET /wp-includes/abilities-api/?C=M&O=D HTTP/1.1" 200 1488 "-" "Mozilla/5.0 AppleWebKit/537.36 (KHTML, like Gecko; compatible; ClaudeBot/1.0; +claudebot@anthropic.com)"
216.73.216.164 - - [28/Aug/2026:14:22:42 +0200] "GET /wp-includes/js/media-audiovideo.js HTTP/1.1" 200 24819 "-" "Mozilla/5.0 AppleWebKit/537.36 (KHTML, like Gecko; compatible; ClaudeBot/1.0; +claudebot@anthropic.com)"
216.73.216.164 - - [28/Aug/2026:14:22:47 +0200] "GET /wp-includes/block-patterns/?C=S&O=D HTTP/1.1" 200 2050 "-" "Mozilla/5.0 AppleWebKit/537.36 (KHTML, like Gecko; compatible; ClaudeBot/1.0; +claudebot@anthropic.com)"
216.73.216.164 - - [28/Aug/2026:14:22:52 +0200] "GET /wp-includes/SimplePie/src/?C=S&O=A HTTP/1.1" 200 5678 "-" "Mozilla/5.0 AppleWebKit/537.36 (KHTML, like Gecko; compatible; ClaudeBot/1.0; +claudebot@anthropic.com)"
216.73.216.164 - - [28/Aug/2026:14:22:57 +0200] "GET /wp-includes/images/media/default.png HTTP/1.1" 200 168 "-" "Mozilla/5.0 AppleWebKit/537.36 (KHTML, like Gecko; compatible; ClaudeBot/1.0; +claudebot@anthropic.com)"
216.73.216.164 - - [28/Aug/2026:14:23:02 +0200] "GET /wp-includes/Text/?C=D&O=D HTTP/1.1" 200 1199 "-" "Mozilla/5.0 AppleWebKit/537.36 (KHTML, like Gecko; compatible; ClaudeBot/1.0; +claudebot@anthropic.com)"
216.73.216.164 - - [28/Aug/2026:14:23:07 +0200] "GET /wp-includes/SimplePie/src/?C=D&O=A HTTP/1.1" 200 5678 "-" "Mozilla/5.0 AppleWebKit/537.36 (KHTML, like Gecko; compatible; ClaudeBot/1.0; +claudebot@anthropic.com)"
216.73.216.164 - - [28/Aug/2026:14:23:13 +0200] "GET /wp-includes/sodium_compat/src/Core/?C=N&O=D HTTP/1.1" 200 5012 "-" "Mozilla/5.0 AppleWebKit/537.36 (KHTML, like Gecko; compatible; ClaudeBot/1.0; +claudebot@anthropic.com)"
216.73.216.164 - - [28/Aug/2026:14:23:17 +0200] "GET /wp-includes/images/media/video.svg HTTP/1.1" 200 302 "-" "Mozilla/5.0 AppleWebKit/537.36 (KHTML, like Gecko; compatible; ClaudeBot/1.0; +claudebot@anthropic.com)"
216.73.216.164 - - [28/Aug/2026:14:23:22 +0200] "GET /wp-includes/css/dist/edit-widgets/?C=S&O=A HTTP/1.1" 200 1436 "-" "Mozilla/5.0 AppleWebKit/537.36 (KHTML, like Gecko; compatible; ClaudeBot/1.0; +claudebot@anthropic.com)"
216.73.216.164 - - [28/Aug/2026:14:23:26 +0200] "GET /wp-includes/IXR/?C=M&O=D HTTP/1.1" 200 2573 "-" "Mozilla/5.0 AppleWebKit/537.36 (KHTML, like Gecko; compatible; ClaudeBot/1.0; +claudebot@anthropic.com)"
216.73.216.164 - - [28/Aug/2026:14:23:30 +0200] "GET /wp-includes/css/dist/?C=M&O=D HTTP/1.1" 200 4100 "-" "Mozilla/5.0 AppleWebKit/537.36 (KHTML, like Gecko; compatible; ClaudeBot/1.0; +claudebot@anthropic.com)"
216.73.216.164 - - [28/Aug/2026:14:23:35 +0200] "GET /wp-includes/css/dist/admin-ui/?C=M&O=D HTTP/1.1" 200 1428 "-" "Mozilla/5.0 AppleWebKit/537.36 (KHTML, like Gecko; compatible; ClaudeBot/1.0; +claudebot@anthropic.com)"
57.141.20.51 - - [28/Aug/2026:14:23:38 +0200] "GET /products/ec3641246308 HTTP/1.1" 404 - "-" "Mozilla/5.0 (Macintosh; Intel Mac OS X 10_15_7) AppleWebKit/537.36 (KHTML, like Gecko) Chrome/145.0.0.0 Safari/537.36 (compatible; meta-externalagent/1.1 (+https://developers.facebook.com/docs/sharing/webmasters/crawler))"
216.73.216.164 - - [28/Aug/2026:14:23:40 +0200] "GET /wp-includes/css/dist/edit-post/?C=M&O=D HTTP/1.1" 200 2162 "-" "Mozilla/5.0 AppleWebKit/537.36 (KHTML, like Gecko; compatible; ClaudeBot/1.0; +claudebot@anthropic.com)"
216.73.216.164 - - [28/Aug/2026:14:23:45 +0200] "GET /wp-includes/images/media/text.png HTTP/1.1" 200 188 "-" "Mozilla/5.0 AppleWebKit/537.36 (KHTML, like Gecko; compatible; ClaudeBot/1.0; +claudebot@anthropic.com)"
216.73.216.164 - - [28/Aug/2026:14:23:50 +0200] "GET /wp-includes/Requests/?C=N&O=D HTTP/1.1" 200 1025 "-" "Mozilla/5.0 AppleWebKit/537.36 (KHTML, like Gecko; compatible; ClaudeBot/1.0; +claudebot@anthropic.com)"
216.73.216.164 - - [28/Aug/2026:14:23:57 +0200] "GET /wp-includes/fonts/?C=M&O=D HTTP/1.1" 200 2557 "-" "Mozilla/5.0 AppleWebKit/537.36 (KHTML, like Gecko; compatible; ClaudeBot/1.0; +claudebot@anthropic.com)"
216.73.216.164 - - [28/Aug/2026:14:23:57 +0200] "GET /wp-includes/images/crystal/license.txt HTTP/1.1" 200 149 "-" "Mozilla/5.0 AppleWebKit/537.36 (KHTML, like Gecko; compatible; ClaudeBot/1.0; +claudebot@anthropic.com)"
216.73.216.164 - - [28/Aug/2026:14:24:01 +0200] "GET /wp-includes/sodium_compat/src/?C=D&O=D HTTP/1.1" 200 2130 "-" "Mozilla/5.0 AppleWebKit/537.36 (KHTML, like Gecko; compatible; ClaudeBot/1.0; +claudebot@anthropic.com)"
216.73.216.164 - - [28/Aug/2026:14:24:06 +0200] "GET /wp-includes/SimplePie/library/?C=N&O=A HTTP/1.1" 200 1064 "-" "Mozilla/5.0 AppleWebKit/537.36 (KHTML, like Gecko; compatible; ClaudeBot/1.0; +claudebot@anthropic.com)"
216.73.216.164 - - [28/Aug/2026:14:24:09 +0200] "GET /wp-includes/js/plupload/?C=D&O=A HTTP/1.1" 200 2313 "-" "Mozilla/5.0 AppleWebKit/537.36 (KHTML, like Gecko; compatible; ClaudeBot/1.0; +claudebot@anthropic.com)"
216.73.216.164 - - [28/Aug/2026:14:24:14 +0200] "GET /wp-includes/js/dist/?C=D&O=A HTTP/1.1" 200 24324 "-" "Mozilla/5.0 AppleWebKit/537.36 (KHTML, like Gecko; compatible; ClaudeBot/1.0; +claudebot@anthropic.com)"
216.73.216.164 - - [28/Aug/2026:14:24:19 +0200] "GET /wp-includes/images/?C=M&O=D HTTP/1.1" 200 5803 "-" "Mozilla/5.0 AppleWebKit/537.36 (KHTML, like Gecko; compatible; ClaudeBot/1.0; +claudebot@anthropic.com)"
216.73.216.164 - - [28/Aug/2026:14:24:24 +0200] "GET /wp-includes/css/dist/reusable-blocks/?C=S&O=A HTTP/1.1" 200 1442 "-" "Mozilla/5.0 AppleWebKit/537.36 (KHTML, like Gecko; compatible; ClaudeBot/1.0; +claudebot@anthropic.com)"
216.73.216.164 - - [28/Aug/2026:14:24:33 +0200] "GET /wp-includes/js/?C=N&O=A HTTP/1.1" 200 21305 "-" "Mozilla/5.0 AppleWebKit/537.36 (KHTML, like Gecko; compatible; ClaudeBot/1.0; +claudebot@anthropic.com)"
216.73.216.164 - - [28/Aug/2026:14:24:34 +0200] "GET /wp-includes/sodium_compat/src/?C=M&O=D HTTP/1.1" 200 2130 "-" "Mozilla/5.0 AppleWebKit/537.36 (KHTML, like Gecko; compatible; ClaudeBot/1.0; +claudebot@anthropic.com)"
40.77.167.7 - - [28/Aug/2026:14:24:35 +0200] "GET /lidws/m1258199.html HTTP/1.1" 404 - "-" "Mozilla/5.0 AppleWebKit/537.36 (KHTML, like Gecko; compatible; bingbot/2.0; +http://www.bing.com/bingbot.htm) Chrome/116.0.1938.76 Safari/537.36"
216.73.216.164 - - [28/Aug/2026:14:24:41 +0200] "GET /wp-includes/js/dist/?C=N&O=A HTTP/1.1" 200 24324 "-" "Mozilla/5.0 AppleWebKit/537.36 (KHTML, like Gecko; compatible; ClaudeBot/1.0; +claudebot@anthropic.com)"
216.73.216.164 - - [28/Aug/2026:14:24:45 +0200] "GET /wp-includes/l10n/?C=S&O=D HTTP/1.1" 200 1678 "-" "Mozilla/5.0 AppleWebKit/537.36 (KHTML, like Gecko; compatible; ClaudeBot/1.0; +claudebot@anthropic.com)"
216.73.216.164 - - [28/Aug/2026:14:24:50 +0200] "GET /wp-includes/js/jcrop/?C=S&O=D HTTP/1.1" 200 1232 "-" "Mozilla/5.0 AppleWebKit/537.36 (KHTML, like Gecko; compatible; ClaudeBot/1.0; +claudebot@anthropic.com)"
216.73.216.164 - - [28/Aug/2026:14:24:54 +0200] "GET /wp-includes/l10n/?C=D&O=A HTTP/1.1" 200 1678 "-" "Mozilla/5.0 AppleWebKit/537.36 (KHTML, like Gecko; compatible; ClaudeBot/1.0; +claudebot@anthropic.com)"
216.73.216.164 - - [28/Aug/2026:14:24:56 +0200] "GET /wp-includes/js/jcrop/?C=D&O=A HTTP/1.1" 200 1232 "-" "Mozilla/5.0 AppleWebKit/537.36 (KHTML, like Gecko; compatible; ClaudeBot/1.0; +claudebot@anthropic.com)"
216.73.216.164 - - [28/Aug/2026:14:25:02 +0200] "GET /wp-includes/images/smilies/rolleyes.png HTTP/1.1" 200 1233 "-" "Mozilla/5.0 AppleWebKit/537.36 (KHTML, like Gecko; compatible; ClaudeBot/1.0; +claudebot@anthropic.com)"
216.73.216.164 - - [28/Aug/2026:14:25:06 +0200] "GET /wp-includes/sodium_compat/?C=S&O=D HTTP/1.1" 200 1931 "-" "Mozilla/5.0 AppleWebKit/537.36 (KHTML, like Gecko; compatible; ClaudeBot/1.0; +claudebot@anthropic.com)"
216.73.216.164 - - [28/Aug/2026:14:25:10 +0200] "GET /wp-includes/css/dist/nux/?C=D&O=D HTTP/1.1" 200 1418 "-" "Mozilla/5.0 AppleWebKit/537.36 (KHTML, like Gecko; compatible; ClaudeBot/1.0; +claudebot@anthropic.com)"
216.73.216.164 - - [28/Aug/2026:14:25:18 +0200] "GET /wp-includes/images/media/?C=S&O=A HTTP/1.1" 200 3912 "-" "Mozilla/5.0 AppleWebKit/537.36 (KHTML, like Gecko; compatible; ClaudeBot/1.0; +claudebot@anthropic.com)"
216.73.216.164 - - [28/Aug/2026:14:25:21 +0200] "GET /wp-includes/images/media/?C=D&O=A HTTP/1.1" 200 3912 "-" "Mozilla/5.0 AppleWebKit/537.36 (KHTML, like Gecko; compatible; ClaudeBot/1.0; +claudebot@anthropic.com)"
216.73.216.164 - - [28/Aug/2026:14:25:27 +0200] "GET /wp-includes/images/smilies/icon_sad.gif HTTP/1.1" 200 167 "-" "Mozilla/5.0 AppleWebKit/537.36 (KHTML, like Gecko; compatible; ClaudeBot/1.0; +claudebot@anthropic.com)"
216.73.216.164 - - [28/Aug/2026:14:25:29 +0200] "GET /wp-includes/images/smilies/icon_mrgreen.gif HTTP/1.1" 200 348 "-" "Mozilla/5.0 AppleWebKit/537.36 (KHTML, like Gecko; compatible; ClaudeBot/1.0; +claudebot@anthropic.com)"
216.73.216.164 - - [28/Aug/2026:14:25:33 +0200] "GET /wp-includes/images/smilies/icon_wink.gif HTTP/1.1" 200 168 "-" "Mozilla/5.0 AppleWebKit/537.36 (KHTML, like Gecko; compatible; ClaudeBot/1.0; +claudebot@anthropic.com)"
216.73.216.164 - - [28/Aug/2026:14:25:38 +0200] "GET /wp-includes/images/crystal/?C=S&O=A HTTP/1.1" 200 2485 "-" "Mozilla/5.0 AppleWebKit/537.36 (KHTML, like Gecko; compatible; ClaudeBot/1.0; +claudebot@anthropic.com)"
216.73.216.164 - - [28/Aug/2026:14:25:41 +0200] "GET /wp-includes/images/smilies/?C=N&O=A HTTP/1.1" 200 5432 "-" "Mozilla/5.0 AppleWebKit/537.36 (KHTML, like Gecko; compatible; ClaudeBot/1.0; +claudebot@anthropic.com)"
216.73.216.164 - - [28/Aug/2026:14:25:45 +0200] "GET /wp-includes/images/smilies/?C=N&O=D HTTP/1.1" 200 5432 "-" "Mozilla/5.0 AppleWebKit/537.36 (KHTML, like Gecko; compatible; ClaudeBot/1.0; +claudebot@anthropic.com)"
216.73.216.164 - - [28/Aug/2026:14:25:50 +0200] "GET /wp-includes/images/smilies/?C=S&O=D HTTP/1.1" 200 5432 "-" "Mozilla/5.0 AppleWebKit/537.36 (KHTML, like Gecko; compatible; ClaudeBot/1.0; +claudebot@anthropic.com)"
216.73.216.164 - - [28/Aug/2026:14:25:55 +0200] "GET /wp-includes/images/smilies/?C=D&O=D HTTP/1.1" 200 5432 "-" "Mozilla/5.0 AppleWebKit/537.36 (KHTML, like Gecko; compatible; ClaudeBot/1.0; +claudebot@anthropic.com)"
216.73.216.164 - - [28/Aug/2026:14:26:00 +0200] "GET /wp-includes/images/smilies/?C=M&O=D HTTP/1.1" 200 5432 "-" "Mozilla/5.0 AppleWebKit/537.36 (KHTML, like Gecko; compatible; ClaudeBot/1.0; +claudebot@anthropic.com)"
216.73.216.164 - - [28/Aug/2026:14:26:05 +0200] "GET /wp-includes/images/smilies/icon_smile.gif HTTP/1.1" 200 173 "-" "Mozilla/5.0 AppleWebKit/537.36 (KHTML, like Gecko; compatible; ClaudeBot/1.0; +claudebot@anthropic.com)"
216.73.216.164 - - [28/Aug/2026:14:26:10 +0200] "GET /wp-includes/images/smilies/icon_razz.gif HTTP/1.1" 200 175 "-" "Mozilla/5.0 AppleWebKit/537.36 (KHTML, like Gecko; compatible; ClaudeBot/1.0; +claudebot@anthropic.com)"
216.73.216.164 - - [28/Aug/2026:14:26:15 +0200] "GET /wp-includes/images/smilies/icon_biggrin.gif HTTP/1.1" 200 173 "-" "Mozilla/5.0 AppleWebKit/537.36 (KHTML, like Gecko; compatible; ClaudeBot/1.0; +claudebot@anthropic.com)"
216.73.216.164 - - [28/Aug/2026:14:26:20 +0200] "GET /wp-includes/images/smilies/icon_exclaim.gif HTTP/1.1" 200 236 "-" "Mozilla/5.0 AppleWebKit/537.36 (KHTML, like Gecko; compatible; ClaudeBot/1.0; +claudebot@anthropic.com)"
216.73.216.164 - - [28/Aug/2026:14:26:25 +0200] "GET /wp-includes/sodium_compat/namespaced/?C=S&O=A HTTP/1.1" 200 1428 "-" "Mozilla/5.0 AppleWebKit/537.36 (KHTML, like Gecko; compatible; ClaudeBot/1.0; +claudebot@anthropic.com)"
57.141.20.17 - - [28/Aug/2026:14:26:31 +0200] "GET /products/640533157270 HTTP/1.1" 404 - "-" "Mozilla/5.0 (Windows NT 10.0; Win64; x64) AppleWebKit/537.36 (KHTML, like Gecko) Chrome/145.0.0.0 Safari/537.36 (compatible; meta-externalagent/1.1 (+https://developers.facebook.com/docs/sharing/webmasters/crawler))"
57.141.20.65 - - [28/Aug/2026:14:27:37 +0200] "GET /products/3b0121547751 HTTP/1.1" 404 - "-" "Mozilla/5.0 (Macintosh; Intel Mac OS X 10_15_7) AppleWebKit/537.36 (KHTML, like Gecko) Chrome/145.0.0.0 Safari/537.36 (compatible; meta-externalagent/1.1 (+https://developers.facebook.com/docs/sharing/webmasters/crawler))"
57.141.20.27 - - [28/Aug/2026:14:28:44 +0200] "GET /products/03bf74330767 HTTP/1.1" 404 - "-" "Mozilla/5.0 (Windows NT 10.0; Win64; x64) AppleWebKit/537.36 (KHTML, like Gecko) Chrome/145.0.0.0 Safari/537.36 (compatible; meta-externalagent/1.1 (+https://developers.facebook.com/docs/sharing/webmasters/crawler))"
104.210.140.128 - - [28/Aug/2026:14:29:16 +0200] "GET /robots.txt HTTP/1.1" 200 63 "-" "Mozilla/5.0 (Macintosh; Intel Mac OS X 10_15_7) AppleWebKit/537.36 (KHTML, like Gecko) Chrome/131.0.0.0 Safari/537.36; compatible; OAI-SearchBot/1.0; +https://openai.com/searchbot"
57.141.20.45 - - [28/Aug/2026:14:31:25 +0200] "GET /products/8ed8a1562501 HTTP/1.1" 404 - "-" "Mozilla/5.0 (Macintosh; Intel Mac OS X 10_15_7) AppleWebKit/537.36 (KHTML, like Gecko) Chrome/145.0.0.0 Safari/537.36 (compatible; meta-externalagent/1.1 (+https://developers.facebook.com/docs/sharing/webmasters/crawler))"
57.141.20.16 - - [28/Aug/2026:14:32:33 +0200] "GET /la-ctop-procede-a-lidentification-des-cooperatives-beneficiaires-du-prosmat/ HTTP/1.1" 404 - "-" "Mozilla/5.0 (Windows NT 10.0; Win64; x64) AppleWebKit/537.36 (KHTML, like Gecko) Chrome/145.0.0.0 Safari/537.36 (compatible; meta-externalagent/1.1 (+https://developers.facebook.com/docs/sharing/webmasters/crawler))"
57.141.20.32 - - [28/Aug/2026:14:33:40 +0200] "GET /products/19e742092166 HTTP/1.1" 404 - "-" "Mozilla/5.0 (Macintosh; Intel Mac OS X 10_15_7) AppleWebKit/537.36 (KHTML, like Gecko) Chrome/145.0.0.0 Safari/537.36 (compatible; meta-externalagent/1.1 (+https://developers.facebook.com/docs/sharing/webmasters/crawler))"
109.234.162.247 - - [28/Aug/2026:14:33:48 +0200] "POST /wp-cron.php?doing_wp_cron=1787920428.5064620971679687500000 HTTP/1.1" 200 - "-" "gLldTCAptssI"
62.60.130.228 - - [28/Aug/2026:14:33:47 +0200] "GET /wp-login.php HTTP/1.1" 404 88149 "" "Mozilla/5.0 (X11; Ubuntu; Linux x86_64) AppleWebKit/537.36 (KHTML, like Gecko) Chrome/122.0.6261.57 Safari/537.36"
62.60.130.228 - - [28/Aug/2026:14:33:49 +0200] "GET /wp-admin/ HTTP/1.1" 302 - "https://www.google.jp/search?q=wordpress" "Mozilla/5.0 (Macintosh; Intel Mac OS X 11_7_2) AppleWebKit/605.1.15 (KHTML, like Gecko) Version/17.1 Safari/605.1.15"
62.60.130.228 - - [28/Aug/2026:14:33:49 +0200] "GET /404/ HTTP/1.1" 404 - "https://www.google.jp/search?q=wordpress" "Mozilla/5.0 (Macintosh; Intel Mac OS X 11_7_2) AppleWebKit/605.1.15 (KHTML, like Gecko) Version/17.1 Safari/605.1.15"
68.67.112.217 - - [28/Aug/2026:14:34:34 +0200] "GET /robots.txt HTTP/1.1" 200 63 "-" "Mozilla/5.0 AppleWebKit/537.36 (KHTML, like Gecko; compatible; YouBot/1.0; +https://docs.you.com/youbot; env:prod) Chrome/142.0.0.0 Safari/537.36"
68.67.112.217 - - [28/Aug/2026:14:34:35 +0200] "GET /%F0%9D%90%8B%F0%9D%90%84%F0%9D%90%92-%F0%9D%90%8F%F0%9D%90%80%F0%9D%90%98%F0%9D%90%92%F0%9D%90%80%F0%9D%90%8D%F0%9D%90%92-%F0%9D%90%92%F0%9D%90%84-%F0%9D%90%8F%F0%9D%90%91%F0%9D%90%8E%F0%9D%90%8D-4/ HTTP/1.1" 404 - "-" "Mozilla/5.0 AppleWebKit/537.36 (KHTML, like Gecko; compatible; YouBot/1.0; +https://docs.you.com/youbot; env:prod) Chrome/142.0.0.0 Safari/537.36"
57.141.20.3 - - [28/Aug/2026:14:34:47 +0200] "GET /products/573c03141204 HTTP/1.1" 404 - "-" "Mozilla/5.0 (Windows NT 10.0; Win64; x64) AppleWebKit/537.36 (KHTML, like Gecko) Chrome/145.0.0.0 Safari/537.36 (compatible; meta-externalagent/1.1 (+https://developers.facebook.com/docs/sharing/webmasters/crawler))"
40.77.167.76 - - [28/Aug/2026:14:35:24 +0200] "GET /page/23/?s HTTP/1.1" 404 - "-" "Mozilla/5.0 AppleWebKit/537.36 (KHTML, like Gecko; compatible; bingbot/2.0; +http://www.bing.com/bingbot.htm) Chrome/116.0.1938.76 Safari/537.36"
216.73.216.164 - - [28/Aug/2026:14:37:04 +0200] "GET /wp-includes/Requests/src/Auth/?C=S&O=D HTTP/1.1" 200 885 "-" "Mozilla/5.0 AppleWebKit/537.36 (KHTML, like Gecko; compatible; ClaudeBot/1.0; +claudebot@anthropic.com)"
109.234.162.247 - - [28/Aug/2026:14:37:25 +0200] "POST /wp-cron.php?doing_wp_cron=1787920645.7893090248107910156250 HTTP/1.1" 200 - "-" "YWFlVAF8OV6R"
194.26.192.134 - - [28/Aug/2026:14:37:25 +0200] "GET /wp-login.php HTTP/1.1" 404 88149 "https://www.google.com/search?q=wordpress" "Mozilla/5.0 (Macintosh; Intel Mac OS X 13_6_1; rv:121.0) Gecko/20100101 Firefox/121.0"
194.26.192.134 - - [28/Aug/2026:14:37:26 +0200] "GET /wp-admin/ HTTP/1.1" 302 - "https://t.co/" "Mozilla/5.0 (X11; Linux x86_64) AppleWebKit/537.36 (KHTML, like Gecko) Chrome/120.0.0.0 Safari/537.36"
194.26.192.134 - - [28/Aug/2026:14:37:26 +0200] "GET /404/ HTTP/1.1" 404 - "https://t.co/" "Mozilla/5.0 (X11; Linux x86_64) AppleWebKit/537.36 (KHTML, like Gecko) Chrome/120.0.0.0 Safari/537.36"
57.141.20.73 - - [28/Aug/2026:14:37:29 +0200] "GET /products/e0157556080 HTTP/1.1" 404 - "-" "Mozilla/5.0 (Windows NT 10.0; Win64; x64; rv:147.0) Gecko/20100101 Firefox/147.0 (compatible; meta-externalagent/1.1 (+https://developers.facebook.com/docs/sharing/webmasters/crawler))"
216.73.216.164 - - [28/Aug/2026:14:37:40 +0200] "GET /wp-includes/Requests/src/Response/?C=S&O=D HTTP/1.1" 200 895 "-" "Mozilla/5.0 AppleWebKit/537.36 (KHTML, like Gecko; compatible; ClaudeBot/1.0; +claudebot@anthropic.com)"
109.234.162.247 - - [28/Aug/2026:14:38:04 +0200] "POST /wp-cron.php?doing_wp_cron=1787920684.5379250049591064453125 HTTP/1.1" 200 - "-" "cBZGZOOzCDeV"
209.101.15.94 - - [28/Aug/2026:14:38:02 +0200] "GET / HTTP/1.1" 200 416339 "-" "Mozilla/5.0 (Linux; Android 15; SM-S938B) AppleWebKit/537.36 (KHTML, like Gecko) Chrome/150.0.0.0 Mobile Safari/537.36"
216.73.216.164 - - [28/Aug/2026:14:38:07 +0200] "GET /wp-includes/Requests/src/Exception/Transport/?C=N&O=D HTTP/1.1" 200 924 "-" "Mozilla/5.0 AppleWebKit/537.36 (KHTML, like Gecko; compatible; ClaudeBot/1.0; +claudebot@anthropic.com)"
216.73.216.164 - - [28/Aug/2026:14:38:07 +0200] "GET /wp-includes/Requests/src/Exception/?C=M&O=D HTTP/1.1" 200 1798 "-" "Mozilla/5.0 AppleWebKit/537.36 (KHTML, like Gecko; compatible; ClaudeBot/1.0; +claudebot@anthropic.com)"
57.141.20.57 - - [28/Aug/2026:14:38:37 +0200] "GET /products/66d221754885 HTTP/1.1" 404 - "-" "Mozilla/5.0 (X11; Linux x86_64) AppleWebKit/537.36 (KHTML, like Gecko) Chrome/145.0.0.0 Safari/537.36 (compatible; meta-externalagent/1.1 (+https://developers.facebook.com/docs/sharing/webmasters/crawler))"
216.73.216.164 - - [28/Aug/2026:14:38:39 +0200] "GET /wp-includes/Requests/src/Exception/?C=N&O=A HTTP/1.1" 200 1798 "-" "Mozilla/5.0 AppleWebKit/537.36 (KHTML, like Gecko; compatible; ClaudeBot/1.0; +claudebot@anthropic.com)"
57.141.20.66 - - [28/Aug/2026:14:39:44 +0200] "GET /products/0b57e1009312 HTTP/1.1" 404 - "-" "Mozilla/5.0 (Windows NT 10.0; Win64; x64) AppleWebKit/537.36 (KHTML, like Gecko) Chrome/145.0.0.0 Safari/537.36 (compatible; meta-externalagent/1.1 (+https://developers.facebook.com/docs/sharing/webmasters/crawler))"
216.73.216.164 - - [28/Aug/2026:14:40:18 +0200] "GET /wp-includes/Requests/src/Auth/?C=D&O=D HTTP/1.1" 200 885 "-" "Mozilla/5.0 AppleWebKit/537.36 (KHTML, like Gecko; compatible; ClaudeBot/1.0; +claudebot@anthropic.com)"
216.73.216.164 - - [28/Aug/2026:14:40:18 +0200] "GET /wp-includes/Requests/src/Auth/?C=M&O=D HTTP/1.1" 200 885 "-" "Mozilla/5.0 AppleWebKit/537.36 (KHTML, like Gecko; compatible; ClaudeBot/1.0; +claudebot@anthropic.com)"
57.141.20.59 - - [28/Aug/2026:14:40:49 +0200] "GET /products/705c41483518 HTTP/1.1" 404 - "-" "Mozilla/5.0 (Macintosh; Intel Mac OS X 10_15_7) AppleWebKit/537.36 (KHTML, like Gecko) Chrome/145.0.0.0 Safari/537.36 (compatible; meta-externalagent/1.1 (+https://developers.facebook.com/docs/sharing/webmasters/crawler))"
216.73.216.164 - - [28/Aug/2026:14:41:05 +0200] "GET /wp-includes/Requests/src/Exception/Transport/?C=D&O=A HTTP/1.1" 200 924 "-" "Mozilla/5.0 AppleWebKit/537.36 (KHTML, like Gecko; compatible; ClaudeBot/1.0; +claudebot@anthropic.com)"
216.73.216.164 - - [28/Aug/2026:14:41:52 +0200] "GET /wp-includes/Requests/src/Exception/?C=D&O=D HTTP/1.1" 200 1798 "-" "Mozilla/5.0 AppleWebKit/537.36 (KHTML, like Gecko; compatible; ClaudeBot/1.0; +claudebot@anthropic.com)"
216.73.216.164 - - [28/Aug/2026:14:42:46 +0200] "GET /wp-includes/Requests/src/Response/?C=D&O=D HTTP/1.1" 200 895 "-" "Mozilla/5.0 AppleWebKit/537.36 (KHTML, like Gecko; compatible; ClaudeBot/1.0; +claudebot@anthropic.com)"
216.73.216.164 - - [28/Aug/2026:14:42:54 +0200] "GET /wp-includes/Requests/src/Exception/Transport/?C=S&O=A HTTP/1.1" 200 924 "-" "Mozilla/5.0 AppleWebKit/537.36 (KHTML, like Gecko; compatible; ClaudeBot/1.0; +claudebot@anthropic.com)"
57.141.20.52 - - [28/Aug/2026:14:43:03 +0200] "GET /products/187f02813982 HTTP/1.1" 404 - "-" "Mozilla/5.0 (Windows NT 10.0; Win64; x64) AppleWebKit/537.36 (KHTML, like Gecko) Chrome/145.0.0.0 Safari/537.36 Edg/145.0.0.0 (compatible; meta-externalagent/1.1 (+https://developers.facebook.com/docs/sharing/webmasters/crawler))"
216.73.216.164 - - [28/Aug/2026:14:43:20 +0200] "GET /wp-includes/Requests/src/Response/?C=N&O=A HTTP/1.1" 200 895 "-" "Mozilla/5.0 AppleWebKit/537.36 (KHTML, like Gecko; compatible; ClaudeBot/1.0; +claudebot@anthropic.com)"
216.73.216.164 - - [28/Aug/2026:14:43:20 +0200] "GET /wp-includes/Requests/src/Auth/?C=N&O=A HTTP/1.1" 200 885 "-" "Mozilla/5.0 AppleWebKit/537.36 (KHTML, like Gecko; compatible; ClaudeBot/1.0; +claudebot@anthropic.com)"
216.73.216.164 - - [28/Aug/2026:14:43:20 +0200] "GET /wp-includes/Requests/src/Exception/?C=S&O=D HTTP/1.1" 200 1798 "-" "Mozilla/5.0 AppleWebKit/537.36 (KHTML, like Gecko; compatible; ClaudeBot/1.0; +claudebot@anthropic.com)"
109.234.162.247 - - [28/Aug/2026:14:43:56 +0200] "POST /wp-cron.php?doing_wp_cron=1787921036.6769230365753173828125 HTTP/1.1" 200 - "-" "x4m5uA0Q1erY"
179.43.145.34 - - [28/Aug/2026:14:43:54 +0200] "GET /wp-login.php HTTP/1.1" 404 88149 "-" "Mozilla/5.0 (X11; Linux x86_64) AppleWebKit/537.36 (KHTML, like Gecko) Chrome/120.0.0.0 Safari/537.36"
57.141.20.61 - - [28/Aug/2026:14:44:10 +0200] "GET /products/072963673393 HTTP/1.1" 404 - "-" "Mozilla/5.0 (Windows NT 10.0; Win64; x64) AppleWebKit/537.36 (KHTML, like Gecko) Chrome/145.0.0.0 Safari/537.36 (compatible; meta-externalagent/1.1 (+https://developers.facebook.com/docs/sharing/webmasters/crawler))"
216.73.216.164 - - [28/Aug/2026:14:44:39 +0200] "GET /wp-includes/Requests/src/Exception/Transport/Curl.php HTTP/1.1" 500 - "-" "Mozilla/5.0 AppleWebKit/537.36 (KHTML, like Gecko; compatible; ClaudeBot/1.0; +claudebot@anthropic.com)"
216.73.216.164 - - [28/Aug/2026:14:44:59 +0200] "GET /wp-includes/Requests/src/Exception/Transport/?C=M&O=A HTTP/1.1" 200 924 "-" "Mozilla/5.0 AppleWebKit/537.36 (KHTML, like Gecko; compatible; ClaudeBot/1.0; +claudebot@anthropic.com)"
94.154.43.180 - - [28/Aug/2026:14:44:59 +0200] "GET / HTTP/1.1" 401 36 "-" "Mozilla/5.0 (Windows NT 10.0; Win64; x64) AppleWebKit/537.36 (KHTML, like Gecko) Chrome/147.0.0.0 Safari/537.36"
216.73.216.164 - - [28/Aug/2026:14:46:48 +0200] "GET /wp-includes/Requests/src/Exception/Http/Status429.php HTTP/1.1" 500 - "-" "Mozilla/5.0 AppleWebKit/537.36 (KHTML, like Gecko; compatible; ClaudeBot/1.0; +claudebot@anthropic.com)"
216.73.216.164 - - [28/Aug/2026:14:46:48 +0200] "GET /wp-includes/Requests/src/Exception/Http/Status410.php HTTP/1.1" 500 - "-" "Mozilla/5.0 AppleWebKit/537.36 (KHTML, like Gecko; compatible; ClaudeBot/1.0; +claudebot@anthropic.com)"
216.73.216.164 - - [28/Aug/2026:14:46:49 +0200] "GET /wp-includes/Requests/src/Exception/Http/Status409.php HTTP/1.1" 500 - "-" "Mozilla/5.0 AppleWebKit/537.36 (KHTML, like Gecko; compatible; ClaudeBot/1.0; +claudebot@anthropic.com)"
216.73.216.164 - - [28/Aug/2026:14:46:49 +0200] "GET /wp-includes/Requests/src/Exception/Http/Status403.php HTTP/1.1" 500 - "-" "Mozilla/5.0 AppleWebKit/537.36 (KHTML, like Gecko; compatible; ClaudeBot/1.0; +claudebot@anthropic.com)"
216.73.216.164 - - [28/Aug/2026:14:46:50 +0200] "GET /wp-includes/Requests/src/Exception/Http/Status413.php HTTP/1.1" 500 - "-" "Mozilla/5.0 AppleWebKit/537.36 (KHTML, like Gecko; compatible; ClaudeBot/1.0; +claudebot@anthropic.com)"
216.73.216.164 - - [28/Aug/2026:14:46:50 +0200] "GET /wp-includes/js/tinymce/plugins/paste/plugin.js HTTP/1.1" 200 82356 "-" "Mozilla/5.0 AppleWebKit/537.36 (KHTML, like Gecko; compatible; ClaudeBot/1.0; +claudebot@anthropic.com)"
216.73.216.164 - - [28/Aug/2026:14:46:51 +0200] "GET /wp-includes/Requests/src/Exception/Http/Status511.php HTTP/1.1" 500 - "-" "Mozilla/5.0 AppleWebKit/537.36 (KHTML, like Gecko; compatible; ClaudeBot/1.0; +claudebot@anthropic.com)"
216.73.216.164 - - [28/Aug/2026:14:46:51 +0200] "GET /wp-includes/js/tinymce/plugins/wordpress/plugin.js HTTP/1.1" 200 34146 "-" "Mozilla/5.0 AppleWebKit/537.36 (KHTML, like Gecko; compatible; ClaudeBot/1.0; +claudebot@anthropic.com)"
94.154.43.125 - - [28/Aug/2026:14:47:23 +0200] "GET / HTTP/1.1" 503 6278 "-" "Mozilla/5.0 (Windows NT 10.0; Win64; x64) AppleWebKit/537.36 (KHTML, like Gecko) Chrome/147.0.0.0 Safari/537.36"
216.73.216.164 - - [28/Aug/2026:14:47:24 +0200] "GET /wp-includes/Requests/src/Exception/Http/Status401.php HTTP/1.1" 500 - "-" "Mozilla/5.0 AppleWebKit/537.36 (KHTML, like Gecko; compatible; ClaudeBot/1.0; +claudebot@anthropic.com)"
216.73.216.164 - - [28/Aug/2026:14:47:25 +0200] "GET /wp-includes/Requests/src/Exception/Http/Status405.php HTTP/1.1" 500 - "-" "Mozilla/5.0 AppleWebKit/537.36 (KHTML, like Gecko; compatible; ClaudeBot/1.0; +claudebot@anthropic.com)"
216.73.216.164 - - [28/Aug/2026:14:47:25 +0200] "GET /wp-includes/Requests/src/Exception/Http/Status503.php HTTP/1.1" 500 - "-" "Mozilla/5.0 AppleWebKit/537.36 (KHTML, like Gecko; compatible; ClaudeBot/1.0; +claudebot@anthropic.com)"
216.73.216.164 - - [28/Aug/2026:14:47:26 +0200] "GET /wp-includes/Requests/src/Exception/Http/Status412.php HTTP/1.1" 500 - "-" "Mozilla/5.0 AppleWebKit/537.36 (KHTML, like Gecko; compatible; ClaudeBot/1.0; +claudebot@anthropic.com)"
216.73.216.164 - - [28/Aug/2026:14:47:26 +0200] "GET /wp-includes/Requests/src/Exception/Http/Status428.php HTTP/1.1" 500 - "-" "Mozilla/5.0 AppleWebKit/537.36 (KHTML, like Gecko; compatible; ClaudeBot/1.0; +claudebot@anthropic.com)"
216.73.216.164 - - [28/Aug/2026:14:47:27 +0200] "GET /wp-includes/Requests/src/Exception/Http/Status406.php HTTP/1.1" 500 - "-" "Mozilla/5.0 AppleWebKit/537.36 (KHTML, like Gecko; compatible; ClaudeBot/1.0; +claudebot@anthropic.com)"
57.141.20.32 - - [28/Aug/2026:14:47:30 +0200] "GET /products/4204b4101515 HTTP/1.1" 404 - "-" "Mozilla/5.0 (Windows NT 10.0; Win64; x64) AppleWebKit/537.36 (KHTML, like Gecko) Chrome/145.0.0.0 Safari/537.36 (compatible; meta-externalagent/1.1 (+https://developers.facebook.com/docs/sharing/webmasters/crawler))"
216.73.216.164 - - [28/Aug/2026:14:47:32 +0200] "GET /wp-includes/Requests/src/Exception/Http/StatusUnknown.php HTTP/1.1" 500 - "-" "Mozilla/5.0 AppleWebKit/537.36 (KHTML, like Gecko; compatible; ClaudeBot/1.0; +claudebot@anthropic.com)"
216.73.216.164 - - [28/Aug/2026:14:47:37 +0200] "GET /wp-includes/Requests/src/Exception/Http/Status504.php HTTP/1.1" 500 - "-" "Mozilla/5.0 AppleWebKit/537.36 (KHTML, like Gecko; compatible; ClaudeBot/1.0; +claudebot@anthropic.com)"
216.73.216.164 - - [28/Aug/2026:14:48:06 +0200] "GET /wp-includes/Requests/src/Exception/Http/Status417.php HTTP/1.1" 500 - "-" "Mozilla/5.0 AppleWebKit/537.36 (KHTML, like Gecko; compatible; ClaudeBot/1.0; +claudebot@anthropic.com)"
216.73.216.164 - - [28/Aug/2026:14:48:10 +0200] "GET /wp-includes/Requests/src/Exception/Http/Status404.php HTTP/1.1" 500 - "-" "Mozilla/5.0 AppleWebKit/537.36 (KHTML, like Gecko; compatible; ClaudeBot/1.0; +claudebot@anthropic.com)"
216.73.216.164 - - [28/Aug/2026:14:48:15 +0200] "GET /wp-includes/Requests/src/Exception/Http/Status400.php HTTP/1.1" 500 - "-" "Mozilla/5.0 AppleWebKit/537.36 (KHTML, like Gecko; compatible; ClaudeBot/1.0; +claudebot@anthropic.com)"
216.73.216.164 - - [28/Aug/2026:14:48:20 +0200] "GET /wp-includes/Requests/src/Exception/Http/Status416.php HTTP/1.1" 500 - "-" "Mozilla/5.0 AppleWebKit/537.36 (KHTML, like Gecko; compatible; ClaudeBot/1.0; +claudebot@anthropic.com)"
216.73.216.164 - - [28/Aug/2026:14:48:25 +0200] "GET /wp-includes/Requests/src/Exception/Http/Status402.php HTTP/1.1" 500 - "-" "Mozilla/5.0 AppleWebKit/537.36 (KHTML, like Gecko; compatible; ClaudeBot/1.0; +claudebot@anthropic.com)"
216.73.216.164 - - [28/Aug/2026:14:48:30 +0200] "GET /wp-includes/Requests/src/Exception/Http/Status431.php HTTP/1.1" 500 - "-" "Mozilla/5.0 AppleWebKit/537.36 (KHTML, like Gecko; compatible; ClaudeBot/1.0; +claudebot@anthropic.com)"
216.73.216.164 - - [28/Aug/2026:14:48:35 +0200] "GET /wp-includes/Requests/src/Exception/Http/Status306.php HTTP/1.1" 500 - "-" "Mozilla/5.0 AppleWebKit/537.36 (KHTML, like Gecko; compatible; ClaudeBot/1.0; +claudebot@anthropic.com)"
57.141.20.33 - - [28/Aug/2026:14:48:37 +0200] "GET /products/7a5961732323 HTTP/1.1" 404 - "-" "Mozilla/5.0 (Windows NT 10.0; Win64; x64) AppleWebKit/537.36 (KHTML, like Gecko) Chrome/145.0.0.0 Safari/537.36 (compatible; meta-externalagent/1.1 (+https://developers.facebook.com/docs/sharing/webmasters/crawler))"
216.73.216.164 - - [28/Aug/2026:14:48:40 +0200] "GET /wp-includes/Requests/src/Exception/Http/Status414.php HTTP/1.1" 500 - "-" "Mozilla/5.0 AppleWebKit/537.36 (KHTML, like Gecko; compatible; ClaudeBot/1.0; +claudebot@anthropic.com)"
216.73.216.164 - - [28/Aug/2026:14:48:46 +0200] "GET /wp-includes/Requests/src/Exception/Http/Status411.php HTTP/1.1" 500 - "-" "Mozilla/5.0 AppleWebKit/537.36 (KHTML, like Gecko; compatible; ClaudeBot/1.0; +claudebot@anthropic.com)"
216.73.216.164 - - [28/Aug/2026:14:48:51 +0200] "GET /wp-includes/Requests/src/Exception/Http/Status500.php HTTP/1.1" 500 - "-" "Mozilla/5.0 AppleWebKit/537.36 (KHTML, like Gecko; compatible; ClaudeBot/1.0; +claudebot@anthropic.com)"
216.73.216.164 - - [28/Aug/2026:14:48:55 +0200] "GET /wp-includes/js/tinymce/plugins/lists/plugin.js HTTP/1.1" 200 70415 "-" "Mozilla/5.0 AppleWebKit/537.36 (KHTML, like Gecko; compatible; ClaudeBot/1.0; +claudebot@anthropic.com)"
216.73.216.164 - - [28/Aug/2026:14:49:00 +0200] "GET /wp-includes/js/tinymce/plugins/wptextpattern/plugin.js HTTP/1.1" 200 8802 "-" "Mozilla/5.0 AppleWebKit/537.36 (KHTML, like Gecko; compatible; ClaudeBot/1.0; +claudebot@anthropic.com)"
216.73.216.164 - - [28/Aug/2026:14:49:02 +0200] "GET /wp-includes/js/tinymce/plugins/directionality/plugin.js HTTP/1.1" 200 1892 "-" "Mozilla/5.0 AppleWebKit/537.36 (KHTML, like Gecko; compatible; ClaudeBot/1.0; +claudebot@anthropic.com)"
216.73.216.164 - - [28/Aug/2026:14:49:07 +0200] "GET /wp-includes/js/tinymce/plugins/tabfocus/plugin.js HTTP/1.1" 200 3722 "-" "Mozilla/5.0 AppleWebKit/537.36 (KHTML, like Gecko; compatible; ClaudeBot/1.0; +claudebot@anthropic.com)"
216.73.216.164 - - [28/Aug/2026:14:49:09 +0200] "GET /wp-includes/js/tinymce/plugins/compat3x/plugin.js HTTP/1.1" 200 9450 "-" "Mozilla/5.0 AppleWebKit/537.36 (KHTML, like Gecko; compatible; ClaudeBot/1.0; +claudebot@anthropic.com)"
216.73.216.164 - - [28/Aug/2026:14:49:14 +0200] "GET /wp-includes/js/tinymce/plugins/wpdialogs/plugin.min.js HTTP/1.1" 200 1322 "-" "Mozilla/5.0 AppleWebKit/537.36 (KHTML, like Gecko; compatible; ClaudeBot/1.0; +claudebot@anthropic.com)"
216.73.216.164 - - [28/Aug/2026:14:49:17 +0200] "GET /wp-includes/js/tinymce/plugins/wpdialogs/plugin.js HTTP/1.1" 200 2439 "-" "Mozilla/5.0 AppleWebKit/537.36 (KHTML, like Gecko; compatible; ClaudeBot/1.0; +claudebot@anthropic.com)"
216.73.216.164 - - [28/Aug/2026:14:49:21 +0200] "GET /wp-includes/js/tinymce/plugins/wordpress/plugin.min.js HTTP/1.1" 200 16407 "-" "Mozilla/5.0 AppleWebKit/537.36 (KHTML, like Gecko; compatible; ClaudeBot/1.0; +claudebot@anthropic.com)"
216.73.216.164 - - [28/Aug/2026:14:49:26 +0200] "GET /wp-includes/Requests/src/Exception/Http/Status505.php HTTP/1.1" 500 - "-" "Mozilla/5.0 AppleWebKit/537.36 (KHTML, like Gecko; compatible; ClaudeBot/1.0; +claudebot@anthropic.com)"
216.73.216.164 - - [28/Aug/2026:14:49:31 +0200] "GET /wp-includes/Requests/src/Exception/Http/Status408.php HTTP/1.1" 500 - "-" "Mozilla/5.0 AppleWebKit/537.36 (KHTML, like Gecko; compatible; ClaudeBot/1.0; +claudebot@anthropic.com)"
216.73.216.164 - - [28/Aug/2026:14:49:36 +0200] "GET /wp-includes/Requests/src/Exception/Http/Status305.php HTTP/1.1" 500 - "-" "Mozilla/5.0 AppleWebKit/537.36 (KHTML, like Gecko; compatible; ClaudeBot/1.0; +claudebot@anthropic.com)"
216.73.216.164 - - [28/Aug/2026:14:49:42 +0200] "GET /wp-includes/js/dist/development/react-refresh-entry.js HTTP/1.1" 200 65771 "-" "Mozilla/5.0 AppleWebKit/537.36 (KHTML, like Gecko; compatible; ClaudeBot/1.0; +claudebot@anthropic.com)"
57.141.20.27 - - [28/Aug/2026:14:49:43 +0200] "GET /products/1017e4437130 HTTP/1.1" 404 - "-" "Mozilla/5.0 (Windows NT 10.0; Win64; x64) AppleWebKit/537.36 (KHTML, like Gecko) Chrome/145.0.0.0 Safari/537.36 (compatible; meta-externalagent/1.1 (+https://developers.facebook.com/docs/sharing/webmasters/crawler))"
216.73.216.164 - - [28/Aug/2026:14:49:47 +0200] "GET /wp-includes/css/dist/edit-site/posts.css HTTP/1.1" 200 78176 "-" "Mozilla/5.0 AppleWebKit/537.36 (KHTML, like Gecko; compatible; ClaudeBot/1.0; +claudebot@anthropic.com)"
216.73.216.164 - - [28/Aug/2026:14:49:52 +0200] "GET /wp-includes/js/tinymce/plugins/link/plugin.min.js HTTP/1.1" 200 8940 "-" "Mozilla/5.0 AppleWebKit/537.36 (KHTML, like Gecko; compatible; ClaudeBot/1.0; +claudebot@anthropic.com)"
216.73.216.164 - - [28/Aug/2026:14:49:57 +0200] "GET /wp-includes/js/tinymce/plugins/textcolor/plugin.js HTTP/1.1" 200 11310 "-" "Mozilla/5.0 AppleWebKit/537.36 (KHTML, like Gecko; compatible; ClaudeBot/1.0; +claudebot@anthropic.com)"
216.73.216.164 - - [28/Aug/2026:14:50:02 +0200] "GET /wp-includes/js/tinymce/plugins/wpview/plugin.min.js HTTP/1.1" 200 2902 "-" "Mozilla/5.0 AppleWebKit/537.36 (KHTML, like Gecko; compatible; ClaudeBot/1.0; +claudebot@anthropic.com)"
216.73.216.164 - - [28/Aug/2026:14:50:07 +0200] "GET /wp-includes/js/tinymce/plugins/image/plugin.min.js HTTP/1.1" 200 15852 "-" "Mozilla/5.0 AppleWebKit/537.36 (KHTML, like Gecko; compatible; ClaudeBot/1.0; +claudebot@anthropic.com)"
216.73.216.164 - - [28/Aug/2026:14:50:12 +0200] "GET /wp-includes/js/tinymce/plugins/lists/plugin.min.js HTTP/1.1" 200 26968 "-" "Mozilla/5.0 AppleWebKit/537.36 (KHTML, like Gecko; compatible; ClaudeBot/1.0; +claudebot@anthropic.com)"
216.73.216.164 - - [28/Aug/2026:14:50:21 +0200] "GET /wp-includes/js/tinymce/plugins/wplink/plugin.js HTTP/1.1" 200 17798 "-" "Mozilla/5.0 AppleWebKit/537.36 (KHTML, like Gecko; compatible; ClaudeBot/1.0; +claudebot@anthropic.com)"
216.73.216.164 - - [28/Aug/2026:14:50:26 +0200] "GET /wp-includes/js/tinymce/plugins/charmap/plugin.js HTTP/1.1" 200 23210 "-" "Mozilla/5.0 AppleWebKit/537.36 (KHTML, like Gecko; compatible; ClaudeBot/1.0; +claudebot@anthropic.com)"
216.73.216.164 - - [28/Aug/2026:14:50:29 +0200] "GET /wp-includes/js/tinymce/plugins/compat3x/css/ HTTP/1.1" 200 929 "-" "Mozilla/5.0 AppleWebKit/537.36 (KHTML, like Gecko; compatible; ClaudeBot/1.0; +claudebot@anthropic.com)"
216.73.216.164 - - [28/Aug/2026:14:50:33 +0200] "GET /wp-includes/js/tinymce/plugins/compat3x/plugin.min.js HTTP/1.1" 200 4129 "-" "Mozilla/5.0 AppleWebKit/537.36 (KHTML, like Gecko; compatible; ClaudeBot/1.0; +claudebot@anthropic.com)"
216.73.216.164 - - [28/Aug/2026:14:50:39 +0200] "GET /wp-includes/css/dist/block-editor/content.css HTTP/1.1" 200 32593 "-" "Mozilla/5.0 AppleWebKit/537.36 (KHTML, like Gecko; compatible; ClaudeBot/1.0; +claudebot@anthropic.com)"
216.73.216.164 - - [28/Aug/2026:14:50:42 +0200] "GET /wp-includes/js/tinymce/plugins/directionality/plugin.min.js HTTP/1.1" 200 857 "-" "Mozilla/5.0 AppleWebKit/537.36 (KHTML, like Gecko; compatible; ClaudeBot/1.0; +claudebot@anthropic.com)"
216.73.216.164 - - [28/Aug/2026:14:50:47 +0200] "GET /wp-includes/js/tinymce/plugins/tabfocus/plugin.min.js HTTP/1.1" 200 1614 "-" "Mozilla/5.0 AppleWebKit/537.36 (KHTML, like Gecko; compatible; ClaudeBot/1.0; +claudebot@anthropic.com)"
57.141.20.30 - - [28/Aug/2026:14:50:50 +0200] "GET /products/3ef571114497 HTTP/1.1" 404 - "-" "Mozilla/5.0 (Windows NT 10.0; Win64; x64) AppleWebKit/537.36 (KHTML, like Gecko) Chrome/145.0.0.0 Safari/537.36 (compatible; meta-externalagent/1.1 (+https://developers.facebook.com/docs/sharing/webmasters/crawler))"
216.73.216.164 - - [28/Aug/2026:14:50:52 +0200] "GET /wp-includes/js/tinymce/plugins/wpgallery/plugin.js HTTP/1.1" 200 3183 "-" "Mozilla/5.0 AppleWebKit/537.36 (KHTML, like Gecko; compatible; ClaudeBot/1.0; +claudebot@anthropic.com)"
216.73.216.164 - - [28/Aug/2026:14:50:57 +0200] "GET /wp-includes/js/tinymce/plugins/fullscreen/plugin.min.js HTTP/1.1" 200 2184 "-" "Mozilla/5.0 AppleWebKit/537.36 (KHTML, like Gecko; compatible; ClaudeBot/1.0; +claudebot@anthropic.com)"
216.73.216.164 - - [28/Aug/2026:14:51:02 +0200] "GET /wp-includes/css/dist/edit-site/posts-rtl.css HTTP/1.1" 200 78186 "-" "Mozilla/5.0 AppleWebKit/537.36 (KHTML, like Gecko; compatible; ClaudeBot/1.0; +claudebot@anthropic.com)"
216.73.216.164 - - [28/Aug/2026:14:51:07 +0200] "GET /wp-includes/js/dist/script-modules/interactivity-router/ HTTP/1.1" 200 47691 "-" "Mozilla/5.0 AppleWebKit/537.36 (KHTML, like Gecko; compatible; ClaudeBot/1.0; +claudebot@anthropic.com)"
216.73.216.164 - - [28/Aug/2026:14:51:10 +0200] "GET /wp-includes/js/tinymce/plugins/charmap/plugin.min.js HTTP/1.1" 200 8601 "-" "Mozilla/5.0 AppleWebKit/537.36 (KHTML, like Gecko; compatible; ClaudeBot/1.0; +claudebot@anthropic.com)"
216.73.216.164 - - [28/Aug/2026:14:51:15 +0200] "GET /wp-includes/js/tinymce/plugins/wpgallery/plugin.min.js HTTP/1.1" 200 1623 "-" "Mozilla/5.0 AppleWebKit/537.36 (KHTML, like Gecko; compatible; ClaudeBot/1.0; +claudebot@anthropic.com)"
216.73.216.164 - - [28/Aug/2026:14:51:18 +0200] "GET /wp-includes/css/dist/block-editor/style-rtl.css HTTP/1.1" 200 129050 "-" "Mozilla/5.0 AppleWebKit/537.36 (KHTML, like Gecko; compatible; ClaudeBot/1.0; +claudebot@anthropic.com)"
216.73.216.164 - - [28/Aug/2026:14:51:22 +0200] "GET /wp-includes/css/dist/block-editor/style.min.css HTTP/1.1" 200 118932 "-" "Mozilla/5.0 AppleWebKit/537.36 (KHTML, like Gecko; compatible; ClaudeBot/1.0; +claudebot@anthropic.com)"
216.73.216.164 - - [28/Aug/2026:14:51:25 +0200] "GET /wp-includes/css/dist/edit-site/style.min.css HTTP/1.1" 200 115877 "-" "Mozilla/5.0 AppleWebKit/537.36 (KHTML, like Gecko; compatible; ClaudeBot/1.0; +claudebot@anthropic.com)"
216.73.216.164 - - [28/Aug/2026:14:51:29 +0200] "GET /wp-includes/css/dist/block-directory/style.min.css HTTP/1.1" 200 3743 "-" "Mozilla/5.0 AppleWebKit/537.36 (KHTML, like Gecko; compatible; ClaudeBot/1.0; +claudebot@anthropic.com)"
216.73.216.164 - - [28/Aug/2026:14:51:32 +0200] "GET /wp-includes/css/dist/edit-site/posts.min.css HTTP/1.1" 200 71767 "-" "Mozilla/5.0 AppleWebKit/537.36 (KHTML, like Gecko; compatible; ClaudeBot/1.0; +claudebot@anthropic.com)"
216.73.216.164 - - [28/Aug/2026:14:51:37 +0200] "GET /wp-includes/js/dist/development/react-refresh-entry.min.js HTTP/1.1" 200 65771 "-" "Mozilla/5.0 AppleWebKit/537.36 (KHTML, like Gecko; compatible; ClaudeBot/1.0; +claudebot@anthropic.com)"
216.73.216.164 - - [28/Aug/2026:14:51:42 +0200] "GET /wp-includes/js/tinymce/plugins/textcolor/plugin.min.js HTTP/1.1" 200 4927 "-" "Mozilla/5.0 AppleWebKit/537.36 (KHTML, like Gecko; compatible; ClaudeBot/1.0; +claudebot@anthropic.com)"
216.73.216.164 - - [28/Aug/2026:14:51:51 +0200] "GET /wp-includes/js/dist/script-modules/a11y/ HTTP/1.1" 200 2658 "-" "Mozilla/5.0 AppleWebKit/537.36 (KHTML, like Gecko; compatible; ClaudeBot/1.0; +claudebot@anthropic.com)"
216.73.216.164 - - [28/Aug/2026:14:51:56 +0200] "GET /wp-includes/css/dist/edit-site/style.css HTTP/1.1" 200 126124 "-" "Mozilla/5.0 AppleWebKit/537.36 (KHTML, like Gecko; compatible; ClaudeBot/1.0; +claudebot@anthropic.com)"
57.141.20.66 - - [28/Aug/2026:14:51:57 +0200] "GET /les-salaries-de-la-ctop-recoivent-leurs-attestations-de-participation-au-parcours-de-formation-dans-le-cadre-du-projet-sepop/ HTTP/1.1" 404 - "-" "Mozilla/5.0 (X11; Linux x86_64) AppleWebKit/537.36 (KHTML, like Gecko) Chrome/145.0.0.0 Safari/537.36 (compatible; meta-externalagent/1.1 (+https://developers.facebook.com/docs/sharing/webmasters/crawler))"
216.73.216.164 - - [28/Aug/2026:14:52:01 +0200] "GET /wp-includes/css/dist/block-editor/content-rtl.css HTTP/1.1" 200 32595 "-" "Mozilla/5.0 AppleWebKit/537.36 (KHTML, like Gecko; compatible; ClaudeBot/1.0; +claudebot@anthropic.com)"
216.73.216.164 - - [28/Aug/2026:14:52:06 +0200] "GET /wp-includes/css/dist/block-directory/style.css HTTP/1.1" 200 4161 "-" "Mozilla/5.0 AppleWebKit/537.36 (KHTML, like Gecko; compatible; ClaudeBot/1.0; +claudebot@anthropic.com)"
216.73.216.164 - - [28/Aug/2026:14:52:11 +0200] "GET /wp-includes/css/dist/preferences/style.css HTTP/1.1" 200 1172 "-" "Mozilla/5.0 AppleWebKit/537.36 (KHTML, like Gecko; compatible; ClaudeBot/1.0; +claudebot@anthropic.com)"
216.73.216.164 - - [28/Aug/2026:14:52:16 +0200] "GET /wp-includes/css/dist/preferences/style-rtl.min.css HTTP/1.1" 200 1006 "-" "Mozilla/5.0 AppleWebKit/537.36 (KHTML, like Gecko; compatible; ClaudeBot/1.0; +claudebot@anthropic.com)"
216.73.216.164 - - [28/Aug/2026:14:52:21 +0200] "GET /wp-includes/css/dist/block-editor/default-editor-styles-rtl.min.css HTTP/1.1" 200 288 "-" "Mozilla/5.0 AppleWebKit/537.36 (KHTML, like Gecko; compatible; ClaudeBot/1.0; +claudebot@anthropic.com)"
216.73.216.164 - - [28/Aug/2026:14:52:26 +0200] "GET /wp-includes/js/tinymce/plugins/paste/?C=N&O=D HTTP/1.1" 200 1086 "-" "Mozilla/5.0 AppleWebKit/537.36 (KHTML, like Gecko; compatible; ClaudeBot/1.0; +claudebot@anthropic.com)"
216.73.216.164 - - [28/Aug/2026:14:52:29 +0200] "GET /wp-includes/js/tinymce/plugins/wordpress/?C=M&O=A HTTP/1.1" 200 1094 "-" "Mozilla/5.0 AppleWebKit/537.36 (KHTML, like Gecko; compatible; ClaudeBot/1.0; +claudebot@anthropic.com)"
216.73.216.164 - - [28/Aug/2026:14:52:34 +0200] "GET /wp-includes/js/tinymce/plugins/wptextpattern/?C=D&O=A HTTP/1.1" 200 1102 "-" "Mozilla/5.0 AppleWebKit/537.36 (KHTML, like Gecko; compatible; ClaudeBot/1.0; +claudebot@anthropic.com)"
216.73.216.164 - - [28/Aug/2026:14:52:38 +0200] "GET /wp-includes/js/tinymce/plugins/paste/?C=D&O=A HTTP/1.1" 200 1086 "-" "Mozilla/5.0 AppleWebKit/537.36 (KHTML, like Gecko; compatible; ClaudeBot/1.0; +claudebot@anthropic.com)"
216.73.216.164 - - [28/Aug/2026:14:52:44 +0200] "GET /wp-includes/Requests/src/Exception/Http/?C=S&O=A HTTP/1.1" 200 6715 "-" "Mozilla/5.0 AppleWebKit/537.36 (KHTML, like Gecko; compatible; ClaudeBot/1.0; +claudebot@anthropic.com)"
216.73.216.164 - - [28/Aug/2026:14:52:48 +0200] "GET /wp-includes/Requests/src/Exception/Http/?C=D&O=A HTTP/1.1" 200 6715 "-" "Mozilla/5.0 AppleWebKit/537.36 (KHTML, like Gecko; compatible; ClaudeBot/1.0; +claudebot@anthropic.com)"
216.73.216.164 - - [28/Aug/2026:14:52:52 +0200] "GET /wp-includes/js/tinymce/plugins/wordpress/?C=N&O=D HTTP/1.1" 200 1094 "-" "Mozilla/5.0 AppleWebKit/537.36 (KHTML, like Gecko; compatible; ClaudeBot/1.0; +claudebot@anthropic.com)"
216.73.216.164 - - [28/Aug/2026:14:52:57 +0200] "GET /wp-includes/Requests/src/Utility/?C=S&O=D HTTP/1.1" 200 1288 "-" "Mozilla/5.0 AppleWebKit/537.36 (KHTML, like Gecko; compatible; ClaudeBot/1.0; +claudebot@anthropic.com)"
216.73.216.164 - - [28/Aug/2026:14:53:02 +0200] "GET /wp-includes/Requests/src/Utility/?C=D&O=D HTTP/1.1" 200 1288 "-" "Mozilla/5.0 AppleWebKit/537.36 (KHTML, like Gecko; compatible; ClaudeBot/1.0; +claudebot@anthropic.com)"
216.73.216.164 - - [28/Aug/2026:14:53:07 +0200] "GET /wp-includes/js/swfupload/handlers.js HTTP/1.1" 200 - "-" "Mozilla/5.0 AppleWebKit/537.36 (KHTML, like Gecko; compatible; ClaudeBot/1.0; +claudebot@anthropic.com)"
216.73.216.164 - - [28/Aug/2026:14:53:12 +0200] "GET /wp-includes/Requests/src/Utility/?C=M&O=D HTTP/1.1" 200 1288 "-" "Mozilla/5.0 AppleWebKit/537.36 (KHTML, like Gecko; compatible; ClaudeBot/1.0; +claudebot@anthropic.com)"
40.77.167.20 - - [28/Aug/2026:14:53:16 +0200] "GET /fynpe/h713140.html HTTP/1.1" 404 - "-" "Mozilla/5.0 AppleWebKit/537.36 (KHTML, like Gecko; compatible; bingbot/2.0; +http://www.bing.com/bingbot.htm) Chrome/116.0.1938.76 Safari/537.36"
216.73.216.164 - - [28/Aug/2026:14:53:18 +0200] "GET /wp-includes/Requests/src/Exception/Http/?C=M&O=A HTTP/1.1" 200 6715 "-" "Mozilla/5.0 AppleWebKit/537.36 (KHTML, like Gecko; compatible; ClaudeBot/1.0; +claudebot@anthropic.com)"
216.73.216.164 - - [28/Aug/2026:14:53:22 +0200] "GET /wp-includes/js/swfupload/swfupload.js HTTP/1.1" 200 - "-" "Mozilla/5.0 AppleWebKit/537.36 (KHTML, like Gecko; compatible; ClaudeBot/1.0; +claudebot@anthropic.com)"
192.178.8.136 - - [28/Aug/2026:14:53:26 +0200] "GET /.well-known/traffic-advice HTTP/1.1" 404 - "-" "Chrome Privacy Preserving Prefetch Proxy"
216.73.216.164 - - [28/Aug/2026:14:53:27 +0200] "GET /wp-includes/Requests/src/Exception/Http/?C=N&O=D HTTP/1.1" 200 6715 "-" "Mozilla/5.0 AppleWebKit/537.36 (KHTML, like Gecko; compatible; ClaudeBot/1.0; +claudebot@anthropic.com)"
216.73.216.164 - - [28/Aug/2026:14:53:32 +0200] "GET /wp-includes/css/dist/edit-site/style-rtl.min.css HTTP/1.1" 200 115911 "-" "Mozilla/5.0 AppleWebKit/537.36 (KHTML, like Gecko; compatible; ClaudeBot/1.0; +claudebot@anthropic.com)"
216.73.216.164 - - [28/Aug/2026:14:53:38 +0200] "GET /wp-includes/js/tinymce/plugins/wptextpattern/?C=M&O=A HTTP/1.1" 200 1102 "-" "Mozilla/5.0 AppleWebKit/537.36 (KHTML, like Gecko; compatible; ClaudeBot/1.0; +claudebot@anthropic.com)"
216.73.216.164 - - [28/Aug/2026:14:53:42 +0200] "GET /wp-includes/js/tinymce/plugins/wordpress/?C=S&O=A HTTP/1.1" 200 1094 "-" "Mozilla/5.0 AppleWebKit/537.36 (KHTML, like Gecko; compatible; ClaudeBot/1.0; +claudebot@anthropic.com)"
103.164.183.46 - - [28/Aug/2026:14:53:44 +0200] "GET /phototheque/ HTTP/1.1" 200 381675 "https://www.google.com/" "Mozilla/5.0 (Windows NT 10.0; Win64; x64) AppleWebKit/537.36 (KHTML, like Gecko) Chrome/151.0.0.0 Safari/537.36"
103.164.183.46 - - [28/Aug/2026:14:53:45 +0200] "GET /checkouts/internal/preloads.js?locale=en-SG HTTP/1.1" 404 - "https://ctoptogo.org/phototheque/" "Mozilla/5.0 (Windows NT 10.0; Win64; x64) AppleWebKit/537.36 (KHTML, like Gecko) Chrome/151.0.0.0 Safari/537.36"
103.164.183.46 - - [28/Aug/2026:14:53:45 +0200] "GET /phototheque/ HTTP/1.1" 200 381675 "https://ctoptogo.org/phototheque/" "Mozilla/5.0 (Windows NT 10.0; Win64; x64) AppleWebKit/537.36 (KHTML, like Gecko) Chrome/151.0.0.0 Safari/537.36"
103.164.183.46 - - [28/Aug/2026:14:53:45 +0200] "GET /cdn-cgi/scripts/5c5dd728/cloudflare-static/email-decode.min.js HTTP/1.1" 404 - "https://ctoptogo.org/phototheque/" "Mozilla/5.0 (Windows NT 10.0; Win64; x64) AppleWebKit/537.36 (KHTML, like Gecko) Chrome/151.0.0.0 Safari/537.36"
103.164.183.46 - - [28/Aug/2026:14:53:45 +0200] "POST /.well-known/shopify/monorail/unstable/produce_batch HTTP/1.1" 404 - "https://ctoptogo.org/phototheque/" "Mozilla/5.0 (Windows NT 10.0; Win64; x64) AppleWebKit/537.36 (KHTML, like Gecko) Chrome/151.0.0.0 Safari/537.36"
103.164.183.46 - - [28/Aug/2026:14:53:45 +0200] "POST /.well-known/shopify/monorail/unstable/produce_batch HTTP/1.1" 404 - "https://ctoptogo.org/phototheque/" "Mozilla/5.0 (Windows NT 10.0; Win64; x64) AppleWebKit/537.36 (KHTML, like Gecko) Chrome/151.0.0.0 Safari/537.36"
103.164.183.46 - - [28/Aug/2026:14:53:45 +0200] "POST /.well-known/shopify/monorail/unstable/produce_batch HTTP/1.1" 404 - "https://ctoptogo.org/phototheque/" "Mozilla/5.0 (Windows NT 10.0; Win64; x64) AppleWebKit/537.36 (KHTML, like Gecko) Chrome/151.0.0.0 Safari/537.36"
103.164.183.46 - - [28/Aug/2026:14:53:45 +0200] "POST /.well-known/shopify/monorail/unstable/produce_batch HTTP/1.1" 404 - "https://ctoptogo.org/phototheque/" "Mozilla/5.0 (Windows NT 10.0; Win64; x64) AppleWebKit/537.36 (KHTML, like Gecko) Chrome/151.0.0.0 Safari/537.36"
103.164.183.46 - - [28/Aug/2026:14:53:45 +0200] "POST /.well-known/shopify/monorail/unstable/produce_batch HTTP/1.1" 404 - "https://ctoptogo.org/phototheque/" "Mozilla/5.0 (Windows NT 10.0; Win64; x64) AppleWebKit/537.36 (KHTML, like Gecko) Chrome/151.0.0.0 Safari/537.36"
103.164.183.46 - - [28/Aug/2026:14:53:45 +0200] "POST /.well-known/shopify/monorail/unstable/produce_batch HTTP/1.1" 404 - "https://ctoptogo.org/phototheque/" "Mozilla/5.0 (Windows NT 10.0; Win64; x64) AppleWebKit/537.36 (KHTML, like Gecko) Chrome/151.0.0.0 Safari/537.36"
103.164.183.46 - - [28/Aug/2026:14:53:45 +0200] "POST /.well-known/shopify/monorail/unstable/produce_batch HTTP/1.1" 404 - "https://ctoptogo.org/phototheque/" "Mozilla/5.0 (Windows NT 10.0; Win64; x64) AppleWebKit/537.36 (KHTML, like Gecko) Chrome/151.0.0.0 Safari/537.36"
