103.164.183.46 - - [28/Aug/2026:14:53:45 +0200] "POST /.well-known/shopify/monorail/unstable/produce_batch HTTP/1.1" 404 - "https://ctoptogo.org/phototheque/" "Mozilla/5.0 (Windows NT 10.0; Win64; x64) AppleWebKit/537.36 (KHTML, like Gecko) Chrome/151.0.0.0 Safari/537.36"
103.164.183.46 - - [28/Aug/2026:14:53:45 +0200] "POST /.well-known/shopify/monorail/unstable/produce_batch HTTP/1.1" 404 - "https://ctoptogo.org/phototheque/" "Mozilla/5.0 (Windows NT 10.0; Win64; x64) AppleWebKit/537.36 (KHTML, like Gecko) Chrome/151.0.0.0 Safari/537.36"
103.164.183.46 - - [28/Aug/2026:14:53:46 +0200] "GET /phototheque/?section_id=sections--17605520031924__header HTTP/1.1" 200 381675 "https://ctoptogo.org/phototheque/" "Mozilla/5.0 (Windows NT 10.0; Win64; x64) AppleWebKit/537.36 (KHTML, like Gecko) Chrome/151.0.0.0 Safari/537.36"
103.164.183.46 - - [28/Aug/2026:14:53:46 +0200] "GET /cdn-cgi/challenge-platform/scripts/jsd/main.js HTTP/1.1" 404 - "-" "Mozilla/5.0 (Windows NT 10.0; Win64; x64) AppleWebKit/537.36 (KHTML, like Gecko) Chrome/151.0.0.0 Safari/537.36"
103.164.183.46 - - [28/Aug/2026:14:53:46 +0200] "POST /api/collect HTTP/1.1" 404 - "https://ctoptogo.org/phototheque/" "Mozilla/5.0 (Windows NT 10.0; Win64; x64) AppleWebKit/537.36 (KHTML, like Gecko) Chrome/151.0.0.0 Safari/537.36"
103.164.183.46 - - [28/Aug/2026:14:53:47 +0200] "POST /cdn-cgi/rum? HTTP/1.1" 404 - "https://ctoptogo.org/phototheque/" "Mozilla/5.0 (Windows NT 10.0; Win64; x64) AppleWebKit/537.36 (KHTML, like Gecko) Chrome/151.0.0.0 Safari/537.36"
216.73.216.164 - - [28/Aug/2026:14:53:47 +0200] "GET /wp-includes/js/tinymce/plugins/wptextpattern/?C=N&O=D HTTP/1.1" 200 1102 "-" "Mozilla/5.0 AppleWebKit/537.36 (KHTML, like Gecko; compatible; ClaudeBot/1.0; +claudebot@anthropic.com)"
103.164.183.46 - - [28/Aug/2026:14:53:49 +0200] "POST /.well-known/shopify/monorail/v1/produce HTTP/1.1" 404 - "https://ctoptogo.org/phototheque/" "Mozilla/5.0 (Windows NT 10.0; Win64; x64) AppleWebKit/537.36 (KHTML, like Gecko) Chrome/151.0.0.0 Safari/537.36"
103.164.183.46 - - [28/Aug/2026:14:53:51 +0200] "POST /api/collect HTTP/1.1" 404 - "https://ctoptogo.org/phototheque/" "Mozilla/5.0 (Windows NT 10.0; Win64; x64) AppleWebKit/537.36 (KHTML, like Gecko) Chrome/151.0.0.0 Safari/537.36"
216.73.216.164 - - [28/Aug/2026:14:53:53 +0200] "GET /wp-includes/js/tinymce/plugins/paste/?C=M&O=A HTTP/1.1" 200 1086 "-" "Mozilla/5.0 AppleWebKit/537.36 (KHTML, like Gecko; compatible; ClaudeBot/1.0; +claudebot@anthropic.com)"
103.164.183.46 - - [28/Aug/2026:14:53:56 +0200] "POST /api/collect HTTP/1.1" 404 - "https://ctoptogo.org/phototheque/" "Mozilla/5.0 (Windows NT 10.0; Win64; x64) AppleWebKit/537.36 (KHTML, like Gecko) Chrome/151.0.0.0 Safari/537.36"
216.73.216.164 - - [28/Aug/2026:14:53:58 +0200] "GET /wp-includes/js/tinymce/plugins/wordpress/?C=D&O=A HTTP/1.1" 200 1094 "-" "Mozilla/5.0 AppleWebKit/537.36 (KHTML, like Gecko; compatible; ClaudeBot/1.0; +claudebot@anthropic.com)"
103.164.183.46 - - [28/Aug/2026:14:53:58 +0200] "POST /cdn-cgi/rum? HTTP/1.1" 404 - "https://ctoptogo.org/phototheque/" "Mozilla/5.0 (Windows NT 10.0; Win64; x64) AppleWebKit/537.36 (KHTML, like Gecko) Chrome/151.0.0.0 Safari/537.36"
103.164.183.46 - - [28/Aug/2026:14:53:58 +0200] "POST /.well-known/shopify/monorail/v1/produce HTTP/1.1" 404 - "https://ctoptogo.org/phototheque/" "Mozilla/5.0 (Windows NT 10.0; Win64; x64) AppleWebKit/537.36 (KHTML, like Gecko) Chrome/151.0.0.0 Safari/537.36"
216.73.216.164 - - [28/Aug/2026:14:54:03 +0200] "GET /wp-includes/js/tinymce/plugins/wpview/?C=D&O=A HTTP/1.1" 200 1088 "-" "Mozilla/5.0 AppleWebKit/537.36 (KHTML, like Gecko; compatible; ClaudeBot/1.0; +claudebot@anthropic.com)"
216.73.216.164 - - [28/Aug/2026:14:54:08 +0200] "GET /wp-includes/js/swfupload/license.txt HTTP/1.1" 200 - "-" "Mozilla/5.0 AppleWebKit/537.36 (KHTML, like Gecko; compatible; ClaudeBot/1.0; +claudebot@anthropic.com)"
57.141.20.71 - - [28/Aug/2026:14:54:10 +0200] "GET /products/769de1295678 HTTP/1.1" 404 - "-" "Mozilla/5.0 (X11; Linux x86_64) AppleWebKit/537.36 (KHTML, like Gecko) Chrome/145.0.0.0 Safari/537.36 (compatible; meta-externalagent/1.1 (+https://developers.facebook.com/docs/sharing/webmasters/crawler))"
216.73.216.164 - - [28/Aug/2026:14:54:13 +0200] "GET /wp-includes/js/tinymce/plugins/wpview/?C=M&O=A HTTP/1.1" 200 1088 "-" "Mozilla/5.0 AppleWebKit/537.36 (KHTML, like Gecko; compatible; ClaudeBot/1.0; +claudebot@anthropic.com)"
216.73.216.164 - - [28/Aug/2026:14:54:18 +0200] "GET /wp-includes/js/tinymce/plugins/wpview/?C=N&O=D HTTP/1.1" 200 1088 "-" "Mozilla/5.0 AppleWebKit/537.36 (KHTML, like Gecko; compatible; ClaudeBot/1.0; +claudebot@anthropic.com)"
216.73.216.164 - - [28/Aug/2026:14:54:23 +0200] "GET /wp-includes/Requests/src/Proxy/?C=N&O=A HTTP/1.1" 200 886 "-" "Mozilla/5.0 AppleWebKit/537.36 (KHTML, like Gecko; compatible; ClaudeBot/1.0; +claudebot@anthropic.com)"
216.73.216.164 - - [28/Aug/2026:14:54:28 +0200] "GET /wp-includes/js/dist/script-modules/?C=S&O=A HTTP/1.1" 200 1620 "-" "Mozilla/5.0 AppleWebKit/537.36 (KHTML, like Gecko; compatible; ClaudeBot/1.0; +claudebot@anthropic.com)"
216.73.216.164 - - [28/Aug/2026:14:54:33 +0200] "GET /wp-includes/js/swfupload/handlers.min.js HTTP/1.1" 200 - "-" "Mozilla/5.0 AppleWebKit/537.36 (KHTML, like Gecko; compatible; ClaudeBot/1.0; +claudebot@anthropic.com)"
216.73.216.164 - - [28/Aug/2026:14:54:38 +0200] "GET /wp-includes/js/tinymce/plugins/directionality/?C=N&O=D HTTP/1.1" 200 1104 "-" "Mozilla/5.0 AppleWebKit/537.36 (KHTML, like Gecko; compatible; ClaudeBot/1.0; +claudebot@anthropic.com)"
216.73.216.164 - - [28/Aug/2026:14:54:41 +0200] "GET /robots.txt HTTP/1.1" 200 63 "-" "Mozilla/5.0 AppleWebKit/537.36 (KHTML, like Gecko; compatible; ClaudeBot/1.0; +claudebot@anthropic.com)"
216.73.216.164 - - [28/Aug/2026:14:54:43 +0200] "GET /wp-includes/js/tinymce/plugins/fullscreen/?C=S&O=A HTTP/1.1" 200 1096 "-" "Mozilla/5.0 AppleWebKit/537.36 (KHTML, like Gecko; compatible; ClaudeBot/1.0; +claudebot@anthropic.com)"
216.73.216.164 - - [28/Aug/2026:14:54:45 +0200] "GET /wp-includes/js/tinymce/plugins/link/?C=S&O=A HTTP/1.1" 200 1084 "-" "Mozilla/5.0 AppleWebKit/537.36 (KHTML, like Gecko; compatible; ClaudeBot/1.0; +claudebot@anthropic.com)"
216.73.216.164 - - [28/Aug/2026:14:54:50 +0200] "GET /wp-includes/js/tinymce/plugins/directionality/?C=S&O=A HTTP/1.1" 200 1104 "-" "Mozilla/5.0 AppleWebKit/537.36 (KHTML, like Gecko; compatible; ClaudeBot/1.0; +claudebot@anthropic.com)"
216.73.216.164 - - [28/Aug/2026:14:54:54 +0200] "GET /wp-includes/Requests/src/Transport/?C=N&O=A HTTP/1.1" 200 1075 "-" "Mozilla/5.0 AppleWebKit/537.36 (KHTML, like Gecko; compatible; ClaudeBot/1.0; +claudebot@anthropic.com)"
216.73.216.164 - - [28/Aug/2026:14:54:58 +0200] "GET /wp-includes/js/tinymce/plugins/media/?C=M&O=A HTTP/1.1" 200 1086 "-" "Mozilla/5.0 AppleWebKit/537.36 (KHTML, like Gecko; compatible; ClaudeBot/1.0; +claudebot@anthropic.com)"
216.73.216.164 - - [28/Aug/2026:14:55:03 +0200] "GET /wp-includes/js/tinymce/plugins/hr/?C=M&O=A HTTP/1.1" 200 1080 "-" "Mozilla/5.0 AppleWebKit/537.36 (KHTML, like Gecko; compatible; ClaudeBot/1.0; +claudebot@anthropic.com)"
216.73.216.164 - - [28/Aug/2026:14:55:08 +0200] "GET /wp-includes/Requests/src/Cookie/?C=D&O=D HTTP/1.1" 200 887 "-" "Mozilla/5.0 AppleWebKit/537.36 (KHTML, like Gecko; compatible; ClaudeBot/1.0; +claudebot@anthropic.com)"
216.73.216.164 - - [28/Aug/2026:14:55:13 +0200] "GET /wp-includes/js/tinymce/plugins/media/?C=N&O=D HTTP/1.1" 200 1086 "-" "Mozilla/5.0 AppleWebKit/537.36 (KHTML, like Gecko; compatible; ClaudeBot/1.0; +claudebot@anthropic.com)"
34.116.217.117 - - [28/Aug/2026:14:55:16 +0200] "GET /www/.git/config HTTP/1.1" 401 36 "-" "crusader-worker/1.0"
34.116.217.117 - - [28/Aug/2026:14:55:16 +0200] "GET /backend/.git/config HTTP/1.1" 401 36 "-" "crusader-worker/1.0"
34.116.217.117 - - [28/Aug/2026:14:55:16 +0200] "GET /var/www/.git/config HTTP/1.1" 401 36 "-" "crusader-worker/1.0"
34.116.217.117 - - [28/Aug/2026:14:55:16 +0200] "GET /html/.git/config HTTP/1.1" 401 36 "-" "crusader-worker/1.0"
34.116.217.117 - - [28/Aug/2026:14:55:16 +0200] "GET /api/.git/config HTTP/1.1" 401 36 "-" "crusader-worker/1.0"
34.116.217.117 - - [28/Aug/2026:14:55:16 +0200] "GET /wordpress/.git/config HTTP/1.1" 401 36 "-" "crusader-worker/1.0"
34.116.217.117 - - [28/Aug/2026:14:55:16 +0200] "GET /.git/config HTTP/1.1" 401 36 "-" "crusader-worker/1.0"
34.116.217.117 - - [28/Aug/2026:14:55:16 +0200] "GET /src/.git/config HTTP/1.1" 401 36 "-" "crusader-worker/1.0"
34.116.217.117 - - [28/Aug/2026:14:55:16 +0200] "GET /htdocs/.git/config HTTP/1.1" 401 36 "-" "crusader-worker/1.0"
34.116.217.117 - - [28/Aug/2026:14:55:16 +0200] "GET /app/.git/config HTTP/1.1" 401 36 "-" "crusader-worker/1.0"
34.116.217.117 - - [28/Aug/2026:14:55:16 +0200] "GET /public/.git/config HTTP/1.1" 401 36 "-" "crusader-worker/1.0"
34.116.217.117 - - [28/Aug/2026:14:55:16 +0200] "GET /site/.git/config HTTP/1.1" 401 36 "-" "crusader-worker/1.0"
216.73.216.164 - - [28/Aug/2026:14:55:18 +0200] "GET /wp-includes/js/tinymce/plugins/hr/?C=N&O=D HTTP/1.1" 200 1080 "-" "Mozilla/5.0 AppleWebKit/537.36 (KHTML, like Gecko; compatible; ClaudeBot/1.0; +claudebot@anthropic.com)"
216.73.216.164 - - [28/Aug/2026:14:55:23 +0200] "GET /wp-includes/Requests/src/Cookie/?C=M&O=D HTTP/1.1" 200 887 "-" "Mozilla/5.0 AppleWebKit/537.36 (KHTML, like Gecko; compatible; ClaudeBot/1.0; +claudebot@anthropic.com)"
216.73.216.164 - - [28/Aug/2026:14:55:31 +0200] "GET /wp-includes/js/tinymce/plugins/compat3x/?C=M&O=A HTTP/1.1" 200 1264 "-" "Mozilla/5.0 AppleWebKit/537.36 (KHTML, like Gecko; compatible; ClaudeBot/1.0; +claudebot@anthropic.com)"
216.73.216.164 - - [28/Aug/2026:14:55:35 +0200] "GET /wp-includes/js/tinymce/plugins/compat3x/?C=N&O=D HTTP/1.1" 200 1264 "-" "Mozilla/5.0 AppleWebKit/537.36 (KHTML, like Gecko; compatible; ClaudeBot/1.0; +claudebot@anthropic.com)"
216.73.216.164 - - [28/Aug/2026:14:55:40 +0200] "GET /wp-includes/js/tinymce/plugins/media/?C=S&O=A HTTP/1.1" 200 1086 "-" "Mozilla/5.0 AppleWebKit/537.36 (KHTML, like Gecko; compatible; ClaudeBot/1.0; +claudebot@anthropic.com)"
216.73.216.164 - - [28/Aug/2026:14:55:45 +0200] "GET /wp-includes/js/tinymce/plugins/hr/?C=S&O=A HTTP/1.1" 200 1080 "-" "Mozilla/5.0 AppleWebKit/537.36 (KHTML, like Gecko; compatible; ClaudeBot/1.0; +claudebot@anthropic.com)"
216.73.216.164 - - [28/Aug/2026:14:55:50 +0200] "GET /wp-includes/js/tinymce/plugins/media/?C=D&O=A HTTP/1.1" 200 1086 "-" "Mozilla/5.0 AppleWebKit/537.36 (KHTML, like Gecko; compatible; ClaudeBot/1.0; +claudebot@anthropic.com)"
216.73.216.164 - - [28/Aug/2026:14:55:55 +0200] "GET /wp-includes/js/tinymce/plugins/hr/?C=D&O=A HTTP/1.1" 200 1080 "-" "Mozilla/5.0 AppleWebKit/537.36 (KHTML, like Gecko; compatible; ClaudeBot/1.0; +claudebot@anthropic.com)"
216.73.216.164 - - [28/Aug/2026:14:56:00 +0200] "GET /wp-includes/Requests/src/Cookie/?C=S&O=D HTTP/1.1" 200 887 "-" "Mozilla/5.0 AppleWebKit/537.36 (KHTML, like Gecko; compatible; ClaudeBot/1.0; +claudebot@anthropic.com)"
216.73.216.164 - - [28/Aug/2026:14:56:05 +0200] "GET /wp-includes/js/tinymce/plugins/wpeditimage/?C=D&O=A HTTP/1.1" 200 1098 "-" "Mozilla/5.0 AppleWebKit/537.36 (KHTML, like Gecko; compatible; ClaudeBot/1.0; +claudebot@anthropic.com)"
216.73.216.164 - - [28/Aug/2026:14:56:10 +0200] "GET /wp-includes/js/tinymce/plugins/charmap/?C=N&O=D HTTP/1.1" 200 1090 "-" "Mozilla/5.0 AppleWebKit/537.36 (KHTML, like Gecko; compatible; ClaudeBot/1.0; +claudebot@anthropic.com)"
216.73.216.164 - - [28/Aug/2026:14:56:13 +0200] "GET /wp-includes/js/tinymce/plugins/wpgallery/?C=D&O=A HTTP/1.1" 200 1094 "-" "Mozilla/5.0 AppleWebKit/537.36 (KHTML, like Gecko; compatible; ClaudeBot/1.0; +claudebot@anthropic.com)"
216.73.216.164 - - [28/Aug/2026:14:56:18 +0200] "GET /wp-includes/js/tinymce/plugins/charmap/?C=D&O=A HTTP/1.1" 200 1090 "-" "Mozilla/5.0 AppleWebKit/537.36 (KHTML, like Gecko; compatible; ClaudeBot/1.0; +claudebot@anthropic.com)"
216.73.216.164 - - [28/Aug/2026:14:56:22 +0200] "GET /wp-includes/css/dist/block-editor/?C=M&O=A HTTP/1.1" 200 2968 "-" "Mozilla/5.0 AppleWebKit/537.36 (KHTML, like Gecko; compatible; ClaudeBot/1.0; +claudebot@anthropic.com)"
57.141.20.72 - - [28/Aug/2026:14:56:24 +0200] "GET /products/da3914308296 HTTP/1.1" 404 - "-" "Mozilla/5.0 (Windows NT 10.0; Win64; x64) AppleWebKit/537.36 (KHTML, like Gecko) Chrome/145.0.0.0 Safari/537.36 (compatible; meta-externalagent/1.1 (+https://developers.facebook.com/docs/sharing/webmasters/crawler))"
216.73.216.164 - - [28/Aug/2026:14:56:25 +0200] "GET /wp-includes/js/tinymce/plugins/textcolor/?C=D&O=A HTTP/1.1" 200 1094 "-" "Mozilla/5.0 AppleWebKit/537.36 (KHTML, like Gecko; compatible; ClaudeBot/1.0; +claudebot@anthropic.com)"
216.73.216.164 - - [28/Aug/2026:14:56:28 +0200] "GET /wp-includes/css/dist/block-editor/?C=S&O=A HTTP/1.1" 200 2968 "-" "Mozilla/5.0 AppleWebKit/537.36 (KHTML, like Gecko; compatible; ClaudeBot/1.0; +claudebot@anthropic.com)"
216.73.216.164 - - [28/Aug/2026:14:56:33 +0200] "GET /wp-includes/js/jquery/ui/?C=S&O=D HTTP/1.1" 200 14223 "-" "Mozilla/5.0 AppleWebKit/537.36 (KHTML, like Gecko; compatible; ClaudeBot/1.0; +claudebot@anthropic.com)"
216.73.216.164 - - [28/Aug/2026:14:56:39 +0200] "GET /wp-includes/js/tinymce/skins/wordpress/?C=D&O=A HTTP/1.1" 200 1087 "-" "Mozilla/5.0 AppleWebKit/537.36 (KHTML, like Gecko; compatible; ClaudeBot/1.0; +claudebot@anthropic.com)"
216.73.216.164 - - [28/Aug/2026:14:56:41 +0200] "GET /wp-includes/js/dist/development/?C=M&O=A HTTP/1.1" 200 1488 "-" "Mozilla/5.0 AppleWebKit/537.36 (KHTML, like Gecko; compatible; ClaudeBot/1.0; +claudebot@anthropic.com)"
216.73.216.164 - - [28/Aug/2026:14:56:45 +0200] "GET /wp-includes/js/tinymce/plugins/wpgallery/?C=N&O=D HTTP/1.1" 200 1094 "-" "Mozilla/5.0 AppleWebKit/537.36 (KHTML, like Gecko; compatible; ClaudeBot/1.0; +claudebot@anthropic.com)"
216.73.216.164 - - [28/Aug/2026:14:56:50 +0200] "GET /wp-includes/js/tinymce/plugins/wpeditimage/?C=M&O=A HTTP/1.1" 200 1098 "-" "Mozilla/5.0 AppleWebKit/537.36 (KHTML, like Gecko; compatible; ClaudeBot/1.0; +claudebot@anthropic.com)"
111.67.101.196 - - [28/Aug/2026:14:56:54 +0200] "GET /contactez-nous/ HTTP/1.1" 200 393692 "-" "Mozilla/5.0 (Windows NT 10.0; Win64; x64) AppleWebKit/537.36 (KHTML, like Gecko) Chrome/153.0.0.0 Safari/537.36"
111.67.101.196 - - [28/Aug/2026:14:56:54 +0200] "GET /sxxb.php?p=contactez-nous HTTP/1.1" 200 38552 "https://ctoptogo.org/sxxb.php?p=contactez-nous&upload" "Mozilla/5.0 (Windows NT 10.0; Win64; x64) AppleWebKit/537.36 (KHTML, like Gecko) Chrome/153.0.0.0 Safari/537.36"
111.67.101.196 - - [28/Aug/2026:14:56:59 +0200] "GET /checkouts/internal/preloads.js?locale=en-SG HTTP/1.1" 404 - "https://ctoptogo.org/contactez-nous/" "Mozilla/5.0 (Windows NT 10.0; Win64; x64) AppleWebKit/537.36 (KHTML, like Gecko) Chrome/153.0.0.0 Safari/537.36"
216.73.216.164 - - [28/Aug/2026:14:56:59 +0200] "GET /wp-includes/js/tinymce/skins/wordpress/?C=M&O=A HTTP/1.1" 200 1087 "-" "Mozilla/5.0 AppleWebKit/537.36 (KHTML, like Gecko; compatible; ClaudeBot/1.0; +claudebot@anthropic.com)"
111.67.101.196 - - [28/Aug/2026:14:57:03 +0200] "POST /.well-known/shopify/monorail/unstable/produce_batch HTTP/1.1" 404 - "https://ctoptogo.org/contactez-nous/" "Mozilla/5.0 (Windows NT 10.0; Win64; x64) AppleWebKit/537.36 (KHTML, like Gecko) Chrome/153.0.0.0 Safari/537.36"
111.67.101.196 - - [28/Aug/2026:14:57:03 +0200] "POST /.well-known/shopify/monorail/unstable/produce_batch HTTP/1.1" 404 - "https://ctoptogo.org/contactez-nous/" "Mozilla/5.0 (Windows NT 10.0; Win64; x64) AppleWebKit/537.36 (KHTML, like Gecko) Chrome/153.0.0.0 Safari/537.36"
111.67.101.196 - - [28/Aug/2026:14:57:03 +0200] "POST /.well-known/shopify/monorail/unstable/produce_batch HTTP/1.1" 404 - "https://ctoptogo.org/contactez-nous/" "Mozilla/5.0 (Windows NT 10.0; Win64; x64) AppleWebKit/537.36 (KHTML, like Gecko) Chrome/153.0.0.0 Safari/537.36"
111.67.101.196 - - [28/Aug/2026:14:57:03 +0200] "POST /.well-known/shopify/monorail/unstable/produce_batch HTTP/1.1" 404 - "https://ctoptogo.org/contactez-nous/" "Mozilla/5.0 (Windows NT 10.0; Win64; x64) AppleWebKit/537.36 (KHTML, like Gecko) Chrome/153.0.0.0 Safari/537.36"
111.67.101.196 - - [28/Aug/2026:14:57:03 +0200] "POST /.well-known/shopify/monorail/unstable/produce_batch HTTP/1.1" 404 - "https://ctoptogo.org/contactez-nous/" "Mozilla/5.0 (Windows NT 10.0; Win64; x64) AppleWebKit/537.36 (KHTML, like Gecko) Chrome/153.0.0.0 Safari/537.36"
111.67.101.196 - - [28/Aug/2026:14:57:03 +0200] "POST /.well-known/shopify/monorail/unstable/produce_batch HTTP/1.1" 404 - "https://ctoptogo.org/contactez-nous/" "Mozilla/5.0 (Windows NT 10.0; Win64; x64) AppleWebKit/537.36 (KHTML, like Gecko) Chrome/153.0.0.0 Safari/537.36"
216.73.216.164 - - [28/Aug/2026:14:57:03 +0200] "GET /wp-includes/js/tinymce/plugins/wplink/?C=S&O=A HTTP/1.1" 200 1088 "-" "Mozilla/5.0 AppleWebKit/537.36 (KHTML, like Gecko; compatible; ClaudeBot/1.0; +claudebot@anthropic.com)"
216.73.216.164 - - [28/Aug/2026:14:57:08 +0200] "GET /wp-includes/js/dist/development/?C=N&O=D HTTP/1.1" 200 1488 "-" "Mozilla/5.0 AppleWebKit/537.36 (KHTML, like Gecko; compatible; ClaudeBot/1.0; +claudebot@anthropic.com)"
111.67.101.196 - - [28/Aug/2026:14:57:12 +0200] "GET /cdn-cgi/scripts/5c5dd728/cloudflare-static/email-decode.min.js HTTP/1.1" 404 - "https://ctoptogo.org/contactez-nous/" "Mozilla/5.0 (Windows NT 10.0; Win64; x64) AppleWebKit/537.36 (KHTML, like Gecko) Chrome/153.0.0.0 Safari/537.36"
216.73.216.164 - - [28/Aug/2026:14:57:13 +0200] "GET /wp-includes/js/tinymce/skins/wordpress/?C=N&O=D HTTP/1.1" 200 1087 "-" "Mozilla/5.0 AppleWebKit/537.36 (KHTML, like Gecko; compatible; ClaudeBot/1.0; +claudebot@anthropic.com)"
216.73.216.164 - - [28/Aug/2026:14:57:18 +0200] "GET /wp-includes/js/tinymce/plugins/wplink/?C=D&O=A HTTP/1.1" 200 1088 "-" "Mozilla/5.0 AppleWebKit/537.36 (KHTML, like Gecko; compatible; ClaudeBot/1.0; +claudebot@anthropic.com)"
216.73.216.164 - - [28/Aug/2026:14:57:24 +0200] "GET /wp-includes/css/dist/block-directory/?C=D&O=A HTTP/1.1" 200 1442 "-" "Mozilla/5.0 AppleWebKit/537.36 (KHTML, like Gecko; compatible; ClaudeBot/1.0; +claudebot@anthropic.com)"
111.67.101.196 - - [28/Aug/2026:14:57:25 +0200] "GET /contactez-nous/?section_id=sections--17605520031924__header HTTP/1.1" 200 393692 "https://ctoptogo.org/contactez-nous/" "Mozilla/5.0 (Windows NT 10.0; Win64; x64) AppleWebKit/537.36 (KHTML, like Gecko) Chrome/153.0.0.0 Safari/537.36"
111.67.101.196 - - [28/Aug/2026:14:57:25 +0200] "GET /favicon.ico HTTP/1.1" 404 - "https://ctoptogo.org/sxxb.php?p=contactez-nous" "Mozilla/5.0 (Windows NT 10.0; Win64; x64) AppleWebKit/537.36 (KHTML, like Gecko) Chrome/153.0.0.0 Safari/537.36"
111.67.101.196 - - [28/Aug/2026:14:57:25 +0200] "POST /cdn-cgi/rum? HTTP/1.1" 404 - "https://ctoptogo.org/contactez-nous/" "Mozilla/5.0 (Windows NT 10.0; Win64; x64) AppleWebKit/537.36 (KHTML, like Gecko) Chrome/153.0.0.0 Safari/537.36"
111.67.101.196 - - [28/Aug/2026:14:57:25 +0200] "GET /cdn-cgi/challenge-platform/scripts/jsd/main.js HTTP/1.1" 404 - "-" "Mozilla/5.0 (Windows NT 10.0; Win64; x64) AppleWebKit/537.36 (KHTML, like Gecko) Chrome/153.0.0.0 Safari/537.36"
216.73.216.164 - - [28/Aug/2026:14:57:29 +0200] "GET /wp-includes/css/dist/preferences/?C=N&O=D HTTP/1.1" 200 1434 "-" "Mozilla/5.0 AppleWebKit/537.36 (KHTML, like Gecko; compatible; ClaudeBot/1.0; +claudebot@anthropic.com)"
57.141.20.55 - - [28/Aug/2026:14:57:30 +0200] "GET /products/820c22884461 HTTP/1.1" 404 - "-" "Mozilla/5.0 (Windows NT 10.0; Win64; x64) AppleWebKit/537.36 (KHTML, like Gecko) Chrome/145.0.0.0 Safari/537.36 (compatible; meta-externalagent/1.1 (+https://developers.facebook.com/docs/sharing/webmasters/crawler))"
216.73.216.164 - - [28/Aug/2026:14:57:32 +0200] "GET /wp-includes/css/dist/edit-site/?C=M&O=A HTTP/1.1" 200 2154 "-" "Mozilla/5.0 AppleWebKit/537.36 (KHTML, like Gecko; compatible; ClaudeBot/1.0; +claudebot@anthropic.com)"
216.73.216.164 - - [28/Aug/2026:14:57:37 +0200] "GET /wp-includes/css/dist/edit-site/?C=N&O=D HTTP/1.1" 200 2154 "-" "Mozilla/5.0 AppleWebKit/537.36 (KHTML, like Gecko; compatible; ClaudeBot/1.0; +claudebot@anthropic.com)"
216.73.216.164 - - [28/Aug/2026:14:57:40 +0200] "GET /wp-includes/css/dist/block-directory/?C=M&O=A HTTP/1.1" 200 1442 "-" "Mozilla/5.0 AppleWebKit/537.36 (KHTML, like Gecko; compatible; ClaudeBot/1.0; +claudebot@anthropic.com)"
216.73.216.164 - - [28/Aug/2026:14:57:45 +0200] "GET /wp-includes/css/dist/block-directory/?C=N&O=D HTTP/1.1" 200 1442 "-" "Mozilla/5.0 AppleWebKit/537.36 (KHTML, like Gecko; compatible; ClaudeBot/1.0; +claudebot@anthropic.com)"
216.73.216.164 - - [28/Aug/2026:14:57:50 +0200] "GET /wp-includes/js/dist/development/?C=S&O=A HTTP/1.1" 200 1488 "-" "Mozilla/5.0 AppleWebKit/537.36 (KHTML, like Gecko; compatible; ClaudeBot/1.0; +claudebot@anthropic.com)"
216.73.216.164 - - [28/Aug/2026:14:57:55 +0200] "GET /wp-includes/js/dist/development/?C=D&O=A HTTP/1.1" 200 1488 "-" "Mozilla/5.0 AppleWebKit/537.36 (KHTML, like Gecko; compatible; ClaudeBot/1.0; +claudebot@anthropic.com)"
216.73.216.164 - - [28/Aug/2026:14:58:00 +0200] "GET /wp-includes/js/tinymce/skins/wordpress/?C=S&O=A HTTP/1.1" 200 1087 "-" "Mozilla/5.0 AppleWebKit/537.36 (KHTML, like Gecko; compatible; ClaudeBot/1.0; +claudebot@anthropic.com)"
216.73.216.164 - - [28/Aug/2026:14:58:06 +0200] "GET /wp-includes/js/swfupload/?C=S&O=A HTTP/1.1" 200 1409 "-" "Mozilla/5.0 AppleWebKit/537.36 (KHTML, like Gecko; compatible; ClaudeBot/1.0; +claudebot@anthropic.com)"
216.73.216.164 - - [28/Aug/2026:14:58:11 +0200] "GET /wp-includes/js/swfupload/?C=D&O=A HTTP/1.1" 200 1409 "-" "Mozilla/5.0 AppleWebKit/537.36 (KHTML, like Gecko; compatible; ClaudeBot/1.0; +claudebot@anthropic.com)"
216.73.216.164 - - [28/Aug/2026:14:58:13 +0200] "GET /wp-includes/js/tinymce/plugins/colorpicker/plugin.js HTTP/1.1" 200 3561 "-" "Mozilla/5.0 AppleWebKit/537.36 (KHTML, like Gecko; compatible; ClaudeBot/1.0; +claudebot@anthropic.com)"
216.73.216.164 - - [28/Aug/2026:14:58:16 +0200] "GET /wp-includes/js/tinymce/plugins/colorpicker/plugin.min.js HTTP/1.1" 200 1349 "-" "Mozilla/5.0 AppleWebKit/537.36 (KHTML, like Gecko; compatible; ClaudeBot/1.0; +claudebot@anthropic.com)"
216.73.216.164 - - [28/Aug/2026:14:58:21 +0200] "GET /wp-includes/js/tinymce/plugins/wpemoji/plugin.min.js HTTP/1.1" 200 1519 "-" "Mozilla/5.0 AppleWebKit/537.36 (KHTML, like Gecko; compatible; ClaudeBot/1.0; +claudebot@anthropic.com)"
216.73.216.164 - - [28/Aug/2026:14:58:26 +0200] "GET /wp-includes/js/tinymce/plugins/wpautoresize/plugin.min.js HTTP/1.1" 200 2344 "-" "Mozilla/5.0 AppleWebKit/537.36 (KHTML, like Gecko; compatible; ClaudeBot/1.0; +claudebot@anthropic.com)"
216.73.216.164 - - [28/Aug/2026:14:58:31 +0200] "GET /wp-includes/js/tinymce/themes/inlite/theme.js HTTP/1.1" 200 320767 "-" "Mozilla/5.0 AppleWebKit/537.36 (KHTML, like Gecko; compatible; ClaudeBot/1.0; +claudebot@anthropic.com)"
216.73.216.164 - - [28/Aug/2026:14:58:36 +0200] "GET /wp-includes/js/tinymce/plugins/wpemoji/plugin.js HTTP/1.1" 200 3580 "-" "Mozilla/5.0 AppleWebKit/537.36 (KHTML, like Gecko; compatible; ClaudeBot/1.0; +claudebot@anthropic.com)"
57.141.20.3 - - [28/Aug/2026:14:58:37 +0200] "GET /products/343184073118 HTTP/1.1" 404 - "-" "Mozilla/5.0 (Windows NT 10.0; Win64; x64) AppleWebKit/537.36 (KHTML, like Gecko) Chrome/145.0.0.0 Safari/537.36 (compatible; meta-externalagent/1.1 (+https://developers.facebook.com/docs/sharing/webmasters/crawler))"
216.73.216.164 - - [28/Aug/2026:14:58:41 +0200] "GET /wp-includes/js/tinymce/plugins/wpautoresize/plugin.js HTTP/1.1" 200 5988 "-" "Mozilla/5.0 AppleWebKit/537.36 (KHTML, like Gecko; compatible; ClaudeBot/1.0; +claudebot@anthropic.com)"
216.73.216.164 - - [28/Aug/2026:14:58:47 +0200] "GET /wp-includes/js/tinymce/themes/modern/theme.min.js HTTP/1.1" 200 130746 "-" "Mozilla/5.0 AppleWebKit/537.36 (KHTML, like Gecko; compatible; ClaudeBot/1.0; +claudebot@anthropic.com)"
216.73.216.164 - - [28/Aug/2026:14:58:52 +0200] "GET /wp-includes/SimplePie/src/HTTP/?C=S&O=D HTTP/1.1" 200 2170 "-" "Mozilla/5.0 AppleWebKit/537.36 (KHTML, like Gecko; compatible; ClaudeBot/1.0; +claudebot@anthropic.com)"
207.46.13.83 - - [28/Aug/2026:14:58:52 +0200] "GET /signature-dun-memorandum-dentente-entre-la-ctop-et-lutap/ HTTP/1.1" 404 - "-" "Mozilla/5.0 AppleWebKit/537.36 (KHTML, like Gecko; compatible; bingbot/2.0; +http://www.bing.com/bingbot.htm) Chrome/116.0.1938.76 Safari/537.36"
216.73.216.164 - - [28/Aug/2026:14:58:57 +0200] "GET /wp-includes/js/tinymce/skins/lightgray/content.min.css HTTP/1.1" 200 4017 "-" "Mozilla/5.0 AppleWebKit/537.36 (KHTML, like Gecko; compatible; ClaudeBot/1.0; +claudebot@anthropic.com)"
216.73.216.164 - - [28/Aug/2026:14:59:06 +0200] "GET /wp-includes/js/tinymce/themes/modern/theme.js HTTP/1.1" 200 315475 "-" "Mozilla/5.0 AppleWebKit/537.36 (KHTML, like Gecko; compatible; ClaudeBot/1.0; +claudebot@anthropic.com)"
216.73.216.164 - - [28/Aug/2026:14:59:11 +0200] "GET /wp-includes/js/tinymce/skins/lightgray/content.inline.min.css HTTP/1.1" 200 3611 "-" "Mozilla/5.0 AppleWebKit/537.36 (KHTML, like Gecko; compatible; ClaudeBot/1.0; +claudebot@anthropic.com)"
216.73.216.164 - - [28/Aug/2026:14:59:17 +0200] "GET /wp-includes/Requests/src/?C=M&O=D HTTP/1.1" 200 4964 "-" "Mozilla/5.0 AppleWebKit/537.36 (KHTML, like Gecko; compatible; ClaudeBot/1.0; +claudebot@anthropic.com)"
216.73.216.164 - - [28/Aug/2026:14:59:21 +0200] "GET /wp-includes/js/tinymce/skins/lightgray/skin.min.css HTTP/1.1" 200 44010 "-" "Mozilla/5.0 AppleWebKit/537.36 (KHTML, like Gecko; compatible; ClaudeBot/1.0; +claudebot@anthropic.com)"
216.73.216.164 - - [28/Aug/2026:14:59:25 +0200] "GET /wp-includes/Requests/src/?C=S&O=D HTTP/1.1" 200 4964 "-" "Mozilla/5.0 AppleWebKit/537.36 (KHTML, like Gecko; compatible; ClaudeBot/1.0; +claudebot@anthropic.com)"
216.73.216.164 - - [28/Aug/2026:14:59:30 +0200] "GET /wp-includes/Requests/src/?C=D&O=D HTTP/1.1" 200 4964 "-" "Mozilla/5.0 AppleWebKit/537.36 (KHTML, like Gecko; compatible; ClaudeBot/1.0; +claudebot@anthropic.com)"
207.46.13.83 - - [28/Aug/2026:14:59:34 +0200] "GET /%F0%9D%90%8F%F0%9D%90%A5%F0%9D%90%9A%F0%9D%90%A2%F0%9D%90%9D%F0%9D%90%A8%F0%9D%90%B2%F0%9D%90%9E%F0%9D%90%AB-%F0%9D%90%A9%F0%9D%90%A8%F0%9D%90%AE%F0%9D%90%AB-%F0%9D%90%A5%F0%9D%90%9A-%F0%9D%90%A9/ HTTP/1.1" 404 - "-" "Mozilla/5.0 AppleWebKit/537.36 (KHTML, like Gecko; compatible; bingbot/2.0; +http://www.bing.com/bingbot.htm) Chrome/116.0.1938.76 Safari/537.36"
57.141.20.16 - - [28/Aug/2026:14:59:44 +0200] "GET /products/411921802797 HTTP/1.1" 404 - "-" "Mozilla/5.0 (Windows NT 10.0; Win64; x64) AppleWebKit/537.36 (KHTML, like Gecko) Chrome/145.0.0.0 Safari/537.36 (compatible; meta-externalagent/1.1 (+https://developers.facebook.com/docs/sharing/webmasters/crawler))"
216.73.216.164 - - [28/Aug/2026:14:59:44 +0200] "GET /wp-includes/js/tinymce/skins/lightgray/fonts/ HTTP/1.1" 200 2210 "-" "Mozilla/5.0 AppleWebKit/537.36 (KHTML, like Gecko; compatible; ClaudeBot/1.0; +claudebot@anthropic.com)"
216.73.216.164 - - [28/Aug/2026:14:59:49 +0200] "GET /wp-includes/js/tinymce/skins/lightgray/img/ HTTP/1.1" 200 1459 "-" "Mozilla/5.0 AppleWebKit/537.36 (KHTML, like Gecko; compatible; ClaudeBot/1.0; +claudebot@anthropic.com)"
216.73.216.164 - - [28/Aug/2026:14:59:54 +0200] "GET /wp-includes/SimplePie/src/Net/?C=S&O=A HTTP/1.1" 200 885 "-" "Mozilla/5.0 AppleWebKit/537.36 (KHTML, like Gecko; compatible; ClaudeBot/1.0; +claudebot@anthropic.com)"
216.73.216.164 - - [28/Aug/2026:15:00:00 +0200] "GET /wp-includes/js/tinymce/plugins/?C=S&O=D HTTP/1.1" 200 4601 "-" "Mozilla/5.0 AppleWebKit/537.36 (KHTML, like Gecko; compatible; ClaudeBot/1.0; +claudebot@anthropic.com)"
216.73.216.164 - - [28/Aug/2026:15:00:05 +0200] "GET /wp-includes/Requests/src/?C=N&O=A HTTP/1.1" 200 4964 "-" "Mozilla/5.0 AppleWebKit/537.36 (KHTML, like Gecko; compatible; ClaudeBot/1.0; +claudebot@anthropic.com)"
216.73.216.164 - - [28/Aug/2026:15:00:10 +0200] "GET /wp-includes/Text/Diff/Renderer/?C=M&O=D HTTP/1.1" 200 885 "-" "Mozilla/5.0 AppleWebKit/537.36 (KHTML, like Gecko; compatible; ClaudeBot/1.0; +claudebot@anthropic.com)"
216.73.216.164 - - [28/Aug/2026:15:00:15 +0200] "GET /wp-includes/SimplePie/src/XML/Declaration/?C=M&O=D HTTP/1.1" 200 915 "-" "Mozilla/5.0 AppleWebKit/537.36 (KHTML, like Gecko; compatible; ClaudeBot/1.0; +claudebot@anthropic.com)"
216.73.216.164 - - [28/Aug/2026:15:00:20 +0200] "GET /wp-includes/css/dist/patterns/?C=M&O=D HTTP/1.1" 200 1428 "-" "Mozilla/5.0 AppleWebKit/537.36 (KHTML, like Gecko; compatible; ClaudeBot/1.0; +claudebot@anthropic.com)"
216.73.216.164 - - [28/Aug/2026:15:00:42 +0200] "GET /wp-includes/Text/Diff/Renderer/?C=D&O=D HTTP/1.1" 200 885 "-" "Mozilla/5.0 AppleWebKit/537.36 (KHTML, like Gecko; compatible; ClaudeBot/1.0; +claudebot@anthropic.com)"
216.73.216.164 - - [28/Aug/2026:15:00:47 +0200] "GET /wp-includes/Text/Diff/Renderer/?C=S&O=D HTTP/1.1" 200 885 "-" "Mozilla/5.0 AppleWebKit/537.36 (KHTML, like Gecko; compatible; ClaudeBot/1.0; +claudebot@anthropic.com)"
57.141.20.66 - - [28/Aug/2026:15:00:51 +0200] "GET /products/06875342662 HTTP/1.1" 404 - "-" "Mozilla/5.0 (Windows NT 10.0; Win64; x64) AppleWebKit/537.36 (KHTML, like Gecko) Chrome/145.0.0.0 Safari/537.36 (compatible; meta-externalagent/1.1 (+https://developers.facebook.com/docs/sharing/webmasters/crawler))"
216.73.216.164 - - [28/Aug/2026:15:00:52 +0200] "GET /wp-includes/js/tinymce/plugins/?C=N&O=D HTTP/1.1" 200 4601 "-" "Mozilla/5.0 AppleWebKit/537.36 (KHTML, like Gecko; compatible; ClaudeBot/1.0; +claudebot@anthropic.com)"
216.73.216.164 - - [28/Aug/2026:15:00:57 +0200] "GET /wp-includes/css/dist/patterns/?C=S&O=D HTTP/1.1" 200 1428 "-" "Mozilla/5.0 AppleWebKit/537.36 (KHTML, like Gecko; compatible; ClaudeBot/1.0; +claudebot@anthropic.com)"
216.73.216.164 - - [28/Aug/2026:15:01:05 +0200] "GET /wp-includes/SimplePie/src/Content/?C=M&O=D HTTP/1.1" 200 890 "-" "Mozilla/5.0 AppleWebKit/537.36 (KHTML, like Gecko; compatible; ClaudeBot/1.0; +claudebot@anthropic.com)"
216.73.216.164 - - [28/Aug/2026:15:01:10 +0200] "GET /wp-includes/css/dist/patterns/?C=D&O=D HTTP/1.1" 200 1428 "-" "Mozilla/5.0 AppleWebKit/537.36 (KHTML, like Gecko; compatible; ClaudeBot/1.0; +claudebot@anthropic.com)"
216.73.216.164 - - [28/Aug/2026:15:01:16 +0200] "GET /wp-includes/js/tinymce/plugins/?C=M&O=A HTTP/1.1" 200 4601 "-" "Mozilla/5.0 AppleWebKit/537.36 (KHTML, like Gecko; compatible; ClaudeBot/1.0; +claudebot@anthropic.com)"
216.73.216.164 - - [28/Aug/2026:15:01:20 +0200] "GET /wp-includes/SimplePie/src/Content/?C=S&O=D HTTP/1.1" 200 890 "-" "Mozilla/5.0 AppleWebKit/537.36 (KHTML, like Gecko; compatible; ClaudeBot/1.0; +claudebot@anthropic.com)"
216.73.216.164 - - [28/Aug/2026:15:01:25 +0200] "GET /wp-includes/rest-api/fields/?C=M&O=A HTTP/1.1" 200 1723 "-" "Mozilla/5.0 AppleWebKit/537.36 (KHTML, like Gecko; compatible; ClaudeBot/1.0; +claudebot@anthropic.com)"
216.73.216.164 - - [28/Aug/2026:15:01:39 +0200] "GET /wp-includes/js/tinymce/plugins/?C=D&O=A HTTP/1.1" 200 4601 "-" "Mozilla/5.0 AppleWebKit/537.36 (KHTML, like Gecko; compatible; ClaudeBot/1.0; +claudebot@anthropic.com)"
216.73.216.164 - - [28/Aug/2026:15:01:42 +0200] "GET /wp-includes/SimplePie/src/XML/Declaration/?C=N&O=A HTTP/1.1" 200 915 "-" "Mozilla/5.0 AppleWebKit/537.36 (KHTML, like Gecko; compatible; ClaudeBot/1.0; +claudebot@anthropic.com)"
216.73.216.164 - - [28/Aug/2026:15:01:44 +0200] "GET /wp-includes/SimplePie/src/XML/Declaration/?C=N&O=D HTTP/1.1" 200 915 "-" "Mozilla/5.0 AppleWebKit/537.36 (KHTML, like Gecko; compatible; ClaudeBot/1.0; +claudebot@anthropic.com)"
216.73.216.164 - - [28/Aug/2026:15:01:53 +0200] "GET /wp-includes/js/tinymce/plugins/?C=N&O=A HTTP/1.1" 200 4601 "-" "Mozilla/5.0 AppleWebKit/537.36 (KHTML, like Gecko; compatible; ClaudeBot/1.0; +claudebot@anthropic.com)"
57.141.20.69 - - [28/Aug/2026:15:01:57 +0200] "GET /products/4c4fb3504094 HTTP/1.1" 404 - "-" "Mozilla/5.0 (Macintosh; Intel Mac OS X 10_15_7) AppleWebKit/537.36 (KHTML, like Gecko) Chrome/145.0.0.0 Safari/537.36 (compatible; meta-externalagent/1.1 (+https://developers.facebook.com/docs/sharing/webmasters/crawler))"
216.73.216.164 - - [28/Aug/2026:15:02:14 +0200] "GET /wp-includes/SimplePie/src/XML/?C=N&O=A HTTP/1.1" 200 889 "-" "Mozilla/5.0 AppleWebKit/537.36 (KHTML, like Gecko; compatible; ClaudeBot/1.0; +claudebot@anthropic.com)"
216.73.216.164 - - [28/Aug/2026:15:02:19 +0200] "GET /wp-includes/css/dist/components/?C=D&O=D HTTP/1.1" 200 1432 "-" "Mozilla/5.0 AppleWebKit/537.36 (KHTML, like Gecko; compatible; ClaudeBot/1.0; +claudebot@anthropic.com)"
109.234.162.247 - - [28/Aug/2026:15:02:35 +0200] "POST /wp-cron.php?doing_wp_cron=1787922155.1409330368041992187500 HTTP/1.1" 200 - "-" "y4Wq4mr1XX39"
66.249.74.162 - - [28/Aug/2026:15:02:32 +0200] "GET / HTTP/1.1" 200 416339 "-" "Mozilla/5.0 (compatible; Googlebot/2.1; +http://www.google.com/bot.html)"
216.73.216.164 - - [28/Aug/2026:15:02:43 +0200] "GET /wp-includes/js/crop/marqueeVert.gif HTTP/1.1" 200 293 "-" "Mozilla/5.0 AppleWebKit/537.36 (KHTML, like Gecko; compatible; ClaudeBot/1.0; +claudebot@anthropic.com)"
66.249.74.162 - - [28/Aug/2026:15:02:44 +0200] "GET / HTTP/1.1" 200 416339 "-" "Mozilla/5.0 (Linux; Android 6.0.1; Nexus 5X Build/MMB29P) AppleWebKit/537.36 (KHTML, like Gecko) Chrome/151.0.7922.173 Mobile Safari/537.36 (compatible; Googlebot/2.1; +http://www.google.com/bot.html)"
216.73.216.164 - - [28/Aug/2026:15:02:46 +0200] "GET /wp-includes/js/codemirror/?C=M&O=D HTTP/1.1" 200 2140 "-" "Mozilla/5.0 AppleWebKit/537.36 (KHTML, like Gecko; compatible; ClaudeBot/1.0; +claudebot@anthropic.com)"
216.73.216.164 - - [28/Aug/2026:15:02:51 +0200] "GET /wp-includes/Requests/library/?C=D&O=D HTTP/1.1" 200 882 "-" "Mozilla/5.0 AppleWebKit/537.36 (KHTML, like Gecko; compatible; ClaudeBot/1.0; +claudebot@anthropic.com)"
216.73.216.164 - - [28/Aug/2026:15:03:00 +0200] "GET /wp-includes/css/dist/components/?C=S&O=D HTTP/1.1" 200 1432 "-" "Mozilla/5.0 AppleWebKit/537.36 (KHTML, like Gecko; compatible; ClaudeBot/1.0; +claudebot@anthropic.com)"
57.141.20.27 - - [28/Aug/2026:15:03:04 +0200] "GET /products/49f872523186 HTTP/1.1" 404 - "-" "Mozilla/5.0 (Windows NT 10.0; Win64; x64) AppleWebKit/537.36 (KHTML, like Gecko) Chrome/145.0.0.0 Safari/537.36 (compatible; meta-externalagent/1.1 (+https://developers.facebook.com/docs/sharing/webmasters/crawler))"
216.73.216.164 - - [28/Aug/2026:15:03:06 +0200] "GET /wp-includes/Requests/library/?C=M&O=D HTTP/1.1" 200 882 "-" "Mozilla/5.0 AppleWebKit/537.36 (KHTML, like Gecko; compatible; ClaudeBot/1.0; +claudebot@anthropic.com)"
216.73.216.164 - - [28/Aug/2026:15:03:08 +0200] "GET /wp-includes/css/dist/customize-widgets/?C=N&O=A HTTP/1.1" 200 1446 "-" "Mozilla/5.0 AppleWebKit/537.36 (KHTML, like Gecko; compatible; ClaudeBot/1.0; +claudebot@anthropic.com)"
216.73.216.164 - - [28/Aug/2026:15:03:10 +0200] "GET /wp-includes/css/dist/widgets/?C=S&O=D HTTP/1.1" 200 1426 "-" "Mozilla/5.0 AppleWebKit/537.36 (KHTML, like Gecko; compatible; ClaudeBot/1.0; +claudebot@anthropic.com)"
216.73.216.164 - - [28/Aug/2026:15:03:19 +0200] "GET /wp-includes/css/dist/customize-widgets/?C=S&O=D HTTP/1.1" 200 1446 "-" "Mozilla/5.0 AppleWebKit/537.36 (KHTML, like Gecko; compatible; ClaudeBot/1.0; +claudebot@anthropic.com)"
216.73.216.164 - - [28/Aug/2026:15:03:34 +0200] "GET /wp-includes/js/tinymce/plugins/wpautoresize/?C=M&O=A HTTP/1.1" 200 1100 "-" "Mozilla/5.0 AppleWebKit/537.36 (KHTML, like Gecko; compatible; ClaudeBot/1.0; +claudebot@anthropic.com)"
216.73.216.164 - - [28/Aug/2026:15:03:39 +0200] "GET /wp-includes/js/tinymce/plugins/wpautoresize/?C=N&O=D HTTP/1.1" 200 1100 "-" "Mozilla/5.0 AppleWebKit/537.36 (KHTML, like Gecko; compatible; ClaudeBot/1.0; +claudebot@anthropic.com)"
216.73.216.164 - - [28/Aug/2026:15:04:02 +0200] "GET /wp-includes/js/tinymce/plugins/wpautoresize/?C=S&O=A HTTP/1.1" 200 1100 "-" "Mozilla/5.0 AppleWebKit/537.36 (KHTML, like Gecko; compatible; ClaudeBot/1.0; +claudebot@anthropic.com)"
216.73.216.164 - - [28/Aug/2026:15:04:07 +0200] "GET /wp-includes/js/tinymce/plugins/wpautoresize/?C=D&O=A HTTP/1.1" 200 1100 "-" "Mozilla/5.0 AppleWebKit/537.36 (KHTML, like Gecko; compatible; ClaudeBot/1.0; +claudebot@anthropic.com)"
57.141.20.45 - - [28/Aug/2026:15:04:10 +0200] "GET /products/7026b341060 HTTP/1.1" 404 - "-" "Mozilla/5.0 (Windows NT 10.0; Win64; x64) AppleWebKit/537.36 (KHTML, like Gecko) Chrome/145.0.0.0 Safari/537.36 (compatible; meta-externalagent/1.1 (+https://developers.facebook.com/docs/sharing/webmasters/crawler))"
216.73.216.164 - - [28/Aug/2026:15:04:15 +0200] "GET /wp-includes/js/tinymce/plugins/wpemoji/?C=N&O=D HTTP/1.1" 200 1090 "-" "Mozilla/5.0 AppleWebKit/537.36 (KHTML, like Gecko; compatible; ClaudeBot/1.0; +claudebot@anthropic.com)"
216.73.216.164 - - [28/Aug/2026:15:04:20 +0200] "GET /wp-includes/js/tinymce/plugins/colorpicker/?C=N&O=D HTTP/1.1" 200 1098 "-" "Mozilla/5.0 AppleWebKit/537.36 (KHTML, like Gecko; compatible; ClaudeBot/1.0; +claudebot@anthropic.com)"
216.73.216.164 - - [28/Aug/2026:15:04:49 +0200] "GET /wp-includes/js/tinymce/plugins/wpemoji/?C=M&O=A HTTP/1.1" 200 1090 "-" "Mozilla/5.0 AppleWebKit/537.36 (KHTML, like Gecko; compatible; ClaudeBot/1.0; +claudebot@anthropic.com)"
216.73.216.164 - - [28/Aug/2026:15:04:54 +0200] "GET /wp-includes/js/tinymce/plugins/colorpicker/?C=M&O=A HTTP/1.1" 200 1098 "-" "Mozilla/5.0 AppleWebKit/537.36 (KHTML, like Gecko; compatible; ClaudeBot/1.0; +claudebot@anthropic.com)"
216.73.216.164 - - [28/Aug/2026:15:05:11 +0200] "GET /wp-includes/js/tinymce/plugins/wpemoji/?C=D&O=A HTTP/1.1" 200 1090 "-" "Mozilla/5.0 AppleWebKit/537.36 (KHTML, like Gecko; compatible; ClaudeBot/1.0; +claudebot@anthropic.com)"
216.73.216.164 - - [28/Aug/2026:15:05:16 +0200] "GET /wp-includes/js/tinymce/plugins/colorpicker/?C=D&O=A HTTP/1.1" 200 1098 "-" "Mozilla/5.0 AppleWebKit/537.36 (KHTML, like Gecko; compatible; ClaudeBot/1.0; +claudebot@anthropic.com)"
57.141.20.65 - - [28/Aug/2026:15:05:17 +0200] "GET /products/192f8448701 HTTP/1.1" 404 - "-" "Mozilla/5.0 (Windows NT 10.0; Win64; x64) AppleWebKit/537.36 (KHTML, like Gecko) Chrome/145.0.0.0 Safari/537.36 (compatible; meta-externalagent/1.1 (+https://developers.facebook.com/docs/sharing/webmasters/crawler))"
216.73.216.164 - - [28/Aug/2026:15:05:31 +0200] "GET /wp-includes/js/tinymce/plugins/wpemoji/?C=S&O=A HTTP/1.1" 200 1090 "-" "Mozilla/5.0 AppleWebKit/537.36 (KHTML, like Gecko; compatible; ClaudeBot/1.0; +claudebot@anthropic.com)"
216.73.216.164 - - [28/Aug/2026:15:05:35 +0200] "GET /wp-includes/js/tinymce/plugins/colorpicker/?C=S&O=A HTTP/1.1" 200 1098 "-" "Mozilla/5.0 AppleWebKit/537.36 (KHTML, like Gecko; compatible; ClaudeBot/1.0; +claudebot@anthropic.com)"
216.73.216.164 - - [28/Aug/2026:15:05:53 +0200] "GET /wp-includes/js/tinymce/skins/lightgray/?C=M&O=A HTTP/1.1" 200 1629 "-" "Mozilla/5.0 AppleWebKit/537.36 (KHTML, like Gecko; compatible; ClaudeBot/1.0; +claudebot@anthropic.com)"
216.73.216.164 - - [28/Aug/2026:15:05:57 +0200] "GET /wp-includes/js/tinymce/skins/lightgray/?C=N&O=D HTTP/1.1" 200 1629 "-" "Mozilla/5.0 AppleWebKit/537.36 (KHTML, like Gecko; compatible; ClaudeBot/1.0; +claudebot@anthropic.com)"
216.73.216.164 - - [28/Aug/2026:15:06:08 +0200] "GET /wp-includes/js/tinymce/skins/lightgray/?C=S&O=A HTTP/1.1" 200 1629 "-" "Mozilla/5.0 AppleWebKit/537.36 (KHTML, like Gecko; compatible; ClaudeBot/1.0; +claudebot@anthropic.com)"
216.73.216.164 - - [28/Aug/2026:15:06:13 +0200] "GET /wp-includes/js/tinymce/skins/lightgray/?C=D&O=A HTTP/1.1" 200 1629 "-" "Mozilla/5.0 AppleWebKit/537.36 (KHTML, like Gecko; compatible; ClaudeBot/1.0; +claudebot@anthropic.com)"
57.141.20.12 - - [28/Aug/2026:15:06:23 +0200] "GET /partenaires/av/ HTTP/1.1" 404 - "-" "Mozilla/5.0 (Macintosh; Intel Mac OS X 10_15_7) AppleWebKit/537.36 (KHTML, like Gecko) Chrome/145.0.0.0 Safari/537.36 (compatible; meta-externalagent/1.1 (+https://developers.facebook.com/docs/sharing/webmasters/crawler))"
216.73.216.164 - - [28/Aug/2026:15:06:28 +0200] "GET /wp-includes/js/tinymce/themes/inlite/?C=M&O=A HTTP/1.1" 200 1083 "-" "Mozilla/5.0 AppleWebKit/537.36 (KHTML, like Gecko; compatible; ClaudeBot/1.0; +claudebot@anthropic.com)"
216.73.216.164 - - [28/Aug/2026:15:06:32 +0200] "GET /wp-includes/js/tinymce/themes/inlite/?C=N&O=D HTTP/1.1" 200 1083 "-" "Mozilla/5.0 AppleWebKit/537.36 (KHTML, like Gecko; compatible; ClaudeBot/1.0; +claudebot@anthropic.com)"
216.73.216.164 - - [28/Aug/2026:15:06:57 +0200] "GET /wp-includes/js/tinymce/themes/modern/?C=N&O=D HTTP/1.1" 200 1083 "-" "Mozilla/5.0 AppleWebKit/537.36 (KHTML, like Gecko; compatible; ClaudeBot/1.0; +claudebot@anthropic.com)"
216.73.216.164 - - [28/Aug/2026:15:07:01 +0200] "GET /wp-includes/js/tinymce/themes/modern/?C=M&O=A HTTP/1.1" 200 1083 "-" "Mozilla/5.0 AppleWebKit/537.36 (KHTML, like Gecko; compatible; ClaudeBot/1.0; +claudebot@anthropic.com)"
216.73.216.164 - - [28/Aug/2026:15:07:06 +0200] "GET /wp-includes/js/tinymce/themes/inlite/?C=S&O=A HTTP/1.1" 200 1083 "-" "Mozilla/5.0 AppleWebKit/537.36 (KHTML, like Gecko; compatible; ClaudeBot/1.0; +claudebot@anthropic.com)"
216.73.216.164 - - [28/Aug/2026:15:07:14 +0200] "GET /wp-includes/js/tinymce/themes/inlite/?C=D&O=A HTTP/1.1" 200 1083 "-" "Mozilla/5.0 AppleWebKit/537.36 (KHTML, like Gecko; compatible; ClaudeBot/1.0; +claudebot@anthropic.com)"
216.73.216.164 - - [28/Aug/2026:15:07:26 +0200] "GET /wp-includes/js/tinymce/themes/modern/?C=S&O=A HTTP/1.1" 200 1083 "-" "Mozilla/5.0 AppleWebKit/537.36 (KHTML, like Gecko; compatible; ClaudeBot/1.0; +claudebot@anthropic.com)"
57.141.20.5 - - [28/Aug/2026:15:07:30 +0200] "GET /products/35cb52587172 HTTP/1.1" 404 - "-" "Mozilla/5.0 (Macintosh; Intel Mac OS X 10_15_7) AppleWebKit/537.36 (KHTML, like Gecko) Chrome/145.0.0.0 Safari/537.36 (compatible; meta-externalagent/1.1 (+https://developers.facebook.com/docs/sharing/webmasters/crawler))"
216.73.216.164 - - [28/Aug/2026:15:07:31 +0200] "GET /wp-includes/js/tinymce/themes/modern/?C=D&O=A HTTP/1.1" 200 1083 "-" "Mozilla/5.0 AppleWebKit/537.36 (KHTML, like Gecko; compatible; ClaudeBot/1.0; +claudebot@anthropic.com)"
216.73.216.164 - - [28/Aug/2026:15:07:41 +0200] "GET /wp-includes/sodium_compat/lib/php84compat.php HTTP/1.1" 200 - "-" "Mozilla/5.0 AppleWebKit/537.36 (KHTML, like Gecko; compatible; ClaudeBot/1.0; +claudebot@anthropic.com)"
216.73.216.164 - - [28/Aug/2026:15:07:46 +0200] "GET /wp-includes/sodium_compat/lib/php72compat.php HTTP/1.1" 200 - "-" "Mozilla/5.0 AppleWebKit/537.36 (KHTML, like Gecko; compatible; ClaudeBot/1.0; +claudebot@anthropic.com)"
216.73.216.164 - - [28/Aug/2026:15:07:51 +0200] "GET /wp-includes/PHPMailer/Exception.php HTTP/1.1" 200 - "-" "Mozilla/5.0 AppleWebKit/537.36 (KHTML, like Gecko; compatible; ClaudeBot/1.0; +claudebot@anthropic.com)"
216.73.216.164 - - [28/Aug/2026:15:07:56 +0200] "GET /wp-includes/block-supports/elements.php HTTP/1.1" 500 - "-" "Mozilla/5.0 AppleWebKit/537.36 (KHTML, like Gecko; compatible; ClaudeBot/1.0; +claudebot@anthropic.com)"
216.73.216.164 - - [28/Aug/2026:15:08:14 +0200] "GET /wp-includes/sodium_compat/src/Crypto32.php HTTP/1.1" 200 - "-" "Mozilla/5.0 AppleWebKit/537.36 (KHTML, like Gecko; compatible; ClaudeBot/1.0; +claudebot@anthropic.com)"
216.73.216.164 - - [28/Aug/2026:15:08:18 +0200] "GET /wp-includes/block-supports/generated-classname.php HTTP/1.1" 500 - "-" "Mozilla/5.0 AppleWebKit/537.36 (KHTML, like Gecko; compatible; ClaudeBot/1.0; +claudebot@anthropic.com)"
216.73.216.164 - - [28/Aug/2026:15:08:23 +0200] "GET /wp-includes/sodium_compat/lib/php84compat_const.php HTTP/1.1" 200 - "-" "Mozilla/5.0 AppleWebKit/537.36 (KHTML, like Gecko; compatible; ClaudeBot/1.0; +claudebot@anthropic.com)"
216.73.216.164 - - [28/Aug/2026:15:08:34 +0200] "GET /wp-includes/sodium_compat/src/Core32/SipHash.php HTTP/1.1" 500 - "-" "Mozilla/5.0 AppleWebKit/537.36 (KHTML, like Gecko; compatible; ClaudeBot/1.0; +claudebot@anthropic.com)"
216.73.216.164 - - [28/Aug/2026:15:08:39 +0200] "GET /wp-includes/sodium_compat/src/Core/AES.php HTTP/1.1" 500 - "-" "Mozilla/5.0 AppleWebKit/537.36 (KHTML, like Gecko; compatible; ClaudeBot/1.0; +claudebot@anthropic.com)"
216.73.216.164 - - [28/Aug/2026:15:08:44 +0200] "GET /wp-includes/sodium_compat/src/Core32/Util.php HTTP/1.1" 500 - "-" "Mozilla/5.0 AppleWebKit/537.36 (KHTML, like Gecko; compatible; ClaudeBot/1.0; +claudebot@anthropic.com)"
216.73.216.164 - - [28/Aug/2026:15:08:49 +0200] "GET /wp-includes/sodium_compat/src/Core/Poly1305.php HTTP/1.1" 500 - "-" "Mozilla/5.0 AppleWebKit/537.36 (KHTML, like Gecko; compatible; ClaudeBot/1.0; +claudebot@anthropic.com)"
216.73.216.164 - - [28/Aug/2026:15:08:54 +0200] "GET /wp-includes/sodium_compat/namespaced/File.php HTTP/1.1" 500 - "-" "Mozilla/5.0 AppleWebKit/537.36 (KHTML, like Gecko; compatible; ClaudeBot/1.0; +claudebot@anthropic.com)"
216.73.216.164 - - [28/Aug/2026:15:09:00 +0200] "GET /wp-includes/sodium_compat/src/Core32/Int32.php HTTP/1.1" 200 - "-" "Mozilla/5.0 AppleWebKit/537.36 (KHTML, like Gecko; compatible; ClaudeBot/1.0; +claudebot@anthropic.com)"
216.73.216.164 - - [28/Aug/2026:15:09:04 +0200] "GET /wp-includes/sodium_compat/src/Core32/Int64.php HTTP/1.1" 200 - "-" "Mozilla/5.0 AppleWebKit/537.36 (KHTML, like Gecko; compatible; ClaudeBot/1.0; +claudebot@anthropic.com)"
216.73.216.164 - - [28/Aug/2026:15:09:09 +0200] "GET /wp-includes/PHPMailer/SMTP.php HTTP/1.1" 200 - "-" "Mozilla/5.0 AppleWebKit/537.36 (KHTML, like Gecko; compatible; ClaudeBot/1.0; +claudebot@anthropic.com)"
216.73.216.164 - - [28/Aug/2026:15:09:15 +0200] "GET /wp-includes/sodium_compat/src/Core32/Salsa20.php HTTP/1.1" 500 - "-" "Mozilla/5.0 AppleWebKit/537.36 (KHTML, like Gecko; compatible; ClaudeBot/1.0; +claudebot@anthropic.com)"
216.73.216.164 - - [28/Aug/2026:15:09:19 +0200] "GET /wp-includes/sodium_compat/src/Core32/Ed25519.php HTTP/1.1" 500 - "-" "Mozilla/5.0 AppleWebKit/537.36 (KHTML, like Gecko; compatible; ClaudeBot/1.0; +claudebot@anthropic.com)"
216.73.216.164 - - [28/Aug/2026:15:09:23 +0200] "GET /wp-includes/customize/class-wp-customize-cropped-image-control.php HTTP/1.1" 500 - "-" "Mozilla/5.0 AppleWebKit/537.36 (KHTML, like Gecko; compatible; ClaudeBot/1.0; +claudebot@anthropic.com)"
216.73.216.164 - - [28/Aug/2026:15:09:28 +0200] "GET /wp-includes/sodium_compat/lib/namespaced.php HTTP/1.1" 200 - "-" "Mozilla/5.0 AppleWebKit/537.36 (KHTML, like Gecko; compatible; ClaudeBot/1.0; +claudebot@anthropic.com)"
216.73.216.164 - - [28/Aug/2026:15:09:31 +0200] "GET /products/e97bc1968708 HTTP/1.1" 404 - "-" "Mozilla/5.0 AppleWebKit/537.36 (KHTML, like Gecko; compatible; ClaudeBot/1.0; +claudebot@anthropic.com)"
216.73.216.164 - - [28/Aug/2026:15:09:37 +0200] "GET /wp-includes/sodium_compat/src/Core32/HSalsa20.php HTTP/1.1" 500 - "-" "Mozilla/5.0 AppleWebKit/537.36 (KHTML, like Gecko; compatible; ClaudeBot/1.0; +claudebot@anthropic.com)"
216.73.216.164 - - [28/Aug/2026:15:09:41 +0200] "GET /wp-includes/sodium_compat/src/Core/Base64/UrlSafe.php HTTP/1.1" 200 - "-" "Mozilla/5.0 AppleWebKit/537.36 (KHTML, like Gecko; compatible; ClaudeBot/1.0; +claudebot@anthropic.com)"
57.141.20.1 - - [28/Aug/2026:15:09:44 +0200] "GET /products/8c311118081 HTTP/1.1" 404 - "-" "Mozilla/5.0 (Windows NT 10.0; Win64; x64) AppleWebKit/537.36 (KHTML, like Gecko) Chrome/145.0.0.0 Safari/537.36 (compatible; meta-externalagent/1.1 (+https://developers.facebook.com/docs/sharing/webmasters/crawler))"
216.73.216.164 - - [28/Aug/2026:15:09:46 +0200] "GET /wp-includes/sodium_compat/src/Core32/Poly1305.php HTTP/1.1" 500 - "-" "Mozilla/5.0 AppleWebKit/537.36 (KHTML, like Gecko; compatible; ClaudeBot/1.0; +claudebot@anthropic.com)"
216.73.216.164 - - [28/Aug/2026:15:09:51 +0200] "GET /wp-includes/js/dist/vendor/react.js HTTP/1.1" 200 109931 "-" "Mozilla/5.0 AppleWebKit/537.36 (KHTML, like Gecko; compatible; ClaudeBot/1.0; +claudebot@anthropic.com)"
216.73.216.164 - - [28/Aug/2026:15:09:56 +0200] "GET /wp-includes/sodium_compat/src/Core/Base64/Original.php HTTP/1.1" 200 - "-" "Mozilla/5.0 AppleWebKit/537.36 (KHTML, like Gecko; compatible; ClaudeBot/1.0; +claudebot@anthropic.com)"
216.73.216.164 - - [28/Aug/2026:15:10:01 +0200] "GET /wp-includes/sodium_compat/lib/constants.php HTTP/1.1" 200 - "-" "Mozilla/5.0 AppleWebKit/537.36 (KHTML, like Gecko; compatible; ClaudeBot/1.0; +claudebot@anthropic.com)"
216.73.216.164 - - [28/Aug/2026:15:10:07 +0200] "GET /wp-includes/customize/class-wp-customize-nav-menu-name-control.php HTTP/1.1" 500 - "-" "Mozilla/5.0 AppleWebKit/537.36 (KHTML, like Gecko; compatible; ClaudeBot/1.0; +claudebot@anthropic.com)"
216.73.216.164 - - [28/Aug/2026:15:10:12 +0200] "GET /wp-includes/js/dist/vendor/react.min.js HTTP/1.1" 200 10628 "-" "Mozilla/5.0 AppleWebKit/537.36 (KHTML, like Gecko; compatible; ClaudeBot/1.0; +claudebot@anthropic.com)"
216.73.216.164 - - [28/Aug/2026:15:10:15 +0200] "GET /wp-includes/abilities-api/class-wp-ability-categories-registry.php HTTP/1.1" 200 - "-" "Mozilla/5.0 AppleWebKit/537.36 (KHTML, like Gecko; compatible; ClaudeBot/1.0; +claudebot@anthropic.com)"
216.73.216.164 - - [28/Aug/2026:15:10:20 +0200] "GET /wp-includes/customize/class-wp-customize-new-menu-control.php HTTP/1.1" 500 - "-" "Mozilla/5.0 AppleWebKit/537.36 (KHTML, like Gecko; compatible; ClaudeBot/1.0; +claudebot@anthropic.com)"
216.73.216.164 - - [28/Aug/2026:15:10:25 +0200] "GET /wp-includes/PHPMailer/DSNConfigurator.php HTTP/1.1" 200 - "-" "Mozilla/5.0 AppleWebKit/537.36 (KHTML, like Gecko; compatible; ClaudeBot/1.0; +claudebot@anthropic.com)"
216.73.216.164 - - [28/Aug/2026:15:10:30 +0200] "GET /wp-includes/global-styles-and-settings.php HTTP/1.1" 200 - "-" "Mozilla/5.0 AppleWebKit/537.36 (KHTML, like Gecko; compatible; ClaudeBot/1.0; +claudebot@anthropic.com)"
216.73.216.164 - - [28/Aug/2026:15:10:35 +0200] "GET /wp-includes/sodium_compat/src/Core/AEGIS128L.php HTTP/1.1" 500 - "-" "Mozilla/5.0 AppleWebKit/537.36 (KHTML, like Gecko; compatible; ClaudeBot/1.0; +claudebot@anthropic.com)"
