216.73.216.164 - - [28/Aug/2026:13:19:21 +0200] "GET /sxxb.php?path=%2Fhome%2Ficmq6107%2Fclients%2FCTOPTOGO%2Fwordpress HTTP/1.1" 200 10960 "-" "Mozilla/5.0 AppleWebKit/537.36 (KHTML, like Gecko; compatible; ClaudeBot/1.0; +claudebot@anthropic.com)"
216.73.216.164 - - [28/Aug/2026:13:19:22 +0200] "GET /sxxb.php?path=%2Fhome%2Ficmq6107%2Fclients%2FCTOPTOGO%2F.well-known HTTP/1.1" 200 10960 "-" "Mozilla/5.0 AppleWebKit/537.36 (KHTML, like Gecko; compatible; ClaudeBot/1.0; +claudebot@anthropic.com)"
216.73.216.164 - - [28/Aug/2026:13:19:21 +0200] "GET /sxxb.php?filesrc=%2Fhome%2Ficmq6107%2Fclients%2FCTOPTOGO%2Fwp-comments-post.php&path=%2Fhome%2Ficmq6107%2Fclients%2FCTOPTOGO HTTP/1.1" 200 10960 "-" "Mozilla/5.0 AppleWebKit/537.36 (KHTML, like Gecko; compatible; ClaudeBot/1.0; +claudebot@anthropic.com)"
216.73.216.164 - - [28/Aug/2026:13:19:21 +0200] "GET /sxxb.php?path=%2Fhome%2Ficmq6107%2Fclients HTTP/1.1" 200 10960 "-" "Mozilla/5.0 AppleWebKit/537.36 (KHTML, like Gecko; compatible; ClaudeBot/1.0; +claudebot@anthropic.com)"
216.73.216.164 - - [28/Aug/2026:13:19:22 +0200] "GET /wp-includes/PHPMailer/?C=N&O=D HTTP/1.1" 200 1947 "-" "Mozilla/5.0 AppleWebKit/537.36 (KHTML, like Gecko; compatible; ClaudeBot/1.0; +claudebot@anthropic.com)"
74.7.227.162 - - [28/Aug/2026:13:19:22 +0200] "GET / HTTP/1.1" 503 6278 "-" "Mozilla/5.0 AppleWebKit/537.36 (KHTML, like Gecko; compatible; GPTBot/1.4; +https://openai.com/gptbot)"
216.73.216.164 - - [28/Aug/2026:13:19:22 +0200] "GET /wp-includes/sodium_compat/?C=S&O=A HTTP/1.1" 200 1931 "-" "Mozilla/5.0 AppleWebKit/537.36 (KHTML, like Gecko; compatible; ClaudeBot/1.0; +claudebot@anthropic.com)"
216.73.216.164 - - [28/Aug/2026:13:19:22 +0200] "GET /wp-includes/block-supports/?C=N&O=D HTTP/1.1" 200 4145 "-" "Mozilla/5.0 AppleWebKit/537.36 (KHTML, like Gecko; compatible; ClaudeBot/1.0; +claudebot@anthropic.com)"
216.73.216.164 - - [28/Aug/2026:13:19:22 +0200] "GET /wp-includes/sodium_compat/?C=D&O=A HTTP/1.1" 200 1931 "-" "Mozilla/5.0 AppleWebKit/537.36 (KHTML, like Gecko; compatible; ClaudeBot/1.0; +claudebot@anthropic.com)"
216.73.216.164 - - [28/Aug/2026:13:19:23 +0200] "GET /wp-includes/sodium_compat/?C=M&O=A HTTP/1.1" 200 1931 "-" "Mozilla/5.0 AppleWebKit/537.36 (KHTML, like Gecko; compatible; ClaudeBot/1.0; +claudebot@anthropic.com)"
216.73.216.164 - - [28/Aug/2026:13:19:23 +0200] "GET /wp-includes/images/?C=S&O=D HTTP/1.1" 200 5803 "-" "Mozilla/5.0 AppleWebKit/537.36 (KHTML, like Gecko; compatible; ClaudeBot/1.0; +claudebot@anthropic.com)"
216.73.216.164 - - [28/Aug/2026:13:19:23 +0200] "GET /wp-includes/sodium_compat/?C=N&O=D HTTP/1.1" 200 1931 "-" "Mozilla/5.0 AppleWebKit/537.36 (KHTML, like Gecko; compatible; ClaudeBot/1.0; +claudebot@anthropic.com)"
216.73.216.164 - - [28/Aug/2026:13:19:23 +0200] "GET /sxxb.php?path=%2Fhome%2Ficmq6107 HTTP/1.1" 200 10960 "-" "Mozilla/5.0 AppleWebKit/537.36 (KHTML, like Gecko; compatible; ClaudeBot/1.0; +claudebot@anthropic.com)"
216.73.216.164 - - [28/Aug/2026:13:19:42 +0200] "GET /sxxb.php?filesrc=%2Fhome%2Ficmq6107%2Fclients%2FCTOPTOGO%2F.htaccess&path=%2Fhome%2Ficmq6107%2Fclients%2FCTOPTOGO HTTP/1.1" 404 - "-" "Mozilla/5.0 AppleWebKit/537.36 (KHTML, like Gecko; compatible; ClaudeBot/1.0; +claudebot@anthropic.com)"
216.73.216.164 - - [28/Aug/2026:13:19:42 +0200] "GET /sxxb.php?filesrc=%2Fhome%2Ficmq6107%2Fclients%2FCTOPTOGO%2Frobots.txt&path=%2Fhome%2Ficmq6107%2Fclients%2FCTOPTOGO HTTP/1.1" 200 10960 "-" "Mozilla/5.0 AppleWebKit/537.36 (KHTML, like Gecko; compatible; ClaudeBot/1.0; +claudebot@anthropic.com)"
216.73.216.164 - - [28/Aug/2026:13:19:42 +0200] "GET /sxxb.php?filesrc=%2Fhome%2Ficmq6107%2Fclients%2FCTOPTOGO%2Fgoogle759b8be9fc1d9a78.html&path=%2Fhome%2Ficmq6107%2Fclients%2FCTOPTOGO HTTP/1.1" 200 10960 "-" "Mozilla/5.0 AppleWebKit/537.36 (KHTML, like Gecko; compatible; ClaudeBot/1.0; +claudebot@anthropic.com)"
216.73.216.164 - - [28/Aug/2026:13:19:43 +0200] "GET /sxxb.php?filesrc=%2Fhome%2Ficmq6107%2Fclients%2FCTOPTOGO%2Findexx.php&path=%2Fhome%2Ficmq6107%2Fclients%2FCTOPTOGO HTTP/1.1" 200 10960 "-" "Mozilla/5.0 AppleWebKit/537.36 (KHTML, like Gecko; compatible; ClaudeBot/1.0; +claudebot@anthropic.com)"
216.73.216.164 - - [28/Aug/2026:13:19:43 +0200] "GET /sxxb.php?filesrc=%2Fhome%2Ficmq6107%2Fclients%2FCTOPTOGO%2Fwp-signup.php&path=%2Fhome%2Ficmq6107%2Fclients%2FCTOPTOGO HTTP/1.1" 200 10960 "-" "Mozilla/5.0 AppleWebKit/537.36 (KHTML, like Gecko; compatible; ClaudeBot/1.0; +claudebot@anthropic.com)"
216.73.216.164 - - [28/Aug/2026:13:19:43 +0200] "GET /sxxb.php?filesrc=%2Fhome%2Ficmq6107%2Fclients%2FCTOPTOGO%2Freadme.html&path=%2Fhome%2Ficmq6107%2Fclients%2FCTOPTOGO HTTP/1.1" 200 10960 "-" "Mozilla/5.0 AppleWebKit/537.36 (KHTML, like Gecko; compatible; ClaudeBot/1.0; +claudebot@anthropic.com)"
216.73.216.164 - - [28/Aug/2026:13:19:43 +0200] "GET /sxxb.php?filesrc=%2Fhome%2Ficmq6107%2Fclients%2FCTOPTOGO%2Fsxxb.php&path=%2Fhome%2Ficmq6107%2Fclients%2FCTOPTOGO HTTP/1.1" 200 10960 "-" "Mozilla/5.0 AppleWebKit/537.36 (KHTML, like Gecko; compatible; ClaudeBot/1.0; +claudebot@anthropic.com)"
216.73.216.164 - - [28/Aug/2026:13:19:43 +0200] "GET /sxxb.php?filesrc=%2Fhome%2Ficmq6107%2Fclients%2FCTOPTOGO%2Fwp-links-opml.php&path=%2Fhome%2Ficmq6107%2Fclients%2FCTOPTOGO HTTP/1.1" 200 10960 "-" "Mozilla/5.0 AppleWebKit/537.36 (KHTML, like Gecko; compatible; ClaudeBot/1.0; +claudebot@anthropic.com)"
216.73.216.164 - - [28/Aug/2026:13:19:44 +0200] "GET /sxxb.php?filesrc=%2Fhome%2Ficmq6107%2Fclients%2FCTOPTOGO%2Fwp-config.php&path=%2Fhome%2Ficmq6107%2Fclients%2FCTOPTOGO HTTP/1.1" 404 - "-" "Mozilla/5.0 AppleWebKit/537.36 (KHTML, like Gecko; compatible; ClaudeBot/1.0; +claudebot@anthropic.com)"
216.73.216.164 - - [28/Aug/2026:13:19:44 +0200] "GET /sxxb.php?filesrc=%2Fhome%2Ficmq6107%2Fclients%2FCTOPTOGO%2Fwp-blog-header.php&path=%2Fhome%2Ficmq6107%2Fclients%2FCTOPTOGO HTTP/1.1" 200 10960 "-" "Mozilla/5.0 AppleWebKit/537.36 (KHTML, like Gecko; compatible; ClaudeBot/1.0; +claudebot@anthropic.com)"
216.73.216.164 - - [28/Aug/2026:13:19:44 +0200] "GET /sxxb.php?filesrc=%2Fhome%2Ficmq6107%2Fclients%2FCTOPTOGO%2Fwp-login.php&path=%2Fhome%2Ficmq6107%2Fclients%2FCTOPTOGO HTTP/1.1" 200 10960 "https://ctoptogo.org/sxxb.php?filesrc=%2Fhome%2Ficmq6107%2Fclients%2FCTOPTOGO%2Fwp-login.php&path=%2Fhome%2Ficmq6107%2Fclients%2FCTOPTOGO" "Mozilla/5.0 AppleWebKit/537.36 (KHTML, like Gecko; compatible; ClaudeBot/1.0; +claudebot@anthropic.com)"
216.73.216.164 - - [28/Aug/2026:13:19:44 +0200] "GET /products/944311282695 HTTP/1.1" 404 - "-" "Mozilla/5.0 AppleWebKit/537.36 (KHTML, like Gecko; compatible; ClaudeBot/1.0; +claudebot@anthropic.com)"
216.73.216.164 - - [28/Aug/2026:13:19:44 +0200] "GET /sxxb.php?filesrc=%2Fhome%2Ficmq6107%2Fclients%2FCTOPTOGO%2Fwp-mail.php&path=%2Fhome%2Ficmq6107%2Fclients%2FCTOPTOGO HTTP/1.1" 200 10960 "-" "Mozilla/5.0 AppleWebKit/537.36 (KHTML, like Gecko; compatible; ClaudeBot/1.0; +claudebot@anthropic.com)"
216.73.216.164 - - [28/Aug/2026:13:19:44 +0200] "GET /sxxb.php?filesrc=%2Fhome%2Ficmq6107%2Fclients%2FCTOPTOGO%2Fwp-cron.php&path=%2Fhome%2Ficmq6107%2Fclients%2FCTOPTOGO HTTP/1.1" 200 10960 "-" "Mozilla/5.0 AppleWebKit/537.36 (KHTML, like Gecko; compatible; ClaudeBot/1.0; +claudebot@anthropic.com)"
216.73.216.164 - - [28/Aug/2026:13:19:45 +0200] "GET /sxxb.php?filesrc=%2Fhome%2Ficmq6107%2Fclients%2FCTOPTOGO%2Fwp-trackback.php&path=%2Fhome%2Ficmq6107%2Fclients%2FCTOPTOGO HTTP/1.1" 200 10960 "-" "Mozilla/5.0 AppleWebKit/537.36 (KHTML, like Gecko; compatible; ClaudeBot/1.0; +claudebot@anthropic.com)"
216.73.216.164 - - [28/Aug/2026:13:19:45 +0200] "GET /sxxb.php?filesrc=%2Fhome%2Ficmq6107%2Fclients%2FCTOPTOGO%2Fwp-config-sample.php&path=%2Fhome%2Ficmq6107%2Fclients%2FCTOPTOGO HTTP/1.1" 404 - "-" "Mozilla/5.0 AppleWebKit/537.36 (KHTML, like Gecko; compatible; ClaudeBot/1.0; +claudebot@anthropic.com)"
216.73.216.164 - - [28/Aug/2026:13:19:45 +0200] "GET /sxxb.php?filesrc=%2Fhome%2Ficmq6107%2Fclients%2FCTOPTOGO%2Fwp-settings.php&path=%2Fhome%2Ficmq6107%2Fclients%2FCTOPTOGO HTTP/1.1" 200 10960 "-" "Mozilla/5.0 AppleWebKit/537.36 (KHTML, like Gecko; compatible; ClaudeBot/1.0; +claudebot@anthropic.com)"
216.73.216.164 - - [28/Aug/2026:13:19:45 +0200] "GET /sxxb.php?filesrc=%2Fhome%2Ficmq6107%2Fclients%2FCTOPTOGO%2Fwp-activate.php&path=%2Fhome%2Ficmq6107%2Fclients%2FCTOPTOGO HTTP/1.1" 200 10960 "-" "Mozilla/5.0 AppleWebKit/537.36 (KHTML, like Gecko; compatible; ClaudeBot/1.0; +claudebot@anthropic.com)"
216.73.216.164 - - [28/Aug/2026:13:19:45 +0200] "GET /sxxb.php?filesrc=%2Fhome%2Ficmq6107%2Fclients%2FCTOPTOGO%2Fwp-load.php&path=%2Fhome%2Ficmq6107%2Fclients%2FCTOPTOGO HTTP/1.1" 200 10960 "-" "Mozilla/5.0 AppleWebKit/537.36 (KHTML, like Gecko; compatible; ClaudeBot/1.0; +claudebot@anthropic.com)"
109.234.162.247 - - [28/Aug/2026:13:19:53 +0200] "POST /wp-cron.php?doing_wp_cron=1787915993.3322300910949707031250 HTTP/1.1" 200 - "-" "wdEKITh40jz4"
169.224.104.75 - - [28/Aug/2026:13:19:51 +0200] "GET / HTTP/1.1" 200 416336 "-" "Mozilla/5.0 (Windows NT 10.0; Win64; x64) AppleWebKit/537.36 (KHTML, like Gecko) Chrome/96.0.4664.45 Safari/537.36"
109.234.162.247 - - [28/Aug/2026:13:21:29 +0200] "POST /wp-cron.php?doing_wp_cron=1787916089.1653330326080322265625 HTTP/1.1" 200 - "-" "Kg0f0X8MbJge"
172.236.135.113 - - [28/Aug/2026:13:21:27 +0200] "GET / HTTP/1.1" 200 416339 "-" "wp2shell"
172.236.135.113 - - [28/Aug/2026:13:21:30 +0200] "GET /wp-json/ HTTP/1.1" 404 - "-" "wp2shell"
172.236.135.113 - - [28/Aug/2026:13:21:30 +0200] "GET /?rest_route=/ HTTP/1.1" 401 96 "-" "wp2shell"
172.236.135.113 - - [28/Aug/2026:13:21:31 +0200] "GET /wp-json/ HTTP/1.1" 404 - "-" "wp2shell"
172.236.135.113 - - [28/Aug/2026:13:21:32 +0200] "GET /?rest_route=/ HTTP/1.1" 401 96 "-" "wp2shell"
172.236.135.113 - - [28/Aug/2026:13:21:33 +0200] "GET / HTTP/1.1" 200 416338 "-" "wp2shell"
172.236.135.113 - - [28/Aug/2026:13:21:36 +0200] "POST /?rest_route=/batch/v1 HTTP/1.1" 401 96 "-" "wp2shell"
4.232.64.120 - - [28/Aug/2026:13:21:44 +0200] "GET / HTTP/1.1" 200 416336 "-" "Mozilla/5.0 (Windows NT 10.0; Win64; x64) AppleWebKit/537.36 (KHTML, like Gecko) Chrome/131.0.0.0 Safari/537.36"
111.67.101.196 - - [28/Aug/2026:13:22:15 +0200] "GET /sxxb.php?p=recrutements&upload HTTP/1.1" 200 35661 "https://ctoptogo.org/sxxb.php?p=recrutements" "Mozilla/5.0 (Windows NT 10.0; Win64; x64) AppleWebKit/537.36 (KHTML, like Gecko) Chrome/153.0.0.0 Safari/537.36"
111.67.101.196 - - [28/Aug/2026:13:22:20 +0200] "POST /sxxb.php?p=recrutements HTTP/1.1" 200 52 "https://ctoptogo.org/sxxb.php?p=recrutements&upload" "Mozilla/5.0 (Windows NT 10.0; Win64; x64) AppleWebKit/537.36 (KHTML, like Gecko) Chrome/153.0.0.0 Safari/537.36"
111.67.101.196 - - [28/Aug/2026:13:22:23 +0200] "GET /sxxb.php?p=recrutements HTTP/1.1" 200 38526 "https://ctoptogo.org/sxxb.php?p=recrutements&upload" "Mozilla/5.0 (Windows NT 10.0; Win64; x64) AppleWebKit/537.36 (KHTML, like Gecko) Chrome/153.0.0.0 Safari/537.36"
111.67.101.196 - - [28/Aug/2026:13:22:24 +0200] "GET /recrutements/ HTTP/1.1" 200 393589 "-" "Mozilla/5.0 (Windows NT 10.0; Win64; x64) AppleWebKit/537.36 (KHTML, like Gecko) Chrome/153.0.0.0 Safari/537.36"
111.67.101.196 - - [28/Aug/2026:13:22:24 +0200] "GET /checkouts/internal/preloads.js?locale=en-SG HTTP/1.1" 404 - "https://ctoptogo.org/recrutements/" "Mozilla/5.0 (Windows NT 10.0; Win64; x64) AppleWebKit/537.36 (KHTML, like Gecko) Chrome/153.0.0.0 Safari/537.36"
111.67.101.196 - - [28/Aug/2026:13:22:24 +0200] "GET /recrutements/ HTTP/1.1" 200 393589 "https://ctoptogo.org/recrutements/" "Mozilla/5.0 (Windows NT 10.0; Win64; x64) AppleWebKit/537.36 (KHTML, like Gecko) Chrome/153.0.0.0 Safari/537.36"
111.67.101.196 - - [28/Aug/2026:13:22:24 +0200] "POST /.well-known/shopify/monorail/unstable/produce_batch HTTP/1.1" 404 - "https://ctoptogo.org/recrutements/" "Mozilla/5.0 (Windows NT 10.0; Win64; x64) AppleWebKit/537.36 (KHTML, like Gecko) Chrome/153.0.0.0 Safari/537.36"
111.67.101.196 - - [28/Aug/2026:13:22:24 +0200] "POST /.well-known/shopify/monorail/unstable/produce_batch HTTP/1.1" 404 - "https://ctoptogo.org/recrutements/" "Mozilla/5.0 (Windows NT 10.0; Win64; x64) AppleWebKit/537.36 (KHTML, like Gecko) Chrome/153.0.0.0 Safari/537.36"
111.67.101.196 - - [28/Aug/2026:13:22:24 +0200] "POST /.well-known/shopify/monorail/unstable/produce_batch HTTP/1.1" 404 - "https://ctoptogo.org/recrutements/" "Mozilla/5.0 (Windows NT 10.0; Win64; x64) AppleWebKit/537.36 (KHTML, like Gecko) Chrome/153.0.0.0 Safari/537.36"
111.67.101.196 - - [28/Aug/2026:13:22:24 +0200] "POST /.well-known/shopify/monorail/unstable/produce_batch HTTP/1.1" 404 - "https://ctoptogo.org/recrutements/" "Mozilla/5.0 (Windows NT 10.0; Win64; x64) AppleWebKit/537.36 (KHTML, like Gecko) Chrome/153.0.0.0 Safari/537.36"
111.67.101.196 - - [28/Aug/2026:13:22:24 +0200] "POST /.well-known/shopify/monorail/unstable/produce_batch HTTP/1.1" 404 - "https://ctoptogo.org/recrutements/" "Mozilla/5.0 (Windows NT 10.0; Win64; x64) AppleWebKit/537.36 (KHTML, like Gecko) Chrome/153.0.0.0 Safari/537.36"
111.67.101.196 - - [28/Aug/2026:13:22:24 +0200] "POST /.well-known/shopify/monorail/unstable/produce_batch HTTP/1.1" 404 - "https://ctoptogo.org/recrutements/" "Mozilla/5.0 (Windows NT 10.0; Win64; x64) AppleWebKit/537.36 (KHTML, like Gecko) Chrome/153.0.0.0 Safari/537.36"
111.67.101.196 - - [28/Aug/2026:13:22:25 +0200] "GET /cdn-cgi/scripts/5c5dd728/cloudflare-static/email-decode.min.js HTTP/1.1" 404 - "https://ctoptogo.org/recrutements/" "Mozilla/5.0 (Windows NT 10.0; Win64; x64) AppleWebKit/537.36 (KHTML, like Gecko) Chrome/153.0.0.0 Safari/537.36"
111.67.101.196 - - [28/Aug/2026:13:22:27 +0200] "GET /recrutements/?section_id=sections--17605520031924__header HTTP/1.1" 200 393589 "https://ctoptogo.org/recrutements/" "Mozilla/5.0 (Windows NT 10.0; Win64; x64) AppleWebKit/537.36 (KHTML, like Gecko) Chrome/153.0.0.0 Safari/537.36"
111.67.101.196 - - [28/Aug/2026:13:22:27 +0200] "GET /cdn-cgi/challenge-platform/scripts/jsd/main.js HTTP/1.1" 404 - "-" "Mozilla/5.0 (Windows NT 10.0; Win64; x64) AppleWebKit/537.36 (KHTML, like Gecko) Chrome/153.0.0.0 Safari/537.36"
111.67.101.196 - - [28/Aug/2026:13:22:27 +0200] "POST /cdn-cgi/rum? HTTP/1.1" 404 - "https://ctoptogo.org/recrutements/" "Mozilla/5.0 (Windows NT 10.0; Win64; x64) AppleWebKit/537.36 (KHTML, like Gecko) Chrome/153.0.0.0 Safari/537.36"
111.67.101.196 - - [28/Aug/2026:13:22:27 +0200] "GET /recrutements/?section_id=sections--17605520031924__header HTTP/1.1" 200 393589 "https://ctoptogo.org/recrutements/" "Mozilla/5.0 (Windows NT 10.0; Win64; x64) AppleWebKit/537.36 (KHTML, like Gecko) Chrome/153.0.0.0 Safari/537.36"
111.67.101.196 - - [28/Aug/2026:13:22:44 +0200] "GET /recrutements/?section_id=sections--17605520031924__header HTTP/1.1" 200 393589 "https://ctoptogo.org/recrutements/" "Mozilla/5.0 (Windows NT 10.0; Win64; x64) AppleWebKit/537.36 (KHTML, like Gecko) Chrome/153.0.0.0 Safari/537.36"
111.67.101.196 - - [28/Aug/2026:13:22:51 +0200] "POST /cdn-cgi/rum? HTTP/1.1" 404 - "https://ctoptogo.org/recrutements/" "Mozilla/5.0 (Windows NT 10.0; Win64; x64) AppleWebKit/537.36 (KHTML, like Gecko) Chrome/153.0.0.0 Safari/537.36"
111.67.101.196 - - [28/Aug/2026:13:22:51 +0200] "POST /.well-known/shopify/monorail/v1/produce HTTP/1.1" 404 - "https://ctoptogo.org/recrutements/" "Mozilla/5.0 (Windows NT 10.0; Win64; x64) AppleWebKit/537.36 (KHTML, like Gecko) Chrome/153.0.0.0 Safari/537.36"
66.249.84.137 - - [28/Aug/2026:13:22:57 +0200] "GET /recrutements/ HTTP/1.1" 200 393589 "-" "Mozilla/5.0 (compatible; Google-Site-Verification/1.0)"
192.178.8.130 - - [28/Aug/2026:13:22:57 +0200] "GET /recrutements/google2146b4a77ffbb744.html HTTP/1.1" 404 - "-" "Mozilla/5.0 (compatible; Google-Site-Verification/1.0)"
192.178.8.130 - - [28/Aug/2026:13:22:57 +0200] "GET /recrutements/googlec7d4304d9d001072.html HTTP/1.1" 404 - "-" "Mozilla/5.0 (compatible; Google-Site-Verification/1.0)"
192.178.8.131 - - [28/Aug/2026:13:22:57 +0200] "GET /recrutements/ HTTP/1.1" 200 393589 "-" "Mozilla/5.0 (compatible; Google-Site-Verification/1.0)"
192.178.8.131 - - [28/Aug/2026:13:22:57 +0200] "GET /recrutements/ HTTP/1.1" 200 393589 "-" "Mozilla/5.0 (compatible; Google-Site-Verification/1.0)"
192.178.8.130 - - [28/Aug/2026:13:22:58 +0200] "GET /recrutements/ HTTP/1.1" 200 393589 "-" "Mozilla/5.0 (compatible; Google-Site-Verification/1.0)"
66.249.74.164 - - [28/Aug/2026:13:23:01 +0200] "GET /recrutements/ HTTP/1.1" 200 393589 "-" "Mozilla/5.0 (Linux; Android 6.0.1; Nexus 5X Build/MMB29P) AppleWebKit/537.36 (KHTML, like Gecko) Chrome/151.0.7922.173 Mobile Safari/537.36 (compatible; Googlebot/2.1; +http://www.google.com/bot.html)"
66.249.74.162 - - [28/Aug/2026:13:23:18 +0200] "GET /recrutements/ HTTP/1.1" 200 393589 "-" "Mozilla/5.0 (Linux; Android 6.0.1; Nexus 5X Build/MMB29P) AppleWebKit/537.36 (KHTML, like Gecko) Chrome/151.0.7922.173 Mobile Safari/537.36 (compatible; Google-InspectionTool/1.0)"
66.249.74.163 - - [28/Aug/2026:13:23:18 +0200] "GET /recrutements/ HTTP/1.1" 200 393589 "-" "Mozilla/5.0 (compatible; Google-InspectionTool/1.0)"
66.249.74.163 - - [28/Aug/2026:13:23:19 +0200] "GET /robots.txt HTTP/1.1" 200 63 "-" "Mozilla/5.0 (compatible; Googlebot/2.1; +http://www.google.com/bot.html)"
66.249.74.163 - - [28/Aug/2026:13:23:19 +0200] "GET /checkouts/internal/preloads.js?locale=en-SG HTTP/1.1" 404 - "https://ctoptogo.org/recrutements/" "Mozilla/5.0 (Linux; Android 6.0.1; Nexus 5X Build/MMB29P) AppleWebKit/537.36 (KHTML, like Gecko) Chrome/151.0.7922.173 Mobile Safari/537.36 (compatible; Google-InspectionTool/1.0)"
66.249.74.162 - - [28/Aug/2026:13:23:19 +0200] "GET /recrutements/?section_id=sections--17605520031924__header HTTP/1.1" 200 393589 "https://ctoptogo.org/recrutements/" "Mozilla/5.0 (Linux; Android 6.0.1; Nexus 5X Build/MMB29P) AppleWebKit/537.36 (KHTML, like Gecko) Chrome/151.0.7922.173 Mobile Safari/537.36 (compatible; Googlebot/2.1; +http://www.google.com/bot.html)"
66.249.74.163 - - [28/Aug/2026:13:23:19 +0200] "GET /cdn-cgi/scripts/5c5dd728/cloudflare-static/email-decode.min.js HTTP/1.1" 404 - "https://ctoptogo.org/recrutements/" "Mozilla/5.0 (Linux; Android 6.0.1; Nexus 5X Build/MMB29P) AppleWebKit/537.36 (KHTML, like Gecko) Chrome/151.0.7922.173 Mobile Safari/537.36 (compatible; Google-InspectionTool/1.0)"
66.249.74.162 - - [28/Aug/2026:13:23:20 +0200] "GET /recrutements/?section_id=sections--17605520031924__header HTTP/1.1" 200 393589 "https://ctoptogo.org/recrutements/" "Mozilla/5.0 (Linux; Android 6.0.1; Nexus 5X Build/MMB29P) AppleWebKit/537.36 (KHTML, like Gecko) Chrome/151.0.7922.173 Mobile Safari/537.36 (compatible; Googlebot/2.1; +http://www.google.com/bot.html)"
66.249.74.162 - - [28/Aug/2026:13:23:33 +0200] "GET /recrutements/?section_id=sections--17605520031924__header HTTP/1.1" 200 393589 "https://ctoptogo.org/recrutements/" "Mozilla/5.0 (X11; Linux x86_64) AppleWebKit/537.36 (KHTML, like Gecko) Chrome/151.0.7922.173 Safari/537.36 (compatible; Google-InspectionTool/1.0)"
66.249.74.162 - - [28/Aug/2026:13:23:33 +0200] "GET /recrutements/?section_id=sections--17605520031924__header HTTP/1.1" 200 393589 "https://ctoptogo.org/recrutements/" "Mozilla/5.0 (X11; Linux x86_64) AppleWebKit/537.36 (KHTML, like Gecko) Chrome/151.0.7922.173 Safari/537.36 (compatible; Google-InspectionTool/1.0)"
66.249.74.162 - - [28/Aug/2026:13:23:33 +0200] "GET /recrutements/?section_id=sections--17605520031924__header HTTP/1.1" 200 393589 "https://ctoptogo.org/recrutements/" "Mozilla/5.0 (Linux; Android 6.0.1; Nexus 5X Build/MMB29P) AppleWebKit/537.36 (KHTML, like Gecko) Chrome/151.0.7922.173 Mobile Safari/537.36 (compatible; Google-InspectionTool/1.0)"
66.249.74.162 - - [28/Aug/2026:13:23:34 +0200] "GET /cdn-cgi/challenge-platform/scripts/jsd/main.js HTTP/1.1" 404 - "-" "Mozilla/5.0 (X11; Linux x86_64) AppleWebKit/537.36 (KHTML, like Gecko) Chrome/151.0.7922.173 Safari/537.36 (compatible; Google-InspectionTool/1.0)"
66.249.74.163 - - [28/Aug/2026:13:23:34 +0200] "GET /recrutements/?section_id=sections--17605520031924__header HTTP/1.1" 200 393589 "https://ctoptogo.org/recrutements/" "Mozilla/5.0 (Linux; Android 6.0.1; Nexus 5X Build/MMB29P) AppleWebKit/537.36 (KHTML, like Gecko) Chrome/151.0.7922.173 Mobile Safari/537.36 (compatible; Google-InspectionTool/1.0)"
66.249.74.163 - - [28/Aug/2026:13:23:34 +0200] "GET /cdn-cgi/challenge-platform/scripts/jsd/main.js HTTP/1.1" 404 - "-" "Mozilla/5.0 (Linux; Android 6.0.1; Nexus 5X Build/MMB29P) AppleWebKit/537.36 (KHTML, like Gecko) Chrome/151.0.7922.173 Mobile Safari/537.36 (compatible; Google-InspectionTool/1.0)"
66.249.74.162 - - [28/Aug/2026:13:23:34 +0200] "GET /cdn-cgi/challenge-platform/scripts/jsd/main.js HTTP/1.1" 404 - "-" "Mozilla/5.0 (Linux; Android 6.0.1; Nexus 5X Build/MMB29P) AppleWebKit/537.36 (KHTML, like Gecko) Chrome/151.0.7922.173 Mobile Safari/537.36 (compatible; Google-InspectionTool/1.0)"
66.249.74.162 - - [28/Aug/2026:13:23:34 +0200] "GET /recrutements/?section_id=sections--17605520031924__header HTTP/1.1" 200 393589 "https://ctoptogo.org/recrutements/" "Mozilla/5.0 (X11; Linux x86_64) AppleWebKit/537.36 (KHTML, like Gecko) Chrome/151.0.7922.173 Safari/537.36 (compatible; Google-InspectionTool/1.0)"
66.249.74.162 - - [28/Aug/2026:13:23:34 +0200] "GET /cdn-cgi/challenge-platform/scripts/jsd/main.js HTTP/1.1" 404 - "-" "Mozilla/5.0 (Linux; Android 6.0.1; Nexus 5X Build/MMB29P) AppleWebKit/537.36 (KHTML, like Gecko) Chrome/151.0.7922.173 Mobile Safari/537.36 (compatible; Google-InspectionTool/1.0)"
66.249.74.162 - - [28/Aug/2026:13:23:38 +0200] "GET /recrutements/?section_id=sections--17605520031924__header HTTP/1.1" 200 393589 "https://ctoptogo.org/recrutements/" "Mozilla/5.0 (Linux; Android 6.0.1; Nexus 5X Build/MMB29P) AppleWebKit/537.36 (KHTML, like Gecko) Chrome/151.0.7922.173 Mobile Safari/537.36 (compatible; Google-InspectionTool/1.0)"
111.67.101.196 - - [28/Aug/2026:13:24:00 +0200] "GET /notre-vitrine HTTP/1.1" 301 283 "-" "Mozilla/5.0 (Windows NT 10.0; Win64; x64) AppleWebKit/537.36 (KHTML, like Gecko) Chrome/153.0.0.0 Safari/537.36"
111.67.101.196 - - [28/Aug/2026:13:24:01 +0200] "GET /notre-vitrine/ HTTP/1.1" 200 651 "-" "Mozilla/5.0 (Windows NT 10.0; Win64; x64) AppleWebKit/537.36 (KHTML, like Gecko) Chrome/153.0.0.0 Safari/537.36"
111.67.101.196 - - [28/Aug/2026:13:24:02 +0200] "GET /sxxb.php?p= HTTP/1.1" 200 128107 "https://ctoptogo.org/sxxb.php?p=recrutements" "Mozilla/5.0 (Windows NT 10.0; Win64; x64) AppleWebKit/537.36 (KHTML, like Gecko) Chrome/153.0.0.0 Safari/537.36"
111.67.101.196 - - [28/Aug/2026:13:24:04 +0200] "GET /sxxb.php?p=notre-vitrine HTTP/1.1" 200 35921 "https://ctoptogo.org/sxxb.php?p=" "Mozilla/5.0 (Windows NT 10.0; Win64; x64) AppleWebKit/537.36 (KHTML, like Gecko) Chrome/153.0.0.0 Safari/537.36"
109.234.162.247 - - [28/Aug/2026:13:26:01 +0200] "POST /wp-cron.php?doing_wp_cron=1787916361.2797169685363769531250 HTTP/1.1" 200 - "-" "AVW41mWlIdDN"
9.129.58.36 - - [28/Aug/2026:13:25:58 +0200] "GET / HTTP/1.1" 200 416338 "-" "Mozilla/5.0 AppleWebKit/537.36 (KHTML, like Gecko); compatible; ChatGPT-User/1.0; +https://openai.com/bot"
185.243.54.228 - - [28/Aug/2026:13:26:10 +0200] "GET / HTTP/1.1" 200 40180 "-" "Mozilla/5.0 (Windows NT 10.0; Win64; x64) AppleWebKit/537.36 (KHTML, like Gecko) Chrome/126.0.0.0 Safari/537.36"
57.141.20.74 - - [28/Aug/2026:13:26:16 +0200] "GET /products/3f2582656439 HTTP/1.1" 404 - "-" "Mozilla/5.0 (Macintosh; Intel Mac OS X 10_15_7) AppleWebKit/537.36 (KHTML, like Gecko) Chrome/145.0.0.0 Safari/537.36 (compatible; meta-externalagent/1.1 (+https://developers.facebook.com/docs/sharing/webmasters/crawler))"
40.77.167.1 - - [28/Aug/2026:13:27:11 +0200] "GET /gouvernance/ HTTP/1.1" 200 381681 "-" "Mozilla/5.0 AppleWebKit/537.36 (KHTML, like Gecko; compatible; bingbot/2.0; +http://www.bing.com/bingbot.htm) Chrome/116.0.1938.76 Safari/537.36"
111.67.101.196 - - [28/Aug/2026:13:27:12 +0200] "GET /sxxb.php?p=notre-vitrine&upload HTTP/1.1" 200 35670 "https://ctoptogo.org/sxxb.php?p=notre-vitrine" "Mozilla/5.0 (Windows NT 10.0; Win64; x64) AppleWebKit/537.36 (KHTML, like Gecko) Chrome/153.0.0.0 Safari/537.36"
57.141.20.0 - - [28/Aug/2026:13:27:15 +0200] "GET /products/ba7371438470 HTTP/1.1" 404 - "-" "Mozilla/5.0 (Windows NT 10.0; Win64; x64) AppleWebKit/537.36 (KHTML, like Gecko) Chrome/145.0.0.0 Safari/537.36 (compatible; meta-externalagent/1.1 (+https://developers.facebook.com/docs/sharing/webmasters/crawler))"
111.67.101.196 - - [28/Aug/2026:13:27:16 +0200] "POST /sxxb.php?p=notre-vitrine HTTP/1.1" 200 52 "https://ctoptogo.org/sxxb.php?p=notre-vitrine&upload" "Mozilla/5.0 (Windows NT 10.0; Win64; x64) AppleWebKit/537.36 (KHTML, like Gecko) Chrome/153.0.0.0 Safari/537.36"
111.67.101.196 - - [28/Aug/2026:13:27:18 +0200] "GET /sxxb.php?p=notre-vitrine HTTP/1.1" 200 38539 "https://ctoptogo.org/sxxb.php?p=notre-vitrine&upload" "Mozilla/5.0 (Windows NT 10.0; Win64; x64) AppleWebKit/537.36 (KHTML, like Gecko) Chrome/153.0.0.0 Safari/537.36"
111.67.101.196 - - [28/Aug/2026:13:27:19 +0200] "GET /notre-vitrine/ HTTP/1.1" 200 393663 "-" "Mozilla/5.0 (Windows NT 10.0; Win64; x64) AppleWebKit/537.36 (KHTML, like Gecko) Chrome/153.0.0.0 Safari/537.36"
40.77.179.38 - - [28/Aug/2026:13:27:19 +0200] "POST /cdn-cgi/rum? HTTP/1.1" 404 - "https://ctoptogo.org/gouvernance/" "Mozilla/5.0 (Windows NT 10.0; Win64; x64) AppleWebKit/537.36 (KHTML, like Gecko) HeadlessChrome/146.0.7680.165 Safari/537.36"
40.77.179.38 - - [28/Aug/2026:13:27:19 +0200] "POST /.well-known/shopify/monorail/v1/produce HTTP/1.1" 404 - "https://ctoptogo.org/gouvernance/" "Mozilla/5.0 (Windows NT 10.0; Win64; x64) AppleWebKit/537.36 (KHTML, like Gecko) HeadlessChrome/146.0.7680.165 Safari/537.36"
111.67.101.196 - - [28/Aug/2026:13:27:20 +0200] "GET /checkouts/internal/preloads.js?locale=en-SG HTTP/1.1" 404 - "https://ctoptogo.org/notre-vitrine/" "Mozilla/5.0 (Windows NT 10.0; Win64; x64) AppleWebKit/537.36 (KHTML, like Gecko) Chrome/153.0.0.0 Safari/537.36"
111.67.101.196 - - [28/Aug/2026:13:27:20 +0200] "POST /.well-known/shopify/monorail/unstable/produce_batch HTTP/1.1" 404 - "https://ctoptogo.org/notre-vitrine/" "Mozilla/5.0 (Windows NT 10.0; Win64; x64) AppleWebKit/537.36 (KHTML, like Gecko) Chrome/153.0.0.0 Safari/537.36"
111.67.101.196 - - [28/Aug/2026:13:27:20 +0200] "POST /.well-known/shopify/monorail/unstable/produce_batch HTTP/1.1" 404 - "https://ctoptogo.org/notre-vitrine/" "Mozilla/5.0 (Windows NT 10.0; Win64; x64) AppleWebKit/537.36 (KHTML, like Gecko) Chrome/153.0.0.0 Safari/537.36"
111.67.101.196 - - [28/Aug/2026:13:27:20 +0200] "POST /.well-known/shopify/monorail/unstable/produce_batch HTTP/1.1" 404 - "https://ctoptogo.org/notre-vitrine/" "Mozilla/5.0 (Windows NT 10.0; Win64; x64) AppleWebKit/537.36 (KHTML, like Gecko) Chrome/153.0.0.0 Safari/537.36"
111.67.101.196 - - [28/Aug/2026:13:27:20 +0200] "POST /.well-known/shopify/monorail/unstable/produce_batch HTTP/1.1" 404 - "https://ctoptogo.org/notre-vitrine/" "Mozilla/5.0 (Windows NT 10.0; Win64; x64) AppleWebKit/537.36 (KHTML, like Gecko) Chrome/153.0.0.0 Safari/537.36"
111.67.101.196 - - [28/Aug/2026:13:27:20 +0200] "POST /.well-known/shopify/monorail/unstable/produce_batch HTTP/1.1" 404 - "https://ctoptogo.org/notre-vitrine/" "Mozilla/5.0 (Windows NT 10.0; Win64; x64) AppleWebKit/537.36 (KHTML, like Gecko) Chrome/153.0.0.0 Safari/537.36"
111.67.101.196 - - [28/Aug/2026:13:27:20 +0200] "POST /.well-known/shopify/monorail/unstable/produce_batch HTTP/1.1" 404 - "https://ctoptogo.org/notre-vitrine/" "Mozilla/5.0 (Windows NT 10.0; Win64; x64) AppleWebKit/537.36 (KHTML, like Gecko) Chrome/153.0.0.0 Safari/537.36"
111.67.101.196 - - [28/Aug/2026:13:27:20 +0200] "POST /.well-known/shopify/monorail/unstable/produce_batch HTTP/1.1" 404 - "https://ctoptogo.org/notre-vitrine/" "Mozilla/5.0 (Windows NT 10.0; Win64; x64) AppleWebKit/537.36 (KHTML, like Gecko) Chrome/153.0.0.0 Safari/537.36"
111.67.101.196 - - [28/Aug/2026:13:27:20 +0200] "POST /.well-known/shopify/monorail/unstable/produce_batch HTTP/1.1" 404 - "https://ctoptogo.org/notre-vitrine/" "Mozilla/5.0 (Windows NT 10.0; Win64; x64) AppleWebKit/537.36 (KHTML, like Gecko) Chrome/153.0.0.0 Safari/537.36"
111.67.101.196 - - [28/Aug/2026:13:27:20 +0200] "GET /notre-vitrine/ HTTP/1.1" 200 393663 "https://ctoptogo.org/notre-vitrine/" "Mozilla/5.0 (Windows NT 10.0; Win64; x64) AppleWebKit/537.36 (KHTML, like Gecko) Chrome/153.0.0.0 Safari/537.36"
111.67.101.196 - - [28/Aug/2026:13:27:20 +0200] "GET /cdn-cgi/scripts/5c5dd728/cloudflare-static/email-decode.min.js HTTP/1.1" 404 - "https://ctoptogo.org/notre-vitrine/" "Mozilla/5.0 (Windows NT 10.0; Win64; x64) AppleWebKit/537.36 (KHTML, like Gecko) Chrome/153.0.0.0 Safari/537.36"
111.67.101.196 - - [28/Aug/2026:13:27:21 +0200] "GET /notre-vitrine/?section_id=sections--17605520031924__header HTTP/1.1" 200 393663 "https://ctoptogo.org/notre-vitrine/" "Mozilla/5.0 (Windows NT 10.0; Win64; x64) AppleWebKit/537.36 (KHTML, like Gecko) Chrome/153.0.0.0 Safari/537.36"
111.67.101.196 - - [28/Aug/2026:13:27:21 +0200] "GET /cdn-cgi/challenge-platform/scripts/jsd/main.js HTTP/1.1" 404 - "-" "Mozilla/5.0 (Windows NT 10.0; Win64; x64) AppleWebKit/537.36 (KHTML, like Gecko) Chrome/153.0.0.0 Safari/537.36"
111.67.101.196 - - [28/Aug/2026:13:27:21 +0200] "GET /notre-vitrine/?section_id=sections--17605520031924__header HTTP/1.1" 200 393663 "https://ctoptogo.org/notre-vitrine/" "Mozilla/5.0 (Windows NT 10.0; Win64; x64) AppleWebKit/537.36 (KHTML, like Gecko) Chrome/153.0.0.0 Safari/537.36"
111.67.101.196 - - [28/Aug/2026:13:27:23 +0200] "POST /cdn-cgi/rum? HTTP/1.1" 404 - "https://ctoptogo.org/notre-vitrine/" "Mozilla/5.0 (Windows NT 10.0; Win64; x64) AppleWebKit/537.36 (KHTML, like Gecko) Chrome/153.0.0.0 Safari/537.36"
40.77.167.1 - - [28/Aug/2026:13:27:31 +0200] "GET /gouvernance/ HTTP/1.1" 200 381681 "https://ctoptogo.org/gouvernance/" "Mozilla/5.0 AppleWebKit/537.36 (KHTML, like Gecko; compatible; bingbot/2.0; +http://www.bing.com/bingbot.htm) Chrome/136.0.0.0 Safari/537.36 AppleWebKit/537.36 (KHTML, like Gecko; compatible; bingbot/2.0; +http://www.bing.com/bingbot.htm) Chrome/116.0.1938.76 Safari/537.36"
111.67.101.196 - - [28/Aug/2026:13:27:34 +0200] "GET /notre-vitrine/?section_id=sections--17605520031924__header HTTP/1.1" 200 393663 "https://ctoptogo.org/notre-vitrine/" "Mozilla/5.0 (Windows NT 10.0; Win64; x64) AppleWebKit/537.36 (KHTML, like Gecko) Chrome/153.0.0.0 Safari/537.36"
40.77.167.11 - - [28/Aug/2026:13:27:37 +0200] "GET /gouvernance/?section_id=sections--17605520031924__header HTTP/1.1" 200 381681 "https://ctoptogo.org/gouvernance/" "Mozilla/5.0 AppleWebKit/537.36 (KHTML, like Gecko; compatible; bingbot/2.0; +http://www.bing.com/bingbot.htm) Chrome/136.0.0.0 Safari/537.36 AppleWebKit/537.36 (KHTML, like Gecko; compatible; bingbot/2.0; +http://www.bing.com/bingbot.htm) Chrome/116.0.1938.76 Safari/537.36"
111.67.101.196 - - [28/Aug/2026:13:27:38 +0200] "POST /cdn-cgi/rum? HTTP/1.1" 404 - "https://ctoptogo.org/notre-vitrine/" "Mozilla/5.0 (Windows NT 10.0; Win64; x64) AppleWebKit/537.36 (KHTML, like Gecko) Chrome/153.0.0.0 Safari/537.36"
111.67.101.196 - - [28/Aug/2026:13:27:38 +0200] "POST /.well-known/shopify/monorail/v1/produce HTTP/1.1" 404 - "https://ctoptogo.org/notre-vitrine/" "Mozilla/5.0 (Windows NT 10.0; Win64; x64) AppleWebKit/537.36 (KHTML, like Gecko) Chrome/153.0.0.0 Safari/537.36"
40.77.167.11 - - [28/Aug/2026:13:27:39 +0200] "POST /api/collect HTTP/1.1" 404 - "https://ctoptogo.org/gouvernance/" "Mozilla/5.0 AppleWebKit/537.36 (KHTML, like Gecko; compatible; bingbot/2.0; +http://www.bing.com/bingbot.htm) Chrome/136.0.0.0 Safari/537.36 AppleWebKit/537.36 (KHTML, like Gecko; compatible; bingbot/2.0; +http://www.bing.com/bingbot.htm) Chrome/116.0.1938.76 Safari/537.36"
66.102.9.3 - - [28/Aug/2026:13:27:44 +0200] "GET /notre-vitrine/ HTTP/1.1" 200 393663 "-" "Mozilla/5.0 (compatible; Google-Site-Verification/1.0)"
192.178.8.130 - - [28/Aug/2026:13:27:45 +0200] "GET /notre-vitrine/google2146b4a77ffbb744.html HTTP/1.1" 404 - "-" "Mozilla/5.0 (compatible; Google-Site-Verification/1.0)"
192.178.8.130 - - [28/Aug/2026:13:27:45 +0200] "GET /notre-vitrine/googlec7d4304d9d001072.html HTTP/1.1" 404 - "-" "Mozilla/5.0 (compatible; Google-Site-Verification/1.0)"
192.178.8.132 - - [28/Aug/2026:13:27:45 +0200] "GET /notre-vitrine/ HTTP/1.1" 200 393663 "-" "Mozilla/5.0 (compatible; Google-Site-Verification/1.0)"
192.178.8.132 - - [28/Aug/2026:13:27:45 +0200] "GET /notre-vitrine/ HTTP/1.1" 200 393663 "-" "Mozilla/5.0 (compatible; Google-Site-Verification/1.0)"
66.249.84.136 - - [28/Aug/2026:13:27:47 +0200] "GET /notre-vitrine/ HTTP/1.1" 200 393663 "-" "Mozilla/5.0 (compatible; Google-Site-Verification/1.0)"
66.249.74.163 - - [28/Aug/2026:13:27:58 +0200] "GET /notre-vitrine/ HTTP/1.1" 200 393663 "-" "Mozilla/5.0 (compatible; Googlebot/2.1; +http://www.google.com/bot.html)"
66.249.74.164 - - [28/Aug/2026:13:27:59 +0200] "GET /notre-vitrine/ HTTP/1.1" 200 393663 "-" "Mozilla/5.0 (Linux; Android 6.0.1; Nexus 5X Build/MMB29P) AppleWebKit/537.36 (KHTML, like Gecko) Chrome/99.0.4844.84 Mobile Safari/537.36 (compatible; Googlebot/2.1; +http://www.google.com/bot.html)"
66.249.74.163 - - [28/Aug/2026:13:28:00 +0200] "GET /notre-vitrine/ HTTP/1.1" 200 393663 "-" "Mozilla/5.0 (Linux; Android 6.0.1; Nexus 5X Build/MMB29P) AppleWebKit/537.36 (KHTML, like Gecko) Chrome/151.0.7922.173 Mobile Safari/537.36 (compatible; Googlebot/2.1; +http://www.google.com/bot.html)"
66.249.74.163 - - [28/Aug/2026:13:28:20 +0200] "GET /notre-vitrine/?section_id=sections--17605520031924__header HTTP/1.1" 200 393663 "https://ctoptogo.org/notre-vitrine/" "Mozilla/5.0 (Linux; Android 6.0.1; Nexus 5X Build/MMB29P) AppleWebKit/537.36 (KHTML, like Gecko) Chrome/151.0.7922.173 Mobile Safari/537.36 (compatible; Googlebot/2.1; +http://www.google.com/bot.html)"
66.249.74.163 - - [28/Aug/2026:13:28:21 +0200] "GET /notre-vitrine/ HTTP/1.1" 200 393663 "-" "Mozilla/5.0 (compatible; Google-InspectionTool/1.0)"
66.249.74.162 - - [28/Aug/2026:13:28:22 +0200] "GET /notre-vitrine/?section_id=sections--17605520031924__header HTTP/1.1" 200 393663 "https://ctoptogo.org/notre-vitrine/" "Mozilla/5.0 (Linux; Android 6.0.1; Nexus 5X Build/MMB29P) AppleWebKit/537.36 (KHTML, like Gecko) Chrome/151.0.7922.173 Mobile Safari/537.36 (compatible; Googlebot/2.1; +http://www.google.com/bot.html)"
66.249.74.162 - - [28/Aug/2026:13:28:22 +0200] "GET /notre-vitrine/ HTTP/1.1" 200 393663 "-" "Mozilla/5.0 (Linux; Android 6.0.1; Nexus 5X Build/MMB29P) AppleWebKit/537.36 (KHTML, like Gecko) Chrome/151.0.7922.173 Mobile Safari/537.36 (compatible; Google-InspectionTool/1.0)"
66.249.74.163 - - [28/Aug/2026:13:28:23 +0200] "GET /robots.txt HTTP/1.1" 200 63 "-" "Mozilla/5.0 (compatible; Googlebot/2.1; +http://www.google.com/bot.html)"
66.249.74.163 - - [28/Aug/2026:13:28:24 +0200] "GET /cdn-cgi/scripts/5c5dd728/cloudflare-static/email-decode.min.js HTTP/1.1" 404 - "https://ctoptogo.org/notre-vitrine/" "Mozilla/5.0 (X11; Linux x86_64) AppleWebKit/537.36 (KHTML, like Gecko) Chrome/151.0.7922.173 Safari/537.36 (compatible; Google-InspectionTool/1.0)"
66.249.74.162 - - [28/Aug/2026:13:28:24 +0200] "GET /cdn-cgi/scripts/5c5dd728/cloudflare-static/email-decode.min.js HTTP/1.1" 404 - "https://ctoptogo.org/notre-vitrine/" "Mozilla/5.0 (Linux; Android 6.0.1; Nexus 5X Build/MMB29P) AppleWebKit/537.36 (KHTML, like Gecko) Chrome/151.0.7922.173 Mobile Safari/537.36 (compatible; Google-InspectionTool/1.0)"
66.249.74.163 - - [28/Aug/2026:13:28:24 +0200] "GET /checkouts/internal/preloads.js?locale=en-SG HTTP/1.1" 404 - "https://ctoptogo.org/notre-vitrine/" "Mozilla/5.0 (X11; Linux x86_64) AppleWebKit/537.36 (KHTML, like Gecko) Chrome/151.0.7922.173 Safari/537.36 (compatible; Google-InspectionTool/1.0)"
66.249.74.162 - - [28/Aug/2026:13:28:25 +0200] "GET /checkouts/internal/preloads.js?locale=en-SG HTTP/1.1" 404 - "https://ctoptogo.org/notre-vitrine/" "Mozilla/5.0 (Linux; Android 6.0.1; Nexus 5X Build/MMB29P) AppleWebKit/537.36 (KHTML, like Gecko) Chrome/151.0.7922.173 Mobile Safari/537.36 (compatible; Google-InspectionTool/1.0)"
66.249.74.162 - - [28/Aug/2026:13:28:26 +0200] "GET /notre-vitrine/?section_id=sections--17605520031924__header HTTP/1.1" 200 393663 "https://ctoptogo.org/notre-vitrine/" "Mozilla/5.0 (Linux; Android 6.0.1; Nexus 5X Build/MMB29P) AppleWebKit/537.36 (KHTML, like Gecko) Chrome/151.0.7922.173 Mobile Safari/537.36 (compatible; Google-InspectionTool/1.0)"
66.249.74.163 - - [28/Aug/2026:13:28:26 +0200] "GET /notre-vitrine/?section_id=sections--17605520031924__header HTTP/1.1" 200 393663 "https://ctoptogo.org/notre-vitrine/" "Mozilla/5.0 (Linux; Android 6.0.1; Nexus 5X Build/MMB29P) AppleWebKit/537.36 (KHTML, like Gecko) Chrome/151.0.7922.173 Mobile Safari/537.36 (compatible; Google-InspectionTool/1.0)"
66.249.74.162 - - [28/Aug/2026:13:28:26 +0200] "GET /notre-vitrine/?section_id=sections--17605520031924__header HTTP/1.1" 200 393663 "https://ctoptogo.org/notre-vitrine/" "Mozilla/5.0 (Linux; Android 6.0.1; Nexus 5X Build/MMB29P) AppleWebKit/537.36 (KHTML, like Gecko) Chrome/151.0.7922.173 Mobile Safari/537.36 (compatible; Googlebot/2.1; +http://www.google.com/bot.html)"
66.249.74.162 - - [28/Aug/2026:13:28:27 +0200] "GET /notre-vitrine/?section_id=sections--17605520031924__header HTTP/1.1" 200 393663 "https://ctoptogo.org/notre-vitrine/" "Mozilla/5.0 (Linux; Android 6.0.1; Nexus 5X Build/MMB29P) AppleWebKit/537.36 (KHTML, like Gecko) Chrome/151.0.7922.173 Mobile Safari/537.36 (compatible; Google-InspectionTool/1.0)"
66.249.74.162 - - [28/Aug/2026:13:28:27 +0200] "GET /cdn-cgi/challenge-platform/scripts/jsd/main.js HTTP/1.1" 404 - "-" "Mozilla/5.0 (Linux; Android 6.0.1; Nexus 5X Build/MMB29P) AppleWebKit/537.36 (KHTML, like Gecko) Chrome/151.0.7922.173 Mobile Safari/537.36 (compatible; Google-InspectionTool/1.0)"
66.249.74.162 - - [28/Aug/2026:13:28:27 +0200] "GET /cdn-cgi/challenge-platform/scripts/jsd/main.js HTTP/1.1" 404 - "-" "Mozilla/5.0 (Linux; Android 6.0.1; Nexus 5X Build/MMB29P) AppleWebKit/537.36 (KHTML, like Gecko) Chrome/151.0.7922.173 Mobile Safari/537.36 (compatible; Google-InspectionTool/1.0)"
66.249.74.162 - - [28/Aug/2026:13:28:27 +0200] "GET /cdn-cgi/challenge-platform/scripts/jsd/main.js HTTP/1.1" 404 - "-" "Mozilla/5.0 (Linux; Android 6.0.1; Nexus 5X Build/MMB29P) AppleWebKit/537.36 (KHTML, like Gecko) Chrome/151.0.7922.173 Mobile Safari/537.36 (compatible; Google-InspectionTool/1.0)"
66.249.74.163 - - [28/Aug/2026:13:28:28 +0200] "GET /notre-vitrine/?section_id=sections--17605520031924__header HTTP/1.1" 200 393663 "https://ctoptogo.org/notre-vitrine/" "Mozilla/5.0 (Linux; Android 6.0.1; Nexus 5X Build/MMB29P) AppleWebKit/537.36 (KHTML, like Gecko) Chrome/151.0.7922.173 Mobile Safari/537.36 (compatible; Googlebot/2.1; +http://www.google.com/bot.html)"
66.249.74.164 - - [28/Aug/2026:13:28:31 +0200] "GET /cdn-cgi/challenge-platform/scripts/jsd/main.js HTTP/1.1" 404 - "-" "Mozilla/5.0 (Linux; Android 6.0.1; Nexus 5X Build/MMB29P) AppleWebKit/537.36 (KHTML, like Gecko) Chrome/151.0.7922.173 Mobile Safari/537.36 (compatible; Googlebot/2.1; +http://www.google.com/bot.html)"
66.249.74.162 - - [28/Aug/2026:13:28:35 +0200] "GET /notre-vitrine/?section_id=sections--17605520031924__header HTTP/1.1" 200 393663 "https://ctoptogo.org/notre-vitrine/" "Mozilla/5.0 (X11; Linux x86_64) AppleWebKit/537.36 (KHTML, like Gecko) Chrome/151.0.7922.173 Safari/537.36 (compatible; Google-InspectionTool/1.0)"
66.249.74.162 - - [28/Aug/2026:13:28:35 +0200] "GET /notre-vitrine/?section_id=sections--17605520031924__header HTTP/1.1" 200 393663 "https://ctoptogo.org/notre-vitrine/" "Mozilla/5.0 (X11; Linux x86_64) AppleWebKit/537.36 (KHTML, like Gecko) Chrome/151.0.7922.173 Safari/537.36 (compatible; Google-InspectionTool/1.0)"
66.249.74.163 - - [28/Aug/2026:13:28:36 +0200] "GET /cdn-cgi/challenge-platform/scripts/jsd/main.js HTTP/1.1" 404 - "-" "Mozilla/5.0 (X11; Linux x86_64) AppleWebKit/537.36 (KHTML, like Gecko) Chrome/151.0.7922.173 Safari/537.36 (compatible; Google-InspectionTool/1.0)"
66.249.74.163 - - [28/Aug/2026:13:28:37 +0200] "GET /notre-vitrine/?section_id=sections--17605520031924__header HTTP/1.1" 200 393663 "https://ctoptogo.org/notre-vitrine/" "Mozilla/5.0 (X11; Linux x86_64) AppleWebKit/537.36 (KHTML, like Gecko) Chrome/151.0.7922.173 Safari/537.36 (compatible; Google-InspectionTool/1.0)"
111.67.101.196 - - [28/Aug/2026:13:29:11 +0200] "GET /contactez-nous HTTP/1.1" 301 284 "-" "Mozilla/5.0 (Windows NT 10.0; Win64; x64) AppleWebKit/537.36 (KHTML, like Gecko) Chrome/153.0.0.0 Safari/537.36"
111.67.101.196 - - [28/Aug/2026:13:29:11 +0200] "GET /contactez-nous/ HTTP/1.1" 200 653 "-" "Mozilla/5.0 (Windows NT 10.0; Win64; x64) AppleWebKit/537.36 (KHTML, like Gecko) Chrome/153.0.0.0 Safari/537.36"
111.67.101.196 - - [28/Aug/2026:13:29:13 +0200] "GET /sxxb.php?p= HTTP/1.1" 200 128108 "https://ctoptogo.org/sxxb.php?p=notre-vitrine" "Mozilla/5.0 (Windows NT 10.0; Win64; x64) AppleWebKit/537.36 (KHTML, like Gecko) Chrome/153.0.0.0 Safari/537.36"
111.67.101.196 - - [28/Aug/2026:13:29:16 +0200] "GET /sxxb.php?p=contactez-nous HTTP/1.1" 200 35926 "https://ctoptogo.org/sxxb.php?p=" "Mozilla/5.0 (Windows NT 10.0; Win64; x64) AppleWebKit/537.36 (KHTML, like Gecko) Chrome/153.0.0.0 Safari/537.36"
66.249.74.164 - - [28/Aug/2026:13:29:45 +0200] "GET /programmes/ HTTP/1.1" 200 393476 "-" "Mozilla/5.0 (Linux; Android 6.0.1; Nexus 5X Build/MMB29P) AppleWebKit/537.36 (KHTML, like Gecko) Chrome/151.0.7922.173 Mobile Safari/537.36 (compatible; GoogleOther)"
66.249.74.163 - - [28/Aug/2026:13:30:00 +0200] "GET /recrutements/ HTTP/1.1" 200 393589 "-" "Mozilla/5.0 (Linux; Android 6.0.1; Nexus 5X Build/MMB29P) AppleWebKit/537.36 (KHTML, like Gecko) Chrome/151.0.7922.173 Mobile Safari/537.36 (compatible; GoogleOther)"
66.249.74.163 - - [28/Aug/2026:13:30:04 +0200] "GET /cdn-cgi/scripts/5c5dd728/cloudflare-static/email-decode.min.js HTTP/1.1" 404 - "https://ctoptogo.org/recrutements/" "Mozilla/5.0 (Linux; Android 6.0.1; Nexus 5X Build/MMB29P) AppleWebKit/537.36 (KHTML, like Gecko) Chrome/151.0.7922.173 Mobile Safari/537.36 (compatible; GoogleOther)"
66.249.74.162 - - [28/Aug/2026:13:30:05 +0200] "GET /checkouts/internal/preloads.js?locale=en-SG HTTP/1.1" 404 - "https://ctoptogo.org/recrutements/" "Mozilla/5.0 (Linux; Android 6.0.1; Nexus 5X Build/MMB29P) AppleWebKit/537.36 (KHTML, like Gecko) Chrome/151.0.7922.173 Mobile Safari/537.36 (compatible; GoogleOther)"
66.249.74.162 - - [28/Aug/2026:13:30:07 +0200] "GET /recrutements/?section_id=sections--17605520031924__header HTTP/1.1" 200 393589 "https://ctoptogo.org/recrutements/" "Mozilla/5.0 (Linux; Android 6.0.1; Nexus 5X Build/MMB29P) AppleWebKit/537.36 (KHTML, like Gecko) Chrome/151.0.7922.173 Mobile Safari/537.36 (compatible; GoogleOther)"
66.249.74.162 - - [28/Aug/2026:13:30:07 +0200] "GET /recrutements/?section_id=sections--17605520031924__header HTTP/1.1" 200 393589 "https://ctoptogo.org/recrutements/" "Mozilla/5.0 (Linux; Android 6.0.1; Nexus 5X Build/MMB29P) AppleWebKit/537.36 (KHTML, like Gecko) Chrome/151.0.7922.173 Mobile Safari/537.36 (compatible; GoogleOther)"
66.249.74.162 - - [28/Aug/2026:13:30:09 +0200] "GET /cdn-cgi/challenge-platform/scripts/jsd/main.js HTTP/1.1" 404 - "-" "Mozilla/5.0 (Linux; Android 6.0.1; Nexus 5X Build/MMB29P) AppleWebKit/537.36 (KHTML, like Gecko) Chrome/151.0.7922.173 Mobile Safari/537.36 (compatible; GoogleOther)"
66.249.74.162 - - [28/Aug/2026:13:30:10 +0200] "GET /cdn-cgi/challenge-platform/scripts/jsd/main.js HTTP/1.1" 404 - "-" "Mozilla/5.0 (Linux; Android 6.0.1; Nexus 5X Build/MMB29P) AppleWebKit/537.36 (KHTML, like Gecko) Chrome/151.0.7922.173 Mobile Safari/537.36 (compatible; GoogleOther)"
66.249.74.162 - - [28/Aug/2026:13:30:12 +0200] "GET /cdn-cgi/challenge-platform/scripts/jsd/main.js HTTP/1.1" 404 - "-" "Mozilla/5.0 (Linux; Android 6.0.1; Nexus 5X Build/MMB29P) AppleWebKit/537.36 (KHTML, like Gecko) Chrome/151.0.7922.173 Mobile Safari/537.36 (compatible; GoogleOther)"
216.73.216.164 - - [28/Aug/2026:13:32:13 +0200] "GET /wp-includes/Requests/src/Response/?C=S&O=A HTTP/1.1" 200 895 "-" "Mozilla/5.0 AppleWebKit/537.36 (KHTML, like Gecko; compatible; ClaudeBot/1.0; +claudebot@anthropic.com)"
216.73.216.164 - - [28/Aug/2026:13:32:13 +0200] "GET /wp-includes/Requests/src/Response/?C=N&O=D HTTP/1.1" 200 895 "-" "Mozilla/5.0 AppleWebKit/537.36 (KHTML, like Gecko; compatible; ClaudeBot/1.0; +claudebot@anthropic.com)"
111.67.101.196 - - [28/Aug/2026:13:32:20 +0200] "GET /sxxb.php?p=contactez-nous&upload HTTP/1.1" 200 35679 "https://ctoptogo.org/sxxb.php?p=contactez-nous" "Mozilla/5.0 (Windows NT 10.0; Win64; x64) AppleWebKit/537.36 (KHTML, like Gecko) Chrome/153.0.0.0 Safari/537.36"
111.67.101.196 - - [28/Aug/2026:13:32:34 +0200] "POST /sxxb.php?p=contactez-nous HTTP/1.1" 200 52 "https://ctoptogo.org/sxxb.php?p=contactez-nous&upload" "Mozilla/5.0 (Windows NT 10.0; Win64; x64) AppleWebKit/537.36 (KHTML, like Gecko) Chrome/153.0.0.0 Safari/537.36"
111.67.101.196 - - [28/Aug/2026:13:32:37 +0200] "GET /sxxb.php?p=contactez-nous HTTP/1.1" 200 38552 "https://ctoptogo.org/sxxb.php?p=contactez-nous&upload" "Mozilla/5.0 (Windows NT 10.0; Win64; x64) AppleWebKit/537.36 (KHTML, like Gecko) Chrome/153.0.0.0 Safari/537.36"
111.67.101.196 - - [28/Aug/2026:13:32:40 +0200] "GET /contactez-nous/ HTTP/1.1" 200 393692 "-" "Mozilla/5.0 (Windows NT 10.0; Win64; x64) AppleWebKit/537.36 (KHTML, like Gecko) Chrome/153.0.0.0 Safari/537.36"
57.141.20.12 - - [28/Aug/2026:13:32:40 +0200] "GET /products/749273202507 HTTP/1.1" 404 - "-" "Mozilla/5.0 (Macintosh; Intel Mac OS X 10_15_7) AppleWebKit/537.36 (KHTML, like Gecko) Chrome/145.0.0.0 Safari/537.36 (compatible; meta-externalagent/1.1 (+https://developers.facebook.com/docs/sharing/webmasters/crawler))"
111.67.101.196 - - [28/Aug/2026:13:32:40 +0200] "GET /checkouts/internal/preloads.js?locale=en-SG HTTP/1.1" 404 - "https://ctoptogo.org/contactez-nous/" "Mozilla/5.0 (Windows NT 10.0; Win64; x64) AppleWebKit/537.36 (KHTML, like Gecko) Chrome/153.0.0.0 Safari/537.36"
57.141.20.33 - - [28/Aug/2026:13:32:41 +0200] "GET /products/a3a59839007 HTTP/1.1" 404 - "-" "Mozilla/5.0 (Windows NT 10.0; Win64; x64) AppleWebKit/537.36 (KHTML, like Gecko) Chrome/145.0.0.0 Safari/537.36 (compatible; meta-externalagent/1.1 (+https://developers.facebook.com/docs/sharing/webmasters/crawler))"
111.67.101.196 - - [28/Aug/2026:13:32:42 +0200] "POST /.well-known/shopify/monorail/unstable/produce_batch HTTP/1.1" 404 - "https://ctoptogo.org/contactez-nous/" "Mozilla/5.0 (Windows NT 10.0; Win64; x64) AppleWebKit/537.36 (KHTML, like Gecko) Chrome/153.0.0.0 Safari/537.36"
111.67.101.196 - - [28/Aug/2026:13:32:42 +0200] "POST /.well-known/shopify/monorail/unstable/produce_batch HTTP/1.1" 404 - "https://ctoptogo.org/contactez-nous/" "Mozilla/5.0 (Windows NT 10.0; Win64; x64) AppleWebKit/537.36 (KHTML, like Gecko) Chrome/153.0.0.0 Safari/537.36"
111.67.101.196 - - [28/Aug/2026:13:32:42 +0200] "POST /.well-known/shopify/monorail/unstable/produce_batch HTTP/1.1" 404 - "https://ctoptogo.org/contactez-nous/" "Mozilla/5.0 (Windows NT 10.0; Win64; x64) AppleWebKit/537.36 (KHTML, like Gecko) Chrome/153.0.0.0 Safari/537.36"
111.67.101.196 - - [28/Aug/2026:13:32:42 +0200] "POST /.well-known/shopify/monorail/unstable/produce_batch HTTP/1.1" 404 - "https://ctoptogo.org/contactez-nous/" "Mozilla/5.0 (Windows NT 10.0; Win64; x64) AppleWebKit/537.36 (KHTML, like Gecko) Chrome/153.0.0.0 Safari/537.36"
111.67.101.196 - - [28/Aug/2026:13:32:42 +0200] "POST /.well-known/shopify/monorail/unstable/produce_batch HTTP/1.1" 404 - "https://ctoptogo.org/contactez-nous/" "Mozilla/5.0 (Windows NT 10.0; Win64; x64) AppleWebKit/537.36 (KHTML, like Gecko) Chrome/153.0.0.0 Safari/537.36"
111.67.101.196 - - [28/Aug/2026:13:32:42 +0200] "POST /.well-known/shopify/monorail/unstable/produce_batch HTTP/1.1" 404 - "https://ctoptogo.org/contactez-nous/" "Mozilla/5.0 (Windows NT 10.0; Win64; x64) AppleWebKit/537.36 (KHTML, like Gecko) Chrome/153.0.0.0 Safari/537.36"
111.67.101.196 - - [28/Aug/2026:13:32:43 +0200] "GET /contactez-nous/ HTTP/1.1" 200 393692 "https://ctoptogo.org/contactez-nous/" "Mozilla/5.0 (Windows NT 10.0; Win64; x64) AppleWebKit/537.36 (KHTML, like Gecko) Chrome/153.0.0.0 Safari/537.36"
111.67.101.196 - - [28/Aug/2026:13:32:43 +0200] "GET /cdn-cgi/scripts/5c5dd728/cloudflare-static/email-decode.min.js HTTP/1.1" 404 - "https://ctoptogo.org/contactez-nous/" "Mozilla/5.0 (Windows NT 10.0; Win64; x64) AppleWebKit/537.36 (KHTML, like Gecko) Chrome/153.0.0.0 Safari/537.36"
111.67.101.196 - - [28/Aug/2026:13:32:47 +0200] "GET /contactez-nous/?section_id=sections--17605520031924__header HTTP/1.1" 200 393692 "https://ctoptogo.org/contactez-nous/" "Mozilla/5.0 (Windows NT 10.0; Win64; x64) AppleWebKit/537.36 (KHTML, like Gecko) Chrome/153.0.0.0 Safari/537.36"
111.67.101.196 - - [28/Aug/2026:13:32:47 +0200] "GET /cdn-cgi/challenge-platform/scripts/jsd/main.js HTTP/1.1" 404 - "-" "Mozilla/5.0 (Windows NT 10.0; Win64; x64) AppleWebKit/537.36 (KHTML, like Gecko) Chrome/153.0.0.0 Safari/537.36"
111.67.101.196 - - [28/Aug/2026:13:32:47 +0200] "POST /cdn-cgi/rum? HTTP/1.1" 404 - "https://ctoptogo.org/contactez-nous/" "Mozilla/5.0 (Windows NT 10.0; Win64; x64) AppleWebKit/537.36 (KHTML, like Gecko) Chrome/153.0.0.0 Safari/537.36"
111.67.101.196 - - [28/Aug/2026:13:32:47 +0200] "GET /contactez-nous/?section_id=sections--17605520031924__header HTTP/1.1" 200 393692 "https://ctoptogo.org/contactez-nous/" "Mozilla/5.0 (Windows NT 10.0; Win64; x64) AppleWebKit/537.36 (KHTML, like Gecko) Chrome/153.0.0.0 Safari/537.36"
111.67.101.196 - - [28/Aug/2026:13:32:49 +0200] "GET /contactez-nous/?section_id=sections--17605520031924__header HTTP/1.1" 200 393692 "https://ctoptogo.org/contactez-nous/" "Mozilla/5.0 (Windows NT 10.0; Win64; x64) AppleWebKit/537.36 (KHTML, like Gecko) Chrome/153.0.0.0 Safari/537.36"
111.67.101.196 - - [28/Aug/2026:13:33:05 +0200] "POST /cdn-cgi/rum? HTTP/1.1" 404 - "https://ctoptogo.org/contactez-nous/" "Mozilla/5.0 (Windows NT 10.0; Win64; x64) AppleWebKit/537.36 (KHTML, like Gecko) Chrome/153.0.0.0 Safari/537.36"
