111.67.101.196 - - [28/Aug/2026:10:22:33 +0200] "GET /sxxb.php?p=documentations HTTP/1.1" 200 35926 "https://ctoptogo.org/sxxb.php?p=" "Mozilla/5.0 (Windows NT 10.0; Win64; x64) AppleWebKit/537.36 (KHTML, like Gecko) Chrome/151.0.0.0 Safari/537.36"
111.67.101.196 - - [28/Aug/2026:10:22:36 +0200] "GET /sxxb.php?p=documentations&upload HTTP/1.1" 200 35679 "https://ctoptogo.org/sxxb.php?p=documentations" "Mozilla/5.0 (Windows NT 10.0; Win64; x64) AppleWebKit/537.36 (KHTML, like Gecko) Chrome/151.0.0.0 Safari/537.36"
66.249.74.163 - - [28/Aug/2026:10:22:41 +0200] "GET /croppa/ HTTP/1.1" 200 381356 "-" "Mozilla/5.0 (Linux; Android 6.0.1; Nexus 5X Build/MMB29P) AppleWebKit/537.36 (KHTML, like Gecko) Chrome/151.0.7922.173 Mobile Safari/537.36 (compatible; Googlebot/2.1; +http://www.google.com/bot.html)"
111.67.101.196 - - [28/Aug/2026:10:22:39 +0200] "POST /sxxb.php?p=documentations HTTP/1.1" 200 52 "https://ctoptogo.org/sxxb.php?p=documentations&upload" "Mozilla/5.0 (Windows NT 10.0; Win64; x64) AppleWebKit/537.36 (KHTML, like Gecko) Chrome/151.0.0.0 Safari/537.36"
111.67.101.196 - - [28/Aug/2026:10:22:42 +0200] "GET /sxxb.php?p= HTTP/1.1" 200 103887 "https://ctoptogo.org/sxxb.php?p=documentations&upload" "Mozilla/5.0 (Windows NT 10.0; Win64; x64) AppleWebKit/537.36 (KHTML, like Gecko) Chrome/151.0.0.0 Safari/537.36"
111.67.101.196 - - [28/Aug/2026:10:23:03 +0200] "GET /documentations/ HTTP/1.1" 200 381719 "-" "Mozilla/5.0 (Windows NT 10.0; Win64; x64) AppleWebKit/537.36 (KHTML, like Gecko) Chrome/151.0.0.0 Safari/537.36"
111.67.101.196 - - [28/Aug/2026:10:23:04 +0200] "GET /checkouts/internal/preloads.js?locale=en-SG HTTP/1.1" 404 - "https://ctoptogo.org/documentations/" "Mozilla/5.0 (Windows NT 10.0; Win64; x64) AppleWebKit/537.36 (KHTML, like Gecko) Chrome/151.0.0.0 Safari/537.36"
111.67.101.196 - - [28/Aug/2026:10:23:04 +0200] "POST /.well-known/shopify/monorail/unstable/produce_batch HTTP/1.1" 404 - "https://ctoptogo.org/documentations/" "Mozilla/5.0 (Windows NT 10.0; Win64; x64) AppleWebKit/537.36 (KHTML, like Gecko) Chrome/151.0.0.0 Safari/537.36"
111.67.101.196 - - [28/Aug/2026:10:23:04 +0200] "POST /.well-known/shopify/monorail/unstable/produce_batch HTTP/1.1" 404 - "https://ctoptogo.org/documentations/" "Mozilla/5.0 (Windows NT 10.0; Win64; x64) AppleWebKit/537.36 (KHTML, like Gecko) Chrome/151.0.0.0 Safari/537.36"
111.67.101.196 - - [28/Aug/2026:10:23:04 +0200] "POST /.well-known/shopify/monorail/unstable/produce_batch HTTP/1.1" 404 - "https://ctoptogo.org/documentations/" "Mozilla/5.0 (Windows NT 10.0; Win64; x64) AppleWebKit/537.36 (KHTML, like Gecko) Chrome/151.0.0.0 Safari/537.36"
111.67.101.196 - - [28/Aug/2026:10:23:04 +0200] "POST /.well-known/shopify/monorail/unstable/produce_batch HTTP/1.1" 404 - "https://ctoptogo.org/documentations/" "Mozilla/5.0 (Windows NT 10.0; Win64; x64) AppleWebKit/537.36 (KHTML, like Gecko) Chrome/151.0.0.0 Safari/537.36"
111.67.101.196 - - [28/Aug/2026:10:23:04 +0200] "POST /.well-known/shopify/monorail/unstable/produce_batch HTTP/1.1" 404 - "https://ctoptogo.org/documentations/" "Mozilla/5.0 (Windows NT 10.0; Win64; x64) AppleWebKit/537.36 (KHTML, like Gecko) Chrome/151.0.0.0 Safari/537.36"
111.67.101.196 - - [28/Aug/2026:10:23:04 +0200] "POST /.well-known/shopify/monorail/unstable/produce_batch HTTP/1.1" 404 - "https://ctoptogo.org/documentations/" "Mozilla/5.0 (Windows NT 10.0; Win64; x64) AppleWebKit/537.36 (KHTML, like Gecko) Chrome/151.0.0.0 Safari/537.36"
111.67.101.196 - - [28/Aug/2026:10:23:04 +0200] "GET /documentations/ HTTP/1.1" 200 381719 "https://ctoptogo.org/documentations/" "Mozilla/5.0 (Windows NT 10.0; Win64; x64) AppleWebKit/537.36 (KHTML, like Gecko) Chrome/151.0.0.0 Safari/537.36"
111.67.101.196 - - [28/Aug/2026:10:23:05 +0200] "GET /cdn-cgi/scripts/5c5dd728/cloudflare-static/email-decode.min.js HTTP/1.1" 404 - "https://ctoptogo.org/documentations/" "Mozilla/5.0 (Windows NT 10.0; Win64; x64) AppleWebKit/537.36 (KHTML, like Gecko) Chrome/151.0.0.0 Safari/537.36"
111.67.101.196 - - [28/Aug/2026:10:23:12 +0200] "GET /documentations/?section_id=sections--17605520031924__header HTTP/1.1" 200 381719 "https://ctoptogo.org/documentations/" "Mozilla/5.0 (Windows NT 10.0; Win64; x64) AppleWebKit/537.36 (KHTML, like Gecko) Chrome/151.0.0.0 Safari/537.36"
111.67.101.196 - - [28/Aug/2026:10:23:12 +0200] "GET /cdn-cgi/challenge-platform/scripts/jsd/main.js HTTP/1.1" 404 - "-" "Mozilla/5.0 (Windows NT 10.0; Win64; x64) AppleWebKit/537.36 (KHTML, like Gecko) Chrome/151.0.0.0 Safari/537.36"
111.67.101.196 - - [28/Aug/2026:10:23:12 +0200] "POST /api/collect HTTP/1.1" 404 - "https://ctoptogo.org/documentations/" "Mozilla/5.0 (Windows NT 10.0; Win64; x64) AppleWebKit/537.36 (KHTML, like Gecko) Chrome/151.0.0.0 Safari/537.36"
111.67.101.196 - - [28/Aug/2026:10:23:13 +0200] "POST /cdn-cgi/rum? HTTP/1.1" 404 - "https://ctoptogo.org/documentations/" "Mozilla/5.0 (Windows NT 10.0; Win64; x64) AppleWebKit/537.36 (KHTML, like Gecko) Chrome/151.0.0.0 Safari/537.36"
111.67.101.196 - - [28/Aug/2026:10:23:13 +0200] "GET /documentations/?section_id=sections--17605520031924__header HTTP/1.1" 200 381719 "https://ctoptogo.org/documentations/" "Mozilla/5.0 (Windows NT 10.0; Win64; x64) AppleWebKit/537.36 (KHTML, like Gecko) Chrome/151.0.0.0 Safari/537.36"
192.178.8.130 - - [28/Aug/2026:10:23:14 +0200] "GET /documentations/google9bf3596847857e9b.html HTTP/1.1" 404 - "-" "Mozilla/5.0 (compatible; Google-Site-Verification/1.0)"
192.178.8.131 - - [28/Aug/2026:10:23:14 +0200] "GET /documentations/ HTTP/1.1" 200 381719 "-" "Mozilla/5.0 (compatible; Google-Site-Verification/1.0)"
192.178.8.132 - - [28/Aug/2026:10:23:14 +0200] "GET /documentations/ HTTP/1.1" 200 381719 "-" "Mozilla/5.0 (compatible; Google-Site-Verification/1.0)"
192.178.8.130 - - [28/Aug/2026:10:23:14 +0200] "GET /documentations/google4efa648161c58b72.html HTTP/1.1" 404 - "-" "Mozilla/5.0 (compatible; Google-Site-Verification/1.0)"
192.178.8.131 - - [28/Aug/2026:10:23:14 +0200] "GET /documentations/ HTTP/1.1" 200 381719 "-" "Mozilla/5.0 (compatible; Google-Site-Verification/1.0)"
192.178.8.131 - - [28/Aug/2026:10:23:15 +0200] "GET /documentations/ HTTP/1.1" 200 381719 "-" "Mozilla/5.0 (compatible; Google-Site-Verification/1.0)"
57.141.20.26 - - [28/Aug/2026:10:23:18 +0200] "GET /products/44e423582462 HTTP/1.1" 404 - "-" "Mozilla/5.0 (Macintosh; Intel Mac OS X 10_15_7) AppleWebKit/537.36 (KHTML, like Gecko) Chrome/145.0.0.0 Safari/537.36 (compatible; meta-externalagent/1.1 (+https://developers.facebook.com/docs/sharing/webmasters/crawler))"
68.67.112.61 - - [28/Aug/2026:10:23:20 +0200] "GET /robots.txt HTTP/1.1" 200 63 "-" "Mozilla/5.0 AppleWebKit/537.36 (KHTML, like Gecko; compatible; YouBot/1.0; +https://docs.you.com/youbot; env:prod) Chrome/142.0.0.0 Safari/537.36"
68.67.112.61 - - [28/Aug/2026:10:23:20 +0200] "GET /celebration-de-lannee-internationale-de-la-peche-et-de-laquaculture-artisanale-aipaa-2022/ HTTP/1.1" 404 - "-" "Mozilla/5.0 AppleWebKit/537.36 (KHTML, like Gecko; compatible; YouBot/1.0; +https://docs.you.com/youbot; env:prod) Chrome/142.0.0.0 Safari/537.36"
66.249.74.163 - - [28/Aug/2026:10:23:22 +0200] "GET /documentations/ HTTP/1.1" 200 381719 "-" "Mozilla/5.0 (compatible; Googlebot/2.1; +http://www.google.com/bot.html)"
66.249.74.162 - - [28/Aug/2026:10:23:22 +0200] "GET /documentations/ HTTP/1.1" 200 381719 "-" "Mozilla/5.0 (Linux; Android 6.0.1; Nexus 5X Build/MMB29P) AppleWebKit/537.36 (KHTML, like Gecko) Chrome/99.0.4844.84 Mobile Safari/537.36 (compatible; Googlebot/2.1; +http://www.google.com/bot.html)"
66.249.74.162 - - [28/Aug/2026:10:23:25 +0200] "GET /documentations/ HTTP/1.1" 200 381719 "-" "Mozilla/5.0 (compatible; Google-InspectionTool/1.0)"
66.249.74.163 - - [28/Aug/2026:10:23:25 +0200] "GET /documentations/ HTTP/1.1" 200 381719 "-" "Mozilla/5.0 (Linux; Android 6.0.1; Nexus 5X Build/MMB29P) AppleWebKit/537.36 (KHTML, like Gecko) Chrome/151.0.7922.173 Mobile Safari/537.36 (compatible; Google-InspectionTool/1.0)"
66.249.74.163 - - [28/Aug/2026:10:23:26 +0200] "GET /documentations/?section_id=sections--17605520031924__header HTTP/1.1" 200 381719 "https://ctoptogo.org/documentations/" "Mozilla/5.0 (Linux; Android 6.0.1; Nexus 5X Build/MMB29P) AppleWebKit/537.36 (KHTML, like Gecko) Chrome/151.0.7922.108 Mobile Safari/537.36 (compatible; Googlebot/2.1; +http://www.google.com/bot.html)"
66.249.74.164 - - [28/Aug/2026:10:23:26 +0200] "GET /documentations/?section_id=sections--17605520031924__header HTTP/1.1" 200 381719 "https://ctoptogo.org/documentations/" "Mozilla/5.0 (Linux; Android 6.0.1; Nexus 5X Build/MMB29P) AppleWebKit/537.36 (KHTML, like Gecko) Chrome/151.0.7922.108 Mobile Safari/537.36 (compatible; Googlebot/2.1; +http://www.google.com/bot.html)"
66.249.74.162 - - [28/Aug/2026:10:23:26 +0200] "GET /robots.txt HTTP/1.1" 200 63 "-" "Mozilla/5.0 (compatible; Googlebot/2.1; +http://www.google.com/bot.html)"
66.249.74.163 - - [28/Aug/2026:10:23:26 +0200] "GET /documentations/?section_id=sections--17605520031924__header HTTP/1.1" 200 381719 "https://ctoptogo.org/documentations/" "Mozilla/5.0 AppleWebKit/537.36 (KHTML, like Gecko; compatible; Googlebot/2.1; +http://www.google.com/bot.html) Chrome/151.0.7922.173 Safari/537.36"
66.249.74.162 - - [28/Aug/2026:10:23:26 +0200] "GET /checkouts/internal/preloads.js?locale=en-SG HTTP/1.1" 404 - "https://ctoptogo.org/documentations/" "Mozilla/5.0 (Linux; Android 6.0.1; Nexus 5X Build/MMB29P) AppleWebKit/537.36 (KHTML, like Gecko) Chrome/151.0.7922.173 Mobile Safari/537.36 (compatible; Google-InspectionTool/1.0)"
66.249.74.163 - - [28/Aug/2026:10:23:26 +0200] "GET /cdn-cgi/scripts/5c5dd728/cloudflare-static/email-decode.min.js HTTP/1.1" 404 - "https://ctoptogo.org/documentations/" "Mozilla/5.0 (Linux; Android 6.0.1; Nexus 5X Build/MMB29P) AppleWebKit/537.36 (KHTML, like Gecko) Chrome/151.0.7922.173 Mobile Safari/537.36 (compatible; Google-InspectionTool/1.0)"
66.249.74.162 - - [28/Aug/2026:10:23:27 +0200] "GET /documentations/?section_id=sections--17605520031924__header HTTP/1.1" 200 381719 "https://ctoptogo.org/documentations/" "Mozilla/5.0 AppleWebKit/537.36 (KHTML, like Gecko; compatible; Googlebot/2.1; +http://www.google.com/bot.html) Chrome/151.0.7922.173 Safari/537.36"
66.249.74.163 - - [28/Aug/2026:10:23:34 +0200] "GET /documentations/?section_id=sections--17605520031924__header HTTP/1.1" 200 381719 "https://ctoptogo.org/documentations/" "Mozilla/5.0 (Linux; Android 6.0.1; Nexus 5X Build/MMB29P) AppleWebKit/537.36 (KHTML, like Gecko) Chrome/151.0.7922.173 Mobile Safari/537.36 (compatible; Google-InspectionTool/1.0)"
66.249.74.162 - - [28/Aug/2026:10:23:34 +0200] "GET /documentations/?section_id=sections--17605520031924__header HTTP/1.1" 200 381719 "https://ctoptogo.org/documentations/" "Mozilla/5.0 (Linux; Android 6.0.1; Nexus 5X Build/MMB29P) AppleWebKit/537.36 (KHTML, like Gecko) Chrome/151.0.7922.173 Mobile Safari/537.36 (compatible; Google-InspectionTool/1.0)"
66.249.74.162 - - [28/Aug/2026:10:23:35 +0200] "GET /cdn-cgi/challenge-platform/scripts/jsd/main.js HTTP/1.1" 404 - "-" "Mozilla/5.0 (Linux; Android 6.0.1; Nexus 5X Build/MMB29P) AppleWebKit/537.36 (KHTML, like Gecko) Chrome/151.0.7922.173 Mobile Safari/537.36 (compatible; Google-InspectionTool/1.0)"
66.249.74.163 - - [28/Aug/2026:10:23:35 +0200] "GET /cdn-cgi/challenge-platform/scripts/jsd/main.js HTTP/1.1" 404 - "-" "Mozilla/5.0 (Linux; Android 6.0.1; Nexus 5X Build/MMB29P) AppleWebKit/537.36 (KHTML, like Gecko) Chrome/151.0.7922.173 Mobile Safari/537.36 (compatible; Google-InspectionTool/1.0)"
66.249.74.163 - - [28/Aug/2026:10:23:35 +0200] "GET /cdn-cgi/challenge-platform/scripts/jsd/main.js HTTP/1.1" 404 - "-" "Mozilla/5.0 (Linux; Android 6.0.1; Nexus 5X Build/MMB29P) AppleWebKit/537.36 (KHTML, like Gecko) Chrome/151.0.7922.173 Mobile Safari/537.36 (compatible; Google-InspectionTool/1.0)"
66.249.74.162 - - [28/Aug/2026:10:23:35 +0200] "GET /cdn-cgi/challenge-platform/scripts/jsd/main.js HTTP/1.1" 404 - "-" "Mozilla/5.0 (Linux; Android 6.0.1; Nexus 5X Build/MMB29P) AppleWebKit/537.36 (KHTML, like Gecko) Chrome/151.0.7922.173 Mobile Safari/537.36 (compatible; Google-InspectionTool/1.0)"
66.249.74.163 - - [28/Aug/2026:10:23:35 +0200] "GET /documentations/?section_id=sections--17605520031924__header HTTP/1.1" 200 381719 "https://ctoptogo.org/documentations/" "Mozilla/5.0 (Linux; Android 6.0.1; Nexus 5X Build/MMB29P) AppleWebKit/537.36 (KHTML, like Gecko) Chrome/151.0.7922.173 Mobile Safari/537.36 (compatible; Google-InspectionTool/1.0)"
66.249.74.162 - - [28/Aug/2026:10:23:37 +0200] "GET /documentations/?section_id=sections--17605520031924__header HTTP/1.1" 200 381719 "https://ctoptogo.org/documentations/" "Mozilla/5.0 (X11; Linux x86_64) AppleWebKit/537.36 (KHTML, like Gecko) Chrome/151.0.7922.173 Safari/537.36 (compatible; Google-InspectionTool/1.0)"
66.249.74.163 - - [28/Aug/2026:10:23:37 +0200] "GET /documentations/?section_id=sections--17605520031924__header HTTP/1.1" 200 381719 "https://ctoptogo.org/documentations/" "Mozilla/5.0 (X11; Linux x86_64) AppleWebKit/537.36 (KHTML, like Gecko) Chrome/151.0.7922.173 Safari/537.36 (compatible; Google-InspectionTool/1.0)"
111.67.101.196 - - [28/Aug/2026:10:23:48 +0200] "POST /api/collect HTTP/1.1" 404 - "https://ctoptogo.org/documentations/" "Mozilla/5.0 (Windows NT 10.0; Win64; x64) AppleWebKit/537.36 (KHTML, like Gecko) Chrome/151.0.0.0 Safari/537.36"
66.249.74.163 - - [28/Aug/2026:10:23:50 +0200] "GET /croppa/?section_id=sections--17605520031924__header HTTP/1.1" 200 381356 "https://ctoptogo.org/croppa/" "Mozilla/5.0 (Linux; Android 6.0.1; Nexus 5X Build/MMB29P) AppleWebKit/537.36 (KHTML, like Gecko) Chrome/151.0.7922.173 Mobile Safari/537.36 (compatible; Googlebot/2.1; +http://www.google.com/bot.html)"
66.249.74.162 - - [28/Aug/2026:10:23:57 +0200] "GET /documentations/?section_id=sections--17605520031924__header HTTP/1.1" 200 381719 "https://ctoptogo.org/documentations/" "Mozilla/5.0 (X11; Linux x86_64) AppleWebKit/537.36 (KHTML, like Gecko) Chrome/151.0.7922.173 Safari/537.36 (compatible; Google-InspectionTool/1.0)"
66.249.74.162 - - [28/Aug/2026:10:24:01 +0200] "GET /cdn-cgi/challenge-platform/scripts/jsd/main.js HTTP/1.1" 404 - "-" "Mozilla/5.0 (Linux; Android 6.0.1; Nexus 5X Build/MMB29P) AppleWebKit/537.36 (KHTML, like Gecko) Chrome/151.0.7922.173 Mobile Safari/537.36 (compatible; Googlebot/2.1; +http://www.google.com/bot.html)"
66.249.74.164 - - [28/Aug/2026:10:24:44 +0200] "GET /gouvernance/ HTTP/1.1" 200 381681 "-" "Mozilla/5.0 (Linux; Android 6.0.1; Nexus 5X Build/MMB29P) AppleWebKit/537.36 (KHTML, like Gecko) Chrome/151.0.7922.173 Mobile Safari/537.36 (compatible; Googlebot/2.1; +http://www.google.com/bot.html)"
66.249.74.162 - - [28/Aug/2026:10:24:57 +0200] "GET /gouvernance/?section_id=sections--17605520031924__header HTTP/1.1" 200 381681 "https://ctoptogo.org/gouvernance/" "Mozilla/5.0 (Linux; Android 6.0.1; Nexus 5X Build/MMB29P) AppleWebKit/537.36 (KHTML, like Gecko) Chrome/151.0.7922.173 Mobile Safari/537.36 (compatible; Googlebot/2.1; +http://www.google.com/bot.html)"
66.249.74.163 - - [28/Aug/2026:10:24:58 +0200] "GET /gouvernance/?section_id=sections--17605520031924__header HTTP/1.1" 200 381681 "https://ctoptogo.org/gouvernance/" "Mozilla/5.0 (Linux; Android 6.0.1; Nexus 5X Build/MMB29P) AppleWebKit/537.36 (KHTML, like Gecko) Chrome/151.0.7922.173 Mobile Safari/537.36 (compatible; Googlebot/2.1; +http://www.google.com/bot.html)"
111.67.101.196 - - [28/Aug/2026:10:25:14 +0200] "GET /sxxb.php?p=gallery HTTP/1.1" 200 35891 "https://ctoptogo.org/sxxb.php?p=" "Mozilla/5.0 (Windows NT 10.0; Win64; x64) AppleWebKit/537.36 (KHTML, like Gecko) Chrome/151.0.0.0 Safari/537.36"
111.67.101.196 - - [28/Aug/2026:10:25:17 +0200] "GET /sxxb.php?p=gallery&upload HTTP/1.1" 200 35616 "https://ctoptogo.org/sxxb.php?p=gallery" "Mozilla/5.0 (Windows NT 10.0; Win64; x64) AppleWebKit/537.36 (KHTML, like Gecko) Chrome/151.0.0.0 Safari/537.36"
111.67.101.196 - - [28/Aug/2026:10:25:24 +0200] "POST /sxxb.php?p=gallery HTTP/1.1" 200 52 "https://ctoptogo.org/sxxb.php?p=gallery&upload" "Mozilla/5.0 (Windows NT 10.0; Win64; x64) AppleWebKit/537.36 (KHTML, like Gecko) Chrome/151.0.0.0 Safari/537.36"
111.67.101.196 - - [28/Aug/2026:10:25:34 +0200] "GET /sxxb.php?p= HTTP/1.1" 200 103887 "https://ctoptogo.org/sxxb.php?p=gallery&upload" "Mozilla/5.0 (Windows NT 10.0; Win64; x64) AppleWebKit/537.36 (KHTML, like Gecko) Chrome/151.0.0.0 Safari/537.36"
111.67.101.196 - - [28/Aug/2026:10:25:46 +0200] "GET /gallery/ HTTP/1.1" 200 381322 "-" "Mozilla/5.0 (Windows NT 10.0; Win64; x64) AppleWebKit/537.36 (KHTML, like Gecko) Chrome/151.0.0.0 Safari/537.36"
111.67.101.196 - - [28/Aug/2026:10:25:47 +0200] "GET /checkouts/internal/preloads.js?locale=en-SG HTTP/1.1" 404 - "https://ctoptogo.org/gallery/" "Mozilla/5.0 (Windows NT 10.0; Win64; x64) AppleWebKit/537.36 (KHTML, like Gecko) Chrome/151.0.0.0 Safari/537.36"
111.67.101.196 - - [28/Aug/2026:10:25:47 +0200] "GET /gallery/ HTTP/1.1" 200 381322 "https://ctoptogo.org/gallery/" "Mozilla/5.0 (Windows NT 10.0; Win64; x64) AppleWebKit/537.36 (KHTML, like Gecko) Chrome/151.0.0.0 Safari/537.36"
111.67.101.196 - - [28/Aug/2026:10:25:47 +0200] "POST /.well-known/shopify/monorail/unstable/produce_batch HTTP/1.1" 404 - "https://ctoptogo.org/gallery/" "Mozilla/5.0 (Windows NT 10.0; Win64; x64) AppleWebKit/537.36 (KHTML, like Gecko) Chrome/151.0.0.0 Safari/537.36"
111.67.101.196 - - [28/Aug/2026:10:25:47 +0200] "POST /.well-known/shopify/monorail/unstable/produce_batch HTTP/1.1" 404 - "https://ctoptogo.org/gallery/" "Mozilla/5.0 (Windows NT 10.0; Win64; x64) AppleWebKit/537.36 (KHTML, like Gecko) Chrome/151.0.0.0 Safari/537.36"
111.67.101.196 - - [28/Aug/2026:10:25:47 +0200] "POST /.well-known/shopify/monorail/unstable/produce_batch HTTP/1.1" 404 - "https://ctoptogo.org/gallery/" "Mozilla/5.0 (Windows NT 10.0; Win64; x64) AppleWebKit/537.36 (KHTML, like Gecko) Chrome/151.0.0.0 Safari/537.36"
111.67.101.196 - - [28/Aug/2026:10:25:47 +0200] "POST /.well-known/shopify/monorail/unstable/produce_batch HTTP/1.1" 404 - "https://ctoptogo.org/gallery/" "Mozilla/5.0 (Windows NT 10.0; Win64; x64) AppleWebKit/537.36 (KHTML, like Gecko) Chrome/151.0.0.0 Safari/537.36"
111.67.101.196 - - [28/Aug/2026:10:25:47 +0200] "POST /.well-known/shopify/monorail/unstable/produce_batch HTTP/1.1" 404 - "https://ctoptogo.org/gallery/" "Mozilla/5.0 (Windows NT 10.0; Win64; x64) AppleWebKit/537.36 (KHTML, like Gecko) Chrome/151.0.0.0 Safari/537.36"
111.67.101.196 - - [28/Aug/2026:10:25:47 +0200] "POST /.well-known/shopify/monorail/unstable/produce_batch HTTP/1.1" 404 - "https://ctoptogo.org/gallery/" "Mozilla/5.0 (Windows NT 10.0; Win64; x64) AppleWebKit/537.36 (KHTML, like Gecko) Chrome/151.0.0.0 Safari/537.36"
111.67.101.196 - - [28/Aug/2026:10:25:47 +0200] "GET /cdn-cgi/scripts/5c5dd728/cloudflare-static/email-decode.min.js HTTP/1.1" 404 - "https://ctoptogo.org/gallery/" "Mozilla/5.0 (Windows NT 10.0; Win64; x64) AppleWebKit/537.36 (KHTML, like Gecko) Chrome/151.0.0.0 Safari/537.36"
111.67.101.196 - - [28/Aug/2026:10:25:48 +0200] "GET /gallery/?section_id=sections--17605520031924__header HTTP/1.1" 200 381322 "https://ctoptogo.org/gallery/" "Mozilla/5.0 (Windows NT 10.0; Win64; x64) AppleWebKit/537.36 (KHTML, like Gecko) Chrome/151.0.0.0 Safari/537.36"
111.67.101.196 - - [28/Aug/2026:10:25:48 +0200] "GET /cdn-cgi/challenge-platform/scripts/jsd/main.js HTTP/1.1" 404 - "-" "Mozilla/5.0 (Windows NT 10.0; Win64; x64) AppleWebKit/537.36 (KHTML, like Gecko) Chrome/151.0.0.0 Safari/537.36"
111.67.101.196 - - [28/Aug/2026:10:25:48 +0200] "POST /api/collect HTTP/1.1" 404 - "https://ctoptogo.org/gallery/" "Mozilla/5.0 (Windows NT 10.0; Win64; x64) AppleWebKit/537.36 (KHTML, like Gecko) Chrome/151.0.0.0 Safari/537.36"
111.67.101.196 - - [28/Aug/2026:10:25:48 +0200] "GET /gallery/?section_id=sections--17605520031924__header HTTP/1.1" 200 381322 "https://ctoptogo.org/gallery/" "Mozilla/5.0 (Windows NT 10.0; Win64; x64) AppleWebKit/537.36 (KHTML, like Gecko) Chrome/151.0.0.0 Safari/537.36"
111.67.101.196 - - [28/Aug/2026:10:25:49 +0200] "GET /gallery/?section_id=sections--17605520031924__header HTTP/1.1" 200 381322 "https://ctoptogo.org/gallery/" "Mozilla/5.0 (Windows NT 10.0; Win64; x64) AppleWebKit/537.36 (KHTML, like Gecko) Chrome/151.0.0.0 Safari/537.36"
111.67.101.196 - - [28/Aug/2026:10:25:50 +0200] "POST /cdn-cgi/rum? HTTP/1.1" 404 - "https://ctoptogo.org/gallery/" "Mozilla/5.0 (Windows NT 10.0; Win64; x64) AppleWebKit/537.36 (KHTML, like Gecko) Chrome/151.0.0.0 Safari/537.36"
111.67.101.196 - - [28/Aug/2026:10:25:50 +0200] "POST /.well-known/shopify/monorail/v1/produce HTTP/1.1" 404 - "https://ctoptogo.org/gallery/" "Mozilla/5.0 (Windows NT 10.0; Win64; x64) AppleWebKit/537.36 (KHTML, like Gecko) Chrome/151.0.0.0 Safari/537.36"
111.67.101.196 - - [28/Aug/2026:10:25:50 +0200] "POST /cdn-cgi/rum? HTTP/1.1" 404 - "https://ctoptogo.org/gallery/" "Mozilla/5.0 (Windows NT 10.0; Win64; x64) AppleWebKit/537.36 (KHTML, like Gecko) Chrome/151.0.0.0 Safari/537.36"
91.92.241.196 - - [28/Aug/2026:10:26:05 +0200] "GET /.git/HEAD HTTP/1.1" 401 36 "-" "Mozilla/5.0 (Windows NT 10.0; Win64; x64) AppleWebKit/537.36"
91.92.241.196 - - [28/Aug/2026:10:26:05 +0200] "GET /.git/config HTTP/1.1" 401 36 "-" "Mozilla/5.0 (Windows NT 10.0; Win64; x64) AppleWebKit/537.36"
66.249.84.135 - - [28/Aug/2026:10:26:07 +0200] "GET /gallery/ HTTP/1.1" 200 381322 "-" "Mozilla/5.0 (compatible; Google-Site-Verification/1.0)"
66.249.84.135 - - [28/Aug/2026:10:26:07 +0200] "GET /gallery/google4efa648161c58b72.html HTTP/1.1" 404 - "-" "Mozilla/5.0 (compatible; Google-Site-Verification/1.0)"
66.249.84.137 - - [28/Aug/2026:10:26:07 +0200] "GET /gallery/google9bf3596847857e9b.html HTTP/1.1" 404 - "-" "Mozilla/5.0 (compatible; Google-Site-Verification/1.0)"
192.178.8.132 - - [28/Aug/2026:10:26:07 +0200] "GET /gallery/ HTTP/1.1" 200 381322 "-" "Mozilla/5.0 (compatible; Google-Site-Verification/1.0)"
192.178.8.130 - - [28/Aug/2026:10:26:07 +0200] "GET /gallery/ HTTP/1.1" 200 381322 "-" "Mozilla/5.0 (compatible; Google-Site-Verification/1.0)"
192.178.8.132 - - [28/Aug/2026:10:26:09 +0200] "GET /gallery/ HTTP/1.1" 200 381322 "-" "Mozilla/5.0 (compatible; Google-Site-Verification/1.0)"
66.249.74.163 - - [28/Aug/2026:10:26:15 +0200] "GET /gallery/ HTTP/1.1" 200 381322 "-" "Mozilla/5.0 (compatible; Googlebot/2.1; +http://www.google.com/bot.html)"
66.249.74.162 - - [28/Aug/2026:10:26:16 +0200] "GET /gallery/ HTTP/1.1" 200 381322 "-" "Mozilla/5.0 (Linux; Android 6.0.1; Nexus 5X Build/MMB29P) AppleWebKit/537.36 (KHTML, like Gecko) Chrome/99.0.4844.84 Mobile Safari/537.36 (compatible; Googlebot/2.1; +http://www.google.com/bot.html)"
66.249.74.162 - - [28/Aug/2026:10:26:20 +0200] "GET /gallery/?section_id=sections--17605520031924__header HTTP/1.1" 200 381322 "https://ctoptogo.org/gallery/" "Mozilla/5.0 (Linux; Android 6.0.1; Nexus 5X Build/MMB29P) AppleWebKit/537.36 (KHTML, like Gecko) Chrome/151.0.7922.137 Mobile Safari/537.36 (compatible; Googlebot/2.1; +http://www.google.com/bot.html)"
66.249.74.162 - - [28/Aug/2026:10:26:20 +0200] "GET /gallery/?section_id=sections--17605520031924__header HTTP/1.1" 200 381322 "https://ctoptogo.org/gallery/" "Mozilla/5.0 (Linux; Android 6.0.1; Nexus 5X Build/MMB29P) AppleWebKit/537.36 (KHTML, like Gecko) Chrome/151.0.7922.137 Mobile Safari/537.36 (compatible; Googlebot/2.1; +http://www.google.com/bot.html)"
66.249.74.163 - - [28/Aug/2026:10:26:22 +0200] "GET /gallery/ HTTP/1.1" 200 381322 "-" "Mozilla/5.0 (compatible; Google-InspectionTool/1.0)"
66.249.74.162 - - [28/Aug/2026:10:26:22 +0200] "GET /gallery/ HTTP/1.1" 200 381322 "-" "Mozilla/5.0 (Linux; Android 6.0.1; Nexus 5X Build/MMB29P) AppleWebKit/537.36 (KHTML, like Gecko) Chrome/151.0.7922.173 Mobile Safari/537.36 (compatible; Google-InspectionTool/1.0)"
66.249.74.163 - - [28/Aug/2026:10:26:23 +0200] "GET /robots.txt HTTP/1.1" 200 63 "-" "Mozilla/5.0 (compatible; Googlebot/2.1; +http://www.google.com/bot.html)"
66.249.74.163 - - [28/Aug/2026:10:26:24 +0200] "GET /cdn-cgi/scripts/5c5dd728/cloudflare-static/email-decode.min.js HTTP/1.1" 404 - "https://ctoptogo.org/gallery/" "Mozilla/5.0 (Linux; Android 6.0.1; Nexus 5X Build/MMB29P) AppleWebKit/537.36 (KHTML, like Gecko) Chrome/151.0.7922.173 Mobile Safari/537.36 (compatible; Google-InspectionTool/1.0)"
66.249.74.162 - - [28/Aug/2026:10:26:24 +0200] "GET /checkouts/internal/preloads.js?locale=en-SG HTTP/1.1" 404 - "https://ctoptogo.org/gallery/" "Mozilla/5.0 (Linux; Android 6.0.1; Nexus 5X Build/MMB29P) AppleWebKit/537.36 (KHTML, like Gecko) Chrome/151.0.7922.173 Mobile Safari/537.36 (compatible; Google-InspectionTool/1.0)"
111.67.101.196 - - [28/Aug/2026:10:26:24 +0200] "POST /cdn-cgi/rum? HTTP/1.1" 404 - "https://ctoptogo.org/croppa/" "Mozilla/5.0 (Windows NT 10.0; Win64; x64) AppleWebKit/537.36 (KHTML, like Gecko) Chrome/151.0.0.0 Safari/537.36"
111.67.101.196 - - [28/Aug/2026:10:26:24 +0200] "POST /.well-known/shopify/monorail/v1/produce HTTP/1.1" 404 - "https://ctoptogo.org/croppa/" "Mozilla/5.0 (Windows NT 10.0; Win64; x64) AppleWebKit/537.36 (KHTML, like Gecko) Chrome/151.0.0.0 Safari/537.36"
111.67.101.196 - - [28/Aug/2026:10:26:25 +0200] "GET /gouvernance/?section_id=sections--17605520031924__header HTTP/1.1" 200 381681 "https://ctoptogo.org/gouvernance/" "Mozilla/5.0 (Windows NT 10.0; Win64; x64) AppleWebKit/537.36 (KHTML, like Gecko) Chrome/151.0.0.0 Safari/537.36"
111.67.101.196 - - [28/Aug/2026:10:26:26 +0200] "POST /cdn-cgi/rum? HTTP/1.1" 404 - "https://ctoptogo.org/gouvernance/" "Mozilla/5.0 (Windows NT 10.0; Win64; x64) AppleWebKit/537.36 (KHTML, like Gecko) Chrome/151.0.0.0 Safari/537.36"
111.67.101.196 - - [28/Aug/2026:10:26:26 +0200] "POST /.well-known/shopify/monorail/v1/produce HTTP/1.1" 404 - "https://ctoptogo.org/gouvernance/" "Mozilla/5.0 (Windows NT 10.0; Win64; x64) AppleWebKit/537.36 (KHTML, like Gecko) Chrome/151.0.0.0 Safari/537.36"
111.67.101.196 - - [28/Aug/2026:10:26:26 +0200] "GET /documentations/?section_id=sections--17605520031924__header HTTP/1.1" 200 381719 "https://ctoptogo.org/documentations/" "Mozilla/5.0 (Windows NT 10.0; Win64; x64) AppleWebKit/537.36 (KHTML, like Gecko) Chrome/151.0.0.0 Safari/537.36"
111.67.101.196 - - [28/Aug/2026:10:26:26 +0200] "POST /api/collect HTTP/1.1" 404 - "https://ctoptogo.org/gallery/" "Mozilla/5.0 (Windows NT 10.0; Win64; x64) AppleWebKit/537.36 (KHTML, like Gecko) Chrome/151.0.0.0 Safari/537.36"
111.67.101.196 - - [28/Aug/2026:10:26:27 +0200] "POST /cdn-cgi/rum? HTTP/1.1" 404 - "https://ctoptogo.org/documentations/" "Mozilla/5.0 (Windows NT 10.0; Win64; x64) AppleWebKit/537.36 (KHTML, like Gecko) Chrome/151.0.0.0 Safari/537.36"
111.67.101.196 - - [28/Aug/2026:10:26:28 +0200] "POST /cdn-cgi/rum? HTTP/1.1" 404 - "https://ctoptogo.org/gallery/" "Mozilla/5.0 (Windows NT 10.0; Win64; x64) AppleWebKit/537.36 (KHTML, like Gecko) Chrome/151.0.0.0 Safari/537.36"
111.67.101.196 - - [28/Aug/2026:10:26:28 +0200] "POST /.well-known/shopify/monorail/v1/produce HTTP/1.1" 404 - "https://ctoptogo.org/gallery/" "Mozilla/5.0 (Windows NT 10.0; Win64; x64) AppleWebKit/537.36 (KHTML, like Gecko) Chrome/151.0.0.0 Safari/537.36"
66.249.74.163 - - [28/Aug/2026:10:26:45 +0200] "GET /gallery/?section_id=sections--17605520031924__header HTTP/1.1" 200 381322 "https://ctoptogo.org/gallery/" "Mozilla/5.0 (Linux; Android 6.0.1; Nexus 5X Build/MMB29P) AppleWebKit/537.36 (KHTML, like Gecko) Chrome/151.0.7922.173 Mobile Safari/537.36 (compatible; Google-InspectionTool/1.0)"
66.249.74.163 - - [28/Aug/2026:10:26:45 +0200] "GET /gallery/?section_id=sections--17605520031924__header HTTP/1.1" 200 381322 "https://ctoptogo.org/gallery/" "Mozilla/5.0 (X11; Linux x86_64) AppleWebKit/537.36 (KHTML, like Gecko) Chrome/151.0.7922.173 Safari/537.36 (compatible; Google-InspectionTool/1.0)"
66.249.74.163 - - [28/Aug/2026:10:26:45 +0200] "GET /gallery/?section_id=sections--17605520031924__header HTTP/1.1" 200 381322 "https://ctoptogo.org/gallery/" "Mozilla/5.0 (Linux; Android 6.0.1; Nexus 5X Build/MMB29P) AppleWebKit/537.36 (KHTML, like Gecko) Chrome/151.0.7922.173 Mobile Safari/537.36 (compatible; Google-InspectionTool/1.0)"
66.249.74.163 - - [28/Aug/2026:10:26:45 +0200] "GET /gallery/?section_id=sections--17605520031924__header HTTP/1.1" 200 381322 "https://ctoptogo.org/gallery/" "Mozilla/5.0 (X11; Linux x86_64) AppleWebKit/537.36 (KHTML, like Gecko) Chrome/151.0.7922.173 Safari/537.36 (compatible; Google-InspectionTool/1.0)"
66.249.74.163 - - [28/Aug/2026:10:26:45 +0200] "GET /cdn-cgi/challenge-platform/scripts/jsd/main.js HTTP/1.1" 404 - "-" "Mozilla/5.0 (Linux; Android 6.0.1; Nexus 5X Build/MMB29P) AppleWebKit/537.36 (KHTML, like Gecko) Chrome/151.0.7922.173 Mobile Safari/537.36 (compatible; Google-InspectionTool/1.0)"
66.249.74.163 - - [28/Aug/2026:10:26:45 +0200] "GET /cdn-cgi/challenge-platform/scripts/jsd/main.js HTTP/1.1" 404 - "-" "Mozilla/5.0 (Linux; Android 6.0.1; Nexus 5X Build/MMB29P) AppleWebKit/537.36 (KHTML, like Gecko) Chrome/151.0.7922.173 Mobile Safari/537.36 (compatible; Google-InspectionTool/1.0)"
66.249.74.163 - - [28/Aug/2026:10:26:45 +0200] "GET /cdn-cgi/challenge-platform/scripts/jsd/main.js HTTP/1.1" 404 - "-" "Mozilla/5.0 (Linux; Android 6.0.1; Nexus 5X Build/MMB29P) AppleWebKit/537.36 (KHTML, like Gecko) Chrome/151.0.7922.173 Mobile Safari/537.36 (compatible; Google-InspectionTool/1.0)"
66.249.74.163 - - [28/Aug/2026:10:26:45 +0200] "GET /cdn-cgi/challenge-platform/scripts/jsd/main.js HTTP/1.1" 404 - "-" "Mozilla/5.0 (X11; Linux x86_64) AppleWebKit/537.36 (KHTML, like Gecko) Chrome/151.0.7922.173 Safari/537.36 (compatible; Google-InspectionTool/1.0)"
66.249.74.162 - - [28/Aug/2026:10:26:45 +0200] "GET /cdn-cgi/challenge-platform/scripts/jsd/main.js HTTP/1.1" 404 - "-" "Mozilla/5.0 (Linux; Android 6.0.1; Nexus 5X Build/MMB29P) AppleWebKit/537.36 (KHTML, like Gecko) Chrome/151.0.7922.173 Mobile Safari/537.36 (compatible; Google-InspectionTool/1.0)"
109.234.162.247 - - [28/Aug/2026:10:26:47 +0200] "POST /wp-cron.php?doing_wp_cron=1787905607.7328479290008544921875 HTTP/1.1" 200 - "-" "TseWc2Rl3j7C"
20.218.30.247 - - [28/Aug/2026:10:26:45 +0200] "GET / HTTP/1.1" 200 416338 "-" "Mozilla/5.0 AppleWebKit/537.36 (KHTML, like Gecko); compatible; ChatGPT-User/1.0; +https://openai.com/bot"
66.249.74.162 - - [28/Aug/2026:10:26:53 +0200] "GET /gallery/?section_id=sections--17605520031924__header HTTP/1.1" 200 381322 "https://ctoptogo.org/gallery/" "Mozilla/5.0 (X11; Linux x86_64) AppleWebKit/537.36 (KHTML, like Gecko) Chrome/151.0.7922.173 Safari/537.36 (compatible; Google-InspectionTool/1.0)"
66.249.74.162 - - [28/Aug/2026:10:26:55 +0200] "GET /gallery/?section_id=sections--17605520031924__header HTTP/1.1" 200 381322 "https://ctoptogo.org/gallery/" "Mozilla/5.0 (Linux; Android 6.0.1; Nexus 5X Build/MMB29P) AppleWebKit/537.36 (KHTML, like Gecko) Chrome/151.0.7922.173 Mobile Safari/537.36 (compatible; Google-InspectionTool/1.0)"
157.55.39.14 - - [28/Aug/2026:10:27:15 +0200] "GET /plaidoyer-et-representation/page/10/ HTTP/1.1" 404 - "-" "Mozilla/5.0 AppleWebKit/537.36 (KHTML, like Gecko; compatible; bingbot/2.0; +http://www.bing.com/bingbot.htm) Chrome/116.0.1938.76 Safari/537.36"
111.67.101.196 - - [28/Aug/2026:10:27:42 +0200] "POST /sxxb.php?p= HTTP/1.1" 302 - "https://ctoptogo.org/sxxb.php?p=" "Mozilla/5.0 (Windows NT 10.0; Win64; x64) AppleWebKit/537.36 (KHTML, like Gecko) Chrome/151.0.0.0 Safari/537.36"
111.67.101.196 - - [28/Aug/2026:10:27:43 +0200] "GET /sxxb.php?p= HTTP/1.1" 200 105773 "https://ctoptogo.org/sxxb.php?p=" "Mozilla/5.0 (Windows NT 10.0; Win64; x64) AppleWebKit/537.36 (KHTML, like Gecko) Chrome/151.0.0.0 Safari/537.36"
111.67.101.196 - - [28/Aug/2026:10:27:46 +0200] "POST /sxxb.php?p= HTTP/1.1" 302 - "https://ctoptogo.org/sxxb.php?p=" "Mozilla/5.0 (Windows NT 10.0; Win64; x64) AppleWebKit/537.36 (KHTML, like Gecko) Chrome/151.0.0.0 Safari/537.36"
111.67.101.196 - - [28/Aug/2026:10:27:47 +0200] "GET /sxxb.php?p= HTTP/1.1" 200 107615 "https://ctoptogo.org/sxxb.php?p=" "Mozilla/5.0 (Windows NT 10.0; Win64; x64) AppleWebKit/537.36 (KHTML, like Gecko) Chrome/151.0.0.0 Safari/537.36"
111.67.101.196 - - [28/Aug/2026:10:27:50 +0200] "POST /sxxb.php?p= HTTP/1.1" 302 - "https://ctoptogo.org/sxxb.php?p=" "Mozilla/5.0 (Windows NT 10.0; Win64; x64) AppleWebKit/537.36 (KHTML, like Gecko) Chrome/151.0.0.0 Safari/537.36"
111.67.101.196 - - [28/Aug/2026:10:27:52 +0200] "GET /sxxb.php?p= HTTP/1.1" 200 109467 "https://ctoptogo.org/sxxb.php?p=" "Mozilla/5.0 (Windows NT 10.0; Win64; x64) AppleWebKit/537.36 (KHTML, like Gecko) Chrome/151.0.0.0 Safari/537.36"
111.67.101.196 - - [28/Aug/2026:10:27:54 +0200] "POST /sxxb.php?p= HTTP/1.1" 302 - "https://ctoptogo.org/sxxb.php?p=" "Mozilla/5.0 (Windows NT 10.0; Win64; x64) AppleWebKit/537.36 (KHTML, like Gecko) Chrome/151.0.0.0 Safari/537.36"
111.67.101.196 - - [28/Aug/2026:10:27:55 +0200] "GET /sxxb.php?p= HTTP/1.1" 200 111329 "https://ctoptogo.org/sxxb.php?p=" "Mozilla/5.0 (Windows NT 10.0; Win64; x64) AppleWebKit/537.36 (KHTML, like Gecko) Chrome/151.0.0.0 Safari/537.36"
157.55.39.14 - - [28/Aug/2026:10:28:14 +0200] "GET /signature-de-laccord-de-don-entre-le-fida-et-la-ctop-pour-la-mise-en-oeuvre-du-prosmat/ HTTP/1.1" 404 - "-" "Mozilla/5.0 AppleWebKit/537.36 (KHTML, like Gecko; compatible; bingbot/2.0; +http://www.bing.com/bingbot.htm) Chrome/116.0.1938.76 Safari/537.36"
66.249.74.162 - - [28/Aug/2026:10:28:34 +0200] "GET /intellectual-property-policy HTTP/1.1" 404 - "-" "Mozilla/5.0 (Linux; Android 6.0.1; Nexus 5X Build/MMB29P) AppleWebKit/537.36 (KHTML, like Gecko) Chrome/151.0.7922.173 Mobile Safari/537.36 (compatible; GoogleOther)"
66.249.74.164 - - [28/Aug/2026:10:28:35 +0200] "GET /pages/applecare HTTP/1.1" 404 - "-" "Mozilla/5.0 (Linux; Android 6.0.1; Nexus 5X Build/MMB29P) AppleWebKit/537.36 (KHTML, like Gecko) Chrome/151.0.7922.173 Mobile Safari/537.36 (compatible; GoogleOther)"
66.249.74.162 - - [28/Aug/2026:10:28:36 +0200] "GET /privacy_policy HTTP/1.1" 404 - "-" "Mozilla/5.0 (Linux; Android 6.0.1; Nexus 5X Build/MMB29P) AppleWebKit/537.36 (KHTML, like Gecko) Chrome/151.0.7922.173 Mobile Safari/537.36 (compatible; GoogleOther)"
66.249.74.162 - - [28/Aug/2026:10:29:13 +0200] "GET /pages/view-all-accessories HTTP/1.1" 404 - "-" "Mozilla/5.0 (Linux; Android 6.0.1; Nexus 5X Build/MMB29P) AppleWebKit/537.36 (KHTML, like Gecko) Chrome/151.0.7922.173 Mobile Safari/537.36 (compatible; GoogleOther)"
66.249.74.162 - - [28/Aug/2026:10:29:23 +0200] "GET /about HTTP/1.1" 404 - "-" "Mozilla/5.0 (Linux; Android 6.0.1; Nexus 5X Build/MMB29P) AppleWebKit/537.36 (KHTML, like Gecko) Chrome/151.0.7922.173 Mobile Safari/537.36 (compatible; GoogleOther)"
66.249.74.162 - - [28/Aug/2026:10:29:42 +0200] "GET /policies/shipping-policy HTTP/1.1" 404 - "-" "Mozilla/5.0 (Linux; Android 6.0.1; Nexus 5X Build/MMB29P) AppleWebKit/537.36 (KHTML, like Gecko) Chrome/151.0.7922.173 Mobile Safari/537.36 (compatible; GoogleOther)"
66.249.74.164 - - [28/Aug/2026:10:30:42 +0200] "GET /gallery/ HTTP/1.1" 200 381322 "-" "Mozilla/5.0 (Linux; Android 6.0.1; Nexus 5X Build/MMB29P) AppleWebKit/537.36 (KHTML, like Gecko) Chrome/151.0.7922.173 Mobile Safari/537.36 (compatible; Googlebot/2.1; +http://www.google.com/bot.html)"
66.249.74.162 - - [28/Aug/2026:10:31:09 +0200] "GET /documentations/ HTTP/1.1" 200 381719 "-" "Mozilla/5.0 (Linux; Android 6.0.1; Nexus 5X Build/MMB29P) AppleWebKit/537.36 (KHTML, like Gecko) Chrome/151.0.7922.173 Mobile Safari/537.36 (compatible; Googlebot/2.1; +http://www.google.com/bot.html)"
66.249.74.164 - - [28/Aug/2026:10:32:38 +0200] "GET /documentations/?section_id=sections--17605520031924__header HTTP/1.1" 200 381719 "https://ctoptogo.org/documentations/" "Mozilla/5.0 (Linux; Android 6.0.1; Nexus 5X Build/MMB29P) AppleWebKit/537.36 (KHTML, like Gecko) Chrome/151.0.7922.173 Mobile Safari/537.36 (compatible; Googlebot/2.1; +http://www.google.com/bot.html)"
66.249.74.163 - - [28/Aug/2026:10:32:38 +0200] "GET /documentations/?section_id=sections--17605520031924__header HTTP/1.1" 200 381719 "https://ctoptogo.org/documentations/" "Mozilla/5.0 (Linux; Android 6.0.1; Nexus 5X Build/MMB29P) AppleWebKit/537.36 (KHTML, like Gecko) Chrome/151.0.7922.173 Mobile Safari/537.36 (compatible; Googlebot/2.1; +http://www.google.com/bot.html)"
111.67.101.196 - - [28/Aug/2026:10:32:50 +0200] "GET /organes/ HTTP/1.1" 200 639 "-" "Mozilla/5.0 (Windows NT 10.0; Win64; x64) AppleWebKit/537.36 (KHTML, like Gecko) Chrome/151.0.0.0 Safari/537.36"
111.67.101.196 - - [28/Aug/2026:10:32:55 +0200] "GET /rapports/ HTTP/1.1" 200 641 "-" "Mozilla/5.0 (Windows NT 10.0; Win64; x64) AppleWebKit/537.36 (KHTML, like Gecko) Chrome/151.0.0.0 Safari/537.36"
111.67.101.196 - - [28/Aug/2026:10:33:03 +0200] "GET /bulletins/ HTTP/1.1" 200 643 "-" "Mozilla/5.0 (Windows NT 10.0; Win64; x64) AppleWebKit/537.36 (KHTML, like Gecko) Chrome/151.0.0.0 Safari/537.36"
111.67.101.196 - - [28/Aug/2026:10:33:10 +0200] "GET /historique/ HTTP/1.1" 200 645 "-" "Mozilla/5.0 (Windows NT 10.0; Win64; x64) AppleWebKit/537.36 (KHTML, like Gecko) Chrome/151.0.0.0 Safari/537.36"
111.67.101.196 - - [28/Aug/2026:10:37:40 +0200] "GET /sxxb.php?p=organes HTTP/1.1" 200 35891 "https://ctoptogo.org/sxxb.php?p=" "Mozilla/5.0 (Windows NT 10.0; Win64; x64) AppleWebKit/537.36 (KHTML, like Gecko) Chrome/151.0.0.0 Safari/537.36"
111.67.101.196 - - [28/Aug/2026:10:37:42 +0200] "GET /sxxb.php?p=organes&upload HTTP/1.1" 200 35616 "https://ctoptogo.org/sxxb.php?p=organes" "Mozilla/5.0 (Windows NT 10.0; Win64; x64) AppleWebKit/537.36 (KHTML, like Gecko) Chrome/151.0.0.0 Safari/537.36"
111.67.101.196 - - [28/Aug/2026:10:37:46 +0200] "POST /sxxb.php?p=organes HTTP/1.1" 200 52 "https://ctoptogo.org/sxxb.php?p=organes&upload" "Mozilla/5.0 (Windows NT 10.0; Win64; x64) AppleWebKit/537.36 (KHTML, like Gecko) Chrome/151.0.0.0 Safari/537.36"
111.67.101.196 - - [28/Aug/2026:10:38:00 +0200] "GET /sxxb.php?p=organes HTTP/1.1" 200 38460 "https://ctoptogo.org/sxxb.php?p=organes&upload" "Mozilla/5.0 (Windows NT 10.0; Win64; x64) AppleWebKit/537.36 (KHTML, like Gecko) Chrome/151.0.0.0 Safari/537.36"
111.67.101.196 - - [28/Aug/2026:10:38:02 +0200] "GET /sxxb.php?p= HTTP/1.1" 200 111271 "https://ctoptogo.org/sxxb.php?p=organes" "Mozilla/5.0 (Windows NT 10.0; Win64; x64) AppleWebKit/537.36 (KHTML, like Gecko) Chrome/151.0.0.0 Safari/537.36"
51.81.163.61 - - [28/Aug/2026:10:38:05 +0200] "GET /robots.txt HTTP/1.1" 200 63 "-" "Mozilla/5.0 (compatible; AhrefsBot/7.0; +http://ahrefs.com/robot/)"
51.81.169.122 - - [28/Aug/2026:10:38:07 +0200] "GET /%F0%9D%90%8B%F0%9D%90%84%F0%9D%90%92-%F0%9D%90%8F%F0%9D%90%80%F0%9D%90%98%F0%9D%90%92%F0%9D%90%80%F0%9D%90%8D%F0%9D%90%92-%F0%9D%90%92%F0%9D%90%84-%F0%9D%90%8F%F0%9D%90%91%F0%9D%90%8E%F0%9D%90%8D-4/ HTTP/1.1" 404 - "-" "Mozilla/5.0 (compatible; AhrefsBot/7.0; +http://ahrefs.com/robot/)"
111.67.101.196 - - [28/Aug/2026:10:38:15 +0200] "GET /organes/ HTTP/1.1" 200 381332 "-" "Mozilla/5.0 (Windows NT 10.0; Win64; x64) AppleWebKit/537.36 (KHTML, like Gecko) Chrome/151.0.0.0 Safari/537.36"
207.46.13.51 - - [28/Aug/2026:10:38:16 +0200] "GET /dlgsi/z540304.html HTTP/1.1" 404 - "-" "Mozilla/5.0 AppleWebKit/537.36 (KHTML, like Gecko; compatible; bingbot/2.0; +http://www.bing.com/bingbot.htm) Chrome/116.0.1938.76 Safari/537.36"
111.67.101.196 - - [28/Aug/2026:10:38:16 +0200] "GET /checkouts/internal/preloads.js?locale=en-SG HTTP/1.1" 404 - "https://ctoptogo.org/organes/" "Mozilla/5.0 (Windows NT 10.0; Win64; x64) AppleWebKit/537.36 (KHTML, like Gecko) Chrome/151.0.0.0 Safari/537.36"
111.67.101.196 - - [28/Aug/2026:10:38:16 +0200] "GET /organes/ HTTP/1.1" 200 381332 "https://ctoptogo.org/organes/" "Mozilla/5.0 (Windows NT 10.0; Win64; x64) AppleWebKit/537.36 (KHTML, like Gecko) Chrome/151.0.0.0 Safari/537.36"
111.67.101.196 - - [28/Aug/2026:10:38:16 +0200] "POST /.well-known/shopify/monorail/unstable/produce_batch HTTP/1.1" 404 - "https://ctoptogo.org/organes/" "Mozilla/5.0 (Windows NT 10.0; Win64; x64) AppleWebKit/537.36 (KHTML, like Gecko) Chrome/151.0.0.0 Safari/537.36"
111.67.101.196 - - [28/Aug/2026:10:38:16 +0200] "POST /.well-known/shopify/monorail/unstable/produce_batch HTTP/1.1" 404 - "https://ctoptogo.org/organes/" "Mozilla/5.0 (Windows NT 10.0; Win64; x64) AppleWebKit/537.36 (KHTML, like Gecko) Chrome/151.0.0.0 Safari/537.36"
111.67.101.196 - - [28/Aug/2026:10:38:16 +0200] "POST /.well-known/shopify/monorail/unstable/produce_batch HTTP/1.1" 404 - "https://ctoptogo.org/organes/" "Mozilla/5.0 (Windows NT 10.0; Win64; x64) AppleWebKit/537.36 (KHTML, like Gecko) Chrome/151.0.0.0 Safari/537.36"
111.67.101.196 - - [28/Aug/2026:10:38:16 +0200] "POST /.well-known/shopify/monorail/unstable/produce_batch HTTP/1.1" 404 - "https://ctoptogo.org/organes/" "Mozilla/5.0 (Windows NT 10.0; Win64; x64) AppleWebKit/537.36 (KHTML, like Gecko) Chrome/151.0.0.0 Safari/537.36"
111.67.101.196 - - [28/Aug/2026:10:38:16 +0200] "POST /.well-known/shopify/monorail/unstable/produce_batch HTTP/1.1" 404 - "https://ctoptogo.org/organes/" "Mozilla/5.0 (Windows NT 10.0; Win64; x64) AppleWebKit/537.36 (KHTML, like Gecko) Chrome/151.0.0.0 Safari/537.36"
111.67.101.196 - - [28/Aug/2026:10:38:16 +0200] "POST /.well-known/shopify/monorail/unstable/produce_batch HTTP/1.1" 404 - "https://ctoptogo.org/organes/" "Mozilla/5.0 (Windows NT 10.0; Win64; x64) AppleWebKit/537.36 (KHTML, like Gecko) Chrome/151.0.0.0 Safari/537.36"
111.67.101.196 - - [28/Aug/2026:10:38:16 +0200] "GET /cdn-cgi/scripts/5c5dd728/cloudflare-static/email-decode.min.js HTTP/1.1" 404 - "https://ctoptogo.org/organes/" "Mozilla/5.0 (Windows NT 10.0; Win64; x64) AppleWebKit/537.36 (KHTML, like Gecko) Chrome/151.0.0.0 Safari/537.36"
111.67.101.196 - - [28/Aug/2026:10:38:17 +0200] "GET /organes/?section_id=sections--17605520031924__header HTTP/1.1" 200 381332 "https://ctoptogo.org/organes/" "Mozilla/5.0 (Windows NT 10.0; Win64; x64) AppleWebKit/537.36 (KHTML, like Gecko) Chrome/151.0.0.0 Safari/537.36"
111.67.101.196 - - [28/Aug/2026:10:38:17 +0200] "GET /cdn-cgi/challenge-platform/scripts/jsd/main.js HTTP/1.1" 404 - "-" "Mozilla/5.0 (Windows NT 10.0; Win64; x64) AppleWebKit/537.36 (KHTML, like Gecko) Chrome/151.0.0.0 Safari/537.36"
111.67.101.196 - - [28/Aug/2026:10:38:17 +0200] "POST /api/collect HTTP/1.1" 404 - "https://ctoptogo.org/organes/" "Mozilla/5.0 (Windows NT 10.0; Win64; x64) AppleWebKit/537.36 (KHTML, like Gecko) Chrome/151.0.0.0 Safari/537.36"
111.67.101.196 - - [28/Aug/2026:10:38:17 +0200] "GET /organes/?section_id=sections--17605520031924__header HTTP/1.1" 200 381332 "https://ctoptogo.org/organes/" "Mozilla/5.0 (Windows NT 10.0; Win64; x64) AppleWebKit/537.36 (KHTML, like Gecko) Chrome/151.0.0.0 Safari/537.36"
111.67.101.196 - - [28/Aug/2026:10:38:18 +0200] "GET /organes/?section_id=sections--17605520031924__header HTTP/1.1" 200 381332 "https://ctoptogo.org/organes/" "Mozilla/5.0 (Windows NT 10.0; Win64; x64) AppleWebKit/537.36 (KHTML, like Gecko) Chrome/151.0.0.0 Safari/537.36"
111.67.101.196 - - [28/Aug/2026:10:38:18 +0200] "POST /cdn-cgi/rum? HTTP/1.1" 404 - "https://ctoptogo.org/organes/" "Mozilla/5.0 (Windows NT 10.0; Win64; x64) AppleWebKit/537.36 (KHTML, like Gecko) Chrome/151.0.0.0 Safari/537.36"
111.67.101.196 - - [28/Aug/2026:10:38:18 +0200] "POST /.well-known/shopify/monorail/v1/produce HTTP/1.1" 404 - "https://ctoptogo.org/organes/" "Mozilla/5.0 (Windows NT 10.0; Win64; x64) AppleWebKit/537.36 (KHTML, like Gecko) Chrome/151.0.0.0 Safari/537.36"
111.67.101.196 - - [28/Aug/2026:10:38:19 +0200] "POST /cdn-cgi/rum? HTTP/1.1" 404 - "https://ctoptogo.org/organes/" "Mozilla/5.0 (Windows NT 10.0; Win64; x64) AppleWebKit/537.36 (KHTML, like Gecko) Chrome/151.0.0.0 Safari/537.36"
111.67.101.196 - - [28/Aug/2026:10:38:21 +0200] "POST /cdn-cgi/rum? HTTP/1.1" 404 - "https://ctoptogo.org/organes/" "Mozilla/5.0 (Windows NT 10.0; Win64; x64) AppleWebKit/537.36 (KHTML, like Gecko) Chrome/151.0.0.0 Safari/537.36"
111.67.101.196 - - [28/Aug/2026:10:38:21 +0200] "POST /.well-known/shopify/monorail/v1/produce HTTP/1.1" 404 - "https://ctoptogo.org/organes/" "Mozilla/5.0 (Windows NT 10.0; Win64; x64) AppleWebKit/537.36 (KHTML, like Gecko) Chrome/151.0.0.0 Safari/537.36"
66.249.84.136 - - [28/Aug/2026:10:38:28 +0200] "GET /organes/ HTTP/1.1" 200 381332 "-" "Mozilla/5.0 (compatible; Google-Site-Verification/1.0)"
192.178.8.130 - - [28/Aug/2026:10:38:28 +0200] "GET /organes/ HTTP/1.1" 200 381332 "-" "Mozilla/5.0 (compatible; Google-Site-Verification/1.0)"
192.178.8.130 - - [28/Aug/2026:10:38:28 +0200] "GET /organes/ HTTP/1.1" 200 381332 "-" "Mozilla/5.0 (compatible; Google-Site-Verification/1.0)"
192.178.8.130 - - [28/Aug/2026:10:38:28 +0200] "GET /organes/google4efa648161c58b72.html HTTP/1.1" 404 - "-" "Mozilla/5.0 (compatible; Google-Site-Verification/1.0)"
192.178.8.130 - - [28/Aug/2026:10:38:28 +0200] "GET /organes/google9bf3596847857e9b.html HTTP/1.1" 404 - "-" "Mozilla/5.0 (compatible; Google-Site-Verification/1.0)"
192.178.8.130 - - [28/Aug/2026:10:38:29 +0200] "GET /organes/ HTTP/1.1" 200 381332 "-" "Mozilla/5.0 (compatible; Google-Site-Verification/1.0)"
66.249.74.162 - - [28/Aug/2026:10:38:36 +0200] "GET /organes/ HTTP/1.1" 200 381332 "-" "Mozilla/5.0 (Linux; Android 6.0.1; Nexus 5X Build/MMB29P) AppleWebKit/537.36 (KHTML, like Gecko) Chrome/99.0.4844.84 Mobile Safari/537.36 (compatible; Googlebot/2.1; +http://www.google.com/bot.html)"
66.249.74.164 - - [28/Aug/2026:10:38:36 +0200] "GET /organes/ HTTP/1.1" 200 381332 "-" "Mozilla/5.0 (compatible; Googlebot/2.1; +http://www.google.com/bot.html)"
66.249.74.162 - - [28/Aug/2026:10:38:41 +0200] "GET /organes/ HTTP/1.1" 200 381332 "-" "Mozilla/5.0 (compatible; Google-InspectionTool/1.0)"
66.249.74.162 - - [28/Aug/2026:10:38:42 +0200] "GET /organes/ HTTP/1.1" 200 381332 "-" "Mozilla/5.0 (Linux; Android 6.0.1; Nexus 5X Build/MMB29P) AppleWebKit/537.36 (KHTML, like Gecko) Chrome/151.0.7922.173 Mobile Safari/537.36 (compatible; Google-InspectionTool/1.0)"
66.249.74.163 - - [28/Aug/2026:10:38:43 +0200] "GET /robots.txt HTTP/1.1" 200 63 "-" "Mozilla/5.0 (compatible; Googlebot/2.1; +http://www.google.com/bot.html)"
66.249.74.162 - - [28/Aug/2026:10:38:43 +0200] "GET /cdn-cgi/scripts/5c5dd728/cloudflare-static/email-decode.min.js HTTP/1.1" 404 - "https://ctoptogo.org/organes/" "Mozilla/5.0 (Linux; Android 6.0.1; Nexus 5X Build/MMB29P) AppleWebKit/537.36 (KHTML, like Gecko) Chrome/151.0.7922.173 Mobile Safari/537.36 (compatible; Google-InspectionTool/1.0)"
66.249.74.162 - - [28/Aug/2026:10:38:44 +0200] "GET /checkouts/internal/preloads.js?locale=en-SG HTTP/1.1" 404 - "https://ctoptogo.org/organes/" "Mozilla/5.0 (Linux; Android 6.0.1; Nexus 5X Build/MMB29P) AppleWebKit/537.36 (KHTML, like Gecko) Chrome/151.0.7922.173 Mobile Safari/537.36 (compatible; Google-InspectionTool/1.0)"
66.249.74.162 - - [28/Aug/2026:10:38:48 +0200] "GET /organes/?section_id=sections--17605520031924__header HTTP/1.1" 200 381332 "https://ctoptogo.org/organes/" "Mozilla/5.0 (Linux; Android 6.0.1; Nexus 5X Build/MMB29P) AppleWebKit/537.36 (KHTML, like Gecko) Chrome/151.0.7922.173 Mobile Safari/537.36 (compatible; Googlebot/2.1; +http://www.google.com/bot.html)"
66.249.74.162 - - [28/Aug/2026:10:38:48 +0200] "GET /organes/?section_id=sections--17605520031924__header HTTP/1.1" 200 381332 "https://ctoptogo.org/organes/" "Mozilla/5.0 (Linux; Android 6.0.1; Nexus 5X Build/MMB29P) AppleWebKit/537.36 (KHTML, like Gecko) Chrome/151.0.7922.173 Mobile Safari/537.36 (compatible; Googlebot/2.1; +http://www.google.com/bot.html)"
66.249.74.162 - - [28/Aug/2026:10:38:48 +0200] "GET /organes/?section_id=sections--17605520031924__header HTTP/1.1" 200 381332 "https://ctoptogo.org/organes/" "Mozilla/5.0 (Linux; Android 6.0.1; Nexus 5X Build/MMB29P) AppleWebKit/537.36 (KHTML, like Gecko) Chrome/151.0.7922.173 Mobile Safari/537.36 (compatible; Google-InspectionTool/1.0)"
66.249.74.162 - - [28/Aug/2026:10:38:48 +0200] "GET /organes/?section_id=sections--17605520031924__header HTTP/1.1" 200 381332 "https://ctoptogo.org/organes/" "Mozilla/5.0 (X11; Linux x86_64) AppleWebKit/537.36 (KHTML, like Gecko) Chrome/151.0.7922.173 Safari/537.36 (compatible; Google-InspectionTool/1.0)"
66.249.74.162 - - [28/Aug/2026:10:38:49 +0200] "GET /organes/?section_id=sections--17605520031924__header HTTP/1.1" 200 381332 "https://ctoptogo.org/organes/" "Mozilla/5.0 (X11; Linux x86_64) AppleWebKit/537.36 (KHTML, like Gecko) Chrome/151.0.7922.173 Safari/537.36 (compatible; Google-InspectionTool/1.0)"
66.249.74.162 - - [28/Aug/2026:10:38:49 +0200] "GET /organes/?section_id=sections--17605520031924__header HTTP/1.1" 200 381332 "https://ctoptogo.org/organes/" "Mozilla/5.0 (Linux; Android 6.0.1; Nexus 5X Build/MMB29P) AppleWebKit/537.36 (KHTML, like Gecko) Chrome/151.0.7922.173 Mobile Safari/537.36 (compatible; Google-InspectionTool/1.0)"
111.67.101.196 - - [28/Aug/2026:10:38:53 +0200] "POST /api/collect HTTP/1.1" 404 - "https://ctoptogo.org/organes/" "Mozilla/5.0 (Windows NT 10.0; Win64; x64) AppleWebKit/537.36 (KHTML, like Gecko) Chrome/151.0.0.0 Safari/537.36"
66.249.74.162 - - [28/Aug/2026:10:38:58 +0200] "GET /cdn-cgi/challenge-platform/scripts/jsd/main.js HTTP/1.1" 404 - "-" "Mozilla/5.0 (Linux; Android 6.0.1; Nexus 5X Build/MMB29P) AppleWebKit/537.36 (KHTML, like Gecko) Chrome/151.0.7922.173 Mobile Safari/537.36 (compatible; Google-InspectionTool/1.0)"
66.249.74.162 - - [28/Aug/2026:10:38:58 +0200] "GET /organes/?section_id=sections--17605520031924__header HTTP/1.1" 200 381332 "https://ctoptogo.org/organes/" "Mozilla/5.0 (X11; Linux x86_64) AppleWebKit/537.36 (KHTML, like Gecko) Chrome/151.0.7922.173 Safari/537.36 (compatible; Google-InspectionTool/1.0)"
66.249.74.164 - - [28/Aug/2026:10:38:58 +0200] "GET /cdn-cgi/challenge-platform/scripts/jsd/main.js HTTP/1.1" 404 - "-" "Mozilla/5.0 (Linux; Android 6.0.1; Nexus 5X Build/MMB29P) AppleWebKit/537.36 (KHTML, like Gecko) Chrome/151.0.7922.173 Mobile Safari/537.36 (compatible; Google-InspectionTool/1.0)"
