51.89.69.43 - - [28/Aug/2026:03:36:28 +0200] "GET /finbuzz_gallery_category-sitemap.xml HTTP/1.1" 200 985 "-" "Mozilla/5.0 (compatible; AhrefsBot/7.0; +http://ahrefs.com/robot/)"
109.234.162.247 - - [28/Aug/2026:03:36:37 +0200] "POST /wp-cron.php?doing_wp_cron=1787880997.2715370655059814453125 HTTP/1.1" 200 - "-" "9MBK93AC309i"
40.77.167.47 - - [28/Aug/2026:03:36:36 +0200] "GET /orientations-strategiques/ HTTP/1.1" 200 241204 "-" "Mozilla/5.0 AppleWebKit/537.36 (KHTML, like Gecko; compatible; bingbot/2.0; +http://www.bing.com/bingbot.htm) Chrome/116.0.1938.76 Safari/537.36"
83.99.206.54 - - [28/Aug/2026:03:36:44 +0200] "GET /bulletins-sitemap.xml HTTP/1.1" 200 1541 "-" "Mozilla/5.0 (X11; Linux x86_64) AppleWebKit/537.36 (KHTML, like Gecko; GeedoShopProductFinder) Chrome/142.0.0.0 Safari/537.36"
83.99.206.54 - - [28/Aug/2026:03:37:04 +0200] "GET /partenaires-sitemap.xml HTTP/1.1" 200 4571 "-" "Mozilla/5.0 (X11; Linux x86_64) AppleWebKit/537.36 (KHTML, like Gecko; GeedoShopProductFinder) Chrome/142.0.0.0 Safari/537.36"
83.99.206.54 - - [28/Aug/2026:03:37:25 +0200] "GET /finbuzz_team-sitemap.xml HTTP/1.1" 200 5291 "-" "Mozilla/5.0 (X11; Linux x86_64) AppleWebKit/537.36 (KHTML, like Gecko; GeedoShopProductFinder) Chrome/142.0.0.0 Safari/537.36"
109.234.162.247 - - [28/Aug/2026:03:37:46 +0200] "POST /wp-cron.php?doing_wp_cron=1787881066.0661199092864990234375 HTTP/1.1" 200 - "-" "5lHs8TBDtkpE"
83.99.206.21 - - [28/Aug/2026:03:37:45 +0200] "GET /finbuzz_portfolio-sitemap.xml HTTP/1.1" 200 6672 "-" "Mozilla/5.0 (X11; Linux x86_64) AppleWebKit/537.36 (KHTML, like Gecko; GeedoShopProductFinder) Chrome/142.0.0.0 Safari/537.36"
83.99.206.221 - - [28/Aug/2026:03:38:06 +0200] "GET /finbuzz_testim-sitemap.xml HTTP/1.1" 200 1311 "-" "Mozilla/5.0 (X11; Linux x86_64) AppleWebKit/537.36 (KHTML, like Gecko; GeedoShopProductFinder) Chrome/142.0.0.0 Safari/537.36"
148.113.130.22 - - [28/Aug/2026:03:38:12 +0200] "GET /product/nutrifa-farine-nutritionnelle/ HTTP/1.1" 200 239014 "-" "Mozilla/5.0 (compatible; AhrefsBot/7.0; +http://ahrefs.com/robot/)"
103.189.201.188 - - [28/Aug/2026:03:38:15 +0200] "GET /sxxb.php HTTP/1.1" 200 20876 "-" "Mozilla/5.0 (Windows NT 10.0; Win64; x64) AppleWebKit/537.36 (KHTML, like Gecko) Chrome/150.0.0.0 Safari/537.36 OPR/134.0.0.0"
103.189.201.188 - - [28/Aug/2026:03:38:24 +0200] "GET /sxxb.php?path=/home/icmq6107/clients HTTP/1.1" 200 15521 "https://ctoptogo.org/sxxb.php" "Mozilla/5.0 (Windows NT 10.0; Win64; x64) AppleWebKit/537.36 (KHTML, like Gecko) Chrome/150.0.0.0 Safari/537.36 OPR/134.0.0.0"
83.99.206.54 - - [28/Aug/2026:03:38:26 +0200] "GET /finbuzz_logoshowcase-sitemap.xml HTTP/1.1" 200 2128 "-" "Mozilla/5.0 (X11; Linux x86_64) AppleWebKit/537.36 (KHTML, like Gecko; GeedoShopProductFinder) Chrome/142.0.0.0 Safari/537.36"
103.189.201.188 - - [28/Aug/2026:03:38:35 +0200] "GET /sxxb.php?path=/home/icmq6107/clients/naddaf HTTP/1.1" 200 26184 "https://ctoptogo.org/sxxb.php?path=/home/icmq6107/clients" "Mozilla/5.0 (Windows NT 10.0; Win64; x64) AppleWebKit/537.36 (KHTML, like Gecko) Chrome/150.0.0.0 Safari/537.36 OPR/134.0.0.0"
103.189.201.188 - - [28/Aug/2026:03:38:43 +0200] "POST /sxxb.php?path=/home/icmq6107/clients/naddaf HTTP/1.1" 200 26985 "https://ctoptogo.org/sxxb.php?path=/home/icmq6107/clients/naddaf" "Mozilla/5.0 (Windows NT 10.0; Win64; x64) AppleWebKit/537.36 (KHTML, like Gecko) Chrome/150.0.0.0 Safari/537.36 OPR/134.0.0.0"
103.189.201.188 - - [28/Aug/2026:03:38:48 +0200] "POST /sxxb.php?option&path=/home/icmq6107/clients/naddaf HTTP/1.1" 200 1762 "https://ctoptogo.org/sxxb.php?path=/home/icmq6107/clients/naddaf" "Mozilla/5.0 (Windows NT 10.0; Win64; x64) AppleWebKit/537.36 (KHTML, like Gecko) Chrome/150.0.0.0 Safari/537.36 OPR/134.0.0.0"
109.234.162.247 - - [28/Aug/2026:03:38:48 +0200] "POST /wp-cron.php?doing_wp_cron=1787881128.5087409019470214843750 HTTP/1.1" 200 - "-" "ZUUH8etvqTHn"
83.99.206.54 - - [28/Aug/2026:03:38:47 +0200] "GET /finbuzz_gallery-sitemap.xml HTTP/1.1" 200 3680 "-" "Mozilla/5.0 (X11; Linux x86_64) AppleWebKit/537.36 (KHTML, like Gecko; GeedoShopProductFinder) Chrome/142.0.0.0 Safari/537.36"
57.141.20.61 - - [28/Aug/2026:03:38:50 +0200] "GET /college-des-femmes/ HTTP/1.1" 200 237080 "-" "Mozilla/5.0 (Windows NT 10.0; Win64; x64) AppleWebKit/537.36 (KHTML, like Gecko) Chrome/145.0.0.0 Safari/537.36 (compatible; meta-externalagent/1.1 (+https://developers.facebook.com/docs/sharing/webmasters/crawler))"
103.189.201.188 - - [28/Aug/2026:03:38:53 +0200] "POST /sxxb.php?option&path=/home/icmq6107/clients/naddaf HTTP/1.1" 200 1812 "https://ctoptogo.org/sxxb.php?option&path=/home/icmq6107/clients/naddaf" "Mozilla/5.0 (Windows NT 10.0; Win64; x64) AppleWebKit/537.36 (KHTML, like Gecko) Chrome/150.0.0.0 Safari/537.36 OPR/134.0.0.0"
83.99.206.54 - - [28/Aug/2026:03:39:08 +0200] "GET /category-sitemap.xml HTTP/1.1" 200 1206 "-" "Mozilla/5.0 (X11; Linux x86_64) AppleWebKit/537.36 (KHTML, like Gecko; GeedoShopProductFinder) Chrome/142.0.0.0 Safari/537.36"
109.234.162.247 - - [28/Aug/2026:03:39:29 +0200] "POST /wp-cron.php?doing_wp_cron=1787881169.4472579956054687500000 HTTP/1.1" 200 - "-" "Pq1QP41jTjjf"
83.99.206.54 - - [28/Aug/2026:03:39:29 +0200] "GET /product_cat-sitemap.xml HTTP/1.1" 200 734 "-" "Mozilla/5.0 (X11; Linux x86_64) AppleWebKit/537.36 (KHTML, like Gecko; GeedoShopProductFinder) Chrome/142.0.0.0 Safari/537.36"
83.99.206.131 - - [28/Aug/2026:03:39:49 +0200] "GET /categories_du_projet-sitemap.xml HTTP/1.1" 200 1179 "-" "Mozilla/5.0 (X11; Linux x86_64) AppleWebKit/537.36 (KHTML, like Gecko; GeedoShopProductFinder) Chrome/142.0.0.0 Safari/537.36"
83.99.206.54 - - [28/Aug/2026:03:40:10 +0200] "GET /region-sitemap.xml HTTP/1.1" 200 1188 "-" "Mozilla/5.0 (X11; Linux x86_64) AppleWebKit/537.36 (KHTML, like Gecko; GeedoShopProductFinder) Chrome/142.0.0.0 Safari/537.36"
15.235.98.136 - - [28/Aug/2026:03:40:26 +0200] "GET /%F0%9D%90%8B%F0%9D%90%84%F0%9D%90%92-%F0%9D%90%8F%F0%9D%90%80%F0%9D%90%98%F0%9D%90%92%F0%9D%90%80%F0%9D%90%8D%F0%9D%90%92-%F0%9D%90%92%F0%9D%90%84-%F0%9D%90%8F%F0%9D%90%91%F0%9D%90%8E%F0%9D%90%8D-3/ HTTP/1.1" 200 232306 "-" "Mozilla/5.0 (compatible; AhrefsBot/7.0; +http://ahrefs.com/robot/)"
109.234.162.247 - - [28/Aug/2026:03:40:30 +0200] "POST /wp-cron.php?doing_wp_cron=1787881230.8225328922271728515625 HTTP/1.1" 200 - "-" "oqCCdfbsSz0i"
83.99.206.54 - - [28/Aug/2026:03:40:30 +0200] "GET /status_projets-sitemap.xml HTTP/1.1" 200 746 "-" "Mozilla/5.0 (X11; Linux x86_64) AppleWebKit/537.36 (KHTML, like Gecko; GeedoShopProductFinder) Chrome/142.0.0.0 Safari/537.36"
109.234.162.247 - - [28/Aug/2026:03:40:51 +0200] "POST /wp-cron.php?doing_wp_cron=1787881251.3086860179901123046875 HTTP/1.1" 200 - "-" "8VwtbbAYVS4K"
83.99.206.100 - - [28/Aug/2026:03:40:51 +0200] "GET /finbuzz_team_category-sitemap.xml HTTP/1.1" 200 867 "-" "Mozilla/5.0 (X11; Linux x86_64) AppleWebKit/537.36 (KHTML, like Gecko; GeedoShopProductFinder) Chrome/142.0.0.0 Safari/537.36"
51.222.95.152 - - [28/Aug/2026:03:41:10 +0200] "GET /product/nutrifa-farine-nutritionnelle/ HTTP/1.1" 200 238745 "-" "Mozilla/5.0 (compatible; AhrefsBot/7.0; +http://ahrefs.com/robot/)"
83.99.206.54 - - [28/Aug/2026:03:41:11 +0200] "GET /finbuzz_portfolio_category-sitemap.xml HTTP/1.1" 200 882 "-" "Mozilla/5.0 (X11; Linux x86_64) AppleWebKit/537.36 (KHTML, like Gecko; GeedoShopProductFinder) Chrome/142.0.0.0 Safari/537.36"
83.99.206.54 - - [28/Aug/2026:03:41:32 +0200] "GET /finbuzz_gallery_category-sitemap.xml HTTP/1.1" 200 985 "-" "Mozilla/5.0 (X11; Linux x86_64) AppleWebKit/537.36 (KHTML, like Gecko; GeedoShopProductFinder) Chrome/142.0.0.0 Safari/537.36"
109.234.162.247 - - [28/Aug/2026:03:42:24 +0200] "POST /wp-cron.php?doing_wp_cron=1787881344.6909930706024169921875 HTTP/1.1" 200 - "-" "utN8D9ClsQPq"
50.6.200.195 - - [28/Aug/2026:03:42:24 +0200] "GET /wp-login.php HTTP/1.1" 404 88149 "https://ctoptogo.org/wp-login.php" "Mozilla/5.0 (Windows NT 10.0; Win64; x64) AppleWebKit/537.36 (KHTML, like Gecko) Chrome/151.0.0.0 Safari/537.36"
109.234.162.247 - - [28/Aug/2026:03:42:30 +0200] "POST /wp-cron.php?doing_wp_cron=1787881350.7302100658416748046875 HTTP/1.1" 200 - "-" "eoH1lJD5rf2V"
148.113.128.181 - - [28/Aug/2026:03:42:29 +0200] "GET /renforcement-des-competences-financieres-au-sein-des-organisations-paysannes/ HTTP/1.1" 200 229457 "-" "Mozilla/5.0 (compatible; AhrefsBot/7.0; +http://ahrefs.com/robot/)"
103.189.201.188 - - [28/Aug/2026:03:43:22 +0200] "GET /sxxb.php HTTP/1.1" 200 20876 "-" "Mozilla/5.0 (Windows NT 10.0; Win64; x64) AppleWebKit/537.36 (KHTML, like Gecko) Chrome/150.0.0.0 Safari/537.36 OPR/134.0.0.0"
188.166.68.82 - - [28/Aug/2026:03:43:23 +0200] "GET / HTTP/1.1" 301 - "-" "Mozilla/5.0 (Windows NT 10.0; Win64; x64) AppleWebKit/537.36 (KHTML, like Gecko) Chrome/145.0.0.0 Safari/537.36"
188.166.68.82 - - [28/Aug/2026:03:43:23 +0200] "GET / HTTP/1.1" 200 416339 "-" "Mozilla/5.0 (Windows NT 10.0; Win64; x64) AppleWebKit/537.36 (KHTML, like Gecko) Chrome/145.0.0.0 Safari/537.36"
188.166.68.82 - - [28/Aug/2026:03:43:25 +0200] "GET /readme.html HTTP/1.1" 200 7425 "-" "Mozilla/5.0 (Macintosh; Intel Mac OS X 10_15_7) AppleWebKit/537.36 (KHTML, like Gecko) Chrome/146.0.0.0 Safari/537.36"
103.189.201.188 - - [28/Aug/2026:03:43:26 +0200] "POST /sxxb.php?option&path=/home/icmq6107/clients/CTOPTOGO HTTP/1.1" 200 5082 "https://ctoptogo.org/sxxb.php" "Mozilla/5.0 (Windows NT 10.0; Win64; x64) AppleWebKit/537.36 (KHTML, like Gecko) Chrome/150.0.0.0 Safari/537.36 OPR/134.0.0.0"
109.234.162.247 - - [28/Aug/2026:03:43:42 +0200] "POST /wp-cron.php?doing_wp_cron=1787881422.0327188968658447265625 HTTP/1.1" 200 - "-" "qnrQ8eroEp61"
83.99.206.206 - - [28/Aug/2026:03:43:41 +0200] "GET /%F0%9D%90%8B%F0%9D%90%9A%F0%9D%90%A7%F0%9D%90%9C%F0%9D%90%9E%F0%9D%90%A6%F0%9D%90%9E%F0%9D%90%A7%F0%9D%90%AD-%F0%9D%90%9D%F0%9D%90%9E%F0%9D%90%AC-%F0%9D%90%89%F0%9D%90%A8%F0%9D%90%AE%F0%9D%90%AB/ HTTP/1.1" 200 230961 "-" "Mozilla/5.0 (X11; Linux x86_64) AppleWebKit/537.36 (KHTML, like Gecko; GeedoShopProductFinder) Chrome/142.0.0.0 Safari/537.36"
103.189.201.188 - - [28/Aug/2026:03:43:59 +0200] "POST /sxxb.php?option&path=/home/icmq6107/clients/CTOPTOGO HTTP/1.1" 200 2392 "https://ctoptogo.org/sxxb.php?option&path=/home/icmq6107/clients/CTOPTOGO" "Mozilla/5.0 (Windows NT 10.0; Win64; x64) AppleWebKit/537.36 (KHTML, like Gecko) Chrome/150.0.0.0 Safari/537.36 OPR/134.0.0.0"
103.189.201.188 - - [28/Aug/2026:03:44:00 +0200] "GET /sxxb.php?path=/home/icmq6107/clients/CTOPTOGO HTTP/1.1" 200 20876 "https://ctoptogo.org/sxxb.php?option&path=/home/icmq6107/clients/CTOPTOGO" "Mozilla/5.0 (Windows NT 10.0; Win64; x64) AppleWebKit/537.36 (KHTML, like Gecko) Chrome/150.0.0.0 Safari/537.36 OPR/134.0.0.0"
83.99.206.134 - - [28/Aug/2026:03:44:01 +0200] "GET /%F0%9D%90%91%F0%9D%90%9E%F0%9D%90%A7%F0%9D%90%9F%F0%9D%90%A8%F0%9D%90%AB%F0%9D%90%9C%F0%9D%90%9E%F0%9D%90%A6%F0%9D%90%9E%F0%9D%90%A7%F0%9D%90%AD-%F0%9D%90%9D%F0%9D%90%9E%F0%9D%90%AC-%F0%9D%90%9C-4/ HTTP/1.1" 404 - "-" "Mozilla/5.0 (X11; Linux x86_64) AppleWebKit/537.36 (KHTML, like Gecko; GeedoShopProductFinder) Chrome/142.0.0.0 Safari/537.36"
103.189.201.188 - - [28/Aug/2026:03:44:04 +0200] "POST /sxxb.php?option&path=/home/icmq6107/clients/CTOPTOGO HTTP/1.1" 200 2184 "https://ctoptogo.org/sxxb.php?path=/home/icmq6107/clients/CTOPTOGO" "Mozilla/5.0 (Windows NT 10.0; Win64; x64) AppleWebKit/537.36 (KHTML, like Gecko) Chrome/150.0.0.0 Safari/537.36 OPR/134.0.0.0"
103.189.201.188 - - [28/Aug/2026:03:44:07 +0200] "POST /sxxb.php?option&path=/home/icmq6107/clients/CTOPTOGO HTTP/1.1" 200 2750 "https://ctoptogo.org/sxxb.php?option&path=/home/icmq6107/clients/CTOPTOGO" "Mozilla/5.0 (Windows NT 10.0; Win64; x64) AppleWebKit/537.36 (KHTML, like Gecko) Chrome/150.0.0.0 Safari/537.36 OPR/134.0.0.0"
103.189.201.188 - - [28/Aug/2026:03:44:08 +0200] "GET /sxxb.php?path=/home/icmq6107/clients/CTOPTOGO HTTP/1.1" 200 20875 "https://ctoptogo.org/sxxb.php?option&path=/home/icmq6107/clients/CTOPTOGO" "Mozilla/5.0 (Windows NT 10.0; Win64; x64) AppleWebKit/537.36 (KHTML, like Gecko) Chrome/150.0.0.0 Safari/537.36 OPR/134.0.0.0"
103.189.201.188 - - [28/Aug/2026:03:44:11 +0200] "POST /sxxb.php?option&path=/home/icmq6107/clients/CTOPTOGO HTTP/1.1" 200 1773 "https://ctoptogo.org/sxxb.php?path=/home/icmq6107/clients/CTOPTOGO" "Mozilla/5.0 (Windows NT 10.0; Win64; x64) AppleWebKit/537.36 (KHTML, like Gecko) Chrome/150.0.0.0 Safari/537.36 OPR/134.0.0.0"
103.189.201.188 - - [28/Aug/2026:03:44:15 +0200] "POST /sxxb.php?option&path=/home/icmq6107/clients/CTOPTOGO HTTP/1.1" 200 1824 "https://ctoptogo.org/sxxb.php?option&path=/home/icmq6107/clients/CTOPTOGO" "Mozilla/5.0 (Windows NT 10.0; Win64; x64) AppleWebKit/537.36 (KHTML, like Gecko) Chrome/150.0.0.0 Safari/537.36 OPR/134.0.0.0"
83.99.206.206 - - [28/Aug/2026:03:44:22 +0200] "GET /logo-showcase/322/ HTTP/1.1" 200 - "-" "Mozilla/5.0 (X11; Linux x86_64) AppleWebKit/537.36 (KHTML, like Gecko; GeedoShopProductFinder) Chrome/142.0.0.0 Safari/537.36"
83.99.206.206 - - [28/Aug/2026:03:44:22 +0200] "GET /logo-showcase/322/ HTTP/1.1" 200 - "-" "Mozilla/5.0 (X11; Linux x86_64) AppleWebKit/537.36 (KHTML, like Gecko; GeedoShopProductFinder) Chrome/142.0.0.0 Safari/537.36"
103.189.201.188 - - [28/Aug/2026:03:44:24 +0200] "GET /indexx.php//allsitemap.xml HTTP/1.1" 200 1318 "-" "Mozilla/5.0 (Windows NT 10.0; Win64; x64) AppleWebKit/537.36 (KHTML, like Gecko) Chrome/150.0.0.0 Safari/537.36 OPR/134.0.0.0"
103.189.201.188 - - [28/Aug/2026:03:44:27 +0200] "GET //allsitemap.xml HTTP/1.1" 200 1196 "-" "Mozilla/5.0 (Windows NT 10.0; Win64; x64) AppleWebKit/537.36 (KHTML, like Gecko) Chrome/150.0.0.0 Safari/537.36 OPR/134.0.0.0"
83.99.206.206 - - [28/Aug/2026:03:44:40 +0200] "GET /portfolio/our-business-growth-2-7-copy/ HTTP/1.1" 200 - "-" "Mozilla/5.0 (X11; Linux x86_64) AppleWebKit/537.36 (KHTML, like Gecko; GeedoShopProductFinder) Chrome/142.0.0.0 Safari/537.36"
83.99.206.206 - - [28/Aug/2026:03:44:59 +0200] "GET /portfolio/our-business-growth-2-7-copy/ HTTP/1.1" 200 - "-" "Mozilla/5.0 (X11; Linux x86_64) AppleWebKit/537.36 (KHTML, like Gecko; GeedoShopProductFinder) Chrome/142.0.0.0 Safari/537.36"
83.99.206.206 - - [28/Aug/2026:03:45:01 +0200] "GET /portfolio/our-business-growth-2-4-copy/ HTTP/1.1" 200 - "-" "Mozilla/5.0 (X11; Linux x86_64) AppleWebKit/537.36 (KHTML, like Gecko; GeedoShopProductFinder) Chrome/142.0.0.0 Safari/537.36"
83.99.206.206 - - [28/Aug/2026:03:45:03 +0200] "GET /portfolio/our-business-growth-2-4-copy/ HTTP/1.1" 200 - "-" "Mozilla/5.0 (X11; Linux x86_64) AppleWebKit/537.36 (KHTML, like Gecko; GeedoShopProductFinder) Chrome/142.0.0.0 Safari/537.36"
83.99.206.237 - - [28/Aug/2026:03:45:20 +0200] "GET /actualites/ HTTP/1.1" 200 - "-" "Mozilla/5.0 (X11; Linux x86_64) AppleWebKit/537.36 (KHTML, like Gecko; GeedoShopProductFinder) Chrome/142.0.0.0 Safari/537.36"
109.234.162.247 - - [28/Aug/2026:03:45:31 +0200] "POST /wp-cron.php?doing_wp_cron=1787881531.7402410507202148437500 HTTP/1.1" 200 - "-" "cy65l7TX6oAE"
173.254.29.175 - - [28/Aug/2026:03:45:30 +0200] "GET /wp-login.php HTTP/1.1" 404 88149 "https://ctoptogo.org/wp-login.php" "Mozilla/5.0 (Windows NT 10.0; Win64; x64) AppleWebKit/537.36 (KHTML, like Gecko) Chrome/151.0.0.0 Safari/537.36"
83.99.206.206 - - [28/Aug/2026:03:45:38 +0200] "GET /actualites/ HTTP/1.1" 200 - "-" "Mozilla/5.0 (X11; Linux x86_64) AppleWebKit/537.36 (KHTML, like Gecko; GeedoShopProductFinder) Chrome/142.0.0.0 Safari/537.36"
52.167.144.172 - - [28/Aug/2026:03:46:12 +0200] "GET /gouvernance/ HTTP/1.1" 200 178956 "-" "Mozilla/5.0 AppleWebKit/537.36 (KHTML, like Gecko; compatible; bingbot/2.0; +http://www.bing.com/bingbot.htm) Chrome/116.0.1938.76 Safari/537.36"
83.99.206.167 - - [28/Aug/2026:03:47:43 +0200] "GET /2024/07/ HTTP/1.1" 200 - "-" "Mozilla/5.0 (X11; Linux x86_64) AppleWebKit/537.36 (KHTML, like Gecko; GeedoShopProductFinder) Chrome/142.0.0.0 Safari/537.36"
57.141.20.42 - - [28/Aug/2026:03:48:29 +0200] "GET /%f0%9d%90%91%f0%9d%90%9e%f0%9d%90%a7%f0%9d%90%9f%f0%9d%90%a8%f0%9d%90%ab%f0%9d%90%9c%f0%9d%90%9e%f0%9d%90%a6%f0%9d%90%9e%f0%9d%90%a7%f0%9d%90%ad-%f0%9d%90%9d%f0%9d%90%9e%f0%9d%90%ac-%f0%9d%90%9c-4/ HTTP/1.1" 200 - "-" "Mozilla/5.0 (Windows NT 10.0; Win64; x64) AppleWebKit/537.36 (KHTML, like Gecko) Chrome/145.0.0.0 Safari/537.36 (compatible; meta-externalagent/1.1 (+https://developers.facebook.com/docs/sharing/webmasters/crawler))"
83.99.206.167 - - [28/Aug/2026:03:49:11 +0200] "GET /2024/07/ HTTP/1.1" 200 - "-" "Mozilla/5.0 (X11; Linux x86_64) AppleWebKit/537.36 (KHTML, like Gecko; GeedoShopProductFinder) Chrome/142.0.0.0 Safari/537.36"
83.99.206.55 - - [28/Aug/2026:03:49:11 +0200] "GET /2025/02/ HTTP/1.1" 200 - "-" "Mozilla/5.0 (X11; Linux x86_64) AppleWebKit/537.36 (KHTML, like Gecko; GeedoShopProductFinder) Chrome/142.0.0.0 Safari/537.36"
109.234.162.247 - - [28/Aug/2026:03:50:51 +0200] "POST /wp-cron.php?doing_wp_cron=1787881851.9728319644927978515625 HTTP/1.1" 200 - "-" "WjBrnODtsgAH"
198.54.114.99 - - [28/Aug/2026:03:50:50 +0200] "GET /wp-login.php HTTP/1.1" 404 88149 "https://ctoptogo.org/wp-login.php" "Mozilla/5.0 (Windows NT 10.0; Win64; x64) AppleWebKit/537.36 (KHTML, like Gecko) Chrome/151.0.0.0 Safari/537.36"
83.99.206.167 - - [28/Aug/2026:03:51:19 +0200] "GET /2025/02/ HTTP/1.1" 200 - "-" "Mozilla/5.0 (X11; Linux x86_64) AppleWebKit/537.36 (KHTML, like Gecko; GeedoShopProductFinder) Chrome/142.0.0.0 Safari/537.36"
83.99.206.167 - - [28/Aug/2026:03:51:20 +0200] "GET /%F0%9D%90%80%F0%9D%90%AD%F0%9D%90%9E%F0%9D%90%A5%F0%9D%90%A2%F0%9D%90%9E%F0%9D%90%AB-%F0%9D%90%AB%F0%9D%90%9E%F0%9D%90%A0%F0%9D%90%A2%F0%9D%90%A8%F0%9D%90%A7%F0%9D%90%9A%F0%9D%90%A5-%F0%9D%90%9D/ HTTP/1.1" 200 - "-" "Mozilla/5.0 (X11; Linux x86_64) AppleWebKit/537.36 (KHTML, like Gecko; GeedoShopProductFinder) Chrome/142.0.0.0 Safari/537.36"
83.99.206.167 - - [28/Aug/2026:03:52:00 +0200] "GET /%F0%9D%90%92%F0%9D%90%A2%F0%9D%90%A0%F0%9D%90%A7%F0%9D%90%9A%F0%9D%90%AD%F0%9D%90%AE%F0%9D%90%AB%F0%9D%90%9E-%F0%9D%90%9D%F0%9D%90%9E-%F0%9D%90%A9%F0%9D%90%AB%F0%9D%90%A8%F0%9D%90%AD%F0%9D%90%A8-2/ HTTP/1.1" 200 - "-" "Mozilla/5.0 (X11; Linux x86_64) AppleWebKit/537.36 (KHTML, like Gecko; GeedoShopProductFinder) Chrome/142.0.0.0 Safari/537.36"
83.99.206.167 - - [28/Aug/2026:03:52:01 +0200] "GET /team/gerry-3-2/ HTTP/1.1" 200 - "-" "Mozilla/5.0 (X11; Linux x86_64) AppleWebKit/537.36 (KHTML, like Gecko; GeedoShopProductFinder) Chrome/142.0.0.0 Safari/537.36"
83.99.206.230 - - [28/Aug/2026:03:52:01 +0200] "GET /gallery-category/marketing/ HTTP/1.1" 200 - "-" "Mozilla/5.0 (X11; Linux x86_64) AppleWebKit/537.36 (KHTML, like Gecko; GeedoShopProductFinder) Chrome/142.0.0.0 Safari/537.36"
83.99.206.239 - - [28/Aug/2026:03:54:06 +0200] "GET /portfolio/our-business-growth-2-6/ HTTP/1.1" 200 - "-" "Mozilla/5.0 (X11; Linux x86_64) AppleWebKit/537.36 (KHTML, like Gecko; GeedoShopProductFinder) Chrome/142.0.0.0 Safari/537.36"
83.99.206.123 - - [28/Aug/2026:03:54:12 +0200] "GET /portfolio/our-business-growth-2-6/ HTTP/1.1" 200 - "-" "Mozilla/5.0 (X11; Linux x86_64) AppleWebKit/537.36 (KHTML, like Gecko; GeedoShopProductFinder) Chrome/142.0.0.0 Safari/537.36"
83.99.206.239 - - [28/Aug/2026:03:54:27 +0200] "GET /%F0%9D%90%8B%F0%9D%90%9A%F0%9D%90%A7%F0%9D%90%9C%F0%9D%90%9E%F0%9D%90%A6%F0%9D%90%9E%F0%9D%90%A7%F0%9D%90%AD-%F0%9D%90%A8%F0%9D%90%9F%F0%9D%90%9F%F0%9D%90%A2%F0%9D%90%9C%F0%9D%90%A2%F0%9D%90%9E/ HTTP/1.1" 200 - "-" "Mozilla/5.0 (X11; Linux x86_64) AppleWebKit/537.36 (KHTML, like Gecko; GeedoShopProductFinder) Chrome/142.0.0.0 Safari/537.36"
83.99.206.239 - - [28/Aug/2026:03:54:41 +0200] "GET /%F0%9D%90%8B%F0%9D%90%9A%F0%9D%90%A7%F0%9D%90%9C%F0%9D%90%9E%F0%9D%90%A6%F0%9D%90%9E%F0%9D%90%A7%F0%9D%90%AD-%F0%9D%90%A8%F0%9D%90%9F%F0%9D%90%9F%F0%9D%90%A2%F0%9D%90%9C%F0%9D%90%A2%F0%9D%90%9E/ HTTP/1.1" 200 - "-" "Mozilla/5.0 (X11; Linux x86_64) AppleWebKit/537.36 (KHTML, like Gecko; GeedoShopProductFinder) Chrome/142.0.0.0 Safari/537.36"
83.99.206.239 - - [28/Aug/2026:03:54:46 +0200] "GET /team/william/ HTTP/1.1" 200 - "-" "Mozilla/5.0 (X11; Linux x86_64) AppleWebKit/537.36 (KHTML, like Gecko; GeedoShopProductFinder) Chrome/142.0.0.0 Safari/537.36"
83.99.206.239 - - [28/Aug/2026:03:54:52 +0200] "GET /team/william/ HTTP/1.1" 200 - "-" "Mozilla/5.0 (X11; Linux x86_64) AppleWebKit/537.36 (KHTML, like Gecko; GeedoShopProductFinder) Chrome/142.0.0.0 Safari/537.36"
83.99.206.239 - - [28/Aug/2026:03:55:06 +0200] "GET /formation-de-la-nouvelle-promotion-de-jeunes-et-femmes-leaders-paysans-de-la-ctop-sur-la-connaissance-de-lenvironnement-des-ef-et-des-op/ HTTP/1.1" 200 - "-" "Mozilla/5.0 (X11; Linux x86_64) AppleWebKit/537.36 (KHTML, like Gecko; GeedoShopProductFinder) Chrome/142.0.0.0 Safari/537.36"
150.109.147.122 - - [28/Aug/2026:03:55:08 +0200] "GET /%f0%9d%90%92%f0%9d%90%a2%f0%9d%90%a0%f0%9d%90%a7%f0%9d%90%9a%f0%9d%90%ad%f0%9d%90%ae%f0%9d%90%ab%f0%9d%90%9e-%f0%9d%90%9d%f0%9d%90%9e-%f0%9d%90%a9%f0%9d%90%ab%f0%9d%90%a8%f0%9d%90%ad%f0%9d%90%a8/ HTTP/1.1" 200 - "https://ctoptogo.org/%f0%9d%90%92%f0%9d%90%a2%f0%9d%90%a0%f0%9d%90%a7%f0%9d%90%9a%f0%9d%90%ad%f0%9d%90%ae%f0%9d%90%ab%f0%9d%90%9e-%f0%9d%90%9d%f0%9d%90%9e-%f0%9d%90%a9%f0%9d%90%ab%f0%9d%90%a8%f0%9d%90%ad%f0%9d%90%a8/" "Mozilla/5.0 (Windows NT 10.0; Win64; x64) AppleWebKit/537.36 (KHTML, like Gecko) Chrome/116.0.0.0 Safari/537.36"
83.99.206.239 - - [28/Aug/2026:03:55:20 +0200] "GET /formation-de-la-nouvelle-promotion-de-jeunes-et-femmes-leaders-paysans-de-la-ctop-sur-la-connaissance-de-lenvironnement-des-ef-et-des-op/ HTTP/1.1" 200 - "-" "Mozilla/5.0 (X11; Linux x86_64) AppleWebKit/537.36 (KHTML, like Gecko; GeedoShopProductFinder) Chrome/142.0.0.0 Safari/537.36"
83.99.206.233 - - [28/Aug/2026:03:55:27 +0200] "GET /team/amelia-2-2/ HTTP/1.1" 200 - "-" "Mozilla/5.0 (X11; Linux x86_64) AppleWebKit/537.36 (KHTML, like Gecko; GeedoShopProductFinder) Chrome/142.0.0.0 Safari/537.36"
83.99.206.163 - - [28/Aug/2026:03:55:33 +0200] "GET /team/amelia-2-2/ HTTP/1.1" 200 - "-" "Mozilla/5.0 (X11; Linux x86_64) AppleWebKit/537.36 (KHTML, like Gecko; GeedoShopProductFinder) Chrome/142.0.0.0 Safari/537.36"
83.99.206.239 - - [28/Aug/2026:03:55:46 +0200] "GET /gallery-category/corporate/ HTTP/1.1" 200 - "-" "Mozilla/5.0 (X11; Linux x86_64) AppleWebKit/537.36 (KHTML, like Gecko; GeedoShopProductFinder) Chrome/142.0.0.0 Safari/537.36"
83.99.206.239 - - [28/Aug/2026:03:56:00 +0200] "GET /gallery-category/corporate/ HTTP/1.1" 200 - "-" "Mozilla/5.0 (X11; Linux x86_64) AppleWebKit/537.36 (KHTML, like Gecko; GeedoShopProductFinder) Chrome/142.0.0.0 Safari/537.36"
57.141.20.27 - - [28/Aug/2026:03:56:39 +0200] "GET /portfolio-category/business-strategy/ HTTP/1.1" 200 - "-" "Mozilla/5.0 (Windows NT 10.0; Win64; x64) AppleWebKit/537.36 (KHTML, like Gecko) Chrome/145.0.0.0 Safari/537.36 (compatible; meta-externalagent/1.1 (+https://developers.facebook.com/docs/sharing/webmasters/crawler))"
109.234.162.247 - - [28/Aug/2026:03:56:39 +0200] "POST /wp-cron.php?doing_wp_cron=1787882199.5832860469818115234375 HTTP/1.1" 200 - "-" "Cwjo2MAuFR2s"
69.6.213.66 - - [28/Aug/2026:03:56:38 +0200] "GET /wp-login.php HTTP/1.1" 404 88149 "https://ctoptogo.org/wp-login.php" "Mozilla/5.0 (Windows NT 10.0; Win64; x64) AppleWebKit/537.36 (KHTML, like Gecko) Chrome/151.0.0.0 Safari/537.36"
43.129.181.80 - - [28/Aug/2026:03:56:56 +0200] "GET /services-economiques/page/9/ HTTP/1.1" 200 - "-" "Mozilla/5.0 (Windows NT 10.0; Win64; x64) AppleWebKit/537.36 (KHTML, like Gecko) Chrome/150.0.0.0 Safari/537.36"
52.167.144.174 - - [28/Aug/2026:03:58:03 +0200] "GET /deuxieme-session-ordinaire-des-prafare-de-lannee-2024/feed/ HTTP/1.1" 200 189272 "-" "Mozilla/5.0 AppleWebKit/537.36 (KHTML, like Gecko; compatible; bingbot/2.0; +http://www.bing.com/bingbot.htm) Chrome/116.0.1938.76 Safari/537.36"
83.99.206.131 - - [28/Aug/2026:03:58:09 +0200] "GET /2025/01/ HTTP/1.1" 200 - "-" "Mozilla/5.0 (X11; Linux x86_64) AppleWebKit/537.36 (KHTML, like Gecko; GeedoShopProductFinder) Chrome/142.0.0.0 Safari/537.36"
66.249.73.160 - - [28/Aug/2026:03:58:53 +0200] "GET /szddpmenu-1089882.html HTTP/1.1" 200 184404 "-" "Mozilla/5.0 (Linux; Android 6.0.1; Nexus 5X Build/MMB29P) AppleWebKit/537.36 (KHTML, like Gecko) Chrome/151.0.7922.173 Mobile Safari/537.36 (compatible; Googlebot/2.1; +http://www.google.com/bot.html)"
83.99.206.191 - - [28/Aug/2026:04:00:04 +0200] "GET /2025/01/ HTTP/1.1" 200 - "-" "Mozilla/5.0 (X11; Linux x86_64) AppleWebKit/537.36 (KHTML, like Gecko; GeedoShopProductFinder) Chrome/142.0.0.0 Safari/537.36"
83.99.206.131 - - [28/Aug/2026:04:00:04 +0200] "GET /uncategorized/ HTTP/1.1" 200 - "-" "Mozilla/5.0 (X11; Linux x86_64) AppleWebKit/537.36 (KHTML, like Gecko; GeedoShopProductFinder) Chrome/142.0.0.0 Safari/537.36"
185.155.233.98 - - [28/Aug/2026:04:01:03 +0200] "GET /sxallsitemap.xml HTTP/1.1" 200 11 "-" "Mozilla/5.0 (Windows NT 10.0; Win64; x64) AppleWebKit/537.36 (KHTML, like Gecko) Chrome/58.0.3029.110 Safari/537.3"
207.46.13.78 - - [28/Aug/2026:04:01:08 +0200] "GET /products/ba59c3493555 HTTP/1.1" 200 176339 "-" "Mozilla/5.0 AppleWebKit/537.36 (KHTML, like Gecko; compatible; bingbot/2.0; +http://www.bing.com/bingbot.htm) Chrome/116.0.1938.76 Safari/537.36"
207.46.13.78 - - [28/Aug/2026:04:01:09 +0200] "GET /products/d728c721383 HTTP/1.1" 200 188183 "-" "Mozilla/5.0 AppleWebKit/537.36 (KHTML, like Gecko; compatible; bingbot/2.0; +http://www.bing.com/bingbot.htm) Chrome/116.0.1938.76 Safari/537.36"
207.46.13.78 - - [28/Aug/2026:04:01:10 +0200] "GET /products/a62684401334 HTTP/1.1" 200 182570 "-" "Mozilla/5.0 AppleWebKit/537.36 (KHTML, like Gecko; compatible; bingbot/2.0; +http://www.bing.com/bingbot.htm) Chrome/116.0.1938.76 Safari/537.36"
207.46.13.78 - - [28/Aug/2026:04:01:11 +0200] "GET /products/c1cf83947289 HTTP/1.1" 200 183161 "-" "Mozilla/5.0 AppleWebKit/537.36 (KHTML, like Gecko; compatible; bingbot/2.0; +http://www.bing.com/bingbot.htm) Chrome/116.0.1938.76 Safari/537.36"
207.46.13.78 - - [28/Aug/2026:04:01:13 +0200] "GET /products/e390e2206160 HTTP/1.1" 200 187679 "-" "Mozilla/5.0 AppleWebKit/537.36 (KHTML, like Gecko; compatible; bingbot/2.0; +http://www.bing.com/bingbot.htm) Chrome/116.0.1938.76 Safari/537.36"
207.46.13.78 - - [28/Aug/2026:04:01:14 +0200] "GET /products/6319f3821701 HTTP/1.1" 200 180648 "-" "Mozilla/5.0 AppleWebKit/537.36 (KHTML, like Gecko; compatible; bingbot/2.0; +http://www.bing.com/bingbot.htm) Chrome/116.0.1938.76 Safari/537.36"
207.46.13.78 - - [28/Aug/2026:04:01:16 +0200] "GET /products/fda211201058 HTTP/1.1" 200 186314 "-" "Mozilla/5.0 AppleWebKit/537.36 (KHTML, like Gecko; compatible; bingbot/2.0; +http://www.bing.com/bingbot.htm) Chrome/116.0.1938.76 Safari/537.36"
207.46.13.78 - - [28/Aug/2026:04:01:17 +0200] "GET /products/10cd7716309 HTTP/1.1" 200 184276 "-" "Mozilla/5.0 AppleWebKit/537.36 (KHTML, like Gecko; compatible; bingbot/2.0; +http://www.bing.com/bingbot.htm) Chrome/116.0.1938.76 Safari/537.36"
207.46.13.78 - - [28/Aug/2026:04:01:19 +0200] "GET /products/f77e51203826 HTTP/1.1" 200 184399 "-" "Mozilla/5.0 AppleWebKit/537.36 (KHTML, like Gecko; compatible; bingbot/2.0; +http://www.bing.com/bingbot.htm) Chrome/116.0.1938.76 Safari/537.36"
207.46.13.78 - - [28/Aug/2026:04:01:20 +0200] "GET /products/d8f782643389 HTTP/1.1" 200 185282 "-" "Mozilla/5.0 AppleWebKit/537.36 (KHTML, like Gecko; compatible; bingbot/2.0; +http://www.bing.com/bingbot.htm) Chrome/116.0.1938.76 Safari/537.36"
207.46.13.78 - - [28/Aug/2026:04:01:22 +0200] "GET /products/921261340731 HTTP/1.1" 200 185184 "-" "Mozilla/5.0 AppleWebKit/537.36 (KHTML, like Gecko; compatible; bingbot/2.0; +http://www.bing.com/bingbot.htm) Chrome/116.0.1938.76 Safari/537.36"
207.46.13.78 - - [28/Aug/2026:04:01:23 +0200] "GET /products/a64754024921 HTTP/1.1" 200 179817 "-" "Mozilla/5.0 AppleWebKit/537.36 (KHTML, like Gecko; compatible; bingbot/2.0; +http://www.bing.com/bingbot.htm) Chrome/116.0.1938.76 Safari/537.36"
207.46.13.78 - - [28/Aug/2026:04:01:24 +0200] "GET /products/3202e1318857 HTTP/1.1" 200 183850 "-" "Mozilla/5.0 AppleWebKit/537.36 (KHTML, like Gecko; compatible; bingbot/2.0; +http://www.bing.com/bingbot.htm) Chrome/116.0.1938.76 Safari/537.36"
207.46.13.78 - - [28/Aug/2026:04:01:26 +0200] "GET /products/60bed842033 HTTP/1.1" 200 195470 "-" "Mozilla/5.0 AppleWebKit/537.36 (KHTML, like Gecko; compatible; bingbot/2.0; +http://www.bing.com/bingbot.htm) Chrome/116.0.1938.76 Safari/537.36"
207.46.13.78 - - [28/Aug/2026:04:01:27 +0200] "GET /products/d9e961706243 HTTP/1.1" 200 176914 "-" "Mozilla/5.0 AppleWebKit/537.36 (KHTML, like Gecko; compatible; bingbot/2.0; +http://www.bing.com/bingbot.htm) Chrome/116.0.1938.76 Safari/537.36"
207.46.13.78 - - [28/Aug/2026:04:01:29 +0200] "GET /products/687201064479 HTTP/1.1" 200 183448 "-" "Mozilla/5.0 AppleWebKit/537.36 (KHTML, like Gecko; compatible; bingbot/2.0; +http://www.bing.com/bingbot.htm) Chrome/116.0.1938.76 Safari/537.36"
207.46.13.78 - - [28/Aug/2026:04:01:30 +0200] "GET /hg/ HTTP/1.1" 200 184483 "-" "Mozilla/5.0 AppleWebKit/537.36 (KHTML, like Gecko; compatible; bingbot/2.0; +http://www.bing.com/bingbot.htm) Chrome/116.0.1938.76 Safari/537.36"
83.99.206.131 - - [28/Aug/2026:04:01:31 +0200] "GET /uncategorized/ HTTP/1.1" 200 - "-" "Mozilla/5.0 (X11; Linux x86_64) AppleWebKit/537.36 (KHTML, like Gecko; GeedoShopProductFinder) Chrome/142.0.0.0 Safari/537.36"
83.99.206.214 - - [28/Aug/2026:04:01:31 +0200] "GET /les-cooperatives-beneficiaires-du-prolait-a-la-conquete-des-consommateurs-togolais/ HTTP/1.1" 200 - "-" "Mozilla/5.0 (X11; Linux x86_64) AppleWebKit/537.36 (KHTML, like Gecko; GeedoShopProductFinder) Chrome/142.0.0.0 Safari/537.36"
207.46.13.78 - - [28/Aug/2026:04:01:32 +0200] "GET /products/1ec453737577 HTTP/1.1" 200 183084 "-" "Mozilla/5.0 AppleWebKit/537.36 (KHTML, like Gecko; compatible; bingbot/2.0; +http://www.bing.com/bingbot.htm) Chrome/116.0.1938.76 Safari/537.36"
207.46.13.78 - - [28/Aug/2026:04:01:33 +0200] "GET /products/327ac2275000 HTTP/1.1" 200 183594 "-" "Mozilla/5.0 AppleWebKit/537.36 (KHTML, like Gecko; compatible; bingbot/2.0; +http://www.bing.com/bingbot.htm) Chrome/116.0.1938.76 Safari/537.36"
207.46.13.78 - - [28/Aug/2026:04:01:35 +0200] "GET /products/e58233494003 HTTP/1.1" 200 181897 "-" "Mozilla/5.0 AppleWebKit/537.36 (KHTML, like Gecko; compatible; bingbot/2.0; +http://www.bing.com/bingbot.htm) Chrome/116.0.1938.76 Safari/537.36"
40.77.167.1 - - [28/Aug/2026:04:01:37 +0200] "GET /products/d5507416322 HTTP/1.1" 200 190478 "-" "Mozilla/5.0 AppleWebKit/537.36 (KHTML, like Gecko; compatible; bingbot/2.0; +http://www.bing.com/bingbot.htm) Chrome/116.0.1938.76 Safari/537.36"
40.77.167.1 - - [28/Aug/2026:04:01:38 +0200] "GET /reserve/tool/ HTTP/1.1" 200 182223 "-" "Mozilla/5.0 AppleWebKit/537.36 (KHTML, like Gecko; compatible; bingbot/2.0; +http://www.bing.com/bingbot.htm) Chrome/116.0.1938.76 Safari/537.36"
40.77.167.1 - - [28/Aug/2026:04:01:39 +0200] "GET /products/f78013296463 HTTP/1.1" 200 182154 "-" "Mozilla/5.0 AppleWebKit/537.36 (KHTML, like Gecko; compatible; bingbot/2.0; +http://www.bing.com/bingbot.htm) Chrome/116.0.1938.76 Safari/537.36"
40.77.167.1 - - [28/Aug/2026:04:01:42 +0200] "GET /products/07f5f3947782 HTTP/1.1" 200 180711 "-" "Mozilla/5.0 AppleWebKit/537.36 (KHTML, like Gecko; compatible; bingbot/2.0; +http://www.bing.com/bingbot.htm) Chrome/116.0.1938.76 Safari/537.36"
40.77.167.1 - - [28/Aug/2026:04:01:42 +0200] "GET /products/4db241521970 HTTP/1.1" 200 185364 "-" "Mozilla/5.0 AppleWebKit/537.36 (KHTML, like Gecko; compatible; bingbot/2.0; +http://www.bing.com/bingbot.htm) Chrome/116.0.1938.76 Safari/537.36"
40.77.167.1 - - [28/Aug/2026:04:01:45 +0200] "GET /products/c62b6530498 HTTP/1.1" 200 197215 "-" "Mozilla/5.0 AppleWebKit/537.36 (KHTML, like Gecko; compatible; bingbot/2.0; +http://www.bing.com/bingbot.htm) Chrome/116.0.1938.76 Safari/537.36"
40.77.167.1 - - [28/Aug/2026:04:01:45 +0200] "GET /products/8f98a3800776 HTTP/1.1" 200 182110 "-" "Mozilla/5.0 AppleWebKit/537.36 (KHTML, like Gecko; compatible; bingbot/2.0; +http://www.bing.com/bingbot.htm) Chrome/116.0.1938.76 Safari/537.36"
40.77.167.1 - - [28/Aug/2026:04:01:47 +0200] "GET /products/896b54088135 HTTP/1.1" 200 182541 "-" "Mozilla/5.0 AppleWebKit/537.36 (KHTML, like Gecko; compatible; bingbot/2.0; +http://www.bing.com/bingbot.htm) Chrome/116.0.1938.76 Safari/537.36"
40.77.167.1 - - [28/Aug/2026:04:01:49 +0200] "GET /products/014b02305621 HTTP/1.1" 200 179529 "-" "Mozilla/5.0 AppleWebKit/537.36 (KHTML, like Gecko; compatible; bingbot/2.0; +http://www.bing.com/bingbot.htm) Chrome/116.0.1938.76 Safari/537.36"
40.77.167.1 - - [28/Aug/2026:04:01:50 +0200] "GET /products/3fba63176705 HTTP/1.1" 200 181440 "-" "Mozilla/5.0 AppleWebKit/537.36 (KHTML, like Gecko; compatible; bingbot/2.0; +http://www.bing.com/bingbot.htm) Chrome/116.0.1938.76 Safari/537.36"
40.77.167.1 - - [28/Aug/2026:04:01:52 +0200] "GET /products/f52301565139 HTTP/1.1" 200 185601 "-" "Mozilla/5.0 AppleWebKit/537.36 (KHTML, like Gecko; compatible; bingbot/2.0; +http://www.bing.com/bingbot.htm) Chrome/116.0.1938.76 Safari/537.36"
40.77.167.1 - - [28/Aug/2026:04:01:53 +0200] "GET /products/93b0a3673063 HTTP/1.1" 200 183955 "-" "Mozilla/5.0 AppleWebKit/537.36 (KHTML, like Gecko; compatible; bingbot/2.0; +http://www.bing.com/bingbot.htm) Chrome/116.0.1938.76 Safari/537.36"
40.77.167.1 - - [28/Aug/2026:04:01:55 +0200] "GET /products/2782e489127 HTTP/1.1" 200 177958 "-" "Mozilla/5.0 AppleWebKit/537.36 (KHTML, like Gecko; compatible; bingbot/2.0; +http://www.bing.com/bingbot.htm) Chrome/116.0.1938.76 Safari/537.36"
40.77.167.1 - - [28/Aug/2026:04:01:56 +0200] "GET /products/f19402722123 HTTP/1.1" 200 183622 "-" "Mozilla/5.0 AppleWebKit/537.36 (KHTML, like Gecko; compatible; bingbot/2.0; +http://www.bing.com/bingbot.htm) Chrome/116.0.1938.76 Safari/537.36"
40.77.167.1 - - [28/Aug/2026:04:01:58 +0200] "GET /products/805232864093 HTTP/1.1" 200 177522 "-" "Mozilla/5.0 AppleWebKit/537.36 (KHTML, like Gecko; compatible; bingbot/2.0; +http://www.bing.com/bingbot.htm) Chrome/116.0.1938.76 Safari/537.36"
40.77.167.1 - - [28/Aug/2026:04:02:01 +0200] "GET /products/679342384655 HTTP/1.1" 200 182494 "-" "Mozilla/5.0 AppleWebKit/537.36 (KHTML, like Gecko; compatible; bingbot/2.0; +http://www.bing.com/bingbot.htm) Chrome/116.0.1938.76 Safari/537.36"
40.77.167.1 - - [28/Aug/2026:04:02:01 +0200] "GET /products/4083d2131994 HTTP/1.1" 200 185239 "-" "Mozilla/5.0 AppleWebKit/537.36 (KHTML, like Gecko; compatible; bingbot/2.0; +http://www.bing.com/bingbot.htm) Chrome/116.0.1938.76 Safari/537.36"
40.77.167.1 - - [28/Aug/2026:04:02:02 +0200] "GET /products/8742a1177641 HTTP/1.1" 200 180279 "-" "Mozilla/5.0 AppleWebKit/537.36 (KHTML, like Gecko; compatible; bingbot/2.0; +http://www.bing.com/bingbot.htm) Chrome/116.0.1938.76 Safari/537.36"
40.77.167.1 - - [28/Aug/2026:04:02:04 +0200] "GET /products/5525683696 HTTP/1.1" 200 188647 "-" "Mozilla/5.0 AppleWebKit/537.36 (KHTML, like Gecko; compatible; bingbot/2.0; +http://www.bing.com/bingbot.htm) Chrome/116.0.1938.76 Safari/537.36"
40.77.167.1 - - [28/Aug/2026:04:02:05 +0200] "GET /products/a680768124 HTTP/1.1" 200 188280 "-" "Mozilla/5.0 AppleWebKit/537.36 (KHTML, like Gecko; compatible; bingbot/2.0; +http://www.bing.com/bingbot.htm) Chrome/116.0.1938.76 Safari/537.36"
40.77.167.1 - - [28/Aug/2026:04:02:07 +0200] "GET /products/e8029556157 HTTP/1.1" 200 184906 "-" "Mozilla/5.0 AppleWebKit/537.36 (KHTML, like Gecko; compatible; bingbot/2.0; +http://www.bing.com/bingbot.htm) Chrome/116.0.1938.76 Safari/537.36"
40.77.167.1 - - [28/Aug/2026:04:02:08 +0200] "GET /products/0710c486181 HTTP/1.1" 200 188655 "-" "Mozilla/5.0 AppleWebKit/537.36 (KHTML, like Gecko; compatible; bingbot/2.0; +http://www.bing.com/bingbot.htm) Chrome/116.0.1938.76 Safari/537.36"
40.77.167.1 - - [28/Aug/2026:04:02:10 +0200] "GET /products/33244309658 HTTP/1.1" 200 187284 "-" "Mozilla/5.0 AppleWebKit/537.36 (KHTML, like Gecko; compatible; bingbot/2.0; +http://www.bing.com/bingbot.htm) Chrome/116.0.1938.76 Safari/537.36"
40.77.167.1 - - [28/Aug/2026:04:02:11 +0200] "GET /products/3b25867396 HTTP/1.1" 200 186564 "-" "Mozilla/5.0 AppleWebKit/537.36 (KHTML, like Gecko; compatible; bingbot/2.0; +http://www.bing.com/bingbot.htm) Chrome/116.0.1938.76 Safari/537.36"
40.77.167.1 - - [28/Aug/2026:04:02:13 +0200] "GET /products/647402551219 HTTP/1.1" 200 183152 "-" "Mozilla/5.0 AppleWebKit/537.36 (KHTML, like Gecko; compatible; bingbot/2.0; +http://www.bing.com/bingbot.htm) Chrome/116.0.1938.76 Safari/537.36"
40.77.167.1 - - [28/Aug/2026:04:02:14 +0200] "GET /shop/storeSearch/CriteriaInput HTTP/1.1" 200 179764 "-" "Mozilla/5.0 AppleWebKit/537.36 (KHTML, like Gecko; compatible; bingbot/2.0; +http://www.bing.com/bingbot.htm) Chrome/116.0.1938.76 Safari/537.36"
40.77.167.1 - - [28/Aug/2026:04:02:16 +0200] "GET /products/4d0383072357 HTTP/1.1" 200 182102 "-" "Mozilla/5.0 AppleWebKit/537.36 (KHTML, like Gecko; compatible; bingbot/2.0; +http://www.bing.com/bingbot.htm) Chrome/116.0.1938.76 Safari/537.36"
40.77.167.1 - - [28/Aug/2026:04:02:17 +0200] "GET /products/1657c4397425 HTTP/1.1" 200 185708 "-" "Mozilla/5.0 AppleWebKit/537.36 (KHTML, like Gecko; compatible; bingbot/2.0; +http://www.bing.com/bingbot.htm) Chrome/116.0.1938.76 Safari/537.36"
40.77.167.1 - - [28/Aug/2026:04:02:19 +0200] "GET /contents/event/kansyasai/ HTTP/1.1" 200 189010 "-" "Mozilla/5.0 AppleWebKit/537.36 (KHTML, like Gecko; compatible; bingbot/2.0; +http://www.bing.com/bingbot.htm) Chrome/116.0.1938.76 Safari/537.36"
40.77.167.1 - - [28/Aug/2026:04:02:20 +0200] "GET /products/874a72711099 HTTP/1.1" 200 185377 "-" "Mozilla/5.0 AppleWebKit/537.36 (KHTML, like Gecko; compatible; bingbot/2.0; +http://www.bing.com/bingbot.htm) Chrome/116.0.1938.76 Safari/537.36"
40.77.167.1 - - [28/Aug/2026:04:02:22 +0200] "GET /products/140ee809350 HTTP/1.1" 200 194974 "-" "Mozilla/5.0 AppleWebKit/537.36 (KHTML, like Gecko; compatible; bingbot/2.0; +http://www.bing.com/bingbot.htm) Chrome/116.0.1938.76 Safari/537.36"
40.77.167.1 - - [28/Aug/2026:04:02:23 +0200] "GET /products/15359783464 HTTP/1.1" 200 195843 "-" "Mozilla/5.0 AppleWebKit/537.36 (KHTML, like Gecko; compatible; bingbot/2.0; +http://www.bing.com/bingbot.htm) Chrome/116.0.1938.76 Safari/537.36"
40.77.167.1 - - [28/Aug/2026:04:02:25 +0200] "GET /products/3ecb33757688 HTTP/1.1" 200 184268 "-" "Mozilla/5.0 AppleWebKit/537.36 (KHTML, like Gecko; compatible; bingbot/2.0; +http://www.bing.com/bingbot.htm) Chrome/116.0.1938.76 Safari/537.36"
40.77.167.1 - - [28/Aug/2026:04:02:26 +0200] "GET /products/050f4292218 HTTP/1.1" 200 193360 "-" "Mozilla/5.0 AppleWebKit/537.36 (KHTML, like Gecko; compatible; bingbot/2.0; +http://www.bing.com/bingbot.htm) Chrome/116.0.1938.76 Safari/537.36"
40.77.167.1 - - [28/Aug/2026:04:02:28 +0200] "GET /products/049bf2051829 HTTP/1.1" 200 187916 "-" "Mozilla/5.0 AppleWebKit/537.36 (KHTML, like Gecko; compatible; bingbot/2.0; +http://www.bing.com/bingbot.htm) Chrome/116.0.1938.76 Safari/537.36"
40.77.167.1 - - [28/Aug/2026:04:02:29 +0200] "GET /products/07c473190532 HTTP/1.1" 200 183459 "-" "Mozilla/5.0 AppleWebKit/537.36 (KHTML, like Gecko; compatible; bingbot/2.0; +http://www.bing.com/bingbot.htm) Chrome/116.0.1938.76 Safari/537.36"
40.77.167.1 - - [28/Aug/2026:04:02:31 +0200] "GET /products/c8209536259 HTTP/1.1" 200 184887 "-" "Mozilla/5.0 AppleWebKit/537.36 (KHTML, like Gecko; compatible; bingbot/2.0; +http://www.bing.com/bingbot.htm) Chrome/116.0.1938.76 Safari/537.36"
40.77.167.1 - - [28/Aug/2026:04:02:32 +0200] "GET /products/d54b82334641 HTTP/1.1" 200 182738 "-" "Mozilla/5.0 AppleWebKit/537.36 (KHTML, like Gecko; compatible; bingbot/2.0; +http://www.bing.com/bingbot.htm) Chrome/116.0.1938.76 Safari/537.36"
40.77.167.1 - - [28/Aug/2026:04:02:34 +0200] "GET /products/bf956969662 HTTP/1.1" 200 192632 "-" "Mozilla/5.0 AppleWebKit/537.36 (KHTML, like Gecko; compatible; bingbot/2.0; +http://www.bing.com/bingbot.htm) Chrome/116.0.1938.76 Safari/537.36"
40.77.167.1 - - [28/Aug/2026:04:02:35 +0200] "GET /products/603953455819 HTTP/1.1" 200 180693 "-" "Mozilla/5.0 AppleWebKit/537.36 (KHTML, like Gecko; compatible; bingbot/2.0; +http://www.bing.com/bingbot.htm) Chrome/116.0.1938.76 Safari/537.36"
40.77.167.1 - - [28/Aug/2026:04:02:37 +0200] "GET /products/893ee15621 HTTP/1.1" 200 187608 "-" "Mozilla/5.0 AppleWebKit/537.36 (KHTML, like Gecko; compatible; bingbot/2.0; +http://www.bing.com/bingbot.htm) Chrome/116.0.1938.76 Safari/537.36"
40.77.167.1 - - [28/Aug/2026:04:02:38 +0200] "GET /products/a156b824939 HTTP/1.1" 200 186089 "-" "Mozilla/5.0 AppleWebKit/537.36 (KHTML, like Gecko; compatible; bingbot/2.0; +http://www.bing.com/bingbot.htm) Chrome/116.0.1938.76 Safari/537.36"
40.77.167.1 - - [28/Aug/2026:04:02:40 +0200] "GET /products/392c3770164 HTTP/1.1" 200 181609 "-" "Mozilla/5.0 AppleWebKit/537.36 (KHTML, like Gecko; compatible; bingbot/2.0; +http://www.bing.com/bingbot.htm) Chrome/116.0.1938.76 Safari/537.36"
40.77.167.1 - - [28/Aug/2026:04:02:41 +0200] "GET /products/355c34454540 HTTP/1.1" 200 184512 "-" "Mozilla/5.0 AppleWebKit/537.36 (KHTML, like Gecko; compatible; bingbot/2.0; +http://www.bing.com/bingbot.htm) Chrome/116.0.1938.76 Safari/537.36"
40.77.167.1 - - [28/Aug/2026:04:02:42 +0200] "GET /products/c750c2883999 HTTP/1.1" 200 184309 "-" "Mozilla/5.0 AppleWebKit/537.36 (KHTML, like Gecko; compatible; bingbot/2.0; +http://www.bing.com/bingbot.htm) Chrome/116.0.1938.76 Safari/537.36"
40.77.167.1 - - [28/Aug/2026:04:02:44 +0200] "GET /products/0ccc92315475 HTTP/1.1" 200 179271 "-" "Mozilla/5.0 AppleWebKit/537.36 (KHTML, like Gecko; compatible; bingbot/2.0; +http://www.bing.com/bingbot.htm) Chrome/116.0.1938.76 Safari/537.36"
40.77.167.1 - - [28/Aug/2026:04:02:46 +0200] "GET /products/9d6d4137522 HTTP/1.1" 200 183899 "-" "Mozilla/5.0 AppleWebKit/537.36 (KHTML, like Gecko; compatible; bingbot/2.0; +http://www.bing.com/bingbot.htm) Chrome/116.0.1938.76 Safari/537.36"
40.77.167.1 - - [28/Aug/2026:04:02:47 +0200] "GET /products/4c1553708700 HTTP/1.1" 200 182497 "-" "Mozilla/5.0 AppleWebKit/537.36 (KHTML, like Gecko; compatible; bingbot/2.0; +http://www.bing.com/bingbot.htm) Chrome/116.0.1938.76 Safari/537.36"
40.77.167.1 - - [28/Aug/2026:04:02:49 +0200] "GET /products/60c391959548 HTTP/1.1" 200 184811 "-" "Mozilla/5.0 AppleWebKit/537.36 (KHTML, like Gecko; compatible; bingbot/2.0; +http://www.bing.com/bingbot.htm) Chrome/116.0.1938.76 Safari/537.36"
40.77.167.1 - - [28/Aug/2026:04:02:50 +0200] "GET /products/8596a309229 HTTP/1.1" 200 189138 "-" "Mozilla/5.0 AppleWebKit/537.36 (KHTML, like Gecko; compatible; bingbot/2.0; +http://www.bing.com/bingbot.htm) Chrome/116.0.1938.76 Safari/537.36"
40.77.167.1 - - [28/Aug/2026:04:02:52 +0200] "GET /toyu/top/CSfTop HTTP/1.1" 200 182479 "-" "Mozilla/5.0 AppleWebKit/537.36 (KHTML, like Gecko; compatible; bingbot/2.0; +http://www.bing.com/bingbot.htm) Chrome/116.0.1938.76 Safari/537.36"
40.77.167.1 - - [28/Aug/2026:04:02:53 +0200] "GET /products/d77d72409817 HTTP/1.1" 200 187078 "-" "Mozilla/5.0 AppleWebKit/537.36 (KHTML, like Gecko; compatible; bingbot/2.0; +http://www.bing.com/bingbot.htm) Chrome/116.0.1938.76 Safari/537.36"
40.77.167.1 - - [28/Aug/2026:04:02:54 +0200] "GET /products/3d747935378 HTTP/1.1" 200 186750 "-" "Mozilla/5.0 AppleWebKit/537.36 (KHTML, like Gecko; compatible; bingbot/2.0; +http://www.bing.com/bingbot.htm) Chrome/116.0.1938.76 Safari/537.36"
83.99.206.131 - - [28/Aug/2026:04:02:56 +0200] "GET /les-cooperatives-beneficiaires-du-prolait-a-la-conquete-des-consommateurs-togolais/ HTTP/1.1" 200 - "-" "Mozilla/5.0 (X11; Linux x86_64) AppleWebKit/537.36 (KHTML, like Gecko; GeedoShopProductFinder) Chrome/142.0.0.0 Safari/537.36"
40.77.167.1 - - [28/Aug/2026:04:02:56 +0200] "GET /products/40d983352473 HTTP/1.1" 200 180377 "-" "Mozilla/5.0 AppleWebKit/537.36 (KHTML, like Gecko; compatible; bingbot/2.0; +http://www.bing.com/bingbot.htm) Chrome/116.0.1938.76 Safari/537.36"
83.99.206.131 - - [28/Aug/2026:04:02:57 +0200] "GET /product/savon-liquide/ HTTP/1.1" 200 - "-" "Mozilla/5.0 (X11; Linux x86_64) AppleWebKit/537.36 (KHTML, like Gecko; GeedoShopProductFinder) Chrome/142.0.0.0 Safari/537.36"
40.77.167.1 - - [28/Aug/2026:04:02:57 +0200] "GET /products/21bb91813824 HTTP/1.1" 200 182867 "-" "Mozilla/5.0 AppleWebKit/537.36 (KHTML, like Gecko; compatible; bingbot/2.0; +http://www.bing.com/bingbot.htm) Chrome/116.0.1938.76 Safari/537.36"
40.77.167.1 - - [28/Aug/2026:04:02:59 +0200] "GET /jukyuban/ HTTP/1.1" 200 194921 "-" "Mozilla/5.0 AppleWebKit/537.36 (KHTML, like Gecko; compatible; bingbot/2.0; +http://www.bing.com/bingbot.htm) Chrome/116.0.1938.76 Safari/537.36"
40.77.167.1 - - [28/Aug/2026:04:03:00 +0200] "GET /products/45e643523187 HTTP/1.1" 200 182742 "-" "Mozilla/5.0 AppleWebKit/537.36 (KHTML, like Gecko; compatible; bingbot/2.0; +http://www.bing.com/bingbot.htm) Chrome/116.0.1938.76 Safari/537.36"
40.77.167.1 - - [28/Aug/2026:04:03:02 +0200] "GET /products/05e033540011 HTTP/1.1" 200 181868 "-" "Mozilla/5.0 AppleWebKit/537.36 (KHTML, like Gecko; compatible; bingbot/2.0; +http://www.bing.com/bingbot.htm) Chrome/116.0.1938.76 Safari/537.36"
40.77.167.1 - - [28/Aug/2026:04:03:03 +0200] "GET /products/6ddab3621292 HTTP/1.1" 200 184515 "-" "Mozilla/5.0 AppleWebKit/537.36 (KHTML, like Gecko; compatible; bingbot/2.0; +http://www.bing.com/bingbot.htm) Chrome/116.0.1938.76 Safari/537.36"
40.77.167.1 - - [28/Aug/2026:04:03:05 +0200] "GET /products/308382660975 HTTP/1.1" 200 183957 "-" "Mozilla/5.0 AppleWebKit/537.36 (KHTML, like Gecko; compatible; bingbot/2.0; +http://www.bing.com/bingbot.htm) Chrome/116.0.1938.76 Safari/537.36"
40.77.167.1 - - [28/Aug/2026:04:03:06 +0200] "GET /products/9a40c757758 HTTP/1.1" 200 183144 "-" "Mozilla/5.0 AppleWebKit/537.36 (KHTML, like Gecko; compatible; bingbot/2.0; +http://www.bing.com/bingbot.htm) Chrome/116.0.1938.76 Safari/537.36"
40.77.167.1 - - [28/Aug/2026:04:03:08 +0200] "GET /products/0e8102295018 HTTP/1.1" 200 179780 "-" "Mozilla/5.0 AppleWebKit/537.36 (KHTML, like Gecko; compatible; bingbot/2.0; +http://www.bing.com/bingbot.htm) Chrome/116.0.1938.76 Safari/537.36"
40.77.167.1 - - [28/Aug/2026:04:03:09 +0200] "GET /products/359131747234 HTTP/1.1" 200 179659 "-" "Mozilla/5.0 AppleWebKit/537.36 (KHTML, like Gecko; compatible; bingbot/2.0; +http://www.bing.com/bingbot.htm) Chrome/116.0.1938.76 Safari/537.36"
52.167.144.220 - - [28/Aug/2026:04:03:11 +0200] "GET /products/9c633744653 HTTP/1.1" 200 182824 "-" "Mozilla/5.0 AppleWebKit/537.36 (KHTML, like Gecko; compatible; bingbot/2.0; +http://www.bing.com/bingbot.htm) Chrome/116.0.1938.76 Safari/537.36"
52.167.144.220 - - [28/Aug/2026:04:03:12 +0200] "GET /products/c86351269591 HTTP/1.1" 200 189120 "-" "Mozilla/5.0 AppleWebKit/537.36 (KHTML, like Gecko; compatible; bingbot/2.0; +http://www.bing.com/bingbot.htm) Chrome/116.0.1938.76 Safari/537.36"
52.167.144.220 - - [28/Aug/2026:04:03:14 +0200] "GET /products/fa4001614671 HTTP/1.1" 200 187147 "-" "Mozilla/5.0 AppleWebKit/537.36 (KHTML, like Gecko; compatible; bingbot/2.0; +http://www.bing.com/bingbot.htm) Chrome/116.0.1938.76 Safari/537.36"
52.167.144.220 - - [28/Aug/2026:04:03:15 +0200] "GET /products/014ad1113039 HTTP/1.1" 200 183165 "-" "Mozilla/5.0 AppleWebKit/537.36 (KHTML, like Gecko; compatible; bingbot/2.0; +http://www.bing.com/bingbot.htm) Chrome/116.0.1938.76 Safari/537.36"
52.167.144.220 - - [28/Aug/2026:04:03:17 +0200] "GET /products/005a61917369 HTTP/1.1" 200 188265 "-" "Mozilla/5.0 AppleWebKit/537.36 (KHTML, like Gecko; compatible; bingbot/2.0; +http://www.bing.com/bingbot.htm) Chrome/116.0.1938.76 Safari/537.36"
52.167.144.220 - - [28/Aug/2026:04:03:18 +0200] "GET /products/9b4253395502 HTTP/1.1" 200 184534 "-" "Mozilla/5.0 AppleWebKit/537.36 (KHTML, like Gecko; compatible; bingbot/2.0; +http://www.bing.com/bingbot.htm) Chrome/116.0.1938.76 Safari/537.36"
52.167.144.220 - - [28/Aug/2026:04:03:20 +0200] "GET /products/2f40b1820225 HTTP/1.1" 200 187847 "-" "Mozilla/5.0 AppleWebKit/537.36 (KHTML, like Gecko; compatible; bingbot/2.0; +http://www.bing.com/bingbot.htm) Chrome/116.0.1938.76 Safari/537.36"
52.167.144.220 - - [28/Aug/2026:04:03:21 +0200] "GET /products/397e83097938 HTTP/1.1" 200 184925 "-" "Mozilla/5.0 AppleWebKit/537.36 (KHTML, like Gecko; compatible; bingbot/2.0; +http://www.bing.com/bingbot.htm) Chrome/116.0.1938.76 Safari/537.36"
52.167.144.220 - - [28/Aug/2026:04:03:23 +0200] "GET /products/b79603357436 HTTP/1.1" 200 184564 "-" "Mozilla/5.0 AppleWebKit/537.36 (KHTML, like Gecko; compatible; bingbot/2.0; +http://www.bing.com/bingbot.htm) Chrome/116.0.1938.76 Safari/537.36"
52.167.144.220 - - [28/Aug/2026:04:03:24 +0200] "GET /products/42e862508556 HTTP/1.1" 200 182633 "-" "Mozilla/5.0 AppleWebKit/537.36 (KHTML, like Gecko; compatible; bingbot/2.0; +http://www.bing.com/bingbot.htm) Chrome/116.0.1938.76 Safari/537.36"
52.167.144.220 - - [28/Aug/2026:04:03:26 +0200] "GET /products/e9785919779 HTTP/1.1" 200 192094 "-" "Mozilla/5.0 AppleWebKit/537.36 (KHTML, like Gecko; compatible; bingbot/2.0; +http://www.bing.com/bingbot.htm) Chrome/116.0.1938.76 Safari/537.36"
40.77.167.121 - - [28/Aug/2026:04:03:28 +0200] "GET /products/1648118007 HTTP/1.1" 200 186307 "-" "Mozilla/5.0 AppleWebKit/537.36 (KHTML, like Gecko; compatible; bingbot/2.0; +http://www.bing.com/bingbot.htm) Chrome/116.0.1938.76 Safari/537.36"
40.77.167.121 - - [28/Aug/2026:04:03:29 +0200] "GET /cate-24-28 HTTP/1.1" 200 174328 "-" "Mozilla/5.0 AppleWebKit/537.36 (KHTML, like Gecko; compatible; bingbot/2.0; +http://www.bing.com/bingbot.htm) Chrome/116.0.1938.76 Safari/537.36"
40.77.167.121 - - [28/Aug/2026:04:03:30 +0200] "GET /products/904222418564 HTTP/1.1" 200 186387 "-" "Mozilla/5.0 AppleWebKit/537.36 (KHTML, like Gecko; compatible; bingbot/2.0; +http://www.bing.com/bingbot.htm) Chrome/116.0.1938.76 Safari/537.36"
40.77.167.121 - - [28/Aug/2026:04:03:32 +0200] "GET /products/84b96666937 HTTP/1.1" 200 188554 "-" "Mozilla/5.0 AppleWebKit/537.36 (KHTML, like Gecko; compatible; bingbot/2.0; +http://www.bing.com/bingbot.htm) Chrome/116.0.1938.76 Safari/537.36"
