94.23.188.216 - - [28/Aug/2026:16:40:33 +0200] "GET /%F0%9D%90%91%F0%9D%90%9E%F0%9D%90%A7%F0%9D%90%9F%F0%9D%90%A8%F0%9D%90%AB%F0%9D%90%9C%F0%9D%90%9E%F0%9D%90%A6%F0%9D%90%9E%F0%9D%90%A7%F0%9D%90%AD-%F0%9D%90%9D%F0%9D%90%9E%F0%9D%90%AC-%F0%9D%90%9C/ HTTP/1.1" 404 - "-" "Mozilla/5.0 (compatible; AhrefsBot/7.0; +http://ahrefs.com/robot/)"
57.141.20.43 - - [28/Aug/2026:16:40:52 +0200] "GET /products/2a0433371558 HTTP/1.1" 404 - "-" "Mozilla/5.0 (Windows NT 10.0; Win64; x64) AppleWebKit/537.36 (KHTML, like Gecko) Chrome/145.0.0.0 Safari/537.36 (compatible; meta-externalagent/1.1 (+https://developers.facebook.com/docs/sharing/webmasters/crawler))"
57.141.20.38 - - [28/Aug/2026:16:41:46 +0200] "GET /products/48e4f2495371 HTTP/1.1" 404 - "-" "Mozilla/5.0 (Windows NT 10.0; Win64; x64) AppleWebKit/537.36 (KHTML, like Gecko) Chrome/145.0.0.0 Safari/537.36 (compatible; meta-externalagent/1.1 (+https://developers.facebook.com/docs/sharing/webmasters/crawler))"
66.249.74.163 - - [28/Aug/2026:16:42:06 +0200] "GET /$%7Bt%7D HTTP/1.1" 404 - "-" "Mozilla/5.0 (Linux; Android 6.0.1; Nexus 5X Build/MMB29P) AppleWebKit/537.36 (KHTML, like Gecko) Chrome/151.0.7922.173 Mobile Safari/537.36 (compatible; GoogleOther)"
57.141.20.37 - - [28/Aug/2026:16:42:41 +0200] "GET /products/ef1271936822 HTTP/1.1" 404 - "-" "Mozilla/5.0 (Windows NT 10.0; Win64; x64) AppleWebKit/537.36 (KHTML, like Gecko) Chrome/145.0.0.0 Safari/537.36 (compatible; meta-externalagent/1.1 (+https://developers.facebook.com/docs/sharing/webmasters/crawler))"
216.73.216.214 - - [28/Aug/2026:16:42:55 +0200] "GET /wp-includes/js/dist/script-modules/block-library/query/ HTTP/1.1" 200 1136 "https://ctoptogo.org/wp-includes/js/dist/script-modules/block-library/query/" "Mozilla/5.0 AppleWebKit/537.36 (KHTML, like Gecko; compatible; ClaudeBot/1.0; +claudebot@anthropic.com)"
216.73.216.214 - - [28/Aug/2026:16:42:55 +0200] "GET /wp-includes/js/dist/script-modules/block-library/form/ HTTP/1.1" 200 1134 "https://ctoptogo.org/wp-includes/js/dist/script-modules/block-library/form/" "Mozilla/5.0 AppleWebKit/537.36 (KHTML, like Gecko; compatible; ClaudeBot/1.0; +claudebot@anthropic.com)"
216.73.216.214 - - [28/Aug/2026:16:42:56 +0200] "GET /wp-includes/js/dist/script-modules/block-editor/utils/ HTTP/1.1" 200 1162 "-" "Mozilla/5.0 AppleWebKit/537.36 (KHTML, like Gecko; compatible; ClaudeBot/1.0; +claudebot@anthropic.com)"
66.249.74.163 - - [28/Aug/2026:16:43:20 +0200] "GET /pdf_art/pdf_41.pdf HTTP/1.1" 404 - "-" "Googlebot/2.1 (+http://www.google.com/bot.html)"
216.73.216.214 - - [28/Aug/2026:16:43:29 +0200] "GET /wp-includes/js/dist/script-modules/block-library/search/ HTTP/1.1" 200 1138 "https://ctoptogo.org/wp-includes/js/dist/script-modules/block-library/search/" "Mozilla/5.0 AppleWebKit/537.36 (KHTML, like Gecko; compatible; ClaudeBot/1.0; +claudebot@anthropic.com)"
216.73.216.214 - - [28/Aug/2026:16:43:29 +0200] "GET /wp-includes/js/dist/script-modules/block-library/file/ HTTP/1.1" 200 1134 "https://ctoptogo.org/wp-includes/js/dist/script-modules/block-library/file/" "Mozilla/5.0 AppleWebKit/537.36 (KHTML, like Gecko; compatible; ClaudeBot/1.0; +claudebot@anthropic.com)"
216.73.216.214 - - [28/Aug/2026:16:43:29 +0200] "GET /wp-includes/js/dist/script-modules/block-library/image/ HTTP/1.1" 200 1136 "-" "Mozilla/5.0 AppleWebKit/537.36 (KHTML, like Gecko; compatible; ClaudeBot/1.0; +claudebot@anthropic.com)"
216.73.216.214 - - [28/Aug/2026:16:43:32 +0200] "GET /wp-includes/js/dist/script-modules/block-library/accordion/ HTTP/1.1" 200 1144 "https://ctoptogo.org/wp-includes/js/dist/script-modules/block-library/accordion/" "Mozilla/5.0 AppleWebKit/537.36 (KHTML, like Gecko; compatible; ClaudeBot/1.0; +claudebot@anthropic.com)"
216.73.216.214 - - [28/Aug/2026:16:43:32 +0200] "GET /wp-includes/js/dist/script-modules/block-library/navigation/ HTTP/1.1" 200 1146 "https://ctoptogo.org/wp-includes/js/dist/script-modules/block-library/navigation/" "Mozilla/5.0 AppleWebKit/537.36 (KHTML, like Gecko; compatible; ClaudeBot/1.0; +claudebot@anthropic.com)"
216.73.216.214 - - [28/Aug/2026:16:43:33 +0200] "GET /wp-includes/js/tinymce/skins/wordpress/images/script.svg HTTP/1.1" 200 930 "-" "Mozilla/5.0 AppleWebKit/537.36 (KHTML, like Gecko; compatible; ClaudeBot/1.0; +claudebot@anthropic.com)"
57.141.20.53 - - [28/Aug/2026:16:43:36 +0200] "GET /products/e6a9b3190889 HTTP/1.1" 404 - "-" "Mozilla/5.0 (Windows NT 10.0; Win64; x64) AppleWebKit/537.36 (KHTML, like Gecko) Chrome/145.0.0.0 Safari/537.36 (compatible; meta-externalagent/1.1 (+https://developers.facebook.com/docs/sharing/webmasters/crawler))"
216.73.216.214 - - [28/Aug/2026:16:43:42 +0200] "GET /wp-includes/js/tinymce/skins/wordpress/images/embedded.png HTTP/1.1" 200 8177 "https://ctoptogo.org/wp-includes/js/tinymce/skins/wordpress/images/embedded.png" "Mozilla/5.0 AppleWebKit/537.36 (KHTML, like Gecko; compatible; ClaudeBot/1.0; +claudebot@anthropic.com)"
216.73.216.214 - - [28/Aug/2026:16:43:42 +0200] "GET /wp-includes/js/tinymce/plugins/wptextpattern/?C=S&O=D HTTP/1.1" 200 1102 "https://ctoptogo.org/wp-includes/js/tinymce/plugins/wptextpattern/?C=S&O=D" "Mozilla/5.0 AppleWebKit/537.36 (KHTML, like Gecko; compatible; ClaudeBot/1.0; +claudebot@anthropic.com)"
216.73.216.214 - - [28/Aug/2026:16:43:42 +0200] "GET /wp-includes/js/tinymce/plugins/paste/?C=S&O=D HTTP/1.1" 200 1086 "-" "Mozilla/5.0 AppleWebKit/537.36 (KHTML, like Gecko; compatible; ClaudeBot/1.0; +claudebot@anthropic.com)"
109.234.162.247 - - [28/Aug/2026:16:44:02 +0200] "POST /wp-cron.php?doing_wp_cron=1787928242.0421268939971923828125 HTTP/1.1" 200 - "-" "n7UO5xKzw9LG"
107.173.135.36 - - [28/Aug/2026:16:43:59 +0200] "GET / HTTP/1.1" 200 416338 "-" "Mozilla/5.0 (Windows NT 10.0; Win64; x64) AppleWebKit/537.36 (KHTML, like Gecko) Chrome/120.0 Safari/537.36"
107.173.135.36 - - [28/Aug/2026:16:44:05 +0200] "GET /feed/ HTTP/1.1" 404 - "-" "Mozilla/5.0 (Windows NT 10.0; Win64; x64) AppleWebKit/537.36 (KHTML, like Gecko) Chrome/120.0 Safari/537.36"
216.73.217.15 - - [28/Aug/2026:16:44:09 +0200] "GET /wp-includes/js/dist/script-modules/?C=M&O=D HTTP/1.1" 200 1620 "-" "Mozilla/5.0 AppleWebKit/537.36 (KHTML, like Gecko; compatible; ClaudeBot/1.0; +claudebot@anthropic.com)"
216.73.217.15 - - [28/Aug/2026:16:44:09 +0200] "GET /wp-includes/js/tinymce/plugins/wpdialogs/?C=D&O=D HTTP/1.1" 200 1094 "-" "Mozilla/5.0 AppleWebKit/537.36 (KHTML, like Gecko; compatible; ClaudeBot/1.0; +claudebot@anthropic.com)"
216.73.217.15 - - [28/Aug/2026:16:44:10 +0200] "GET /wp-includes/js/tinymce/plugins/wpdialogs/?C=M&O=D HTTP/1.1" 200 1094 "-" "Mozilla/5.0 AppleWebKit/537.36 (KHTML, like Gecko; compatible; ClaudeBot/1.0; +claudebot@anthropic.com)"
216.73.217.15 - - [28/Aug/2026:16:44:22 +0200] "GET /wp-includes/js/tinymce/plugins/compat3x/css/?C=M&O=D HTTP/1.1" 200 929 "-" "Mozilla/5.0 AppleWebKit/537.36 (KHTML, like Gecko; compatible; ClaudeBot/1.0; +claudebot@anthropic.com)"
216.73.217.15 - - [28/Aug/2026:16:44:22 +0200] "GET /wp-includes/js/dist/script-modules/?C=D&O=D HTTP/1.1" 200 1620 "-" "Mozilla/5.0 AppleWebKit/537.36 (KHTML, like Gecko; compatible; ClaudeBot/1.0; +claudebot@anthropic.com)"
216.73.217.15 - - [28/Aug/2026:16:44:23 +0200] "GET /wp-includes/js/tinymce/plugins/wpdialogs/?C=S&O=D HTTP/1.1" 200 1094 "-" "Mozilla/5.0 AppleWebKit/537.36 (KHTML, like Gecko; compatible; ClaudeBot/1.0; +claudebot@anthropic.com)"
57.141.20.37 - - [28/Aug/2026:16:44:31 +0200] "GET /products/8e697306671 HTTP/1.1" 404 - "-" "Mozilla/5.0 (Windows NT 10.0; Win64; x64) AppleWebKit/537.36 (KHTML, like Gecko) Chrome/145.0.0.0 Safari/537.36 (compatible; meta-externalagent/1.1 (+https://developers.facebook.com/docs/sharing/webmasters/crawler))"
216.73.217.15 - - [28/Aug/2026:16:44:34 +0200] "GET /wp-includes/js/tinymce/plugins/compat3x/css/?C=S&O=D HTTP/1.1" 200 929 "-" "Mozilla/5.0 AppleWebKit/537.36 (KHTML, like Gecko; compatible; ClaudeBot/1.0; +claudebot@anthropic.com)"
216.73.217.15 - - [28/Aug/2026:16:44:34 +0200] "GET /wp-includes/js/tinymce/plugins/wpview/?C=S&O=D HTTP/1.1" 200 1088 "-" "Mozilla/5.0 AppleWebKit/537.36 (KHTML, like Gecko; compatible; ClaudeBot/1.0; +claudebot@anthropic.com)"
216.73.217.15 - - [28/Aug/2026:16:44:35 +0200] "GET /wp-includes/js/tinymce/plugins/compat3x/css/?C=D&O=D HTTP/1.1" 200 929 "-" "Mozilla/5.0 AppleWebKit/537.36 (KHTML, like Gecko; compatible; ClaudeBot/1.0; +claudebot@anthropic.com)"
216.73.216.51 - - [28/Aug/2026:16:45:02 +0200] "GET /wp-includes/js/tinymce/plugins/wpdialogs/?C=N&O=A HTTP/1.1" 200 1094 "https://ctoptogo.org/wp-includes/js/tinymce/plugins/wpdialogs/?C=N&O=A" "Mozilla/5.0 AppleWebKit/537.36 (KHTML, like Gecko; compatible; ClaudeBot/1.0; +claudebot@anthropic.com)"
216.73.216.51 - - [28/Aug/2026:16:45:02 +0200] "GET /wp-includes/js/tinymce/plugins/fullscreen/?C=M&O=D HTTP/1.1" 200 1096 "https://ctoptogo.org/wp-includes/js/tinymce/plugins/fullscreen/?C=M&O=D" "Mozilla/5.0 AppleWebKit/537.36 (KHTML, like Gecko; compatible; ClaudeBot/1.0; +claudebot@anthropic.com)"
216.73.216.51 - - [28/Aug/2026:16:45:02 +0200] "GET /wp-includes/js/tinymce/skins/wordpress/images/style.svg HTTP/1.1" 200 1516 "-" "Mozilla/5.0 AppleWebKit/537.36 (KHTML, like Gecko; compatible; ClaudeBot/1.0; +claudebot@anthropic.com)"
216.73.216.51 - - [28/Aug/2026:16:45:13 +0200] "GET /wp-includes/js/tinymce/plugins/image/?C=M&O=D HTTP/1.1" 200 1086 "https://ctoptogo.org/wp-includes/js/tinymce/plugins/image/?C=M&O=D" "Mozilla/5.0 AppleWebKit/537.36 (KHTML, like Gecko; compatible; ClaudeBot/1.0; +claudebot@anthropic.com)"
216.73.216.51 - - [28/Aug/2026:16:45:13 +0200] "GET /wp-includes/js/tinymce/plugins/fullscreen/?C=D&O=D HTTP/1.1" 200 1096 "https://ctoptogo.org/wp-includes/js/tinymce/plugins/fullscreen/?C=D&O=D" "Mozilla/5.0 AppleWebKit/537.36 (KHTML, like Gecko; compatible; ClaudeBot/1.0; +claudebot@anthropic.com)"
107.173.135.36 - - [28/Aug/2026:16:45:13 +0200] "GET /wp-content/plugins/pods/readme.txt HTTP/1.1" 404 - "-" "Mozilla/5.0 (Windows NT 10.0; Win64; x64) AppleWebKit/537.36 (KHTML, like Gecko) Chrome/120.0 Safari/537.36"
216.73.216.51 - - [28/Aug/2026:16:45:14 +0200] "GET /wp-includes/js/tinymce/plugins/lists/?C=M&O=D HTTP/1.1" 200 1086 "-" "Mozilla/5.0 AppleWebKit/537.36 (KHTML, like Gecko; compatible; ClaudeBot/1.0; +claudebot@anthropic.com)"
57.141.20.73 - - [28/Aug/2026:16:45:26 +0200] "GET /products/8a6682880755 HTTP/1.1" 404 - "-" "Mozilla/5.0 (Macintosh; Intel Mac OS X 10_15_7) AppleWebKit/537.36 (KHTML, like Gecko) Chrome/145.0.0.0 Safari/537.36 (compatible; meta-externalagent/1.1 (+https://developers.facebook.com/docs/sharing/webmasters/crawler))"
216.73.217.140 - - [28/Aug/2026:16:45:40 +0200] "GET /wp-includes/js/tinymce/plugins/lists/?C=S&O=D HTTP/1.1" 200 1086 "-" "Mozilla/5.0 AppleWebKit/537.36 (KHTML, like Gecko; compatible; ClaudeBot/1.0; +claudebot@anthropic.com)"
216.73.217.140 - - [28/Aug/2026:16:45:40 +0200] "GET /wp-includes/js/tinymce/plugins/image/?C=D&O=D HTTP/1.1" 200 1086 "-" "Mozilla/5.0 AppleWebKit/537.36 (KHTML, like Gecko; compatible; ClaudeBot/1.0; +claudebot@anthropic.com)"
216.73.217.140 - - [28/Aug/2026:16:45:41 +0200] "GET /wp-includes/js/tinymce/plugins/lists/?C=D&O=D HTTP/1.1" 200 1086 "-" "Mozilla/5.0 AppleWebKit/537.36 (KHTML, like Gecko; compatible; ClaudeBot/1.0; +claudebot@anthropic.com)"
216.73.216.51 - - [28/Aug/2026:16:46:15 +0200] "GET /wp-includes/js/tinymce/plugins/directionality/?C=M&O=D HTTP/1.1" 200 1104 "https://ctoptogo.org/wp-includes/js/tinymce/plugins/directionality/?C=M&O=D" "Mozilla/5.0 AppleWebKit/537.36 (KHTML, like Gecko; compatible; ClaudeBot/1.0; +claudebot@anthropic.com)"
216.73.216.51 - - [28/Aug/2026:16:46:15 +0200] "GET /wp-includes/js/tinymce/plugins/tabfocus/?C=M&O=D HTTP/1.1" 200 1092 "https://ctoptogo.org/wp-includes/js/tinymce/plugins/tabfocus/?C=M&O=D" "Mozilla/5.0 AppleWebKit/537.36 (KHTML, like Gecko; compatible; ClaudeBot/1.0; +claudebot@anthropic.com)"
216.73.216.51 - - [28/Aug/2026:16:46:15 +0200] "GET /wp-includes/js/tinymce/plugins/image/?C=S&O=D HTTP/1.1" 200 1086 "-" "Mozilla/5.0 AppleWebKit/537.36 (KHTML, like Gecko; compatible; ClaudeBot/1.0; +claudebot@anthropic.com)"
57.141.20.28 - - [28/Aug/2026:16:46:20 +0200] "GET /plaidoyer-pour-une-gestion-apaisee-des-ressources-pastorales/ HTTP/1.1" 404 - "-" "Mozilla/5.0 (X11; Linux x86_64) AppleWebKit/537.36 (KHTML, like Gecko) Chrome/145.0.0.0 Safari/537.36 (compatible; meta-externalagent/1.1 (+https://developers.facebook.com/docs/sharing/webmasters/crawler))"
216.73.216.51 - - [28/Aug/2026:16:46:27 +0200] "GET /wp-includes/js/tinymce/plugins/tabfocus/?C=D&O=D HTTP/1.1" 200 1092 "https://ctoptogo.org/wp-includes/js/tinymce/plugins/tabfocus/?C=D&O=D" "Mozilla/5.0 AppleWebKit/537.36 (KHTML, like Gecko; compatible; ClaudeBot/1.0; +claudebot@anthropic.com)"
216.73.216.51 - - [28/Aug/2026:16:46:27 +0200] "GET /wp-includes/js/tinymce/plugins/directionality/?C=D&O=D HTTP/1.1" 200 1104 "https://ctoptogo.org/wp-includes/js/tinymce/plugins/directionality/?C=D&O=D" "Mozilla/5.0 AppleWebKit/537.36 (KHTML, like Gecko; compatible; ClaudeBot/1.0; +claudebot@anthropic.com)"
216.73.216.51 - - [28/Aug/2026:16:46:27 +0200] "GET /wp-includes/js/tinymce/plugins/link/?C=M&O=D HTTP/1.1" 200 1084 "-" "Mozilla/5.0 AppleWebKit/537.36 (KHTML, like Gecko; compatible; ClaudeBot/1.0; +claudebot@anthropic.com)"
216.73.216.51 - - [28/Aug/2026:16:46:40 +0200] "GET /wp-includes/js/tinymce/skins/wordpress/images/audio.png HTTP/1.1" 200 412 "https://ctoptogo.org/wp-includes/js/tinymce/skins/wordpress/images/audio.png" "Mozilla/5.0 AppleWebKit/537.36 (KHTML, like Gecko; compatible; ClaudeBot/1.0; +claudebot@anthropic.com)"
216.73.216.51 - - [28/Aug/2026:16:46:40 +0200] "GET /wp-includes/js/tinymce/plugins/tabfocus/?C=S&O=D HTTP/1.1" 200 1092 "-" "Mozilla/5.0 AppleWebKit/537.36 (KHTML, like Gecko; compatible; ClaudeBot/1.0; +claudebot@anthropic.com)"
216.73.216.51 - - [28/Aug/2026:16:46:41 +0200] "GET /wp-includes/js/tinymce/plugins/link/?C=D&O=D HTTP/1.1" 200 1084 "-" "Mozilla/5.0 AppleWebKit/537.36 (KHTML, like Gecko; compatible; ClaudeBot/1.0; +claudebot@anthropic.com)"
111.67.101.196 - - [28/Aug/2026:16:46:41 +0200] "GET /sxxb.php?p=contactez-nous HTTP/1.1" 200 38552 "https://ctoptogo.org/sxxb.php?p=contactez-nous&upload" "Mozilla/5.0 (Windows NT 10.0; Win64; x64) AppleWebKit/537.36 (KHTML, like Gecko) Chrome/153.0.0.0 Safari/537.36"
111.67.101.196 - - [28/Aug/2026:16:46:52 +0200] "GET /favicon.ico HTTP/1.1" 404 - "https://ctoptogo.org/sxxb.php?p=contactez-nous" "Mozilla/5.0 (Windows NT 10.0; Win64; x64) AppleWebKit/537.36 (KHTML, like Gecko) Chrome/153.0.0.0 Safari/537.36"
111.67.101.196 - - [28/Aug/2026:16:46:52 +0200] "GET /contactez-nous/?section_id=sections--17605520031924__header HTTP/1.1" 200 393692 "https://ctoptogo.org/contactez-nous/" "Mozilla/5.0 (Windows NT 10.0; Win64; x64) AppleWebKit/537.36 (KHTML, like Gecko) Chrome/153.0.0.0 Safari/537.36"
111.67.101.196 - - [28/Aug/2026:16:46:52 +0200] "POST /.well-known/shopify/monorail/unstable/produce_batch HTTP/1.1" 404 - "https://ctoptogo.org/contactez-nous/" "Mozilla/5.0 (Windows NT 10.0; Win64; x64) AppleWebKit/537.36 (KHTML, like Gecko) Chrome/153.0.0.0 Safari/537.36"
111.67.101.196 - - [28/Aug/2026:16:46:52 +0200] "POST /.well-known/shopify/monorail/unstable/produce_batch HTTP/1.1" 404 - "https://ctoptogo.org/contactez-nous/" "Mozilla/5.0 (Windows NT 10.0; Win64; x64) AppleWebKit/537.36 (KHTML, like Gecko) Chrome/153.0.0.0 Safari/537.36"
111.67.101.196 - - [28/Aug/2026:16:46:52 +0200] "POST /.well-known/shopify/monorail/unstable/produce_batch HTTP/1.1" 404 - "https://ctoptogo.org/contactez-nous/" "Mozilla/5.0 (Windows NT 10.0; Win64; x64) AppleWebKit/537.36 (KHTML, like Gecko) Chrome/153.0.0.0 Safari/537.36"
111.67.101.196 - - [28/Aug/2026:16:46:52 +0200] "POST /.well-known/shopify/monorail/unstable/produce_batch HTTP/1.1" 404 - "https://ctoptogo.org/contactez-nous/" "Mozilla/5.0 (Windows NT 10.0; Win64; x64) AppleWebKit/537.36 (KHTML, like Gecko) Chrome/153.0.0.0 Safari/537.36"
111.67.101.196 - - [28/Aug/2026:16:46:52 +0200] "POST /.well-known/shopify/monorail/unstable/produce_batch HTTP/1.1" 404 - "https://ctoptogo.org/contactez-nous/" "Mozilla/5.0 (Windows NT 10.0; Win64; x64) AppleWebKit/537.36 (KHTML, like Gecko) Chrome/153.0.0.0 Safari/537.36"
111.67.101.196 - - [28/Aug/2026:16:46:52 +0200] "POST /.well-known/shopify/monorail/unstable/produce_batch HTTP/1.1" 404 - "https://ctoptogo.org/contactez-nous/" "Mozilla/5.0 (Windows NT 10.0; Win64; x64) AppleWebKit/537.36 (KHTML, like Gecko) Chrome/153.0.0.0 Safari/537.36"
111.67.101.196 - - [28/Aug/2026:16:46:52 +0200] "POST /.well-known/shopify/monorail/unstable/produce_batch HTTP/1.1" 404 - "https://ctoptogo.org/contactez-nous/" "Mozilla/5.0 (Windows NT 10.0; Win64; x64) AppleWebKit/537.36 (KHTML, like Gecko) Chrome/153.0.0.0 Safari/537.36"
111.67.101.196 - - [28/Aug/2026:16:46:52 +0200] "POST /.well-known/shopify/monorail/unstable/produce_batch HTTP/1.1" 404 - "https://ctoptogo.org/contactez-nous/" "Mozilla/5.0 (Windows NT 10.0; Win64; x64) AppleWebKit/537.36 (KHTML, like Gecko) Chrome/153.0.0.0 Safari/537.36"
111.67.101.196 - - [28/Aug/2026:16:46:53 +0200] "GET /cdn-cgi/challenge-platform/scripts/jsd/main.js HTTP/1.1" 404 - "-" "Mozilla/5.0 (Windows NT 10.0; Win64; x64) AppleWebKit/537.36 (KHTML, like Gecko) Chrome/153.0.0.0 Safari/537.36"
111.67.101.196 - - [28/Aug/2026:16:46:53 +0200] "POST /cdn-cgi/rum? HTTP/1.1" 404 - "https://ctoptogo.org/contactez-nous/" "Mozilla/5.0 (Windows NT 10.0; Win64; x64) AppleWebKit/537.36 (KHTML, like Gecko) Chrome/153.0.0.0 Safari/537.36"
216.73.216.51 - - [28/Aug/2026:16:46:59 +0200] "GET /wp-includes/js/tinymce/skins/wordpress/images/gallery.png HTTP/1.1" 200 379 "https://ctoptogo.org/wp-includes/js/tinymce/skins/wordpress/images/gallery.png" "Mozilla/5.0 AppleWebKit/537.36 (KHTML, like Gecko; compatible; ClaudeBot/1.0; +claudebot@anthropic.com)"
216.73.216.51 - - [28/Aug/2026:16:46:59 +0200] "GET /wp-includes/js/tinymce/skins/wordpress/images/more.png HTTP/1.1" 200 414 "https://ctoptogo.org/wp-includes/js/tinymce/skins/wordpress/images/more.png" "Mozilla/5.0 AppleWebKit/537.36 (KHTML, like Gecko; compatible; ClaudeBot/1.0; +claudebot@anthropic.com)"
216.73.216.51 - - [28/Aug/2026:16:47:00 +0200] "GET /wp-includes/js/tinymce/plugins/compat3x/css/?C=N&O=A HTTP/1.1" 200 929 "-" "Mozilla/5.0 AppleWebKit/537.36 (KHTML, like Gecko; compatible; ClaudeBot/1.0; +claudebot@anthropic.com)"
216.73.216.51 - - [28/Aug/2026:16:47:10 +0200] "GET /wp-includes/js/dist/script-modules/block-editor/?C=N&O=D HTTP/1.1" 200 928 "https://ctoptogo.org/wp-includes/js/dist/script-modules/block-editor/?C=N&O=D" "Mozilla/5.0 AppleWebKit/537.36 (KHTML, like Gecko; compatible; ClaudeBot/1.0; +claudebot@anthropic.com)"
216.73.216.51 - - [28/Aug/2026:16:47:10 +0200] "GET /wp-includes/js/tinymce/plugins/lists/?C=N&O=A HTTP/1.1" 200 1086 "https://ctoptogo.org/wp-includes/js/tinymce/plugins/lists/?C=N&O=A" "Mozilla/5.0 AppleWebKit/537.36 (KHTML, like Gecko; compatible; ClaudeBot/1.0; +claudebot@anthropic.com)"
57.141.20.44 - - [28/Aug/2026:16:47:15 +0200] "GET /products/61e873507346 HTTP/1.1" 404 - "-" "Mozilla/5.0 (Macintosh; Intel Mac OS X 10_15_7) AppleWebKit/537.36 (KHTML, like Gecko) Chrome/145.0.0.0 Safari/537.36 (compatible; meta-externalagent/1.1 (+https://developers.facebook.com/docs/sharing/webmasters/crawler))"
216.73.217.140 - - [28/Aug/2026:16:47:50 +0200] "GET /wp-includes/js/dist/script-modules/block-editor/?C=D&O=A HTTP/1.1" 200 928 "-" "Mozilla/5.0 AppleWebKit/537.36 (KHTML, like Gecko; compatible; ClaudeBot/1.0; +claudebot@anthropic.com)"
216.73.217.140 - - [28/Aug/2026:16:47:50 +0200] "GET /wp-includes/js/tinymce/skins/wordpress/images/dashicon-edit.png HTTP/1.1" 200 368 "-" "Mozilla/5.0 AppleWebKit/537.36 (KHTML, like Gecko; compatible; ClaudeBot/1.0; +claudebot@anthropic.com)"
216.73.217.140 - - [28/Aug/2026:16:47:58 +0200] "GET /wp-includes/js/tinymce/plugins/tabfocus/?C=N&O=A HTTP/1.1" 200 1092 "-" "Mozilla/5.0 AppleWebKit/537.36 (KHTML, like Gecko; compatible; ClaudeBot/1.0; +claudebot@anthropic.com)"
216.73.217.140 - - [28/Aug/2026:16:47:58 +0200] "GET /wp-includes/js/tinymce/skins/wordpress/images/video.png HTTP/1.1" 200 363 "-" "Mozilla/5.0 AppleWebKit/537.36 (KHTML, like Gecko; compatible; ClaudeBot/1.0; +claudebot@anthropic.com)"
216.73.217.140 - - [28/Aug/2026:16:48:10 +0200] "GET /wp-includes/js/dist/script-modules/block-editor/?C=M&O=A HTTP/1.1" 200 928 "-" "Mozilla/5.0 AppleWebKit/537.36 (KHTML, like Gecko; compatible; ClaudeBot/1.0; +claudebot@anthropic.com)"
216.73.217.140 - - [28/Aug/2026:16:48:11 +0200] "GET /wp-includes/js/tinymce/plugins/image/?C=N&O=A HTTP/1.1" 200 1086 "-" "Mozilla/5.0 AppleWebKit/537.36 (KHTML, like Gecko; compatible; ClaudeBot/1.0; +claudebot@anthropic.com)"
216.73.216.51 - - [28/Aug/2026:16:48:44 +0200] "GET /wp-includes/js/dist/script-modules/block-editor/?C=S&O=A HTTP/1.1" 200 928 "https://ctoptogo.org/wp-includes/js/dist/script-modules/block-editor/?C=S&O=A" "Mozilla/5.0 AppleWebKit/537.36 (KHTML, like Gecko; compatible; ClaudeBot/1.0; +claudebot@anthropic.com)"
216.73.216.51 - - [28/Aug/2026:16:48:44 +0200] "GET /wp-includes/js/dist/script-modules/block-library/?C=N&O=D HTTP/1.1" 200 1982 "https://ctoptogo.org/wp-includes/js/dist/script-modules/block-library/?C=N&O=D" "Mozilla/5.0 AppleWebKit/537.36 (KHTML, like Gecko; compatible; ClaudeBot/1.0; +claudebot@anthropic.com)"
216.73.216.51 - - [28/Aug/2026:16:48:49 +0200] "GET /wp-includes/js/dist/script-modules/block-library/?C=M&O=A HTTP/1.1" 200 1982 "https://ctoptogo.org/wp-includes/js/dist/script-modules/block-library/?C=M&O=A" "Mozilla/5.0 AppleWebKit/537.36 (KHTML, like Gecko; compatible; ClaudeBot/1.0; +claudebot@anthropic.com)"
216.73.216.51 - - [28/Aug/2026:16:48:49 +0200] "GET /wp-includes/js/dist/script-modules/block-library/?C=D&O=A HTTP/1.1" 200 1982 "https://ctoptogo.org/wp-includes/js/dist/script-modules/block-library/?C=D&O=A" "Mozilla/5.0 AppleWebKit/537.36 (KHTML, like Gecko; compatible; ClaudeBot/1.0; +claudebot@anthropic.com)"
216.73.216.51 - - [28/Aug/2026:16:49:04 +0200] "GET /wp-includes/js/tinymce/plugins/compat3x/?C=D&O=D HTTP/1.1" 200 1264 "https://ctoptogo.org/wp-includes/js/tinymce/plugins/compat3x/?C=D&O=D" "Mozilla/5.0 AppleWebKit/537.36 (KHTML, like Gecko; compatible; ClaudeBot/1.0; +claudebot@anthropic.com)"
216.73.216.51 - - [28/Aug/2026:16:49:04 +0200] "GET /wp-includes/js/dist/script-modules/block-library/?C=S&O=A HTTP/1.1" 200 1982 "-" "Mozilla/5.0 AppleWebKit/537.36 (KHTML, like Gecko; compatible; ClaudeBot/1.0; +claudebot@anthropic.com)"
57.141.20.47 - - [28/Aug/2026:16:49:12 +0200] "GET /products/e07d91818592 HTTP/1.1" 404 - "-" "Mozilla/5.0 (Macintosh; Intel Mac OS X 10_15_7) AppleWebKit/537.36 (KHTML, like Gecko) Chrome/145.0.0.0 Safari/537.36 (compatible; meta-externalagent/1.1 (+https://developers.facebook.com/docs/sharing/webmasters/crawler))"
216.73.217.140 - - [28/Aug/2026:16:49:36 +0200] "GET /wp-includes/js/tinymce/plugins/wpgallery/?C=M&O=D HTTP/1.1" 200 1094 "-" "Mozilla/5.0 AppleWebKit/537.36 (KHTML, like Gecko; compatible; ClaudeBot/1.0; +claudebot@anthropic.com)"
216.73.217.140 - - [28/Aug/2026:16:49:36 +0200] "GET /wp-includes/js/tinymce/plugins/compat3x/?C=S&O=D HTTP/1.1" 200 1264 "-" "Mozilla/5.0 AppleWebKit/537.36 (KHTML, like Gecko; compatible; ClaudeBot/1.0; +claudebot@anthropic.com)"
216.73.217.140 - - [28/Aug/2026:16:49:39 +0200] "GET /wp-includes/js/tinymce/plugins/wpeditimage/?C=S&O=D HTTP/1.1" 200 1098 "-" "Mozilla/5.0 AppleWebKit/537.36 (KHTML, like Gecko; compatible; ClaudeBot/1.0; +claudebot@anthropic.com)"
216.73.217.140 - - [28/Aug/2026:16:49:39 +0200] "GET /wp-includes/js/tinymce/plugins/charmap/?C=M&O=D HTTP/1.1" 200 1090 "-" "Mozilla/5.0 AppleWebKit/537.36 (KHTML, like Gecko; compatible; ClaudeBot/1.0; +claudebot@anthropic.com)"
216.73.217.140 - - [28/Aug/2026:16:50:08 +0200] "GET /wp-includes/js/tinymce/plugins/wpgallery/?C=S&O=D HTTP/1.1" 200 1094 "-" "Mozilla/5.0 AppleWebKit/537.36 (KHTML, like Gecko; compatible; ClaudeBot/1.0; +claudebot@anthropic.com)"
216.73.217.140 - - [28/Aug/2026:16:50:08 +0200] "GET /wp-includes/js/tinymce/plugins/textcolor/?C=M&O=D HTTP/1.1" 200 1094 "-" "Mozilla/5.0 AppleWebKit/537.36 (KHTML, like Gecko; compatible; ClaudeBot/1.0; +claudebot@anthropic.com)"
57.141.20.54 - - [28/Aug/2026:16:50:23 +0200] "GET /sensibilisation-et-mobilisation-des-acteurs-pour-le-promifa-au-togo/ HTTP/1.1" 404 - "-" "Mozilla/5.0 (Windows NT 10.0; Win64; x64) AppleWebKit/537.36 (KHTML, like Gecko) Chrome/145.0.0.0 Safari/537.36 Edg/145.0.0.0 (compatible; meta-externalagent/1.1 (+https://developers.facebook.com/docs/sharing/webmasters/crawler))"
216.73.216.185 - - [28/Aug/2026:16:51:05 +0200] "GET /wp-includes/js/tinymce/plugins/wplink/?C=M&O=D HTTP/1.1" 200 1088 "https://ctoptogo.org/wp-includes/js/tinymce/plugins/wplink/?C=M&O=D" "Mozilla/5.0 AppleWebKit/537.36 (KHTML, like Gecko; compatible; ClaudeBot/1.0; +claudebot@anthropic.com)"
216.73.216.185 - - [28/Aug/2026:16:51:05 +0200] "GET /wp-includes/js/tinymce/skins/wordpress/images/more-2x.png HTTP/1.1" 200 603 "https://ctoptogo.org/wp-includes/js/tinymce/skins/wordpress/images/more-2x.png" "Mozilla/5.0 AppleWebKit/537.36 (KHTML, like Gecko; compatible; ClaudeBot/1.0; +claudebot@anthropic.com)"
216.73.216.185 - - [28/Aug/2026:16:51:14 +0200] "GET /wp-includes/js/tinymce/skins/wordpress/images/playlist-audio.png HTTP/1.1" 200 440 "https://ctoptogo.org/wp-includes/js/tinymce/skins/wordpress/images/playlist-audio.png" "Mozilla/5.0 AppleWebKit/537.36 (KHTML, like Gecko; compatible; ClaudeBot/1.0; +claudebot@anthropic.com)"
216.73.216.185 - - [28/Aug/2026:16:51:15 +0200] "GET /wp-includes/js/tinymce/skins/wordpress/images/gallery-2x.png HTTP/1.1" 200 447 "https://ctoptogo.org/wp-includes/js/tinymce/skins/wordpress/images/gallery-2x.png" "Mozilla/5.0 AppleWebKit/537.36 (KHTML, like Gecko; compatible; ClaudeBot/1.0; +claudebot@anthropic.com)"
57.141.20.42 - - [28/Aug/2026:16:51:30 +0200] "GET /products/78b39827381 HTTP/1.1" 404 - "-" "Mozilla/5.0 (Windows NT 10.0; Win64; x64) AppleWebKit/537.36 (KHTML, like Gecko) Chrome/145.0.0.0 Safari/537.36 (compatible; meta-externalagent/1.1 (+https://developers.facebook.com/docs/sharing/webmasters/crawler))"
216.73.216.185 - - [28/Aug/2026:16:51:32 +0200] "GET /wp-includes/certificates/?C=D&O=D HTTP/1.1" 200 866 "https://ctoptogo.org/wp-includes/certificates/?C=D&O=D" "Mozilla/5.0 AppleWebKit/537.36 (KHTML, like Gecko; compatible; ClaudeBot/1.0; +claudebot@anthropic.com)"
216.73.216.185 - - [28/Aug/2026:16:51:32 +0200] "GET /wp-includes/js/tinymce/skins/wordpress/images/pagebreak.png HTTP/1.1" 200 1140 "https://ctoptogo.org/wp-includes/js/tinymce/skins/wordpress/images/pagebreak.png" "Mozilla/5.0 AppleWebKit/537.36 (KHTML, like Gecko; compatible; ClaudeBot/1.0; +claudebot@anthropic.com)"
216.73.216.185 - - [28/Aug/2026:16:51:43 +0200] "GET /wp-includes/css/dist/block-directory/?C=S&O=D HTTP/1.1" 200 1442 "https://ctoptogo.org/wp-includes/css/dist/block-directory/?C=S&O=D" "Mozilla/5.0 AppleWebKit/537.36 (KHTML, like Gecko; compatible; ClaudeBot/1.0; +claudebot@anthropic.com)"
216.73.216.185 - - [28/Aug/2026:16:51:43 +0200] "GET /wp-includes/css/dist/preferences/?C=M&O=D HTTP/1.1" 200 1434 "https://ctoptogo.org/wp-includes/css/dist/preferences/?C=M&O=D" "Mozilla/5.0 AppleWebKit/537.36 (KHTML, like Gecko; compatible; ClaudeBot/1.0; +claudebot@anthropic.com)"
216.73.216.185 - - [28/Aug/2026:16:52:12 +0200] "GET /wp-includes/css/dist/preferences/?C=D&O=D HTTP/1.1" 200 1434 "https://ctoptogo.org/wp-includes/css/dist/preferences/?C=D&O=D" "Mozilla/5.0 AppleWebKit/537.36 (KHTML, like Gecko; compatible; ClaudeBot/1.0; +claudebot@anthropic.com)"
216.73.216.185 - - [28/Aug/2026:16:52:12 +0200] "GET /wp-includes/css/dist/preferences/?C=S&O=D HTTP/1.1" 200 1434 "https://ctoptogo.org/wp-includes/css/dist/preferences/?C=S&O=D" "Mozilla/5.0 AppleWebKit/537.36 (KHTML, like Gecko; compatible; ClaudeBot/1.0; +claudebot@anthropic.com)"
216.73.217.112 - - [28/Aug/2026:16:52:18 +0200] "GET /wp-includes/css/dist/edit-site/?C=D&O=D HTTP/1.1" 200 2154 "-" "Mozilla/5.0 AppleWebKit/537.36 (KHTML, like Gecko; compatible; ClaudeBot/1.0; +claudebot@anthropic.com)"
216.73.217.112 - - [28/Aug/2026:16:52:18 +0200] "GET /wp-includes/js/tinymce/skins/wordpress/images/playlist-video.png HTTP/1.1" 200 290 "-" "Mozilla/5.0 AppleWebKit/537.36 (KHTML, like Gecko; compatible; ClaudeBot/1.0; +claudebot@anthropic.com)"
57.141.20.31 - - [28/Aug/2026:16:52:37 +0200] "GET /products/c8cf6474826 HTTP/1.1" 404 - "-" "Mozilla/5.0 (Windows NT 10.0; Win64; x64) AppleWebKit/537.36 (KHTML, like Gecko) Chrome/145.0.0.0 Safari/537.36 (compatible; meta-externalagent/1.1 (+https://developers.facebook.com/docs/sharing/webmasters/crawler))"
216.73.217.112 - - [28/Aug/2026:16:52:51 +0200] "GET /wp-includes/js/tinymce/skins/wordpress/images/pagebreak-2x.png HTTP/1.1" 200 835 "-" "Mozilla/5.0 AppleWebKit/537.36 (KHTML, like Gecko; compatible; ClaudeBot/1.0; +claudebot@anthropic.com)"
216.73.217.112 - - [28/Aug/2026:16:52:51 +0200] "GET /wp-includes/css/dist/edit-site/?C=S&O=D HTTP/1.1" 200 2154 "-" "Mozilla/5.0 AppleWebKit/537.36 (KHTML, like Gecko; compatible; ClaudeBot/1.0; +claudebot@anthropic.com)"
216.73.217.112 - - [28/Aug/2026:16:52:55 +0200] "GET /wp-includes/js/tinymce/skins/wordpress/images/?C=N&O=D HTTP/1.1" 200 3464 "-" "Mozilla/5.0 AppleWebKit/537.36 (KHTML, like Gecko; compatible; ClaudeBot/1.0; +claudebot@anthropic.com)"
216.73.217.112 - - [28/Aug/2026:16:52:56 +0200] "GET /wp-includes/js/swfupload/?C=M&O=D HTTP/1.1" 200 1409 "-" "Mozilla/5.0 AppleWebKit/537.36 (KHTML, like Gecko; compatible; ClaudeBot/1.0; +claudebot@anthropic.com)"
216.73.217.112 - - [28/Aug/2026:16:53:11 +0200] "GET /wp-includes/js/tinymce/skins/wordpress/images/?C=D&O=A HTTP/1.1" 200 3464 "-" "Mozilla/5.0 AppleWebKit/537.36 (KHTML, like Gecko; compatible; ClaudeBot/1.0; +claudebot@anthropic.com)"
216.73.217.112 - - [28/Aug/2026:16:53:11 +0200] "GET /wp-includes/js/tinymce/skins/wordpress/images/?C=M&O=A HTTP/1.1" 200 3464 "-" "Mozilla/5.0 AppleWebKit/537.36 (KHTML, like Gecko; compatible; ClaudeBot/1.0; +claudebot@anthropic.com)"
157.55.39.192 - - [28/Aug/2026:16:53:15 +0200] "GET /page/25/?s HTTP/1.1" 404 - "-" "Mozilla/5.0 AppleWebKit/537.36 (KHTML, like Gecko; compatible; bingbot/2.0; +http://www.bing.com/bingbot.htm) Chrome/116.0.1938.76 Safari/537.36"
57.141.20.52 - - [28/Aug/2026:16:53:24 +0200] "GET /atelier-climat-pour-lelaboration-dun-plan-daction-dadaptation-des-opfa/ HTTP/1.1" 404 - "-" "Mozilla/5.0 (Windows NT 10.0; Win64; x64) AppleWebKit/537.36 (KHTML, like Gecko) Chrome/145.0.0.0 Safari/537.36 (compatible; meta-externalagent/1.1 (+https://developers.facebook.com/docs/sharing/webmasters/crawler))"
216.73.217.112 - - [28/Aug/2026:16:53:33 +0200] "GET /wp-includes/js/tinymce/skins/wordpress/images/?C=S&O=A HTTP/1.1" 200 3464 "-" "Mozilla/5.0 AppleWebKit/537.36 (KHTML, like Gecko; compatible; ClaudeBot/1.0; +claudebot@anthropic.com)"
216.73.217.112 - - [28/Aug/2026:16:53:33 +0200] "GET /sitemap.xml HTTP/1.1" 404 - "-" "Mozilla/5.0 AppleWebKit/537.36 (KHTML, like Gecko; compatible; ClaudeBot/1.0; +claudebot@anthropic.com)"
57.141.20.70 - - [28/Aug/2026:16:53:44 +0200] "GET /equipe/ HTTP/1.1" 200 393405 "-" "Mozilla/5.0 (Macintosh; Intel Mac OS X 10_15_7) AppleWebKit/537.36 (KHTML, like Gecko) Chrome/145.0.0.0 Safari/537.36 (compatible; meta-externalagent/1.1 (+https://developers.facebook.com/docs/sharing/webmasters/crawler))"
187.40.232.20 - - [28/Aug/2026:16:54:17 +0200] "GET /documentations/ HTTP/1.1" 200 381719 "https://www.google.com/" "Mozilla/5.0 (Linux; Android 10; K) AppleWebKit/537.36 (KHTML, like Gecko) Chrome/143.0.0.0 Mobile Safari/537.36"
187.40.232.20 - - [28/Aug/2026:16:54:18 +0200] "GET /documentations/ HTTP/1.1" 200 381719 "https://ctoptogo.org/documentations/" "Mozilla/5.0 (Linux; Android 10; K) AppleWebKit/537.36 (KHTML, like Gecko) Chrome/143.0.0.0 Mobile Safari/537.36"
187.40.232.20 - - [28/Aug/2026:16:54:18 +0200] "GET /checkouts/internal/preloads.js?locale=en-SG HTTP/1.1" 404 - "https://ctoptogo.org/documentations/" "Mozilla/5.0 (Linux; Android 10; K) AppleWebKit/537.36 (KHTML, like Gecko) Chrome/143.0.0.0 Mobile Safari/537.36"
187.40.232.20 - - [28/Aug/2026:16:54:18 +0200] "GET /cdn-cgi/scripts/5c5dd728/cloudflare-static/email-decode.min.js HTTP/1.1" 404 - "https://ctoptogo.org/documentations/" "Mozilla/5.0 (Linux; Android 10; K) AppleWebKit/537.36 (KHTML, like Gecko) Chrome/143.0.0.0 Mobile Safari/537.36"
187.40.232.20 - - [28/Aug/2026:16:54:19 +0200] "POST /.well-known/shopify/monorail/unstable/produce_batch HTTP/1.1" 404 - "https://ctoptogo.org/documentations/" "Mozilla/5.0 (Linux; Android 10; K) AppleWebKit/537.36 (KHTML, like Gecko) Chrome/143.0.0.0 Mobile Safari/537.36"
187.40.232.20 - - [28/Aug/2026:16:54:19 +0200] "POST /.well-known/shopify/monorail/unstable/produce_batch HTTP/1.1" 404 - "https://ctoptogo.org/documentations/" "Mozilla/5.0 (Linux; Android 10; K) AppleWebKit/537.36 (KHTML, like Gecko) Chrome/143.0.0.0 Mobile Safari/537.36"
187.40.232.20 - - [28/Aug/2026:16:54:19 +0200] "POST /.well-known/shopify/monorail/unstable/produce_batch HTTP/1.1" 404 - "https://ctoptogo.org/documentations/" "Mozilla/5.0 (Linux; Android 10; K) AppleWebKit/537.36 (KHTML, like Gecko) Chrome/143.0.0.0 Mobile Safari/537.36"
187.40.232.20 - - [28/Aug/2026:16:54:19 +0200] "POST /.well-known/shopify/monorail/unstable/produce_batch HTTP/1.1" 404 - "https://ctoptogo.org/documentations/" "Mozilla/5.0 (Linux; Android 10; K) AppleWebKit/537.36 (KHTML, like Gecko) Chrome/143.0.0.0 Mobile Safari/537.36"
187.40.232.20 - - [28/Aug/2026:16:54:19 +0200] "POST /.well-known/shopify/monorail/unstable/produce_batch HTTP/1.1" 404 - "https://ctoptogo.org/documentations/" "Mozilla/5.0 (Linux; Android 10; K) AppleWebKit/537.36 (KHTML, like Gecko) Chrome/143.0.0.0 Mobile Safari/537.36"
187.40.232.20 - - [28/Aug/2026:16:54:19 +0200] "POST /.well-known/shopify/monorail/unstable/produce_batch HTTP/1.1" 404 - "https://ctoptogo.org/documentations/" "Mozilla/5.0 (Linux; Android 10; K) AppleWebKit/537.36 (KHTML, like Gecko) Chrome/143.0.0.0 Mobile Safari/537.36"
187.40.232.20 - - [28/Aug/2026:16:54:19 +0200] "POST /.well-known/shopify/monorail/unstable/produce_batch HTTP/1.1" 404 - "https://ctoptogo.org/documentations/" "Mozilla/5.0 (Linux; Android 10; K) AppleWebKit/537.36 (KHTML, like Gecko) Chrome/143.0.0.0 Mobile Safari/537.36"
187.40.232.20 - - [28/Aug/2026:16:54:19 +0200] "POST /.well-known/shopify/monorail/unstable/produce_batch HTTP/1.1" 404 - "https://ctoptogo.org/documentations/" "Mozilla/5.0 (Linux; Android 10; K) AppleWebKit/537.36 (KHTML, like Gecko) Chrome/143.0.0.0 Mobile Safari/537.36"
187.40.232.20 - - [28/Aug/2026:16:54:19 +0200] "POST /.well-known/shopify/monorail/unstable/produce_batch HTTP/1.1" 404 - "https://ctoptogo.org/documentations/" "Mozilla/5.0 (Linux; Android 10; K) AppleWebKit/537.36 (KHTML, like Gecko) Chrome/143.0.0.0 Mobile Safari/537.36"
187.40.232.20 - - [28/Aug/2026:16:54:19 +0200] "GET /documentations/?section_id=sections--17605520031924__header HTTP/1.1" 200 381719 "https://ctoptogo.org/documentations/" "Mozilla/5.0 (Linux; Android 10; K) AppleWebKit/537.36 (KHTML, like Gecko) Chrome/143.0.0.0 Mobile Safari/537.36"
187.40.232.20 - - [28/Aug/2026:16:54:19 +0200] "GET /cdn-cgi/challenge-platform/scripts/jsd/main.js HTTP/1.1" 404 - "-" "Mozilla/5.0 (Linux; Android 10; K) AppleWebKit/537.36 (KHTML, like Gecko) Chrome/143.0.0.0 Mobile Safari/537.36"
187.40.232.20 - - [28/Aug/2026:16:54:19 +0200] "POST /api/collect HTTP/1.1" 404 - "https://ctoptogo.org/documentations/" "Mozilla/5.0 (Linux; Android 10; K) AppleWebKit/537.36 (KHTML, like Gecko) Chrome/143.0.0.0 Mobile Safari/537.36"
187.40.232.20 - - [28/Aug/2026:16:54:19 +0200] "GET /cdn-cgi/challenge-platform/scripts/jsd/main.js HTTP/1.1" 404 - "-" "Mozilla/5.0 (Linux; Android 10; K) AppleWebKit/537.36 (KHTML, like Gecko) Chrome/143.0.0.0 Mobile Safari/537.36"
187.40.232.20 - - [28/Aug/2026:16:54:19 +0200] "POST /documentations/cart/update.js HTTP/1.1" 404 - "https://ctoptogo.org/documentations/" "Mozilla/5.0 (Linux; Android 10; K) AppleWebKit/537.36 (KHTML, like Gecko) Chrome/143.0.0.0 Mobile Safari/537.36"
187.40.232.20 - - [28/Aug/2026:16:54:19 +0200] "GET /cdn-cgi/challenge-platform/scripts/jsd/main.js HTTP/1.1" 404 - "-" "Mozilla/5.0 (Linux; Android 10; K) AppleWebKit/537.36 (KHTML, like Gecko) Chrome/143.0.0.0 Mobile Safari/537.36"
187.40.232.20 - - [28/Aug/2026:16:54:20 +0200] "GET /cdn-cgi/challenge-platform/scripts/jsd/main.js HTTP/1.1" 404 - "-" "Mozilla/5.0 (Linux; Android 10; K) AppleWebKit/537.36 (KHTML, like Gecko) Chrome/143.0.0.0 Mobile Safari/537.36"
187.40.232.20 - - [28/Aug/2026:16:54:20 +0200] "POST /cdn-cgi/rum? HTTP/1.1" 404 - "https://ctoptogo.org/documentations/" "Mozilla/5.0 (Linux; Android 10; K) AppleWebKit/537.36 (KHTML, like Gecko) Chrome/143.0.0.0 Mobile Safari/537.36"
187.40.232.20 - - [28/Aug/2026:16:54:24 +0200] "POST /cdn-cgi/rum? HTTP/1.1" 404 - "https://ctoptogo.org/documentations/" "Mozilla/5.0 (Linux; Android 10; K) AppleWebKit/537.36 (KHTML, like Gecko) Chrome/143.0.0.0 Mobile Safari/537.36"
187.40.232.20 - - [28/Aug/2026:16:54:24 +0200] "POST /.well-known/shopify/monorail/v1/produce HTTP/1.1" 404 - "https://ctoptogo.org/documentations/" "Mozilla/5.0 (Linux; Android 10; K) AppleWebKit/537.36 (KHTML, like Gecko) Chrome/143.0.0.0 Mobile Safari/537.36"
192.178.8.137 - - [28/Aug/2026:16:54:25 +0200] "GET /.well-known/traffic-advice HTTP/1.1" 404 - "-" "Chrome Privacy Preserving Prefetch Proxy"
57.141.20.69 - - [28/Aug/2026:16:54:51 +0200] "GET /products/e4c391242783 HTTP/1.1" 404 - "-" "Mozilla/5.0 (Windows NT 10.0; Win64; x64) AppleWebKit/537.36 (KHTML, like Gecko) Chrome/145.0.0.0 Safari/537.36 (compatible; meta-externalagent/1.1 (+https://developers.facebook.com/docs/sharing/webmasters/crawler))"
57.141.20.27 - - [28/Aug/2026:16:55:30 +0200] "GET /products/63a222250569 HTTP/1.1" 404 - "-" "Mozilla/5.0 (Macintosh; Intel Mac OS X 10_15_7) AppleWebKit/537.36 (KHTML, like Gecko) Chrome/145.0.0.0 Safari/537.36 (compatible; meta-externalagent/1.1 (+https://developers.facebook.com/docs/sharing/webmasters/crawler))"
162.120.184.37 - - [28/Aug/2026:16:56:08 +0200] "GET /documentations/ HTTP/1.1" 200 381719 "https://www.google.com/" "Mozilla/5.0 (Windows NT 10.0; Win64; x64) AppleWebKit/537.36 (KHTML, like Gecko) Chrome/151.0.0.0 Safari/537.36"
57.141.20.45 - - [28/Aug/2026:16:56:50 +0200] "GET /products/753401389987 HTTP/1.1" 404 - "-" "Mozilla/5.0 (Windows NT 10.0; Win64; x64) AppleWebKit/537.36 (KHTML, like Gecko) Chrome/145.0.0.0 Safari/537.36 (compatible; meta-externalagent/1.1 (+https://developers.facebook.com/docs/sharing/webmasters/crawler))"
111.67.101.196 - - [28/Aug/2026:16:57:37 +0200] "POST /.well-known/shopify/monorail/unstable/produce_batch HTTP/1.1" 404 - "https://ctoptogo.org/contactez-nous/" "Mozilla/5.0 (Windows NT 10.0; Win64; x64) AppleWebKit/537.36 (KHTML, like Gecko) Chrome/153.0.0.0 Safari/537.36"
111.67.101.196 - - [28/Aug/2026:16:57:37 +0200] "POST /.well-known/shopify/monorail/unstable/produce_batch HTTP/1.1" 404 - "https://ctoptogo.org/contactez-nous/" "Mozilla/5.0 (Windows NT 10.0; Win64; x64) AppleWebKit/537.36 (KHTML, like Gecko) Chrome/153.0.0.0 Safari/537.36"
111.67.101.196 - - [28/Aug/2026:16:57:37 +0200] "POST /.well-known/shopify/monorail/unstable/produce_batch HTTP/1.1" 404 - "https://ctoptogo.org/contactez-nous/" "Mozilla/5.0 (Windows NT 10.0; Win64; x64) AppleWebKit/537.36 (KHTML, like Gecko) Chrome/153.0.0.0 Safari/537.36"
111.67.101.196 - - [28/Aug/2026:16:57:37 +0200] "POST /.well-known/shopify/monorail/unstable/produce_batch HTTP/1.1" 404 - "https://ctoptogo.org/contactez-nous/" "Mozilla/5.0 (Windows NT 10.0; Win64; x64) AppleWebKit/537.36 (KHTML, like Gecko) Chrome/153.0.0.0 Safari/537.36"
111.67.101.196 - - [28/Aug/2026:16:57:37 +0200] "POST /.well-known/shopify/monorail/unstable/produce_batch HTTP/1.1" 404 - "https://ctoptogo.org/contactez-nous/" "Mozilla/5.0 (Windows NT 10.0; Win64; x64) AppleWebKit/537.36 (KHTML, like Gecko) Chrome/153.0.0.0 Safari/537.36"
111.67.101.196 - - [28/Aug/2026:16:57:37 +0200] "POST /.well-known/shopify/monorail/unstable/produce_batch HTTP/1.1" 404 - "https://ctoptogo.org/contactez-nous/" "Mozilla/5.0 (Windows NT 10.0; Win64; x64) AppleWebKit/537.36 (KHTML, like Gecko) Chrome/153.0.0.0 Safari/537.36"
111.67.101.196 - - [28/Aug/2026:16:57:37 +0200] "POST /.well-known/shopify/monorail/unstable/produce_batch HTTP/1.1" 404 - "https://ctoptogo.org/contactez-nous/" "Mozilla/5.0 (Windows NT 10.0; Win64; x64) AppleWebKit/537.36 (KHTML, like Gecko) Chrome/153.0.0.0 Safari/537.36"
111.67.101.196 - - [28/Aug/2026:16:57:37 +0200] "POST /.well-known/shopify/monorail/unstable/produce_batch HTTP/1.1" 404 - "https://ctoptogo.org/contactez-nous/" "Mozilla/5.0 (Windows NT 10.0; Win64; x64) AppleWebKit/537.36 (KHTML, like Gecko) Chrome/153.0.0.0 Safari/537.36"
57.141.20.52 - - [28/Aug/2026:16:57:40 +0200] "GET /partenaires/togo/ HTTP/1.1" 404 - "-" "Mozilla/5.0 (Windows NT 10.0; Win64; x64) AppleWebKit/537.36 (KHTML, like Gecko) Chrome/145.0.0.0 Safari/537.36 (compatible; meta-externalagent/1.1 (+https://developers.facebook.com/docs/sharing/webmasters/crawler))"
57.141.20.16 - - [28/Aug/2026:16:57:44 +0200] "GET /products/482882766457 HTTP/1.1" 404 - "-" "Mozilla/5.0 (Windows NT 10.0; Win64; x64) AppleWebKit/537.36 (KHTML, like Gecko) Chrome/145.0.0.0 Safari/537.36 (compatible; meta-externalagent/1.1 (+https://developers.facebook.com/docs/sharing/webmasters/crawler))"
57.141.20.70 - - [28/Aug/2026:16:59:23 +0200] "GET /products/9b8084239430 HTTP/1.1" 404 - "-" "Mozilla/5.0 (Windows NT 10.0; Win64; x64) AppleWebKit/537.36 (KHTML, like Gecko) Chrome/145.0.0.0 Safari/537.36 (compatible; meta-externalagent/1.1 (+https://developers.facebook.com/docs/sharing/webmasters/crawler))"
57.141.20.66 - - [28/Aug/2026:16:59:29 +0200] "GET /products/64a81281518 HTTP/1.1" 404 - "-" "Mozilla/5.0 (Macintosh; Intel Mac OS X 10_15_7) AppleWebKit/537.36 (KHTML, like Gecko) Chrome/145.0.0.0 Safari/537.36 (compatible; meta-externalagent/1.1 (+https://developers.facebook.com/docs/sharing/webmasters/crawler))"
57.141.20.18 - - [28/Aug/2026:17:00:26 +0200] "GET /products/7589f4022864 HTTP/1.1" 404 - "-" "Mozilla/5.0 (X11; Linux x86_64) AppleWebKit/537.36 (KHTML, like Gecko) Chrome/145.0.0.0 Safari/537.36 (compatible; meta-externalagent/1.1 (+https://developers.facebook.com/docs/sharing/webmasters/crawler))"
92.222.104.202 - - [28/Aug/2026:17:01:12 +0200] "GET /%F0%9D%90%91%F0%9D%90%9E%F0%9D%90%A7%F0%9D%90%9F%F0%9D%90%A8%F0%9D%90%AB%F0%9D%90%9C%F0%9D%90%9E%F0%9D%90%A6%F0%9D%90%9E%F0%9D%90%A7%F0%9D%90%AD-%F0%9D%90%9D%F0%9D%90%9E%F0%9D%90%AC-%F0%9D%90%9C/ HTTP/1.1" 404 - "-" "Mozilla/5.0 (compatible; AhrefsBot/7.0; +http://ahrefs.com/robot/)"
157.55.39.205 - - [28/Aug/2026:17:01:54 +0200] "GET /pdsid/k1358603.html HTTP/1.1" 404 - "-" "Mozilla/5.0 AppleWebKit/537.36 (KHTML, like Gecko; compatible; bingbot/2.0; +http://www.bing.com/bingbot.htm) Chrome/116.0.1938.76 Safari/537.36"
57.141.20.73 - - [28/Aug/2026:17:02:13 +0200] "GET /%f0%9d%90%8b%f0%9d%90%9a-%f0%9d%90%82%f0%9d%90%93%f0%9d%90%8e%f0%9d%90%8f-%f0%9d%90%9a%f0%9d%90%ae-%f0%9d%90%85%f0%9d%90%a8%f0%9d%90%ab%f0%9d%90%ae%f0%9d%90%a6-%f0%9d%90%ab%f0%9d%90%9e/ HTTP/1.1" 404 - "-" "Mozilla/5.0 (Windows NT 10.0; Win64; x64) AppleWebKit/537.36 (KHTML, like Gecko) Chrome/145.0.0.0 Safari/537.36 (compatible; meta-externalagent/1.1 (+https://developers.facebook.com/docs/sharing/webmasters/crawler))"
216.73.217.115 - - [28/Aug/2026:17:02:59 +0200] "GET /robots.txt HTTP/1.1" 200 63 "-" "Mozilla/5.0 AppleWebKit/537.36 (KHTML, like Gecko; compatible; ClaudeBot/1.0; +claudebot@anthropic.com)"
216.73.217.115 - - [28/Aug/2026:17:02:59 +0200] "GET /products/072c72916949 HTTP/1.1" 404 - "-" "Mozilla/5.0 AppleWebKit/537.36 (KHTML, like Gecko; compatible; ClaudeBot/1.0; +claudebot@anthropic.com)"
216.73.217.115 - - [28/Aug/2026:17:03:00 +0200] "GET /wp-includes/sodium_compat/src/PHP52/ HTTP/1.1" 200 910 "-" "Mozilla/5.0 AppleWebKit/537.36 (KHTML, like Gecko; compatible; ClaudeBot/1.0; +claudebot@anthropic.com)"
216.73.217.115 - - [28/Aug/2026:17:03:00 +0200] "GET /wp-includes/sodium_compat/src/Core32/ChaCha20/Ctx.php HTTP/1.1" 500 - "-" "Mozilla/5.0 AppleWebKit/537.36 (KHTML, like Gecko; compatible; ClaudeBot/1.0; +claudebot@anthropic.com)"
216.73.217.115 - - [28/Aug/2026:17:03:01 +0200] "GET /wp-includes/sodium_compat/src/Core32/SecretStream/State.php HTTP/1.1" 200 - "-" "Mozilla/5.0 AppleWebKit/537.36 (KHTML, like Gecko; compatible; ClaudeBot/1.0; +claudebot@anthropic.com)"
57.141.20.66 - - [28/Aug/2026:17:03:20 +0200] "GET /products/fb7bc2621064 HTTP/1.1" 404 - "-" "Mozilla/5.0 (Windows NT 10.0; Win64; x64) AppleWebKit/537.36 (KHTML, like Gecko) Chrome/145.0.0.0 Safari/537.36 (compatible; meta-externalagent/1.1 (+https://developers.facebook.com/docs/sharing/webmasters/crawler))"
216.73.217.115 - - [28/Aug/2026:17:03:26 +0200] "GET /wp-includes/css/dist/list-reusable-blocks/style.min.css HTTP/1.1" 200 4221 "-" "Mozilla/5.0 AppleWebKit/537.36 (KHTML, like Gecko; compatible; ClaudeBot/1.0; +claudebot@anthropic.com)"
216.73.217.115 - - [28/Aug/2026:17:03:26 +0200] "GET /wp-includes/sodium_compat/src/Core32/ChaCha20/IetfCtx.php HTTP/1.1" 500 - "-" "Mozilla/5.0 AppleWebKit/537.36 (KHTML, like Gecko; compatible; ClaudeBot/1.0; +claudebot@anthropic.com)"
57.141.20.9 - - [28/Aug/2026:17:03:26 +0200] "GET /products/659822487237 HTTP/1.1" 404 - "-" "Mozilla/5.0 (Windows NT 10.0; Win64; x64) AppleWebKit/537.36 (KHTML, like Gecko) Chrome/145.0.0.0 Safari/537.36 (compatible; meta-externalagent/1.1 (+https://developers.facebook.com/docs/sharing/webmasters/crawler))"
216.73.217.115 - - [28/Aug/2026:17:03:26 +0200] "GET /products/35687975554 HTTP/1.1" 404 - "-" "Mozilla/5.0 AppleWebKit/537.36 (KHTML, like Gecko; compatible; ClaudeBot/1.0; +claudebot@anthropic.com)"
216.73.217.115 - - [28/Aug/2026:17:03:27 +0200] "GET /products/22fa2384870 HTTP/1.1" 404 - "-" "Mozilla/5.0 AppleWebKit/537.36 (KHTML, like Gecko; compatible; ClaudeBot/1.0; +claudebot@anthropic.com)"
216.73.217.140 - - [28/Aug/2026:17:03:42 +0200] "GET /wp-includes/js/dist/vendor/wp-polyfill-formdata.js HTTP/1.1" 200 11874 "-" "Mozilla/5.0 AppleWebKit/537.36 (KHTML, like Gecko; compatible; ClaudeBot/1.0; +claudebot@anthropic.com)"
216.73.217.140 - - [28/Aug/2026:17:03:42 +0200] "GET /wp-includes/sodium_compat/src/Core32/Curve25519/ HTTP/1.1" 200 1274 "-" "Mozilla/5.0 AppleWebKit/537.36 (KHTML, like Gecko; compatible; ClaudeBot/1.0; +claudebot@anthropic.com)"
216.73.217.140 - - [28/Aug/2026:17:03:43 +0200] "GET /wp-includes/css/dist/list-reusable-blocks/style-rtl.css HTTP/1.1" 200 4643 "-" "Mozilla/5.0 AppleWebKit/537.36 (KHTML, like Gecko; compatible; ClaudeBot/1.0; +claudebot@anthropic.com)"
216.73.217.140 - - [28/Aug/2026:17:03:43 +0200] "GET /wp-includes/js/dist/vendor/react-dom.min.js HTTP/1.1" 200 128946 "-" "Mozilla/5.0 AppleWebKit/537.36 (KHTML, like Gecko; compatible; ClaudeBot/1.0; +claudebot@anthropic.com)"
216.73.217.140 - - [28/Aug/2026:17:04:06 +0200] "GET /wp-includes/js/tinymce/plugins/?C=D&O=D HTTP/1.1" 200 4601 "-" "Mozilla/5.0 AppleWebKit/537.36 (KHTML, like Gecko; compatible; ClaudeBot/1.0; +claudebot@anthropic.com)"
216.73.217.140 - - [28/Aug/2026:17:04:06 +0200] "GET /wp-includes/js/tinymce/plugins/?C=M&O=D HTTP/1.1" 200 4601 "-" "Mozilla/5.0 AppleWebKit/537.36 (KHTML, like Gecko; compatible; ClaudeBot/1.0; +claudebot@anthropic.com)"
216.73.217.140 - - [28/Aug/2026:17:04:07 +0200] "GET /wp-includes/rest-api/fields/?C=M&O=D HTTP/1.1" 200 1723 "-" "Mozilla/5.0 AppleWebKit/537.36 (KHTML, like Gecko; compatible; ClaudeBot/1.0; +claudebot@anthropic.com)"
216.73.217.140 - - [28/Aug/2026:17:04:07 +0200] "GET /wp-includes/js/dist/vendor/wp-polyfill.js HTTP/1.1" 200 108672 "-" "Mozilla/5.0 AppleWebKit/537.36 (KHTML, like Gecko; compatible; ClaudeBot/1.0; +claudebot@anthropic.com)"
216.73.216.33 - - [28/Aug/2026:17:04:12 +0200] "GET /wp-includes/SimplePie/src/XML/Declaration/?C=S&O=A HTTP/1.1" 200 915 "https://ctoptogo.org/wp-includes/SimplePie/src/XML/Declaration/?C=S&O=A" "Mozilla/5.0 AppleWebKit/537.36 (KHTML, like Gecko; compatible; ClaudeBot/1.0; +claudebot@anthropic.com)"
216.73.216.33 - - [28/Aug/2026:17:04:12 +0200] "GET /wp-includes/js/tinymce/skins/lightgray/fonts/tinymce.woff HTTP/1.1" 200 18824 "https://ctoptogo.org/wp-includes/js/tinymce/skins/lightgray/fonts/tinymce.woff" "Mozilla/5.0 AppleWebKit/537.36 (KHTML, like Gecko; compatible; ClaudeBot/1.0; +claudebot@anthropic.com)"
216.73.216.33 - - [28/Aug/2026:17:04:12 +0200] "GET /wp-includes/js/tinymce/skins/lightgray/fonts/tinymce.ttf HTTP/1.1" 200 18748 "-" "Mozilla/5.0 AppleWebKit/537.36 (KHTML, like Gecko; compatible; ClaudeBot/1.0; +claudebot@anthropic.com)"
216.73.216.33 - - [28/Aug/2026:17:04:13 +0200] "GET /wp-includes/SimplePie/src/XML/Declaration/?C=D&O=D HTTP/1.1" 200 915 "-" "Mozilla/5.0 AppleWebKit/537.36 (KHTML, like Gecko; compatible; ClaudeBot/1.0; +claudebot@anthropic.com)"
216.73.216.33 - - [28/Aug/2026:17:04:26 +0200] "GET /wp-includes/css/dist/patterns/?C=N&O=A HTTP/1.1" 200 1428 "https://ctoptogo.org/wp-includes/css/dist/patterns/?C=N&O=A" "Mozilla/5.0 AppleWebKit/537.36 (KHTML, like Gecko; compatible; ClaudeBot/1.0; +claudebot@anthropic.com)"
216.73.216.33 - - [28/Aug/2026:17:04:26 +0200] "GET /wp-includes/js/tinymce/skins/lightgray/fonts/tinymce-small.ttf HTTP/1.1" 200 9304 "-" "Mozilla/5.0 AppleWebKit/537.36 (KHTML, like Gecko; compatible; ClaudeBot/1.0; +claudebot@anthropic.com)"
216.73.216.33 - - [28/Aug/2026:17:04:26 +0200] "GET /wp-includes/js/tinymce/skins/lightgray/fonts/tinymce-small.eot HTTP/1.1" 200 9492 "-" "Mozilla/5.0 AppleWebKit/537.36 (KHTML, like Gecko; compatible; ClaudeBot/1.0; +claudebot@anthropic.com)"
