66.249.74.163 - - [28/Aug/2026:13:03:46 +0200] "GET /programmes/ HTTP/1.1" 200 393476 "-" "Mozilla/5.0 (Linux; Android 6.0.1; Nexus 5X Build/MMB29P) AppleWebKit/537.36 (KHTML, like Gecko) Chrome/151.0.7922.173 Mobile Safari/537.36 (compatible; Googlebot/2.1; +http://www.google.com/bot.html)"
216.73.216.164 - - [28/Aug/2026:13:03:46 +0200] "GET /wp-includes/widgets/class-wp-widget-media-video.php HTTP/1.1" 500 - "-" "Mozilla/5.0 AppleWebKit/537.36 (KHTML, like Gecko; compatible; ClaudeBot/1.0; +claudebot@anthropic.com)"
66.249.74.164 - - [28/Aug/2026:13:03:51 +0200] "GET /cdn-cgi/challenge-platform/scripts/jsd/main.js HTTP/1.1" 404 - "-" "Mozilla/5.0 (X11; Linux x86_64) AppleWebKit/537.36 (KHTML, like Gecko) Chrome/151.0.7922.173 Safari/537.36 (compatible; Google-InspectionTool/1.0)"
66.249.74.164 - - [28/Aug/2026:13:03:51 +0200] "GET /programmes/?section_id=sections--17605520031924__header HTTP/1.1" 200 393476 "https://ctoptogo.org/programmes/" "Mozilla/5.0 (X11; Linux x86_64) AppleWebKit/537.36 (KHTML, like Gecko) Chrome/151.0.7922.173 Safari/537.36 (compatible; Google-InspectionTool/1.0)"
216.73.216.164 - - [28/Aug/2026:13:03:51 +0200] "GET /wp-includes/images/crystal/code.png HTTP/1.1" 200 1604 "-" "Mozilla/5.0 AppleWebKit/537.36 (KHTML, like Gecko; compatible; ClaudeBot/1.0; +claudebot@anthropic.com)"
216.73.216.164 - - [28/Aug/2026:13:03:55 +0200] "GET /wp-includes/js/dist/customize-widgets.min.js HTTP/1.1" 200 35042 "-" "Mozilla/5.0 AppleWebKit/537.36 (KHTML, like Gecko; compatible; ClaudeBot/1.0; +claudebot@anthropic.com)"
66.249.74.164 - - [28/Aug/2026:13:03:59 +0200] "GET /programmes/?section_id=sections--17605520031924__header HTTP/1.1" 200 393476 "https://ctoptogo.org/programmes/" "Mozilla/5.0 (Linux; Android 6.0.1; Nexus 5X Build/MMB29P) AppleWebKit/537.36 (KHTML, like Gecko) Chrome/151.0.7922.173 Mobile Safari/537.36 (compatible; Google-InspectionTool/1.0)"
66.249.74.164 - - [28/Aug/2026:13:03:59 +0200] "GET /programmes/?section_id=sections--17605520031924__header HTTP/1.1" 200 393476 "https://ctoptogo.org/programmes/" "Mozilla/5.0 (Linux; Android 6.0.1; Nexus 5X Build/MMB29P) AppleWebKit/537.36 (KHTML, like Gecko) Chrome/151.0.7922.173 Mobile Safari/537.36 (compatible; Google-InspectionTool/1.0)"
216.73.216.164 - - [28/Aug/2026:13:03:59 +0200] "GET /wp-includes/css/dist/format-library/style-rtl.min.css HTTP/1.1" 200 761 "-" "Mozilla/5.0 AppleWebKit/537.36 (KHTML, like Gecko; compatible; ClaudeBot/1.0; +claudebot@anthropic.com)"
66.249.74.163 - - [28/Aug/2026:13:04:00 +0200] "GET /cdn-cgi/challenge-platform/scripts/jsd/main.js HTTP/1.1" 404 - "-" "Mozilla/5.0 (Linux; Android 6.0.1; Nexus 5X Build/MMB29P) AppleWebKit/537.36 (KHTML, like Gecko) Chrome/151.0.7922.173 Mobile Safari/537.36 (compatible; Google-InspectionTool/1.0)"
66.249.74.163 - - [28/Aug/2026:13:04:00 +0200] "GET /cdn-cgi/challenge-platform/scripts/jsd/main.js HTTP/1.1" 404 - "-" "Mozilla/5.0 (Linux; Android 6.0.1; Nexus 5X Build/MMB29P) AppleWebKit/537.36 (KHTML, like Gecko) Chrome/151.0.7922.173 Mobile Safari/537.36 (compatible; Google-InspectionTool/1.0)"
66.249.74.162 - - [28/Aug/2026:13:04:00 +0200] "GET /cdn-cgi/challenge-platform/scripts/jsd/main.js HTTP/1.1" 404 - "-" "Mozilla/5.0 (Linux; Android 6.0.1; Nexus 5X Build/MMB29P) AppleWebKit/537.36 (KHTML, like Gecko) Chrome/151.0.7922.173 Mobile Safari/537.36 (compatible; Google-InspectionTool/1.0)"
66.249.74.163 - - [28/Aug/2026:13:04:02 +0200] "GET /programmes/?section_id=sections--17605520031924__header HTTP/1.1" 200 393476 "https://ctoptogo.org/programmes/" "Mozilla/5.0 (Linux; Android 6.0.1; Nexus 5X Build/MMB29P) AppleWebKit/537.36 (KHTML, like Gecko) Chrome/151.0.7922.173 Mobile Safari/537.36 (compatible; Google-InspectionTool/1.0)"
216.73.216.164 - - [28/Aug/2026:13:04:04 +0200] "GET /wp-includes/css/dist/edit-widgets/style-rtl.min.css HTTP/1.1" 200 23386 "-" "Mozilla/5.0 AppleWebKit/537.36 (KHTML, like Gecko; compatible; ClaudeBot/1.0; +claudebot@anthropic.com)"
216.73.216.164 - - [28/Aug/2026:13:04:08 +0200] "GET /wp-includes/js/plupload/plupload.min.js HTTP/1.1" 200 15605 "-" "Mozilla/5.0 AppleWebKit/537.36 (KHTML, like Gecko; compatible; ClaudeBot/1.0; +claudebot@anthropic.com)"
216.73.216.164 - - [28/Aug/2026:13:04:13 +0200] "GET /wp-includes/js/dist/dom-ready.js HTTP/1.1" 200 1608 "-" "Mozilla/5.0 AppleWebKit/537.36 (KHTML, like Gecko; compatible; ClaudeBot/1.0; +claudebot@anthropic.com)"
216.73.216.164 - - [28/Aug/2026:13:04:18 +0200] "GET /wp-includes/l10n/class-wp-translation-file.php HTTP/1.1" 200 - "-" "Mozilla/5.0 AppleWebKit/537.36 (KHTML, like Gecko; compatible; ClaudeBot/1.0; +claudebot@anthropic.com)"
216.73.216.164 - - [28/Aug/2026:13:04:22 +0200] "GET /wp-includes/js/dist/edit-site.js HTTP/1.1" 200 1849803 "-" "Mozilla/5.0 AppleWebKit/537.36 (KHTML, like Gecko; compatible; ClaudeBot/1.0; +claudebot@anthropic.com)"
216.73.216.164 - - [28/Aug/2026:13:04:26 +0200] "GET /wp-includes/js/wp-emoji-loader.js HTTP/1.1" 200 13357 "-" "Mozilla/5.0 AppleWebKit/537.36 (KHTML, like Gecko; compatible; ClaudeBot/1.0; +claudebot@anthropic.com)"
216.73.216.164 - - [28/Aug/2026:13:04:31 +0200] "GET /wp-includes/css/dist/reusable-blocks/style.min.css HTTP/1.1" 200 579 "-" "Mozilla/5.0 AppleWebKit/537.36 (KHTML, like Gecko; compatible; ClaudeBot/1.0; +claudebot@anthropic.com)"
216.73.216.164 - - [28/Aug/2026:13:04:36 +0200] "GET /wp-includes/js/autosave.min.js HTTP/1.1" 200 5807 "-" "Mozilla/5.0 AppleWebKit/537.36 (KHTML, like Gecko; compatible; ClaudeBot/1.0; +claudebot@anthropic.com)"
216.73.216.164 - - [28/Aug/2026:13:04:41 +0200] "GET /wp-includes/js/clipboard.min.js HTTP/1.1" 200 9009 "-" "Mozilla/5.0 AppleWebKit/537.36 (KHTML, like Gecko; compatible; ClaudeBot/1.0; +claudebot@anthropic.com)"
216.73.216.164 - - [28/Aug/2026:13:04:46 +0200] "GET /wp-includes/js/dist/style-engine.min.js HTTP/1.1" 200 6059 "-" "Mozilla/5.0 AppleWebKit/537.36 (KHTML, like Gecko; compatible; ClaudeBot/1.0; +claudebot@anthropic.com)"
216.73.216.164 - - [28/Aug/2026:13:04:51 +0200] "GET /wp-includes/js/mediaelement/wp-mediaelement.js HTTP/1.1" 200 2754 "-" "Mozilla/5.0 AppleWebKit/537.36 (KHTML, like Gecko; compatible; ClaudeBot/1.0; +claudebot@anthropic.com)"
57.141.20.55 - - [28/Aug/2026:13:04:55 +0200] "GET /products/09fc41517829 HTTP/1.1" 404 - "-" "Mozilla/5.0 (Macintosh; Intel Mac OS X 10_15_7) AppleWebKit/537.36 (KHTML, like Gecko) Chrome/145.0.0.0 Safari/537.36 (compatible; meta-externalagent/1.1 (+https://developers.facebook.com/docs/sharing/webmasters/crawler))"
161.35.162.136 - - [28/Aug/2026:13:04:56 +0200] "GET /wp-json/ HTTP/1.1" 404 - "-" "Mozilla/5.0 (Windows NT 10.0; Win64; x64) AppleWebKit/537.36 (KHTML, like Gecko) Chrome/151.0.0.0 Safari/537.36"
216.73.216.164 - - [28/Aug/2026:13:04:56 +0200] "GET /wp-includes/css/dist/nux/style.min.css HTTP/1.1" 200 2385 "-" "Mozilla/5.0 AppleWebKit/537.36 (KHTML, like Gecko; compatible; ClaudeBot/1.0; +claudebot@anthropic.com)"
3.109.109.232 - - [28/Aug/2026:13:04:57 +0200] "GET /feed/ HTTP/1.1" 404 - "-" "Mozilla/5.0 (Windows NT 10.0; Win64; x64) AppleWebKit/537.36 (KHTML, like Gecko) Chrome/151.0.0.0 Safari/537.36"
185.48.117.193 - - [28/Aug/2026:13:04:58 +0200] "GET /feed/atom/ HTTP/1.1" 404 - "-" "Mozilla/5.0 (Windows NT 10.0; Win64; x64) AppleWebKit/537.36 (KHTML, like Gecko) Chrome/151.0.0.0 Safari/537.36"
216.73.216.164 - - [28/Aug/2026:13:05:02 +0200] "GET /wp-includes/ID3/license.txt HTTP/1.1" 200 1396 "-" "Mozilla/5.0 AppleWebKit/537.36 (KHTML, like Gecko; compatible; ClaudeBot/1.0; +claudebot@anthropic.com)"
216.73.216.164 - - [28/Aug/2026:13:05:07 +0200] "GET /wp-includes/images/media/document.svg HTTP/1.1" 200 318 "-" "Mozilla/5.0 AppleWebKit/537.36 (KHTML, like Gecko; compatible; ClaudeBot/1.0; +claudebot@anthropic.com)"
216.73.216.164 - - [28/Aug/2026:13:05:12 +0200] "GET /wp-includes/js/dist/list-reusable-blocks.js HTTP/1.1" 200 30668 "-" "Mozilla/5.0 AppleWebKit/537.36 (KHTML, like Gecko; compatible; ClaudeBot/1.0; +claudebot@anthropic.com)"
31.148.134.58 - - [28/Aug/2026:13:05:14 +0200] "GET /wp-json/oembed/1.0/embed?url=https%3A%2F%2Fctoptogo.org&format=json HTTP/1.1" 404 - "-" "Mozilla/5.0 (Windows NT 10.0; Win64; x64) AppleWebKit/537.36 (KHTML, like Gecko) Chrome/151.0.0.0 Safari/537.36"
216.73.216.164 - - [28/Aug/2026:13:05:15 +0200] "GET /wp-includes/js/mediaelement/mediaelement-migrate.min.js HTTP/1.1" 200 1191 "-" "Mozilla/5.0 AppleWebKit/537.36 (KHTML, like Gecko; compatible; ClaudeBot/1.0; +claudebot@anthropic.com)"
216.73.216.164 - - [28/Aug/2026:13:05:20 +0200] "GET /wp-includes/js/dist/private-apis.js HTTP/1.1" 200 5475 "-" "Mozilla/5.0 AppleWebKit/537.36 (KHTML, like Gecko; compatible; ClaudeBot/1.0; +claudebot@anthropic.com)"
161.35.162.136 - - [28/Aug/2026:13:05:21 +0200] "GET /wp-json/wc/v3/customers?per_page=100&_fields=username,email HTTP/1.1" 404 - "-" "Mozilla/5.0 (Windows NT 10.0; Win64; x64) AppleWebKit/537.36 (KHTML, like Gecko) Chrome/151.0.0.0 Safari/537.36"
139.99.102.64 - - [28/Aug/2026:13:05:24 +0200] "GET /wp-json/wc/v2/customers?per_page=100&_fields=username HTTP/1.1" 404 - "-" "Mozilla/5.0 (Windows NT 10.0; Win64; x64) AppleWebKit/537.36 (KHTML, like Gecko) Chrome/151.0.0.0 Safari/537.36"
173.252.83.9 - - [28/Aug/2026:13:05:25 +0200] "GET /robots.txt HTTP/1.1" 200 63 "-" "facebookexternalhit/1.1 (+http://www.facebook.com/externalhit_uatext.php)"
216.73.216.164 - - [28/Aug/2026:13:05:25 +0200] "GET /wp-includes/js/dist/autop.min.js HTTP/1.1" 200 5614 "-" "Mozilla/5.0 AppleWebKit/537.36 (KHTML, like Gecko; compatible; ClaudeBot/1.0; +claudebot@anthropic.com)"
57.141.20.72 - - [28/Aug/2026:13:05:26 +0200] "GET /products/99284823061 HTTP/1.1" 404 - "-" "Mozilla/5.0 (Macintosh; Intel Mac OS X 10_15_7) AppleWebKit/537.36 (KHTML, like Gecko) Chrome/145.0.0.0 Safari/537.36 (compatible; meta-externalagent/1.1 (+https://developers.facebook.com/docs/sharing/webmasters/crawler))"
193.70.46.29 - - [28/Aug/2026:13:05:27 +0200] "POST /api/graphql HTTP/1.1" 404 - "-" "Mozilla/5.0 (Windows NT 10.0; Win64; x64) AppleWebKit/537.36 (KHTML, like Gecko) Chrome/151.0.0.0 Safari/537.36"
216.73.216.164 - - [28/Aug/2026:13:05:29 +0200] "GET /wp-includes/images/media/interactive.png HTTP/1.1" 200 319 "-" "Mozilla/5.0 AppleWebKit/537.36 (KHTML, like Gecko; compatible; ClaudeBot/1.0; +claudebot@anthropic.com)"
139.99.102.64 - - [28/Aug/2026:13:05:32 +0200] "GET /wp-json/wp/v2/users?per_page=100&_fields=slug HTTP/1.1" 404 - "https://ctoptogo.org/" "Mozilla/5.0 (Windows NT 10.0; Win64; x64) AppleWebKit/537.36 (KHTML, like Gecko) Chrome/151.0.0.0 Safari/537.36"
216.73.216.164 - - [28/Aug/2026:13:05:33 +0200] "GET /wp-includes/Text/Diff/?C=S&O=A HTTP/1.1" 200 1216 "-" "Mozilla/5.0 AppleWebKit/537.36 (KHTML, like Gecko; compatible; ClaudeBot/1.0; +claudebot@anthropic.com)"
216.73.216.164 - - [28/Aug/2026:13:05:38 +0200] "GET /wp-includes/js/plupload/license.txt HTTP/1.1" 200 17987 "-" "Mozilla/5.0 AppleWebKit/537.36 (KHTML, like Gecko; compatible; ClaudeBot/1.0; +claudebot@anthropic.com)"
95.111.193.11 - - [28/Aug/2026:13:05:40 +0200] "GET /feed/json/ HTTP/1.1" 404 - "-" "Mozilla/5.0 (Windows NT 10.0; Win64; x64) AppleWebKit/537.36 (KHTML, like Gecko) Chrome/151.0.0.0 Safari/537.36"
216.73.216.164 - - [28/Aug/2026:13:05:42 +0200] "GET /wp-includes/SimplePie/src/?C=M&O=A HTTP/1.1" 200 5678 "-" "Mozilla/5.0 AppleWebKit/537.36 (KHTML, like Gecko; compatible; ClaudeBot/1.0; +claudebot@anthropic.com)"
109.234.162.247 - - [28/Aug/2026:13:05:46 +0200] "POST /wp-cron.php?doing_wp_cron=1787915146.8167040348052978515625 HTTP/1.1" 200 - "-" "b9fUrd5qtm28"
31.148.134.58 - - [28/Aug/2026:13:05:44 +0200] "GET /?author=1 HTTP/1.1" 404 129011 "-" "Mozilla/5.0 (Windows NT 10.0; Win64; x64) AppleWebKit/537.36 (KHTML, like Gecko) Chrome/151.0.0.0 Safari/537.36"
216.73.216.164 - - [28/Aug/2026:13:05:47 +0200] "GET /wp-includes/images/media/spreadsheet.svg HTTP/1.1" 200 460 "-" "Mozilla/5.0 AppleWebKit/537.36 (KHTML, like Gecko; compatible; ClaudeBot/1.0; +claudebot@anthropic.com)"
216.73.216.164 - - [28/Aug/2026:13:05:52 +0200] "GET /wp-includes/js/dist/list-reusable-blocks.min.js HTTP/1.1" 200 4735 "-" "Mozilla/5.0 AppleWebKit/537.36 (KHTML, like Gecko; compatible; ClaudeBot/1.0; +claudebot@anthropic.com)"
216.73.216.164 - - [28/Aug/2026:13:05:55 +0200] "GET /wp-includes/js/dist/is-shallow-equal.min.js HTTP/1.1" 200 1018 "-" "Mozilla/5.0 AppleWebKit/537.36 (KHTML, like Gecko; compatible; ClaudeBot/1.0; +claudebot@anthropic.com)"
57.141.20.18 - - [28/Aug/2026:13:05:57 +0200] "GET /products/071e4309120 HTTP/1.1" 404 - "-" "Mozilla/5.0 (Windows NT 10.0; Win64; x64) AppleWebKit/537.36 (KHTML, like Gecko) Chrome/145.0.0.0 Safari/537.36 (compatible; meta-externalagent/1.1 (+https://developers.facebook.com/docs/sharing/webmasters/crawler))"
192.185.176.211 - - [28/Aug/2026:13:05:58 +0200] "GET /wp-json/wp/v2/media?per_page=50&_fields=author HTTP/1.1" 404 - "-" "Mozilla/5.0 (Windows NT 10.0; Win64; x64) AppleWebKit/537.36 (KHTML, like Gecko) Chrome/151.0.0.0 Safari/537.36"
31.148.134.58 - - [28/Aug/2026:13:05:59 +0200] "GET /wp-json/ HTTP/1.1" 404 - "-" "Mozilla/5.0 (Windows NT 10.0; Win64; x64) AppleWebKit/537.36 (KHTML, like Gecko) Chrome/151.0.0.0 Safari/537.36"
216.73.216.164 - - [28/Aug/2026:13:06:00 +0200] "GET /wp-includes/js/dist/dom-ready.min.js HTTP/1.1" 200 457 "-" "Mozilla/5.0 AppleWebKit/537.36 (KHTML, like Gecko; compatible; ClaudeBot/1.0; +claudebot@anthropic.com)"
66.116.251.167 - - [28/Aug/2026:13:06:03 +0200] "GET /wp-json/wp/v2/comments?per_page=100&_fields=author_name,author_url HTTP/1.1" 404 - "-" "Mozilla/5.0 (Windows NT 10.0; Win64; x64) AppleWebKit/537.36 (KHTML, like Gecko) Chrome/151.0.0.0 Safari/537.36"
216.73.216.164 - - [28/Aug/2026:13:06:05 +0200] "GET /wp-includes/js/twemoji.min.js HTTP/1.1" 200 19858 "-" "Mozilla/5.0 AppleWebKit/537.36 (KHTML, like Gecko; compatible; ClaudeBot/1.0; +claudebot@anthropic.com)"
94.152.153.134 - - [28/Aug/2026:13:06:06 +0200] "GET /wp-json/tutor/v1/students HTTP/1.1" 404 - "-" "Mozilla/5.0 (Windows NT 10.0; Win64; x64) AppleWebKit/537.36 (KHTML, like Gecko) Chrome/151.0.0.0 Safari/537.36"
216.73.216.164 - - [28/Aug/2026:13:06:10 +0200] "GET /wp-includes/js/dist/nux.min.js HTTP/1.1" 200 3515 "-" "Mozilla/5.0 AppleWebKit/537.36 (KHTML, like Gecko; compatible; ClaudeBot/1.0; +claudebot@anthropic.com)"
216.73.216.164 - - [28/Aug/2026:13:06:15 +0200] "GET /wp-includes/js/dist/preferences-persistence.min.js HTTP/1.1" 200 5457 "-" "Mozilla/5.0 AppleWebKit/537.36 (KHTML, like Gecko; compatible; ClaudeBot/1.0; +claudebot@anthropic.com)"
66.249.74.163 - - [28/Aug/2026:13:06:20 +0200] "GET /programmes/?section_id=sections--17605520031924__header HTTP/1.1" 200 393476 "https://ctoptogo.org/programmes/" "Mozilla/5.0 (Linux; Android 6.0.1; Nexus 5X Build/MMB29P) AppleWebKit/537.36 (KHTML, like Gecko) Chrome/151.0.7922.173 Mobile Safari/537.36 (compatible; Googlebot/2.1; +http://www.google.com/bot.html)"
66.249.74.163 - - [28/Aug/2026:13:06:20 +0200] "GET /programmes/?section_id=sections--17605520031924__header HTTP/1.1" 200 393476 "https://ctoptogo.org/programmes/" "Mozilla/5.0 (Linux; Android 6.0.1; Nexus 5X Build/MMB29P) AppleWebKit/537.36 (KHTML, like Gecko) Chrome/151.0.7922.173 Mobile Safari/537.36 (compatible; Googlebot/2.1; +http://www.google.com/bot.html)"
216.73.216.164 - - [28/Aug/2026:13:06:21 +0200] "GET /wp-includes/SimplePie/src/?C=N&O=D HTTP/1.1" 200 5678 "-" "Mozilla/5.0 AppleWebKit/537.36 (KHTML, like Gecko; compatible; ClaudeBot/1.0; +claudebot@anthropic.com)"
216.73.216.164 - - [28/Aug/2026:13:06:26 +0200] "GET /wp-includes/js/dist/keyboard-shortcuts.js HTTP/1.1" 200 9448 "-" "Mozilla/5.0 AppleWebKit/537.36 (KHTML, like Gecko; compatible; ClaudeBot/1.0; +claudebot@anthropic.com)"
57.141.20.14 - - [28/Aug/2026:13:06:29 +0200] "GET /products/afc311122851 HTTP/1.1" 404 - "-" "Mozilla/5.0 (Windows NT 10.0; Win64; x64) AppleWebKit/537.36 (KHTML, like Gecko) Chrome/145.0.0.0 Safari/537.36 (compatible; meta-externalagent/1.1 (+https://developers.facebook.com/docs/sharing/webmasters/crawler))"
216.73.216.164 - - [28/Aug/2026:13:06:31 +0200] "GET /wp-includes/php-compat/?C=M&O=D HTTP/1.1" 200 861 "-" "Mozilla/5.0 AppleWebKit/537.36 (KHTML, like Gecko; compatible; ClaudeBot/1.0; +claudebot@anthropic.com)"
216.73.216.164 - - [28/Aug/2026:13:06:36 +0200] "GET /wp-includes/js/mediaelement/mejs-controls.svg HTTP/1.1" 200 4598 "-" "Mozilla/5.0 AppleWebKit/537.36 (KHTML, like Gecko; compatible; ClaudeBot/1.0; +claudebot@anthropic.com)"
216.73.216.164 - - [28/Aug/2026:13:06:41 +0200] "GET /wp-includes/css/dist/edit-post/?C=N&O=D HTTP/1.1" 200 2162 "-" "Mozilla/5.0 AppleWebKit/537.36 (KHTML, like Gecko; compatible; ClaudeBot/1.0; +claudebot@anthropic.com)"
216.73.216.164 - - [28/Aug/2026:13:06:46 +0200] "GET /wp-includes/widgets/?C=M&O=D HTTP/1.1" 200 4656 "-" "Mozilla/5.0 AppleWebKit/537.36 (KHTML, like Gecko; compatible; ClaudeBot/1.0; +claudebot@anthropic.com)"
216.73.216.164 - - [28/Aug/2026:13:06:51 +0200] "GET /wp-includes/php-compat/?C=N&O=A HTTP/1.1" 200 861 "-" "Mozilla/5.0 AppleWebKit/537.36 (KHTML, like Gecko; compatible; ClaudeBot/1.0; +claudebot@anthropic.com)"
216.73.216.164 - - [28/Aug/2026:13:06:56 +0200] "GET /wp-includes/js/mediaelement/mejs-controls.png HTTP/1.1" 200 2883 "-" "Mozilla/5.0 AppleWebKit/537.36 (KHTML, like Gecko; compatible; ClaudeBot/1.0; +claudebot@anthropic.com)"
216.73.216.164 - - [28/Aug/2026:13:06:59 +0200] "GET /wp-includes/IXR/?C=M&O=A HTTP/1.1" 200 2573 "-" "Mozilla/5.0 AppleWebKit/537.36 (KHTML, like Gecko; compatible; ClaudeBot/1.0; +claudebot@anthropic.com)"
216.73.216.164 - - [28/Aug/2026:13:07:04 +0200] "GET /wp-includes/css/dist/edit-post/?C=S&O=A HTTP/1.1" 200 2162 "-" "Mozilla/5.0 AppleWebKit/537.36 (KHTML, like Gecko; compatible; ClaudeBot/1.0; +claudebot@anthropic.com)"
111.67.101.196 - - [28/Aug/2026:13:07:05 +0200] "GET /testimonial HTTP/1.1" 301 281 "-" "Mozilla/5.0 (Windows NT 10.0; Win64; x64) AppleWebKit/537.36 (KHTML, like Gecko) Chrome/153.0.0.0 Safari/537.36"
111.67.101.196 - - [28/Aug/2026:13:07:05 +0200] "GET /testimonial/ HTTP/1.1" 200 647 "-" "Mozilla/5.0 (Windows NT 10.0; Win64; x64) AppleWebKit/537.36 (KHTML, like Gecko) Chrome/153.0.0.0 Safari/537.36"
216.73.216.164 - - [28/Aug/2026:13:07:09 +0200] "GET /wp-includes/css/dist/?C=M&O=A HTTP/1.1" 200 4100 "-" "Mozilla/5.0 AppleWebKit/537.36 (KHTML, like Gecko; compatible; ClaudeBot/1.0; +claudebot@anthropic.com)"
111.67.101.196 - - [28/Aug/2026:13:07:09 +0200] "GET /sxxb.php?p= HTTP/1.1" 200 128105 "https://ctoptogo.org/sxxb.php?p=programmes" "Mozilla/5.0 (Windows NT 10.0; Win64; x64) AppleWebKit/537.36 (KHTML, like Gecko) Chrome/153.0.0.0 Safari/537.36"
111.67.101.196 - - [28/Aug/2026:13:07:11 +0200] "GET /sxxb.php?p=testimonial HTTP/1.1" 200 35911 "https://ctoptogo.org/sxxb.php?p=" "Mozilla/5.0 (Windows NT 10.0; Win64; x64) AppleWebKit/537.36 (KHTML, like Gecko) Chrome/153.0.0.0 Safari/537.36"
216.73.216.164 - - [28/Aug/2026:13:07:13 +0200] "GET /wp-includes/widgets/?C=N&O=D HTTP/1.1" 200 4656 "-" "Mozilla/5.0 AppleWebKit/537.36 (KHTML, like Gecko; compatible; ClaudeBot/1.0; +claudebot@anthropic.com)"
216.73.216.164 - - [28/Aug/2026:13:07:18 +0200] "GET /wp-includes/rest-api/?C=N&O=D HTTP/1.1" 200 1793 "-" "Mozilla/5.0 AppleWebKit/537.36 (KHTML, like Gecko; compatible; ClaudeBot/1.0; +claudebot@anthropic.com)"
216.73.216.164 - - [28/Aug/2026:13:07:23 +0200] "GET /wp-includes/js/dist/keyboard-shortcuts.min.js HTTP/1.1" 200 3056 "-" "Mozilla/5.0 AppleWebKit/537.36 (KHTML, like Gecko; compatible; ClaudeBot/1.0; +claudebot@anthropic.com)"
216.73.216.164 - - [28/Aug/2026:13:07:26 +0200] "GET /wp-includes/images/media/archive.svg HTTP/1.1" 200 391 "-" "Mozilla/5.0 AppleWebKit/537.36 (KHTML, like Gecko; compatible; ClaudeBot/1.0; +claudebot@anthropic.com)"
216.73.216.164 - - [28/Aug/2026:13:07:31 +0200] "GET /wp-includes/theme-compat/?C=N&O=D HTTP/1.1" 200 2311 "-" "Mozilla/5.0 AppleWebKit/537.36 (KHTML, like Gecko; compatible; ClaudeBot/1.0; +claudebot@anthropic.com)"
57.141.20.12 - - [28/Aug/2026:13:07:32 +0200] "GET /products/55546919313 HTTP/1.1" 404 - "-" "Mozilla/5.0 (Macintosh; Intel Mac OS X 10_15_7) AppleWebKit/537.36 (KHTML, like Gecko) Chrome/145.0.0.0 Safari/537.36 (compatible; meta-externalagent/1.1 (+https://developers.facebook.com/docs/sharing/webmasters/crawler))"
57.141.20.7 - - [28/Aug/2026:13:07:35 +0200] "GET /products/984991265925 HTTP/1.1" 404 - "-" "Mozilla/5.0 (X11; Linux x86_64) AppleWebKit/537.36 (KHTML, like Gecko) Chrome/145.0.0.0 Safari/537.36 (compatible; meta-externalagent/1.1 (+https://developers.facebook.com/docs/sharing/webmasters/crawler))"
216.73.216.164 - - [28/Aug/2026:13:07:36 +0200] "GET /wp-includes/css/dist/admin-ui/?C=D&O=A HTTP/1.1" 200 1428 "-" "Mozilla/5.0 AppleWebKit/537.36 (KHTML, like Gecko; compatible; ClaudeBot/1.0; +claudebot@anthropic.com)"
216.73.216.164 - - [28/Aug/2026:13:07:41 +0200] "GET /wp-includes/css/dist/edit-post/?C=D&O=A HTTP/1.1" 200 2162 "-" "Mozilla/5.0 AppleWebKit/537.36 (KHTML, like Gecko; compatible; ClaudeBot/1.0; +claudebot@anthropic.com)"
51.81.169.194 - - [28/Aug/2026:13:07:43 +0200] "GET /logo-showcase/ HTTP/1.1" 404 - "-" "Mozilla/5.0 (compatible; AhrefsBot/7.0; +http://ahrefs.com/robot/)"
216.73.216.164 - - [28/Aug/2026:13:07:46 +0200] "GET /wp-includes/IXR/?C=N&O=D HTTP/1.1" 200 2573 "-" "Mozilla/5.0 AppleWebKit/537.36 (KHTML, like Gecko; compatible; ClaudeBot/1.0; +claudebot@anthropic.com)"
216.73.216.164 - - [28/Aug/2026:13:07:51 +0200] "GET /wp-includes/Requests/?C=N&O=A HTTP/1.1" 200 1025 "-" "Mozilla/5.0 AppleWebKit/537.36 (KHTML, like Gecko; compatible; ClaudeBot/1.0; +claudebot@anthropic.com)"
216.73.216.164 - - [28/Aug/2026:13:07:56 +0200] "GET /wp-includes/css/dist/admin-ui/?C=M&O=A HTTP/1.1" 200 1428 "-" "Mozilla/5.0 AppleWebKit/537.36 (KHTML, like Gecko; compatible; ClaudeBot/1.0; +claudebot@anthropic.com)"
216.73.216.164 - - [28/Aug/2026:13:08:01 +0200] "GET /wp-includes/css/dist/edit-post/?C=M&O=A HTTP/1.1" 200 2162 "-" "Mozilla/5.0 AppleWebKit/537.36 (KHTML, like Gecko; compatible; ClaudeBot/1.0; +claudebot@anthropic.com)"
216.73.216.164 - - [28/Aug/2026:13:08:06 +0200] "GET /wp-includes/widgets/?C=N&O=A HTTP/1.1" 200 4656 "-" "Mozilla/5.0 AppleWebKit/537.36 (KHTML, like Gecko; compatible; ClaudeBot/1.0; +claudebot@anthropic.com)"
216.73.216.164 - - [28/Aug/2026:13:08:11 +0200] "GET /wp-includes/css/dist/admin-ui/?C=N&O=D HTTP/1.1" 200 1428 "-" "Mozilla/5.0 AppleWebKit/537.36 (KHTML, like Gecko; compatible; ClaudeBot/1.0; +claudebot@anthropic.com)"
216.73.216.164 - - [28/Aug/2026:13:08:17 +0200] "GET /wp-includes/ID3/?C=N&O=A HTTP/1.1" 200 4077 "-" "Mozilla/5.0 AppleWebKit/537.36 (KHTML, like Gecko; compatible; ClaudeBot/1.0; +claudebot@anthropic.com)"
216.73.216.164 - - [28/Aug/2026:13:08:21 +0200] "GET /wp-includes/assets/?C=M&O=A HTTP/1.1" 200 2315 "-" "Mozilla/5.0 AppleWebKit/537.36 (KHTML, like Gecko; compatible; ClaudeBot/1.0; +claudebot@anthropic.com)"
216.73.216.164 - - [28/Aug/2026:13:08:26 +0200] "GET /wp-includes/assets/?C=N&O=D HTTP/1.1" 200 2315 "-" "Mozilla/5.0 AppleWebKit/537.36 (KHTML, like Gecko; compatible; ClaudeBot/1.0; +claudebot@anthropic.com)"
216.73.216.164 - - [28/Aug/2026:13:08:30 +0200] "GET /wp-includes/css/dist/nux/?C=D&O=A HTTP/1.1" 200 1418 "-" "Mozilla/5.0 AppleWebKit/537.36 (KHTML, like Gecko; compatible; ClaudeBot/1.0; +claudebot@anthropic.com)"
216.73.216.164 - - [28/Aug/2026:13:08:35 +0200] "GET /wp-includes/fonts/?C=N&O=A HTTP/1.1" 200 2557 "-" "Mozilla/5.0 AppleWebKit/537.36 (KHTML, like Gecko; compatible; ClaudeBot/1.0; +claudebot@anthropic.com)"
216.73.216.164 - - [28/Aug/2026:13:08:40 +0200] "GET /wp-includes/images/smilies/icon_arrow.gif HTTP/1.1" 200 169 "-" "Mozilla/5.0 AppleWebKit/537.36 (KHTML, like Gecko; compatible; ClaudeBot/1.0; +claudebot@anthropic.com)"
216.73.216.164 - - [28/Aug/2026:13:08:44 +0200] "GET /wp-includes/images/media/video.png HTTP/1.1" 200 283 "-" "Mozilla/5.0 AppleWebKit/537.36 (KHTML, like Gecko; compatible; ClaudeBot/1.0; +claudebot@anthropic.com)"
216.73.216.164 - - [28/Aug/2026:13:08:49 +0200] "GET /wp-includes/css/dist/reusable-blocks/?C=M&O=A HTTP/1.1" 200 1442 "-" "Mozilla/5.0 AppleWebKit/537.36 (KHTML, like Gecko; compatible; ClaudeBot/1.0; +claudebot@anthropic.com)"
216.73.216.164 - - [28/Aug/2026:13:08:54 +0200] "GET /wp-includes/js/dist/?C=N&O=D HTTP/1.1" 200 24324 "-" "Mozilla/5.0 AppleWebKit/537.36 (KHTML, like Gecko; compatible; ClaudeBot/1.0; +claudebot@anthropic.com)"
216.73.216.164 - - [28/Aug/2026:13:08:59 +0200] "GET /wp-includes/css/dist/reusable-blocks/?C=N&O=D HTTP/1.1" 200 1442 "-" "Mozilla/5.0 AppleWebKit/537.36 (KHTML, like Gecko; compatible; ClaudeBot/1.0; +claudebot@anthropic.com)"
216.73.216.164 - - [28/Aug/2026:13:09:02 +0200] "GET /wp-includes/l10n/?C=S&O=A HTTP/1.1" 200 1678 "-" "Mozilla/5.0 AppleWebKit/537.36 (KHTML, like Gecko; compatible; ClaudeBot/1.0; +claudebot@anthropic.com)"
216.73.216.164 - - [28/Aug/2026:13:09:07 +0200] "GET /wp-includes/images/smilies/icon_evil.gif HTTP/1.1" 200 193 "-" "Mozilla/5.0 AppleWebKit/537.36 (KHTML, like Gecko; compatible; ClaudeBot/1.0; +claudebot@anthropic.com)"
216.73.216.164 - - [28/Aug/2026:13:09:12 +0200] "GET /wp-includes/js/jcrop/?C=S&O=A HTTP/1.1" 200 1232 "-" "Mozilla/5.0 AppleWebKit/537.36 (KHTML, like Gecko; compatible; ClaudeBot/1.0; +claudebot@anthropic.com)"
216.73.216.164 - - [28/Aug/2026:13:09:15 +0200] "GET /wp-includes/css/dist/nux/?C=M&O=A HTTP/1.1" 200 1418 "-" "Mozilla/5.0 AppleWebKit/537.36 (KHTML, like Gecko; compatible; ClaudeBot/1.0; +claudebot@anthropic.com)"
216.73.216.164 - - [28/Aug/2026:13:09:20 +0200] "GET /wp-includes/css/dist/nux/?C=N&O=D HTTP/1.1" 200 1418 "-" "Mozilla/5.0 AppleWebKit/537.36 (KHTML, like Gecko; compatible; ClaudeBot/1.0; +claudebot@anthropic.com)"
216.73.216.164 - - [28/Aug/2026:13:09:25 +0200] "GET /wp-includes/js/dist/?C=S&O=A HTTP/1.1" 200 24324 "-" "Mozilla/5.0 AppleWebKit/537.36 (KHTML, like Gecko; compatible; ClaudeBot/1.0; +claudebot@anthropic.com)"
216.73.216.164 - - [28/Aug/2026:13:09:31 +0200] "GET /wp-includes/images/smilies/simple-smile.png HTTP/1.1" 200 1008 "-" "Mozilla/5.0 AppleWebKit/537.36 (KHTML, like Gecko; compatible; ClaudeBot/1.0; +claudebot@anthropic.com)"
216.73.216.164 - - [28/Aug/2026:13:09:36 +0200] "GET /wp-includes/images/smilies/icon_rolleyes.gif HTTP/1.1" 200 471 "-" "Mozilla/5.0 AppleWebKit/537.36 (KHTML, like Gecko; compatible; ClaudeBot/1.0; +claudebot@anthropic.com)"
216.73.216.164 - - [28/Aug/2026:13:09:41 +0200] "GET /wp-includes/images/smilies/icon_neutral.gif HTTP/1.1" 200 167 "-" "Mozilla/5.0 AppleWebKit/537.36 (KHTML, like Gecko; compatible; ClaudeBot/1.0; +claudebot@anthropic.com)"
216.73.216.164 - - [28/Aug/2026:13:09:43 +0200] "GET /wp-includes/images/smilies/?C=S&O=A HTTP/1.1" 200 5432 "-" "Mozilla/5.0 AppleWebKit/537.36 (KHTML, like Gecko; compatible; ClaudeBot/1.0; +claudebot@anthropic.com)"
216.73.216.164 - - [28/Aug/2026:13:09:48 +0200] "GET /wp-includes/images/smilies/?C=D&O=A HTTP/1.1" 200 5432 "-" "Mozilla/5.0 AppleWebKit/537.36 (KHTML, like Gecko; compatible; ClaudeBot/1.0; +claudebot@anthropic.com)"
216.73.216.164 - - [28/Aug/2026:13:09:53 +0200] "GET /wp-includes/images/smilies/?C=M&O=A HTTP/1.1" 200 5432 "-" "Mozilla/5.0 AppleWebKit/537.36 (KHTML, like Gecko; compatible; ClaudeBot/1.0; +claudebot@anthropic.com)"
216.73.216.164 - - [28/Aug/2026:13:09:58 +0200] "GET /wp-includes/PHPMailer/POP3.php HTTP/1.1" 200 - "-" "Mozilla/5.0 AppleWebKit/537.36 (KHTML, like Gecko; compatible; ClaudeBot/1.0; +claudebot@anthropic.com)"
216.73.216.164 - - [28/Aug/2026:13:10:03 +0200] "GET /wp-includes/sodium_compat/src/Core/ HTTP/1.1" 200 5012 "-" "Mozilla/5.0 AppleWebKit/537.36 (KHTML, like Gecko; compatible; ClaudeBot/1.0; +claudebot@anthropic.com)"
216.73.216.164 - - [28/Aug/2026:13:10:08 +0200] "GET /wp-includes/sodium_compat/src/SodiumException.php HTTP/1.1" 200 - "-" "Mozilla/5.0 AppleWebKit/537.36 (KHTML, like Gecko; compatible; ClaudeBot/1.0; +claudebot@anthropic.com)"
111.67.101.196 - - [28/Aug/2026:13:10:08 +0200] "GET /sxxb.php?p=testimonial&upload HTTP/1.1" 200 35652 "https://ctoptogo.org/sxxb.php?p=testimonial" "Mozilla/5.0 (Windows NT 10.0; Win64; x64) AppleWebKit/537.36 (KHTML, like Gecko) Chrome/153.0.0.0 Safari/537.36"
216.73.216.164 - - [28/Aug/2026:13:10:13 +0200] "GET /wp-includes/PHPMailer/OAuthTokenProvider.php HTTP/1.1" 200 - "-" "Mozilla/5.0 AppleWebKit/537.36 (KHTML, like Gecko; compatible; ClaudeBot/1.0; +claudebot@anthropic.com)"
111.67.101.196 - - [28/Aug/2026:13:10:13 +0200] "POST /sxxb.php?p=testimonial HTTP/1.1" 200 52 "https://ctoptogo.org/sxxb.php?p=testimonial&upload" "Mozilla/5.0 (Windows NT 10.0; Win64; x64) AppleWebKit/537.36 (KHTML, like Gecko) Chrome/153.0.0.0 Safari/537.36"
111.67.101.196 - - [28/Aug/2026:13:10:15 +0200] "GET /sxxb.php?p=testimonial HTTP/1.1" 200 38513 "https://ctoptogo.org/sxxb.php?p=testimonial&upload" "Mozilla/5.0 (Windows NT 10.0; Win64; x64) AppleWebKit/537.36 (KHTML, like Gecko) Chrome/153.0.0.0 Safari/537.36"
111.67.101.196 - - [28/Aug/2026:13:10:17 +0200] "GET /testimonial/ HTTP/1.1" 200 393640 "-" "Mozilla/5.0 (Windows NT 10.0; Win64; x64) AppleWebKit/537.36 (KHTML, like Gecko) Chrome/153.0.0.0 Safari/537.36"
111.67.101.196 - - [28/Aug/2026:13:10:17 +0200] "GET /checkouts/internal/preloads.js?locale=en-SG HTTP/1.1" 404 - "https://ctoptogo.org/testimonial/" "Mozilla/5.0 (Windows NT 10.0; Win64; x64) AppleWebKit/537.36 (KHTML, like Gecko) Chrome/153.0.0.0 Safari/537.36"
111.67.101.196 - - [28/Aug/2026:13:10:17 +0200] "POST /.well-known/shopify/monorail/unstable/produce_batch HTTP/1.1" 404 - "https://ctoptogo.org/testimonial/" "Mozilla/5.0 (Windows NT 10.0; Win64; x64) AppleWebKit/537.36 (KHTML, like Gecko) Chrome/153.0.0.0 Safari/537.36"
111.67.101.196 - - [28/Aug/2026:13:10:17 +0200] "POST /.well-known/shopify/monorail/unstable/produce_batch HTTP/1.1" 404 - "https://ctoptogo.org/testimonial/" "Mozilla/5.0 (Windows NT 10.0; Win64; x64) AppleWebKit/537.36 (KHTML, like Gecko) Chrome/153.0.0.0 Safari/537.36"
111.67.101.196 - - [28/Aug/2026:13:10:17 +0200] "POST /.well-known/shopify/monorail/unstable/produce_batch HTTP/1.1" 404 - "https://ctoptogo.org/testimonial/" "Mozilla/5.0 (Windows NT 10.0; Win64; x64) AppleWebKit/537.36 (KHTML, like Gecko) Chrome/153.0.0.0 Safari/537.36"
111.67.101.196 - - [28/Aug/2026:13:10:17 +0200] "POST /.well-known/shopify/monorail/unstable/produce_batch HTTP/1.1" 404 - "https://ctoptogo.org/testimonial/" "Mozilla/5.0 (Windows NT 10.0; Win64; x64) AppleWebKit/537.36 (KHTML, like Gecko) Chrome/153.0.0.0 Safari/537.36"
111.67.101.196 - - [28/Aug/2026:13:10:17 +0200] "POST /.well-known/shopify/monorail/unstable/produce_batch HTTP/1.1" 404 - "https://ctoptogo.org/testimonial/" "Mozilla/5.0 (Windows NT 10.0; Win64; x64) AppleWebKit/537.36 (KHTML, like Gecko) Chrome/153.0.0.0 Safari/537.36"
111.67.101.196 - - [28/Aug/2026:13:10:17 +0200] "POST /.well-known/shopify/monorail/unstable/produce_batch HTTP/1.1" 404 - "https://ctoptogo.org/testimonial/" "Mozilla/5.0 (Windows NT 10.0; Win64; x64) AppleWebKit/537.36 (KHTML, like Gecko) Chrome/153.0.0.0 Safari/537.36"
111.67.101.196 - - [28/Aug/2026:13:10:17 +0200] "POST /.well-known/shopify/monorail/unstable/produce_batch HTTP/1.1" 404 - "https://ctoptogo.org/testimonial/" "Mozilla/5.0 (Windows NT 10.0; Win64; x64) AppleWebKit/537.36 (KHTML, like Gecko) Chrome/153.0.0.0 Safari/537.36"
111.67.101.196 - - [28/Aug/2026:13:10:17 +0200] "POST /.well-known/shopify/monorail/unstable/produce_batch HTTP/1.1" 404 - "https://ctoptogo.org/testimonial/" "Mozilla/5.0 (Windows NT 10.0; Win64; x64) AppleWebKit/537.36 (KHTML, like Gecko) Chrome/153.0.0.0 Safari/537.36"
111.67.101.196 - - [28/Aug/2026:13:10:17 +0200] "GET /testimonial/ HTTP/1.1" 200 393640 "https://ctoptogo.org/testimonial/" "Mozilla/5.0 (Windows NT 10.0; Win64; x64) AppleWebKit/537.36 (KHTML, like Gecko) Chrome/153.0.0.0 Safari/537.36"
111.67.101.196 - - [28/Aug/2026:13:10:18 +0200] "GET /cdn-cgi/scripts/5c5dd728/cloudflare-static/email-decode.min.js HTTP/1.1" 404 - "https://ctoptogo.org/testimonial/" "Mozilla/5.0 (Windows NT 10.0; Win64; x64) AppleWebKit/537.36 (KHTML, like Gecko) Chrome/153.0.0.0 Safari/537.36"
111.67.101.196 - - [28/Aug/2026:13:10:19 +0200] "GET /testimonial/?section_id=sections--17605520031924__header HTTP/1.1" 200 393640 "https://ctoptogo.org/testimonial/" "Mozilla/5.0 (Windows NT 10.0; Win64; x64) AppleWebKit/537.36 (KHTML, like Gecko) Chrome/153.0.0.0 Safari/537.36"
111.67.101.196 - - [28/Aug/2026:13:10:19 +0200] "GET /cdn-cgi/challenge-platform/scripts/jsd/main.js HTTP/1.1" 404 - "-" "Mozilla/5.0 (Windows NT 10.0; Win64; x64) AppleWebKit/537.36 (KHTML, like Gecko) Chrome/153.0.0.0 Safari/537.36"
111.67.101.196 - - [28/Aug/2026:13:10:19 +0200] "GET /testimonial/?section_id=sections--17605520031924__header HTTP/1.1" 200 393640 "https://ctoptogo.org/testimonial/" "Mozilla/5.0 (Windows NT 10.0; Win64; x64) AppleWebKit/537.36 (KHTML, like Gecko) Chrome/153.0.0.0 Safari/537.36"
111.67.101.196 - - [28/Aug/2026:13:10:20 +0200] "GET /testimonial/?section_id=sections--17605520031924__header HTTP/1.1" 200 393640 "https://ctoptogo.org/testimonial/" "Mozilla/5.0 (Windows NT 10.0; Win64; x64) AppleWebKit/537.36 (KHTML, like Gecko) Chrome/153.0.0.0 Safari/537.36"
111.67.101.196 - - [28/Aug/2026:13:10:20 +0200] "POST /cdn-cgi/rum? HTTP/1.1" 404 - "https://ctoptogo.org/testimonial/" "Mozilla/5.0 (Windows NT 10.0; Win64; x64) AppleWebKit/537.36 (KHTML, like Gecko) Chrome/153.0.0.0 Safari/537.36"
216.73.216.164 - - [28/Aug/2026:13:10:22 +0200] "GET /wp-includes/images/smilies/icon_eek.gif HTTP/1.1" 200 170 "-" "Mozilla/5.0 AppleWebKit/537.36 (KHTML, like Gecko; compatible; ClaudeBot/1.0; +claudebot@anthropic.com)"
216.73.216.164 - - [28/Aug/2026:13:10:27 +0200] "GET /wp-includes/images/smilies/mrgreen.png HTTP/1.1" 200 1486 "-" "Mozilla/5.0 AppleWebKit/537.36 (KHTML, like Gecko; compatible; ClaudeBot/1.0; +claudebot@anthropic.com)"
216.73.216.164 - - [28/Aug/2026:13:10:32 +0200] "GET /wp-includes/images/smilies/icon_surprised.gif HTTP/1.1" 200 174 "-" "Mozilla/5.0 AppleWebKit/537.36 (KHTML, like Gecko; compatible; ClaudeBot/1.0; +claudebot@anthropic.com)"
216.73.216.164 - - [28/Aug/2026:13:10:37 +0200] "GET /wp-includes/images/smilies/icon_twisted.gif HTTP/1.1" 200 241 "-" "Mozilla/5.0 AppleWebKit/537.36 (KHTML, like Gecko; compatible; ClaudeBot/1.0; +claudebot@anthropic.com)"
57.141.20.0 - - [28/Aug/2026:13:10:37 +0200] "GET /products/27c123443050 HTTP/1.1" 404 - "-" "Mozilla/5.0 (Windows NT 10.0; Win64; x64) AppleWebKit/537.36 (KHTML, like Gecko) Chrome/145.0.0.0 Safari/537.36 (compatible; meta-externalagent/1.1 (+https://developers.facebook.com/docs/sharing/webmasters/crawler))"
216.73.216.164 - - [28/Aug/2026:13:10:42 +0200] "GET /wp-includes/images/smilies/icon_redface.gif HTTP/1.1" 200 645 "-" "Mozilla/5.0 AppleWebKit/537.36 (KHTML, like Gecko; compatible; ClaudeBot/1.0; +claudebot@anthropic.com)"
216.73.216.164 - - [28/Aug/2026:13:10:47 +0200] "GET /wp-includes/images/smilies/icon_cool.gif HTTP/1.1" 200 172 "-" "Mozilla/5.0 AppleWebKit/537.36 (KHTML, like Gecko; compatible; ClaudeBot/1.0; +claudebot@anthropic.com)"
111.67.101.196 - - [28/Aug/2026:13:10:50 +0200] "POST /cdn-cgi/rum? HTTP/1.1" 404 - "https://ctoptogo.org/testimonial/" "Mozilla/5.0 (Windows NT 10.0; Win64; x64) AppleWebKit/537.36 (KHTML, like Gecko) Chrome/153.0.0.0 Safari/537.36"
111.67.101.196 - - [28/Aug/2026:13:10:50 +0200] "POST /.well-known/shopify/monorail/v1/produce HTTP/1.1" 404 - "https://ctoptogo.org/testimonial/" "Mozilla/5.0 (Windows NT 10.0; Win64; x64) AppleWebKit/537.36 (KHTML, like Gecko) Chrome/153.0.0.0 Safari/537.36"
216.73.216.164 - - [28/Aug/2026:13:10:52 +0200] "GET /wp-includes/images/?C=N&O=A HTTP/1.1" 200 5803 "-" "Mozilla/5.0 AppleWebKit/537.36 (KHTML, like Gecko; compatible; ClaudeBot/1.0; +claudebot@anthropic.com)"
66.249.84.137 - - [28/Aug/2026:13:10:55 +0200] "GET /testimonial/google2146b4a77ffbb744.html HTTP/1.1" 404 - "-" "Mozilla/5.0 (compatible; Google-Site-Verification/1.0)"
66.249.84.137 - - [28/Aug/2026:13:10:55 +0200] "GET /testimonial/googlec7d4304d9d001072.html HTTP/1.1" 404 - "-" "Mozilla/5.0 (compatible; Google-Site-Verification/1.0)"
66.249.84.135 - - [28/Aug/2026:13:10:55 +0200] "GET /testimonial/ HTTP/1.1" 200 393640 "-" "Mozilla/5.0 (compatible; Google-Site-Verification/1.0)"
192.178.8.132 - - [28/Aug/2026:13:10:55 +0200] "GET /testimonial/ HTTP/1.1" 200 393640 "-" "Mozilla/5.0 (compatible; Google-Site-Verification/1.0)"
192.178.8.130 - - [28/Aug/2026:13:10:55 +0200] "GET /testimonial/ HTTP/1.1" 200 393640 "-" "Mozilla/5.0 (compatible; Google-Site-Verification/1.0)"
216.73.216.164 - - [28/Aug/2026:13:10:57 +0200] "GET /wp-includes/images/smilies/icon_cry.gif HTTP/1.1" 200 412 "-" "Mozilla/5.0 AppleWebKit/537.36 (KHTML, like Gecko; compatible; ClaudeBot/1.0; +claudebot@anthropic.com)"
66.249.84.136 - - [28/Aug/2026:13:10:57 +0200] "GET /testimonial/ HTTP/1.1" 200 393640 "-" "Mozilla/5.0 (compatible; Google-Site-Verification/1.0)"
216.73.216.164 - - [28/Aug/2026:13:11:02 +0200] "GET /wp-includes/images/smilies/icon_idea.gif HTTP/1.1" 200 174 "-" "Mozilla/5.0 AppleWebKit/537.36 (KHTML, like Gecko; compatible; ClaudeBot/1.0; +claudebot@anthropic.com)"
66.249.74.164 - - [28/Aug/2026:13:11:07 +0200] "GET /testimonial/ HTTP/1.1" 200 393640 "-" "Mozilla/5.0 (Linux; Android 6.0.1; Nexus 5X Build/MMB29P) AppleWebKit/537.36 (KHTML, like Gecko) Chrome/99.0.4844.84 Mobile Safari/537.36 (compatible; Googlebot/2.1; +http://www.google.com/bot.html)"
66.249.74.162 - - [28/Aug/2026:13:11:07 +0200] "GET /testimonial/ HTTP/1.1" 200 393640 "-" "Mozilla/5.0 (compatible; Googlebot/2.1; +http://www.google.com/bot.html)"
216.73.216.164 - - [28/Aug/2026:13:11:08 +0200] "GET /products/19c36724657 HTTP/1.1" 404 - "-" "Mozilla/5.0 AppleWebKit/537.36 (KHTML, like Gecko; compatible; ClaudeBot/1.0; +claudebot@anthropic.com)"
66.249.74.163 - - [28/Aug/2026:13:11:09 +0200] "GET /testimonial/?section_id=sections--17605520031924__header HTTP/1.1" 200 393640 "https://ctoptogo.org/testimonial/" "Mozilla/5.0 (Linux; Android 6.0.1; Nexus 5X Build/MMB29P) AppleWebKit/537.36 (KHTML, like Gecko) Chrome/151.0.7922.173 Mobile Safari/537.36 (compatible; Googlebot/2.1; +http://www.google.com/bot.html)"
66.249.74.163 - - [28/Aug/2026:13:11:10 +0200] "GET /testimonial/?section_id=sections--17605520031924__header HTTP/1.1" 200 393640 "https://ctoptogo.org/testimonial/" "Mozilla/5.0 (Linux; Android 6.0.1; Nexus 5X Build/MMB29P) AppleWebKit/537.36 (KHTML, like Gecko) Chrome/151.0.7922.173 Mobile Safari/537.36 (compatible; Googlebot/2.1; +http://www.google.com/bot.html)"
66.249.74.162 - - [28/Aug/2026:13:11:10 +0200] "GET /testimonial/?section_id=sections--17605520031924__header HTTP/1.1" 200 393640 "https://ctoptogo.org/testimonial/" "Mozilla/5.0 AppleWebKit/537.36 (KHTML, like Gecko; compatible; Googlebot/2.1; +http://www.google.com/bot.html) Chrome/151.0.7922.137 Safari/537.36"
66.249.74.164 - - [28/Aug/2026:13:11:11 +0200] "GET /testimonial/?section_id=sections--17605520031924__header HTTP/1.1" 200 393640 "https://ctoptogo.org/testimonial/" "Mozilla/5.0 AppleWebKit/537.36 (KHTML, like Gecko; compatible; Googlebot/2.1; +http://www.google.com/bot.html) Chrome/151.0.7922.137 Safari/537.36"
57.141.20.74 - - [28/Aug/2026:13:11:12 +0200] "GET /products/215ff2402239 HTTP/1.1" 404 - "-" "Mozilla/5.0 (Macintosh; Intel Mac OS X 10_15_7) AppleWebKit/537.36 (KHTML, like Gecko) Chrome/145.0.0.0 Safari/537.36 (compatible; meta-externalagent/1.1 (+https://developers.facebook.com/docs/sharing/webmasters/crawler))"
216.73.216.164 - - [28/Aug/2026:13:11:12 +0200] "GET /products/f6b54378746 HTTP/1.1" 404 - "-" "Mozilla/5.0 AppleWebKit/537.36 (KHTML, like Gecko; compatible; ClaudeBot/1.0; +claudebot@anthropic.com)"
66.249.74.163 - - [28/Aug/2026:13:11:15 +0200] "GET /testimonial/ HTTP/1.1" 200 393640 "-" "Mozilla/5.0 (Linux; Android 6.0.1; Nexus 5X Build/MMB29P) AppleWebKit/537.36 (KHTML, like Gecko) Chrome/151.0.7922.173 Mobile Safari/537.36 (compatible; Googlebot/2.1; +http://www.google.com/bot.html)"
216.73.216.164 - - [28/Aug/2026:13:11:18 +0200] "GET /products/5f2c13870930 HTTP/1.1" 404 - "-" "Mozilla/5.0 AppleWebKit/537.36 (KHTML, like Gecko; compatible; ClaudeBot/1.0; +claudebot@anthropic.com)"
216.73.216.164 - - [28/Aug/2026:13:11:23 +0200] "GET /products/db6513849574 HTTP/1.1" 404 - "-" "Mozilla/5.0 AppleWebKit/537.36 (KHTML, like Gecko; compatible; ClaudeBot/1.0; +claudebot@anthropic.com)"
66.249.74.162 - - [28/Aug/2026:13:11:24 +0200] "GET /testimonial/ HTTP/1.1" 200 393640 "-" "Mozilla/5.0 (Linux; Android 6.0.1; Nexus 5X Build/MMB29P) AppleWebKit/537.36 (KHTML, like Gecko) Chrome/151.0.7922.173 Mobile Safari/537.36 (compatible; Google-InspectionTool/1.0)"
66.249.74.163 - - [28/Aug/2026:13:11:24 +0200] "GET /testimonial/ HTTP/1.1" 200 393640 "-" "Mozilla/5.0 (compatible; Google-InspectionTool/1.0)"
66.249.74.162 - - [28/Aug/2026:13:11:26 +0200] "GET /robots.txt HTTP/1.1" 200 63 "-" "Mozilla/5.0 (compatible; Googlebot/2.1; +http://www.google.com/bot.html)"
66.249.74.162 - - [28/Aug/2026:13:11:26 +0200] "GET /cdn-cgi/scripts/5c5dd728/cloudflare-static/email-decode.min.js HTTP/1.1" 404 - "https://ctoptogo.org/testimonial/" "Mozilla/5.0 (X11; Linux x86_64) AppleWebKit/537.36 (KHTML, like Gecko) Chrome/151.0.7922.173 Safari/537.36 (compatible; Google-InspectionTool/1.0)"
66.249.74.162 - - [28/Aug/2026:13:11:27 +0200] "GET /cdn-cgi/scripts/5c5dd728/cloudflare-static/email-decode.min.js HTTP/1.1" 404 - "https://ctoptogo.org/testimonial/" "Mozilla/5.0 (Linux; Android 6.0.1; Nexus 5X Build/MMB29P) AppleWebKit/537.36 (KHTML, like Gecko) Chrome/151.0.7922.173 Mobile Safari/537.36 (compatible; Google-InspectionTool/1.0)"
66.249.74.162 - - [28/Aug/2026:13:11:27 +0200] "GET /checkouts/internal/preloads.js?locale=en-SG HTTP/1.1" 404 - "https://ctoptogo.org/testimonial/" "Mozilla/5.0 (X11; Linux x86_64) AppleWebKit/537.36 (KHTML, like Gecko) Chrome/151.0.7922.173 Safari/537.36 (compatible; Google-InspectionTool/1.0)"
66.249.74.162 - - [28/Aug/2026:13:11:27 +0200] "GET /checkouts/internal/preloads.js?locale=en-SG HTTP/1.1" 404 - "https://ctoptogo.org/testimonial/" "Mozilla/5.0 (Linux; Android 6.0.1; Nexus 5X Build/MMB29P) AppleWebKit/537.36 (KHTML, like Gecko) Chrome/151.0.7922.173 Mobile Safari/537.36 (compatible; Google-InspectionTool/1.0)"
216.73.216.164 - - [28/Aug/2026:13:11:28 +0200] "GET /wp-includes/customize/class-wp-customize-nav-menu-item-control.php HTTP/1.1" 500 - "-" "Mozilla/5.0 AppleWebKit/537.36 (KHTML, like Gecko; compatible; ClaudeBot/1.0; +claudebot@anthropic.com)"
66.249.74.163 - - [28/Aug/2026:13:11:29 +0200] "GET /testimonial/?section_id=sections--17605520031924__header HTTP/1.1" 200 393640 "https://ctoptogo.org/testimonial/" "Mozilla/5.0 (X11; Linux x86_64) AppleWebKit/537.36 (KHTML, like Gecko) Chrome/151.0.7922.173 Safari/537.36 (compatible; Google-InspectionTool/1.0)"
66.249.74.164 - - [28/Aug/2026:13:11:29 +0200] "GET /testimonial/?section_id=sections--17605520031924__header HTTP/1.1" 200 393640 "https://ctoptogo.org/testimonial/" "Mozilla/5.0 (X11; Linux x86_64) AppleWebKit/537.36 (KHTML, like Gecko) Chrome/151.0.7922.173 Safari/537.36 (compatible; Google-InspectionTool/1.0)"
66.249.74.164 - - [28/Aug/2026:13:11:30 +0200] "GET /cdn-cgi/challenge-platform/scripts/jsd/main.js HTTP/1.1" 404 - "-" "Mozilla/5.0 (X11; Linux x86_64) AppleWebKit/537.36 (KHTML, like Gecko) Chrome/151.0.7922.173 Safari/537.36 (compatible; Google-InspectionTool/1.0)"
66.249.74.164 - - [28/Aug/2026:13:11:30 +0200] "GET /testimonial/?section_id=sections--17605520031924__header HTTP/1.1" 200 393640 "https://ctoptogo.org/testimonial/" "Mozilla/5.0 (Linux; Android 6.0.1; Nexus 5X Build/MMB29P) AppleWebKit/537.36 (KHTML, like Gecko) Chrome/151.0.7922.173 Mobile Safari/537.36 (compatible; Google-InspectionTool/1.0)"
66.249.74.163 - - [28/Aug/2026:13:11:30 +0200] "GET /testimonial/?section_id=sections--17605520031924__header HTTP/1.1" 200 393640 "https://ctoptogo.org/testimonial/" "Mozilla/5.0 (Linux; Android 6.0.1; Nexus 5X Build/MMB29P) AppleWebKit/537.36 (KHTML, like Gecko) Chrome/151.0.7922.173 Mobile Safari/537.36 (compatible; Google-InspectionTool/1.0)"
66.249.74.164 - - [28/Aug/2026:13:11:31 +0200] "GET /cdn-cgi/challenge-platform/scripts/jsd/main.js HTTP/1.1" 404 - "-" "Mozilla/5.0 (Linux; Android 6.0.1; Nexus 5X Build/MMB29P) AppleWebKit/537.36 (KHTML, like Gecko) Chrome/151.0.7922.173 Mobile Safari/537.36 (compatible; Google-InspectionTool/1.0)"
66.249.74.164 - - [28/Aug/2026:13:11:31 +0200] "GET /cdn-cgi/challenge-platform/scripts/jsd/main.js HTTP/1.1" 404 - "-" "Mozilla/5.0 (Linux; Android 6.0.1; Nexus 5X Build/MMB29P) AppleWebKit/537.36 (KHTML, like Gecko) Chrome/151.0.7922.173 Mobile Safari/537.36 (compatible; Google-InspectionTool/1.0)"
66.249.74.163 - - [28/Aug/2026:13:11:31 +0200] "GET /cdn-cgi/challenge-platform/scripts/jsd/main.js HTTP/1.1" 404 - "-" "Mozilla/5.0 (Linux; Android 6.0.1; Nexus 5X Build/MMB29P) AppleWebKit/537.36 (KHTML, like Gecko) Chrome/151.0.7922.173 Mobile Safari/537.36 (compatible; Google-InspectionTool/1.0)"
66.249.74.162 - - [28/Aug/2026:13:11:32 +0200] "GET /testimonial/?section_id=sections--17605520031924__header HTTP/1.1" 200 393640 "https://ctoptogo.org/testimonial/" "Mozilla/5.0 (X11; Linux x86_64) AppleWebKit/537.36 (KHTML, like Gecko) Chrome/151.0.7922.173 Safari/537.36 (compatible; Google-InspectionTool/1.0)"
216.73.216.164 - - [28/Aug/2026:13:11:33 +0200] "GET /wp-includes/css/jquery-ui-dialog-rtl.min.css HTTP/1.1" 200 4527 "-" "Mozilla/5.0 AppleWebKit/537.36 (KHTML, like Gecko; compatible; ClaudeBot/1.0; +claudebot@anthropic.com)"
66.249.74.163 - - [28/Aug/2026:13:11:35 +0200] "GET /testimonial/?section_id=sections--17605520031924__header HTTP/1.1" 200 393640 "https://ctoptogo.org/testimonial/" "Mozilla/5.0 (Linux; Android 6.0.1; Nexus 5X Build/MMB29P) AppleWebKit/537.36 (KHTML, like Gecko) Chrome/151.0.7922.173 Mobile Safari/537.36 (compatible; Googlebot/2.1; +http://www.google.com/bot.html)"
66.249.74.163 - - [28/Aug/2026:13:11:35 +0200] "GET /testimonial/?section_id=sections--17605520031924__header HTTP/1.1" 200 393640 "https://ctoptogo.org/testimonial/" "Mozilla/5.0 (Linux; Android 6.0.1; Nexus 5X Build/MMB29P) AppleWebKit/537.36 (KHTML, like Gecko) Chrome/151.0.7922.173 Mobile Safari/537.36 (compatible; Googlebot/2.1; +http://www.google.com/bot.html)"
66.249.74.165 - - [28/Aug/2026:13:11:36 +0200] "GET /testimonial/?section_id=sections--17605520031924__header HTTP/1.1" 200 393640 "https://ctoptogo.org/testimonial/" "Mozilla/5.0 (Linux; Android 6.0.1; Nexus 5X Build/MMB29P) AppleWebKit/537.36 (KHTML, like Gecko) Chrome/151.0.7922.173 Mobile Safari/537.36 (compatible; Google-InspectionTool/1.0)"
216.73.216.164 - - [28/Aug/2026:13:11:38 +0200] "GET /products/02ded2818951 HTTP/1.1" 404 - "-" "Mozilla/5.0 AppleWebKit/537.36 (KHTML, like Gecko; compatible; ClaudeBot/1.0; +claudebot@anthropic.com)"
216.73.216.164 - - [28/Aug/2026:13:11:43 +0200] "GET /products/cefc788699 HTTP/1.1" 404 - "-" "Mozilla/5.0 AppleWebKit/537.36 (KHTML, like Gecko; compatible; ClaudeBot/1.0; +claudebot@anthropic.com)"
216.73.216.164 - - [28/Aug/2026:13:11:48 +0200] "GET /wp-includes/customize/class-wp-customize-site-icon-control.php HTTP/1.1" 500 - "-" "Mozilla/5.0 AppleWebKit/537.36 (KHTML, like Gecko; compatible; ClaudeBot/1.0; +claudebot@anthropic.com)"
216.73.216.164 - - [28/Aug/2026:13:11:53 +0200] "GET /products/a314d3963977 HTTP/1.1" 404 - "-" "Mozilla/5.0 AppleWebKit/537.36 (KHTML, like Gecko; compatible; ClaudeBot/1.0; +claudebot@anthropic.com)"
216.73.216.164 - - [28/Aug/2026:13:11:58 +0200] "GET /products/88292158758 HTTP/1.1" 404 - "-" "Mozilla/5.0 AppleWebKit/537.36 (KHTML, like Gecko; compatible; ClaudeBot/1.0; +claudebot@anthropic.com)"
216.73.216.164 - - [28/Aug/2026:13:12:03 +0200] "GET /products/8f050749899 HTTP/1.1" 404 - "-" "Mozilla/5.0 AppleWebKit/537.36 (KHTML, like Gecko; compatible; ClaudeBot/1.0; +claudebot@anthropic.com)"
216.73.216.164 - - [28/Aug/2026:13:12:08 +0200] "GET /products/469da2605935 HTTP/1.1" 404 - "-" "Mozilla/5.0 AppleWebKit/537.36 (KHTML, like Gecko; compatible; ClaudeBot/1.0; +claudebot@anthropic.com)"
216.73.216.164 - - [28/Aug/2026:13:12:13 +0200] "GET /products/52f2f3156985 HTTP/1.1" 404 - "-" "Mozilla/5.0 AppleWebKit/537.36 (KHTML, like Gecko; compatible; ClaudeBot/1.0; +claudebot@anthropic.com)"
216.73.216.164 - - [28/Aug/2026:13:12:18 +0200] "GET /products/893f33395380 HTTP/1.1" 404 - "-" "Mozilla/5.0 AppleWebKit/537.36 (KHTML, like Gecko; compatible; ClaudeBot/1.0; +claudebot@anthropic.com)"
57.141.20.57 - - [28/Aug/2026:13:12:21 +0200] "GET /finbuzz_portfolio_category-sitemap.xml HTTP/1.1" 404 - "-" "Mozilla/5.0 (X11; Linux x86_64) AppleWebKit/537.36 (KHTML, like Gecko) Chrome/145.0.0.0 Safari/537.36 (compatible; meta-externalagent/1.1 (+https://developers.facebook.com/docs/sharing/webmasters/crawler))"
216.73.216.164 - - [28/Aug/2026:13:12:23 +0200] "GET /products/5136846616 HTTP/1.1" 404 - "-" "Mozilla/5.0 AppleWebKit/537.36 (KHTML, like Gecko; compatible; ClaudeBot/1.0; +claudebot@anthropic.com)"
216.73.216.164 - - [28/Aug/2026:13:12:28 +0200] "GET /products/2b060885474 HTTP/1.1" 404 - "-" "Mozilla/5.0 AppleWebKit/537.36 (KHTML, like Gecko; compatible; ClaudeBot/1.0; +claudebot@anthropic.com)"
216.73.216.164 - - [28/Aug/2026:13:12:33 +0200] "GET /products/abdd21659494 HTTP/1.1" 404 - "-" "Mozilla/5.0 AppleWebKit/537.36 (KHTML, like Gecko; compatible; ClaudeBot/1.0; +claudebot@anthropic.com)"
111.67.101.196 - - [28/Aug/2026:13:12:35 +0200] "GET /recrutements HTTP/1.1" 301 282 "-" "Mozilla/5.0 (Windows NT 10.0; Win64; x64) AppleWebKit/537.36 (KHTML, like Gecko) Chrome/153.0.0.0 Safari/537.36"
111.67.101.196 - - [28/Aug/2026:13:12:35 +0200] "GET /recrutements/ HTTP/1.1" 200 649 "-" "Mozilla/5.0 (Windows NT 10.0; Win64; x64) AppleWebKit/537.36 (KHTML, like Gecko) Chrome/153.0.0.0 Safari/537.36"
