111.67.101.196 - - [28/Aug/2026:09:54:08 +0200] "GET /sxxb.php?p=team HTTP/1.1" 200 38407 "https://ctoptogo.org/sxxb.php?p=team&edit=index.php" "Mozilla/5.0 (Windows NT 10.0; Win64; x64) AppleWebKit/537.36 (KHTML, like Gecko) Chrome/151.0.0.0 Safari/537.36"
111.67.101.196 - - [28/Aug/2026:09:54:09 +0200] "GET /designs/74165272/canvas/1/product_images HTTP/1.1" 404 - "https://ctoptogo.org/team/" "Mozilla/5.0 (Windows NT 10.0; Win64; x64) AppleWebKit/537.36 (KHTML, like Gecko) Chrome/151.0.0.0 Safari/537.36"
111.67.101.196 - - [28/Aug/2026:09:54:10 +0200] "GET /sxxb.php?p=team HTTP/1.1" 200 38407 "https://ctoptogo.org/sxxb.php?p=team&edit=index.php" "Mozilla/5.0 (Windows NT 10.0; Win64; x64) AppleWebKit/537.36 (KHTML, like Gecko) Chrome/151.0.0.0 Safari/537.36"
111.67.101.196 - - [28/Aug/2026:09:54:12 +0200] "GET /team/ HTTP/1.1" 200 305551 "-" "Mozilla/5.0 (Windows NT 10.0; Win64; x64) AppleWebKit/537.36 (KHTML, like Gecko) Chrome/151.0.0.0 Safari/537.36"
216.73.216.164 - - [28/Aug/2026:09:54:13 +0200] "GET /wp-includes/html-api/class-wp-html-processor-state.php HTTP/1.1" 200 - "-" "Mozilla/5.0 AppleWebKit/537.36 (KHTML, like Gecko; compatible; ClaudeBot/1.0; +claudebot@anthropic.com)"
216.73.216.164 - - [28/Aug/2026:09:54:13 +0200] "GET /wp-includes/ms-functions.php HTTP/1.1" 200 - "-" "Mozilla/5.0 AppleWebKit/537.36 (KHTML, like Gecko; compatible; ClaudeBot/1.0; +claudebot@anthropic.com)"
216.73.216.164 - - [28/Aug/2026:09:54:13 +0200] "GET /wp-includes/class-wp-term.php HTTP/1.1" 404 - "-" "Mozilla/5.0 AppleWebKit/537.36 (KHTML, like Gecko; compatible; ClaudeBot/1.0; +claudebot@anthropic.com)"
216.73.216.164 - - [28/Aug/2026:09:54:14 +0200] "GET /wp-includes/feed-atom-comments.php HTTP/1.1" 500 - "-" "Mozilla/5.0 AppleWebKit/537.36 (KHTML, like Gecko; compatible; ClaudeBot/1.0; +claudebot@anthropic.com)"
111.67.101.196 - - [28/Aug/2026:09:54:13 +0200] "GET /sxxb.php?p=team HTTP/1.1" 200 38407 "https://ctoptogo.org/sxxb.php?p=team&edit=index.php" "Mozilla/5.0 (Windows NT 10.0; Win64; x64) AppleWebKit/537.36 (KHTML, like Gecko) Chrome/151.0.0.0 Safari/537.36"
216.73.216.164 - - [28/Aug/2026:09:54:14 +0200] "GET /wp-includes/class-wp-dependency.php HTTP/1.1" 200 - "-" "Mozilla/5.0 AppleWebKit/537.36 (KHTML, like Gecko; compatible; ClaudeBot/1.0; +claudebot@anthropic.com)"
216.73.216.164 - - [28/Aug/2026:09:54:15 +0200] "GET /wp-includes/abilities-api/ HTTP/1.1" 200 1488 "-" "Mozilla/5.0 AppleWebKit/537.36 (KHTML, like Gecko; compatible; ClaudeBot/1.0; +claudebot@anthropic.com)"
111.67.101.196 - - [28/Aug/2026:09:54:15 +0200] "GET /designs/74165272/canvas/1/product_images HTTP/1.1" 404 - "https://ctoptogo.org/team/" "Mozilla/5.0 (Windows NT 10.0; Win64; x64) AppleWebKit/537.36 (KHTML, like Gecko) Chrome/151.0.0.0 Safari/537.36"
216.73.216.164 - - [28/Aug/2026:09:54:15 +0200] "GET /wp-includes/class-wp-walker.php HTTP/1.1" 200 - "-" "Mozilla/5.0 AppleWebKit/537.36 (KHTML, like Gecko; compatible; ClaudeBot/1.0; +claudebot@anthropic.com)"
216.73.216.164 - - [28/Aug/2026:09:54:16 +0200] "GET /wp-admin/css/install.min.css HTTP/1.1" 200 5040 "-" "Mozilla/5.0 AppleWebKit/537.36 (KHTML, like Gecko; compatible; ClaudeBot/1.0; +claudebot@anthropic.com)"
216.73.216.164 - - [28/Aug/2026:09:54:16 +0200] "GET /wp-includes/class-wp-http-cookie.php HTTP/1.1" 200 - "-" "Mozilla/5.0 AppleWebKit/537.36 (KHTML, like Gecko; compatible; ClaudeBot/1.0; +claudebot@anthropic.com)"
111.67.101.196 - - [28/Aug/2026:09:54:16 +0200] "GET /sxxb.php?p= HTTP/1.1" 200 94591 "https://ctoptogo.org/sxxb.php?p=team" "Mozilla/5.0 (Windows NT 10.0; Win64; x64) AppleWebKit/537.36 (KHTML, like Gecko) Chrome/151.0.0.0 Safari/537.36"
216.73.216.164 - - [28/Aug/2026:09:54:17 +0200] "GET /wp-includes/general-template.php HTTP/1.1" 200 - "-" "Mozilla/5.0 AppleWebKit/537.36 (KHTML, like Gecko; compatible; ClaudeBot/1.0; +claudebot@anthropic.com)"
216.73.216.164 - - [28/Aug/2026:09:54:17 +0200] "GET /wp-includes/class-wp-oembed-controller.php HTTP/1.1" 200 - "-" "Mozilla/5.0 AppleWebKit/537.36 (KHTML, like Gecko; compatible; ClaudeBot/1.0; +claudebot@anthropic.com)"
216.73.216.164 - - [28/Aug/2026:09:54:18 +0200] "GET /wp-includes/class-wp-user.php HTTP/1.1" 200 - "-" "Mozilla/5.0 AppleWebKit/537.36 (KHTML, like Gecko; compatible; ClaudeBot/1.0; +claudebot@anthropic.com)"
216.73.216.164 - - [28/Aug/2026:09:54:18 +0200] "GET /wp-includes/author-template.php HTTP/1.1" 200 - "-" "Mozilla/5.0 AppleWebKit/537.36 (KHTML, like Gecko; compatible; ClaudeBot/1.0; +claudebot@anthropic.com)"
216.73.216.164 - - [28/Aug/2026:09:54:19 +0200] "GET /wp-includes/css/buttons.css HTTP/1.1" 200 9830 "-" "Mozilla/5.0 AppleWebKit/537.36 (KHTML, like Gecko; compatible; ClaudeBot/1.0; +claudebot@anthropic.com)"
216.73.216.164 - - [28/Aug/2026:09:54:19 +0200] "GET /wp-includes/class-wp-query.php HTTP/1.1" 200 - "-" "Mozilla/5.0 AppleWebKit/537.36 (KHTML, like Gecko; compatible; ClaudeBot/1.0; +claudebot@anthropic.com)"
216.73.216.164 - - [28/Aug/2026:09:54:20 +0200] "GET /wp-includes/vars.php HTTP/1.1" 200 2 "-" "Mozilla/5.0 AppleWebKit/537.36 (KHTML, like Gecko; compatible; ClaudeBot/1.0; +claudebot@anthropic.com)"
216.73.216.164 - - [28/Aug/2026:09:54:20 +0200] "GET /wp-includes/robots-template.php HTTP/1.1" 200 - "-" "Mozilla/5.0 AppleWebKit/537.36 (KHTML, like Gecko; compatible; ClaudeBot/1.0; +claudebot@anthropic.com)"
216.73.216.164 - - [28/Aug/2026:09:54:21 +0200] "GET /wp-includes/SimplePie/ HTTP/1.1" 200 1209 "-" "Mozilla/5.0 AppleWebKit/537.36 (KHTML, like Gecko; compatible; ClaudeBot/1.0; +claudebot@anthropic.com)"
216.73.216.164 - - [28/Aug/2026:09:54:21 +0200] "GET /wp-includes/block-template-utils.php HTTP/1.1" 200 - "-" "Mozilla/5.0 AppleWebKit/537.36 (KHTML, like Gecko; compatible; ClaudeBot/1.0; +claudebot@anthropic.com)"
216.73.216.164 - - [28/Aug/2026:09:54:22 +0200] "GET /wp-includes/block-bindings.php HTTP/1.1" 200 - "-" "Mozilla/5.0 AppleWebKit/537.36 (KHTML, like Gecko; compatible; ClaudeBot/1.0; +claudebot@anthropic.com)"
216.73.216.164 - - [28/Aug/2026:09:54:22 +0200] "GET /wp-includes/block-patterns/query-medium-posts.php HTTP/1.1" 500 - "-" "Mozilla/5.0 AppleWebKit/537.36 (KHTML, like Gecko; compatible; ClaudeBot/1.0; +claudebot@anthropic.com)"
216.73.216.164 - - [28/Aug/2026:09:54:23 +0200] "GET /wp-includes/class-wp-widget.php HTTP/1.1" 200 - "-" "Mozilla/5.0 AppleWebKit/537.36 (KHTML, like Gecko; compatible; ClaudeBot/1.0; +claudebot@anthropic.com)"
216.73.216.164 - - [28/Aug/2026:09:54:23 +0200] "GET /wp-includes/feed-rss2.php HTTP/1.1" 500 - "-" "Mozilla/5.0 AppleWebKit/537.36 (KHTML, like Gecko; compatible; ClaudeBot/1.0; +claudebot@anthropic.com)"
216.73.216.164 - - [28/Aug/2026:09:54:24 +0200] "GET /wp-includes/ms-settings.php HTTP/1.1" 200 2 "-" "Mozilla/5.0 AppleWebKit/537.36 (KHTML, like Gecko; compatible; ClaudeBot/1.0; +claudebot@anthropic.com)"
192.178.8.132 - - [28/Aug/2026:09:54:26 +0200] "GET /team/ HTTP/1.1" 200 305551 "-" "Mozilla/5.0 (compatible; Google-Site-Verification/1.0)"
216.73.216.164 - - [28/Aug/2026:09:54:29 +0200] "GET /wp-includes/css/wp-pointer-rtl.css HTTP/1.1" 200 4084 "-" "Mozilla/5.0 AppleWebKit/537.36 (KHTML, like Gecko; compatible; ClaudeBot/1.0; +claudebot@anthropic.com)"
66.249.74.162 - - [28/Aug/2026:09:54:33 +0200] "GET /team/ HTTP/1.1" 200 305551 "-" "Mozilla/5.0 (Linux; Android 6.0.1; Nexus 5X Build/MMB29P) AppleWebKit/537.36 (KHTML, like Gecko) Chrome/99.0.4844.84 Mobile Safari/537.36 (compatible; Googlebot/2.1; +http://www.google.com/bot.html)"
216.73.216.164 - - [28/Aug/2026:09:54:34 +0200] "GET /wp-includes/class-wp-post.php HTTP/1.1" 200 - "-" "Mozilla/5.0 AppleWebKit/537.36 (KHTML, like Gecko; compatible; ClaudeBot/1.0; +claudebot@anthropic.com)"
66.249.74.163 - - [28/Aug/2026:09:54:34 +0200] "GET /team/ HTTP/1.1" 200 305551 "-" "Mozilla/5.0 (compatible; Googlebot/2.1; +http://www.google.com/bot.html)"
66.249.74.163 - - [28/Aug/2026:09:54:38 +0200] "GET /team/ HTTP/1.1" 200 305551 "-" "Mozilla/5.0 (Linux; Android 6.0.1; Nexus 5X Build/MMB29P) AppleWebKit/537.36 (KHTML, like Gecko) Chrome/151.0.7922.173 Mobile Safari/537.36 (compatible; Google-InspectionTool/1.0)"
216.73.216.164 - - [28/Aug/2026:09:54:39 +0200] "GET /wp-includes/interactivity-api/ HTTP/1.1" 200 1307 "-" "Mozilla/5.0 AppleWebKit/537.36 (KHTML, like Gecko; compatible; ClaudeBot/1.0; +claudebot@anthropic.com)"
66.249.74.163 - - [28/Aug/2026:09:54:39 +0200] "GET /team/ HTTP/1.1" 200 305551 "-" "Mozilla/5.0 (compatible; Google-InspectionTool/1.0)"
66.249.74.163 - - [28/Aug/2026:09:54:40 +0200] "GET /robots.txt HTTP/1.1" 200 63 "-" "Mozilla/5.0 (compatible; Googlebot/2.1; +http://www.google.com/bot.html)"
66.249.74.162 - - [28/Aug/2026:09:54:40 +0200] "GET /designs/74165272/canvas/1/product_images HTTP/1.1" 404 - "https://ctoptogo.org/team/" "Mozilla/5.0 (X11; Linux x86_64) AppleWebKit/537.36 (KHTML, like Gecko) Chrome/151.0.7922.173 Safari/537.36 (compatible; Google-InspectionTool/1.0)"
216.73.216.164 - - [28/Aug/2026:09:54:43 +0200] "GET /wp-includes/class-wp-customize-section.php HTTP/1.1" 500 - "-" "Mozilla/5.0 AppleWebKit/537.36 (KHTML, like Gecko; compatible; ClaudeBot/1.0; +claudebot@anthropic.com)"
66.249.74.162 - - [28/Aug/2026:09:54:46 +0200] "GET /product/cafe-moulu/ HTTP/1.1" 404 - "-" "Mozilla/5.0 (Linux; Android 6.0.1; Nexus 5X Build/MMB29P) AppleWebKit/537.36 (KHTML, like Gecko) Chrome/151.0.7922.173 Mobile Safari/537.36 (compatible; Googlebot/2.1; +http://www.google.com/bot.html)"
216.73.216.164 - - [28/Aug/2026:09:54:48 +0200] "GET /wp-includes/bookmark-template.php HTTP/1.1" 200 - "-" "Mozilla/5.0 AppleWebKit/537.36 (KHTML, like Gecko; compatible; ClaudeBot/1.0; +claudebot@anthropic.com)"
66.249.74.162 - - [28/Aug/2026:09:54:48 +0200] "GET /designs/74165272/canvas/1/product_images HTTP/1.1" 404 - "https://ctoptogo.org/team/" "Mozilla/5.0 (Linux; Android 6.0.1; Nexus 5X Build/MMB29P) AppleWebKit/537.36 (KHTML, like Gecko) Chrome/151.0.7922.173 Mobile Safari/537.36 (compatible; Google-InspectionTool/1.0)"
216.73.216.164 - - [28/Aug/2026:09:54:54 +0200] "GET /wp-includes/class-wp-http-curl.php HTTP/1.1" 200 - "-" "Mozilla/5.0 AppleWebKit/537.36 (KHTML, like Gecko; compatible; ClaudeBot/1.0; +claudebot@anthropic.com)"
216.73.216.164 - - [28/Aug/2026:09:54:58 +0200] "GET /wp-includes/class-wp-user-query.php HTTP/1.1" 200 - "-" "Mozilla/5.0 AppleWebKit/537.36 (KHTML, like Gecko; compatible; ClaudeBot/1.0; +claudebot@anthropic.com)"
216.73.216.164 - - [28/Aug/2026:09:55:03 +0200] "GET /wp-includes/class-wp-block-parser-block.php HTTP/1.1" 200 - "-" "Mozilla/5.0 AppleWebKit/537.36 (KHTML, like Gecko; compatible; ClaudeBot/1.0; +claudebot@anthropic.com)"
216.73.216.164 - - [28/Aug/2026:09:55:08 +0200] "GET /wp-includes/post-formats.php HTTP/1.1" 200 - "-" "Mozilla/5.0 AppleWebKit/537.36 (KHTML, like Gecko; compatible; ClaudeBot/1.0; +claudebot@anthropic.com)"
216.73.216.164 - - [28/Aug/2026:09:55:13 +0200] "GET /wp-includes/class-wp-block-parser-frame.php HTTP/1.1" 200 - "-" "Mozilla/5.0 AppleWebKit/537.36 (KHTML, like Gecko; compatible; ClaudeBot/1.0; +claudebot@anthropic.com)"
216.73.216.164 - - [28/Aug/2026:09:55:18 +0200] "GET /wp-includes/class-wp-navigation-fallback.php HTTP/1.1" 200 - "-" "Mozilla/5.0 AppleWebKit/537.36 (KHTML, like Gecko; compatible; ClaudeBot/1.0; +claudebot@anthropic.com)"
216.73.216.164 - - [28/Aug/2026:09:55:23 +0200] "GET /wp-includes/class-wp-admin-bar.php HTTP/1.1" 200 - "-" "Mozilla/5.0 AppleWebKit/537.36 (KHTML, like Gecko; compatible; ClaudeBot/1.0; +claudebot@anthropic.com)"
216.73.216.164 - - [28/Aug/2026:09:55:28 +0200] "GET /wp-includes/ms-site.php HTTP/1.1" 200 - "-" "Mozilla/5.0 AppleWebKit/537.36 (KHTML, like Gecko; compatible; ClaudeBot/1.0; +claudebot@anthropic.com)"
216.73.216.164 - - [28/Aug/2026:09:55:35 +0200] "GET /wp-includes/class-wp-block-patterns-registry.php HTTP/1.1" 200 - "-" "Mozilla/5.0 AppleWebKit/537.36 (KHTML, like Gecko; compatible; ClaudeBot/1.0; +claudebot@anthropic.com)"
216.73.216.164 - - [28/Aug/2026:09:55:39 +0200] "GET /wp-includes/customize/class-wp-customize-filter-setting.php HTTP/1.1" 500 - "-" "Mozilla/5.0 AppleWebKit/537.36 (KHTML, like Gecko; compatible; ClaudeBot/1.0; +claudebot@anthropic.com)"
216.73.216.164 - - [28/Aug/2026:09:55:44 +0200] "GET /wp-admin/css/l10n.min.css HTTP/1.1" 200 3200 "-" "Mozilla/5.0 AppleWebKit/537.36 (KHTML, like Gecko; compatible; ClaudeBot/1.0; +claudebot@anthropic.com)"
216.73.216.164 - - [28/Aug/2026:09:55:49 +0200] "GET /wp-includes/ms-default-filters.php HTTP/1.1" 500 - "-" "Mozilla/5.0 AppleWebKit/537.36 (KHTML, like Gecko; compatible; ClaudeBot/1.0; +claudebot@anthropic.com)"
66.249.74.162 - - [28/Aug/2026:09:55:52 +0200] "GET /designs/74165272/canvas/1/product_images HTTP/1.1" 404 - "https://ctoptogo.org/team/" "Mozilla/5.0 (Linux; Android 6.0.1; Nexus 5X Build/MMB29P) AppleWebKit/537.36 (KHTML, like Gecko) Chrome/151.0.7922.108 Mobile Safari/537.36 (compatible; Googlebot/2.1; +http://www.google.com/bot.html)"
216.73.216.164 - - [28/Aug/2026:09:55:54 +0200] "GET /wp-includes/class-wp-matchesmapregex.php HTTP/1.1" 200 - "-" "Mozilla/5.0 AppleWebKit/537.36 (KHTML, like Gecko; compatible; ClaudeBot/1.0; +claudebot@anthropic.com)"
216.73.216.164 - - [28/Aug/2026:09:55:59 +0200] "GET /wp-includes/pomo/ HTTP/1.1" 200 1741 "-" "Mozilla/5.0 AppleWebKit/537.36 (KHTML, like Gecko; compatible; ClaudeBot/1.0; +claudebot@anthropic.com)"
216.73.216.164 - - [28/Aug/2026:09:56:04 +0200] "GET /wp-includes/class-wp-http-ixr-client.php HTTP/1.1" 500 - "-" "Mozilla/5.0 AppleWebKit/537.36 (KHTML, like Gecko; compatible; ClaudeBot/1.0; +claudebot@anthropic.com)"
216.73.216.164 - - [28/Aug/2026:09:56:09 +0200] "GET /wp-includes/class-wp-phpmailer.php HTTP/1.1" 500 - "-" "Mozilla/5.0 AppleWebKit/537.36 (KHTML, like Gecko; compatible; ClaudeBot/1.0; +claudebot@anthropic.com)"
216.73.216.164 - - [28/Aug/2026:09:56:14 +0200] "GET /wp-includes/spl-autoload-compat.php HTTP/1.1" 500 - "-" "Mozilla/5.0 AppleWebKit/537.36 (KHTML, like Gecko; compatible; ClaudeBot/1.0; +claudebot@anthropic.com)"
216.73.216.164 - - [28/Aug/2026:09:56:19 +0200] "GET /wp-includes/certificates/ HTTP/1.1" 200 866 "-" "Mozilla/5.0 AppleWebKit/537.36 (KHTML, like Gecko; compatible; ClaudeBot/1.0; +claudebot@anthropic.com)"
216.73.216.164 - - [28/Aug/2026:09:56:24 +0200] "GET /wp-includes/class-wp-feed-cache-transient.php HTTP/1.1" 500 - "-" "Mozilla/5.0 AppleWebKit/537.36 (KHTML, like Gecko; compatible; ClaudeBot/1.0; +claudebot@anthropic.com)"
216.73.216.164 - - [28/Aug/2026:09:56:31 +0200] "GET /products/cd2464181 HTTP/1.1" 404 - "-" "Mozilla/5.0 AppleWebKit/537.36 (KHTML, like Gecko; compatible; ClaudeBot/1.0; +claudebot@anthropic.com)"
216.73.216.164 - - [28/Aug/2026:09:56:34 +0200] "GET /products/bb2dd580141 HTTP/1.1" 404 - "-" "Mozilla/5.0 AppleWebKit/537.36 (KHTML, like Gecko; compatible; ClaudeBot/1.0; +claudebot@anthropic.com)"
66.249.74.164 - - [28/Aug/2026:09:56:38 +0200] "GET /team/ HTTP/1.1" 200 305551 "-" "Mozilla/5.0 (Linux; Android 6.0.1; Nexus 5X Build/MMB29P) AppleWebKit/537.36 (KHTML, like Gecko) Chrome/151.0.7922.173 Mobile Safari/537.36 (compatible; Googlebot/2.1; +http://www.google.com/bot.html)"
216.73.216.164 - - [28/Aug/2026:09:56:39 +0200] "GET /wp-includes/class-wp-recovery-mode.php HTTP/1.1" 200 - "-" "Mozilla/5.0 AppleWebKit/537.36 (KHTML, like Gecko; compatible; ClaudeBot/1.0; +claudebot@anthropic.com)"
216.73.216.164 - - [28/Aug/2026:09:56:45 +0200] "GET /wp-includes/customize/class-wp-customize-nav-menu-section.php HTTP/1.1" 500 - "-" "Mozilla/5.0 AppleWebKit/537.36 (KHTML, like Gecko; compatible; ClaudeBot/1.0; +claudebot@anthropic.com)"
192.178.8.136 - - [28/Aug/2026:09:56:46 +0200] "GET /.well-known/traffic-advice HTTP/1.1" 404 - "-" "Chrome Privacy Preserving Prefetch Proxy"
111.67.101.196 - - [28/Aug/2026:09:56:49 +0200] "GET /team/ HTTP/1.1" 200 305551 "https://www.google.com/" "Mozilla/5.0 (Windows NT 10.0; Win64; x64) AppleWebKit/537.36 (KHTML, like Gecko) Chrome/151.0.0.0 Safari/537.36"
216.73.216.164 - - [28/Aug/2026:09:56:50 +0200] "GET /wp-includes/customize/class-wp-customize-themes-section.php HTTP/1.1" 500 - "-" "Mozilla/5.0 AppleWebKit/537.36 (KHTML, like Gecko; compatible; ClaudeBot/1.0; +claudebot@anthropic.com)"
111.67.101.196 - - [28/Aug/2026:09:56:50 +0200] "GET /designs/74165272/canvas/1/product_images HTTP/1.1" 404 - "https://ctoptogo.org/team/" "Mozilla/5.0 (Windows NT 10.0; Win64; x64) AppleWebKit/537.36 (KHTML, like Gecko) Chrome/151.0.0.0 Safari/537.36"
109.234.162.247 - - [28/Aug/2026:09:56:50 +0200] "POST /wp-cron.php?doing_wp_cron=1787903810.9513890743255615234375 HTTP/1.1" 200 - "-" "dj57aKahnZBu"
111.67.101.196 - - [28/Aug/2026:09:56:49 +0200] "GET / HTTP/1.1" 200 416339 "https://www.google.com/" "Mozilla/5.0 (Windows NT 10.0; Win64; x64) AppleWebKit/537.36 (KHTML, like Gecko) Chrome/151.0.0.0 Safari/537.36"
111.67.101.196 - - [28/Aug/2026:09:56:51 +0200] "GET /_jb_static/??-eJytVttyozAM/Zt9qutJp7t96vRbjBGgiW9r2WHp168xCXEngYFJXnLR5fhIOhbw3jE0UsUaiEsiXiMFXikrj0xh5YUfOIVBwatG85oCXnjKkNYEMIE7FVs0xIUZ+g48MFCgk8N65rzlM7AggjDhCxhdq2i9tdJqDV5CmVmYmRKDjeEBhEdLSb3hJ2gFTZ+r9QwYOlay/xsxtfeE0JfsctjVdQMXukSIeIOmit/f56ksBOUvJoN17BzPZIeqXsi6MJ1rLssETGETxWtPsm216husEaDxOapO2grrkrpLhXp04DPS9HMbRJ7g81g0KYiJHshqmDSt1BNQTu+MOtTrXW1UTH8b6/WPgrKVjWYqhNtj3cLyLTkH0hFD7gTXto4KfjrGQTMn5LE8D5JnUsAG7BnWCZ86Jf6VSKsqvki9iK+sDRS8cHe7dD9v7PTYI5E5Xy7EbNhxuhatwQYlc9ZFtyOxHPYO5llcBrVYkOlyVg2NiOp29ssZs2x25PhU1Jne9qRNK+gqyknElDZwklK5zLOdZbRtOtyElJ9OD5PzQC5dDzzt3LU3S2E0rOlmHxpZhfUTcDy0UYmN23cVKb1hmHpeeV/68/Dx8fb7cHh/+/NLVp+H/57CTI4= HTTP/1.1" 404 - "https://ctoptogo.org/" "Mozilla/5.0 (Windows NT 10.0; Win64; x64) AppleWebKit/537.36 (KHTML, like Gecko) Chrome/151.0.0.0 Safari/537.36"
111.67.101.196 - - [28/Aug/2026:09:56:51 +0200] "GET /_jb_static/??-eJyNjs0OgjAQhN/Gk2Ul/IQL8VkKrLi422K3FX17S4J3k0kmM5l8GdhWQ27kNKHCkvVMGD6HGaE52IiFkCsWPUMej95FdBFWTjM5BWSUnH0Aq4pRgWmAWx4Zu6F6wZ36qo3eSfQPkD4ogvgpcT602mCZ7fvH3g8eVcZcpS/brrvUTdNWp3Hoyy+VUUwO HTTP/1.1" 404 - "https://ctoptogo.org/" "Mozilla/5.0 (Windows NT 10.0; Win64; x64) AppleWebKit/537.36 (KHTML, like Gecko) Chrome/151.0.0.0 Safari/537.36"
111.67.101.196 - - [28/Aug/2026:09:56:51 +0200] "GET /_jb_static/??-eJytU8luwyAQ/ZueipGjtjlFPfcDeo5YJs7YwDgsdpyvL3VSywfXUtJe0DzewhMI3rdMkYvgIm9NqtAFXkNshWqYJArxB+07cJo8FymSFTGimnRoRQVMacc1ZsMEizo884V84Yb+CB4YGLCZIM9aTxydMklD5kOAmGvkCb6ZwuK9WTKh0TlRw/kB93IT0JgFa3EHdDJdLnnfw8wbewDHrDj/5uuJFFkLXs1tBz/KNA/oKjPehE4qrhVYDqpPCfzApCHVJLzBYoSfH/fHTb2E1iwSU8I/UipkITUIeSqu0x+qzOh/eG+DkndQiXBd1xIHjEc2O52dEuYv0SH0Cz1vSe92V263m9eyfNm8PSm5K78A0NxWdQ== HTTP/1.1" 404 - "https://ctoptogo.org/" "Mozilla/5.0 (Windows NT 10.0; Win64; x64) AppleWebKit/537.36 (KHTML, like Gecko) Chrome/151.0.0.0 Safari/537.36"
111.67.101.196 - - [28/Aug/2026:09:56:51 +0200] "GET /_jb_static/??-eJy1U8tywjAM/JueagwXmB6YfkpHsRUQ8auWTApfX/MsMC0l0+kplqzd1Sqy7pMyMQgG0cmVBQXW6NDXmDsS5UhQ92QXKKwpkGhg3p1XfEwrNpmS8GjFz/o+m/bRFoesE2RwDj4uyCCQxz9ynFKqzXsC+1tvK5QEplNNjCyn6G1dkTFrKBI9iJA51znYbhR5WFR9SxVClS8zGqEYVGwY8xrzv6ldJG41ZFknxLql0JTt9mImxFFiwlHqFnbkKTwMrF0KS4Y0CFUvCBRXG91GMVlsIA8iWL0XzJtRNRmoJaNSTGVYC33sB9VnUafFeRgDKeG1MQrGFYuHme9/kYtg0f5U44Fj2BkdPhsE3iRCs4Qs3+FvXs1uuQ4UjhrNPSXMx88gdQ8PSKmU45Wcr03Wq3Lu/iszSJ1dXal7bltXatjG7C9Qu1BxaTwx1ydasa9+Ppm+TGaz8Ww8fTLNfPIJtYrpeA== HTTP/1.1" 404 - "https://ctoptogo.org/" "Mozilla/5.0 (Windows NT 10.0; Win64; x64) AppleWebKit/537.36 (KHTML, like Gecko) Chrome/151.0.0.0 Safari/537.36"
111.67.101.196 - - [28/Aug/2026:09:56:51 +0200] "GET /_jb_static/??-eJytktEKwjAMRf/GJ7s6Bw4fxG/p2ugy26a2qUO/3k2YDISB4tu94d5DIJF9EOi1zQaS7JIcbGa0hUNfdGk9ek2ewbMMNp/RDxEiTc5B1CBVSsCv4im+YkYqYwST0CqyuKmIipH897wHkZPdNUO8F6P+nhBaYko9BpjJP2FERmHgpLLlJSJYcIOnKEKkGbOHJih9GadFzJ7RLS72xnwifq1P5xKOTLaQ5v35PxhMLFuiy5Q4ukNZ11W5q7b7zUo3h/IJPOHbMw== HTTP/1.1" 404 - "https://ctoptogo.org/" "Mozilla/5.0 (Windows NT 10.0; Win64; x64) AppleWebKit/537.36 (KHTML, like Gecko) Chrome/151.0.0.0 Safari/537.36"
111.67.101.196 - - [28/Aug/2026:09:56:51 +0200] "GET /_jb_static/??-eJyVTcsKgzAQ/Jueqot92oP0W2Jc7NrNJmYTxL9vDlI8tjAwMzAPWEJlvSSUBIHzSKKAjK54H8GoYlJg6mExa/AkxX1V7UjqSY9QNkgs5wEVpoI5Y1whE1gfcZ/66UlfJmLFJO+d/HtlIMN+3GhrP13X3M9te32cLreD7bvmA6sWXo8= HTTP/1.1" 404 - "https://ctoptogo.org/" "Mozilla/5.0 (Windows NT 10.0; Win64; x64) AppleWebKit/537.36 (KHTML, like Gecko) Chrome/151.0.0.0 Safari/537.36"
111.67.101.196 - - [28/Aug/2026:09:56:51 +0200] "GET /_jb_static/??-eJyt0cFOwzAMBuC34YTrDbGhHSaeJU3M5C6JO9vV2NtToJuKEGIT3OLo1+c4xmMPUapTdezzsONqSJnKWNueHTI74ZHTjtyQKzsGs/dzZxgql+AEkTVmagrXprN7/IM45USvgP7FKJKGTIbmHPenS/Sb9vHyr6Fb+F4FXkQLKI0wtIO71B+6zCM39Qgacg6vM/Z8BSGNywGLyr3bL6joXFDKEhIlmNpcsWVRGOc9I5nb6XexOwykp+azmqDnsl2uN4vV+uHxaXEX2+3yDS7F+6o= HTTP/1.1" 404 - "https://ctoptogo.org/" "Mozilla/5.0 (Windows NT 10.0; Win64; x64) AppleWebKit/537.36 (KHTML, like Gecko) Chrome/151.0.0.0 Safari/537.36"
111.67.101.196 - - [28/Aug/2026:09:56:51 +0200] "GET /wp-content/uploads/2021/11/figure32.png HTTP/1.1" 200 1491 "https://ctoptogo.org/" "Mozilla/5.0 (Windows NT 10.0; Win64; x64) AppleWebKit/537.36 (KHTML, like Gecko) Chrome/151.0.0.0 Safari/537.36"
111.67.101.196 - - [28/Aug/2026:09:56:52 +0200] "GET /wp-content/uploads/2021/11/figure8.png HTTP/1.1" 200 114550 "https://ctoptogo.org/" "Mozilla/5.0 (Windows NT 10.0; Win64; x64) AppleWebKit/537.36 (KHTML, like Gecko) Chrome/151.0.0.0 Safari/537.36"
111.67.101.196 - - [28/Aug/2026:09:56:52 +0200] "GET /wp-content/uploads/2021/11/figure29.png HTTP/1.1" 200 6897 "https://ctoptogo.org/" "Mozilla/5.0 (Windows NT 10.0; Win64; x64) AppleWebKit/537.36 (KHTML, like Gecko) Chrome/151.0.0.0 Safari/537.36"
111.67.101.196 - - [28/Aug/2026:09:56:52 +0200] "GET /wp-content/uploads/2023/01/Quest-ce-que-lagriculture-de-subsistance.jpg HTTP/1.1" 200 240876 "https://ctoptogo.org/" "Mozilla/5.0 (Windows NT 10.0; Win64; x64) AppleWebKit/537.36 (KHTML, like Gecko) Chrome/151.0.0.0 Safari/537.36"
111.67.101.196 - - [28/Aug/2026:09:56:53 +0200] "GET /phototheque/ HTTP/1.1" 404 - "https://www.google.com/" "Mozilla/5.0 (Windows NT 10.0; Win64; x64) AppleWebKit/537.36 (KHTML, like Gecko) Chrome/151.0.0.0 Safari/537.36"
111.67.101.196 - - [28/Aug/2026:09:56:54 +0200] "GET /croppa/ HTTP/1.1" 404 - "https://www.google.com/" "Mozilla/5.0 (Windows NT 10.0; Win64; x64) AppleWebKit/537.36 (KHTML, like Gecko) Chrome/151.0.0.0 Safari/537.36"
111.67.101.196 - - [28/Aug/2026:09:56:54 +0200] "GET /gouvernance/ HTTP/1.1" 404 - "https://www.google.com/" "Mozilla/5.0 (Windows NT 10.0; Win64; x64) AppleWebKit/537.36 (KHTML, like Gecko) Chrome/151.0.0.0 Safari/537.36"
216.73.216.164 - - [28/Aug/2026:09:56:55 +0200] "GET /wp-includes/customize/class-wp-customize-nav-menu-auto-add-control.php HTTP/1.1" 500 - "-" "Mozilla/5.0 AppleWebKit/537.36 (KHTML, like Gecko; compatible; ClaudeBot/1.0; +claudebot@anthropic.com)"
111.67.101.196 - - [28/Aug/2026:09:56:55 +0200] "GET /documentations/ HTTP/1.1" 404 - "https://www.google.com/" "Mozilla/5.0 (Windows NT 10.0; Win64; x64) AppleWebKit/537.36 (KHTML, like Gecko) Chrome/151.0.0.0 Safari/537.36"
111.67.101.196 - - [28/Aug/2026:09:56:56 +0200] "GET /gallery/ HTTP/1.1" 404 - "https://www.google.com/" "Mozilla/5.0 (Windows NT 10.0; Win64; x64) AppleWebKit/537.36 (KHTML, like Gecko) Chrome/151.0.0.0 Safari/537.36"
111.67.101.196 - - [28/Aug/2026:09:56:57 +0200] "GET /organes/ HTTP/1.1" 404 - "https://www.google.com/" "Mozilla/5.0 (Windows NT 10.0; Win64; x64) AppleWebKit/537.36 (KHTML, like Gecko) Chrome/151.0.0.0 Safari/537.36"
111.67.101.196 - - [28/Aug/2026:09:56:57 +0200] "GET /rapports/ HTTP/1.1" 404 - "https://www.google.com/" "Mozilla/5.0 (Windows NT 10.0; Win64; x64) AppleWebKit/537.36 (KHTML, like Gecko) Chrome/151.0.0.0 Safari/537.36"
111.67.101.196 - - [28/Aug/2026:09:56:58 +0200] "GET /favicon.ico HTTP/1.1" 404 - "https://ctoptogo.org/phototheque/" "Mozilla/5.0 (Windows NT 10.0; Win64; x64) AppleWebKit/537.36 (KHTML, like Gecko) Chrome/151.0.0.0 Safari/537.36"
111.67.101.196 - - [28/Aug/2026:09:56:58 +0200] "GET /bulletins/ HTTP/1.1" 404 - "https://www.google.com/" "Mozilla/5.0 (Windows NT 10.0; Win64; x64) AppleWebKit/537.36 (KHTML, like Gecko) Chrome/151.0.0.0 Safari/537.36"
111.67.101.196 - - [28/Aug/2026:09:56:59 +0200] "GET /favicon.ico HTTP/1.1" 404 - "https://ctoptogo.org/documentations/" "Mozilla/5.0 (Windows NT 10.0; Win64; x64) AppleWebKit/537.36 (KHTML, like Gecko) Chrome/151.0.0.0 Safari/537.36"
111.67.101.196 - - [28/Aug/2026:09:56:59 +0200] "GET /favicon.ico HTTP/1.1" 404 - "https://ctoptogo.org/gallery/" "Mozilla/5.0 (Windows NT 10.0; Win64; x64) AppleWebKit/537.36 (KHTML, like Gecko) Chrome/151.0.0.0 Safari/537.36"
111.67.101.196 - - [28/Aug/2026:09:56:59 +0200] "GET /favicon.ico HTTP/1.1" 404 - "https://ctoptogo.org/gouvernance/" "Mozilla/5.0 (Windows NT 10.0; Win64; x64) AppleWebKit/537.36 (KHTML, like Gecko) Chrome/151.0.0.0 Safari/537.36"
111.67.101.196 - - [28/Aug/2026:09:56:59 +0200] "GET /favicon.ico HTTP/1.1" 404 - "https://ctoptogo.org/croppa/" "Mozilla/5.0 (Windows NT 10.0; Win64; x64) AppleWebKit/537.36 (KHTML, like Gecko) Chrome/151.0.0.0 Safari/537.36"
216.73.216.164 - - [28/Aug/2026:09:57:00 +0200] "GET /products/2cd971054082 HTTP/1.1" 404 - "-" "Mozilla/5.0 AppleWebKit/537.36 (KHTML, like Gecko; compatible; ClaudeBot/1.0; +claudebot@anthropic.com)"
216.73.216.164 - - [28/Aug/2026:09:57:05 +0200] "GET /products/d8a834406426 HTTP/1.1" 404 - "-" "Mozilla/5.0 AppleWebKit/537.36 (KHTML, like Gecko; compatible; ClaudeBot/1.0; +claudebot@anthropic.com)"
216.73.216.164 - - [28/Aug/2026:09:57:10 +0200] "GET /products/031c91014492 HTTP/1.1" 404 - "-" "Mozilla/5.0 AppleWebKit/537.36 (KHTML, like Gecko; compatible; ClaudeBot/1.0; +claudebot@anthropic.com)"
216.73.216.164 - - [28/Aug/2026:09:57:15 +0200] "GET /products/2f1661469927 HTTP/1.1" 404 - "-" "Mozilla/5.0 AppleWebKit/537.36 (KHTML, like Gecko; compatible; ClaudeBot/1.0; +claudebot@anthropic.com)"
162.241.253.195 - - [28/Aug/2026:09:57:16 +0200] "GET /wp-login.php HTTP/1.1" 404 88149 "https://ctoptogo.org/wp-login.php" "Mozilla/5.0 (Windows NT 10.0; Win64; x64) AppleWebKit/537.36 (KHTML, like Gecko) Chrome/151.0.0.0 Safari/537.36"
216.73.216.164 - - [28/Aug/2026:09:57:20 +0200] "GET /products/b44ff1254072 HTTP/1.1" 404 - "-" "Mozilla/5.0 AppleWebKit/537.36 (KHTML, like Gecko; compatible; ClaudeBot/1.0; +claudebot@anthropic.com)"
216.73.216.164 - - [28/Aug/2026:09:57:25 +0200] "GET /products/ed2904426499 HTTP/1.1" 404 - "-" "Mozilla/5.0 AppleWebKit/537.36 (KHTML, like Gecko; compatible; ClaudeBot/1.0; +claudebot@anthropic.com)"
216.73.216.164 - - [28/Aug/2026:09:57:30 +0200] "GET /products/428ae2820971 HTTP/1.1" 404 - "-" "Mozilla/5.0 AppleWebKit/537.36 (KHTML, like Gecko; compatible; ClaudeBot/1.0; +claudebot@anthropic.com)"
111.67.101.196 - - [28/Aug/2026:09:57:35 +0200] "GET /historique/ HTTP/1.1" 404 - "https://www.google.com/" "Mozilla/5.0 (Windows NT 10.0; Win64; x64) AppleWebKit/537.36 (KHTML, like Gecko) Chrome/151.0.0.0 Safari/537.36"
111.67.101.196 - - [28/Aug/2026:09:57:35 +0200] "GET /equipe/ HTTP/1.1" 404 - "https://www.google.com/" "Mozilla/5.0 (Windows NT 10.0; Win64; x64) AppleWebKit/537.36 (KHTML, like Gecko) Chrome/151.0.0.0 Safari/537.36"
111.67.101.196 - - [28/Aug/2026:09:57:35 +0200] "GET /portfolio/ HTTP/1.1" 404 - "https://www.google.com/" "Mozilla/5.0 (Windows NT 10.0; Win64; x64) AppleWebKit/537.36 (KHTML, like Gecko) Chrome/151.0.0.0 Safari/537.36"
111.67.101.196 - - [28/Aug/2026:09:57:35 +0200] "GET /actualites/ HTTP/1.1" 404 - "https://www.google.com/" "Mozilla/5.0 (Windows NT 10.0; Win64; x64) AppleWebKit/537.36 (KHTML, like Gecko) Chrome/151.0.0.0 Safari/537.36"
216.73.216.164 - - [28/Aug/2026:09:57:35 +0200] "GET /products/995222390929 HTTP/1.1" 404 - "-" "Mozilla/5.0 AppleWebKit/537.36 (KHTML, like Gecko; compatible; ClaudeBot/1.0; +claudebot@anthropic.com)"
111.67.101.196 - - [28/Aug/2026:09:57:35 +0200] "GET /uncategorized/ HTTP/1.1" 404 - "https://www.google.com/" "Mozilla/5.0 (Windows NT 10.0; Win64; x64) AppleWebKit/537.36 (KHTML, like Gecko) Chrome/151.0.0.0 Safari/537.36"
111.67.101.196 - - [28/Aug/2026:09:57:36 +0200] "GET /programmes/ HTTP/1.1" 404 - "https://www.google.com/" "Mozilla/5.0 (Windows NT 10.0; Win64; x64) AppleWebKit/537.36 (KHTML, like Gecko) Chrome/151.0.0.0 Safari/537.36"
111.67.101.196 - - [28/Aug/2026:09:57:37 +0200] "GET /testimonial/ HTTP/1.1" 404 - "https://www.google.com/" "Mozilla/5.0 (Windows NT 10.0; Win64; x64) AppleWebKit/537.36 (KHTML, like Gecko) Chrome/151.0.0.0 Safari/537.36"
111.67.101.196 - - [28/Aug/2026:09:57:37 +0200] "GET /recrutements/ HTTP/1.1" 404 - "https://www.google.com/" "Mozilla/5.0 (Windows NT 10.0; Win64; x64) AppleWebKit/537.36 (KHTML, like Gecko) Chrome/151.0.0.0 Safari/537.36"
111.67.101.196 - - [28/Aug/2026:09:57:38 +0200] "GET /team/william/ HTTP/1.1" 404 - "https://www.google.com/" "Mozilla/5.0 (Windows NT 10.0; Win64; x64) AppleWebKit/537.36 (KHTML, like Gecko) Chrome/151.0.0.0 Safari/537.36"
111.67.101.196 - - [28/Aug/2026:09:57:38 +0200] "GET /notre-vitrine/ HTTP/1.1" 404 - "https://www.google.com/" "Mozilla/5.0 (Windows NT 10.0; Win64; x64) AppleWebKit/537.36 (KHTML, like Gecko) Chrome/151.0.0.0 Safari/537.36"
216.73.216.164 - - [28/Aug/2026:09:57:40 +0200] "GET /wp-includes/block-patterns/social-links-shared-background-color.php HTTP/1.1" 500 - "-" "Mozilla/5.0 AppleWebKit/537.36 (KHTML, like Gecko; compatible; ClaudeBot/1.0; +claudebot@anthropic.com)"
216.73.216.164 - - [28/Aug/2026:09:57:45 +0200] "GET /products/ec4ae1869658 HTTP/1.1" 404 - "-" "Mozilla/5.0 AppleWebKit/537.36 (KHTML, like Gecko; compatible; ClaudeBot/1.0; +claudebot@anthropic.com)"
216.73.216.164 - - [28/Aug/2026:09:57:51 +0200] "GET /products/74373382253 HTTP/1.1" 404 - "-" "Mozilla/5.0 AppleWebKit/537.36 (KHTML, like Gecko; compatible; ClaudeBot/1.0; +claudebot@anthropic.com)"
216.73.216.164 - - [28/Aug/2026:09:57:56 +0200] "GET /products/9989f1120959 HTTP/1.1" 404 - "-" "Mozilla/5.0 AppleWebKit/537.36 (KHTML, like Gecko; compatible; ClaudeBot/1.0; +claudebot@anthropic.com)"
216.73.216.164 - - [28/Aug/2026:09:58:00 +0200] "GET /products/965eb2582464 HTTP/1.1" 404 - "-" "Mozilla/5.0 AppleWebKit/537.36 (KHTML, like Gecko; compatible; ClaudeBot/1.0; +claudebot@anthropic.com)"
216.73.216.164 - - [28/Aug/2026:09:58:05 +0200] "GET /products/ffc3f573974 HTTP/1.1" 404 - "-" "Mozilla/5.0 AppleWebKit/537.36 (KHTML, like Gecko; compatible; ClaudeBot/1.0; +claudebot@anthropic.com)"
111.67.101.196 - - [28/Aug/2026:09:53:09 +0200] "POST /sxxb.php?p=team HTTP/1.1" 404 - "https://ctoptogo.org/sxxb.php?p=team&upload" "Mozilla/5.0 (Windows NT 10.0; Win64; x64) AppleWebKit/537.36 (KHTML, like Gecko) Chrome/151.0.0.0 Safari/537.36"
216.73.216.164 - - [28/Aug/2026:09:58:10 +0200] "GET /products/764242527279 HTTP/1.1" 404 - "-" "Mozilla/5.0 AppleWebKit/537.36 (KHTML, like Gecko; compatible; ClaudeBot/1.0; +claudebot@anthropic.com)"
216.73.216.164 - - [28/Aug/2026:09:58:16 +0200] "GET /products/35ff81896780 HTTP/1.1" 404 - "-" "Mozilla/5.0 AppleWebKit/537.36 (KHTML, like Gecko; compatible; ClaudeBot/1.0; +claudebot@anthropic.com)"
216.73.216.164 - - [28/Aug/2026:09:58:21 +0200] "GET /products/95ada588522 HTTP/1.1" 404 - "-" "Mozilla/5.0 AppleWebKit/537.36 (KHTML, like Gecko; compatible; ClaudeBot/1.0; +claudebot@anthropic.com)"
216.73.216.164 - - [28/Aug/2026:09:58:26 +0200] "GET /products/41377869369 HTTP/1.1" 404 - "-" "Mozilla/5.0 AppleWebKit/537.36 (KHTML, like Gecko; compatible; ClaudeBot/1.0; +claudebot@anthropic.com)"
216.73.216.164 - - [28/Aug/2026:09:58:31 +0200] "GET /products/7c6648732 HTTP/1.1" 404 - "-" "Mozilla/5.0 AppleWebKit/537.36 (KHTML, like Gecko; compatible; ClaudeBot/1.0; +claudebot@anthropic.com)"
111.67.101.196 - - [28/Aug/2026:09:58:31 +0200] "GET /partenaires/roppa/ HTTP/1.1" 404 - "https://www.google.com/" "Mozilla/5.0 (Windows NT 10.0; Win64; x64) AppleWebKit/537.36 (KHTML, like Gecko) Chrome/151.0.0.0 Safari/537.36"
111.67.101.196 - - [28/Aug/2026:09:58:31 +0200] "GET /%F0%9D%90%95%F0%9D%90%AE%F0%9D%90%A5%F0%9D%90%A0%F0%9D%90%9A%F0%9D%90%AB%F0%9D%90%A2%F0%9D%90%AC%F0%9D%90%9A%F0%9D%90%AD%F0%9D%90%A2%F0%9D%90%A8%F0%9D%90%A7-%F0%9D%90%9D%F0%9D%90%9E%F0%9D%90%AC/ HTTP/1.1" 404 - "https://www.google.com/" "Mozilla/5.0 (Windows NT 10.0; Win64; x64) AppleWebKit/537.36 (KHTML, like Gecko) Chrome/151.0.0.0 Safari/537.36"
111.67.101.196 - - [28/Aug/2026:09:58:31 +0200] "GET /%F0%9D%90%8F%F0%9D%90%AB%F0%9D%90%A8%F0%9D%90%92%F0%9D%90%8C%F0%9D%90%80%F0%9D%90%93-%F0%9D%90%91%F0%9D%90%9E%F0%9D%90%A7%F0%9D%90%9F%F0%9D%90%A8%F0%9D%90%AB%F0%9D%90%9C%F0%9D%90%9E%F0%9D%90%A6/ HTTP/1.1" 404 - "https://www.google.com/" "Mozilla/5.0 (Windows NT 10.0; Win64; x64) AppleWebKit/537.36 (KHTML, like Gecko) Chrome/151.0.0.0 Safari/537.36"
111.67.101.196 - - [28/Aug/2026:09:58:32 +0200] "GET /contactez-nous/ HTTP/1.1" 404 - "https://www.google.com/" "Mozilla/5.0 (Windows NT 10.0; Win64; x64) AppleWebKit/537.36 (KHTML, like Gecko) Chrome/151.0.0.0 Safari/537.36"
111.67.101.196 - - [28/Aug/2026:09:58:33 +0200] "GET /%F0%9D%90%84%F0%9D%90%9C%F0%9D%90%A8%F0%9D%90%A5%F0%9D%90%9E-%F0%9D%90%82%F0%9D%90%A8%F0%9D%90%A7%F0%9D%90%AD%F0%9D%90%A2%F0%9D%90%A7%F0%9D%90%9E%F0%9D%90%A7%F0%9D%90%AD%F0%9D%90%9A%F0%9D%90%A5/ HTTP/1.1" 404 - "https://www.google.com/" "Mozilla/5.0 (Windows NT 10.0; Win64; x64) AppleWebKit/537.36 (KHTML, like Gecko) Chrome/151.0.0.0 Safari/537.36"
111.67.101.196 - - [28/Aug/2026:09:58:33 +0200] "GET /partenaires/jve/ HTTP/1.1" 404 - "https://www.google.com/" "Mozilla/5.0 (Windows NT 10.0; Win64; x64) AppleWebKit/537.36 (KHTML, like Gecko) Chrome/151.0.0.0 Safari/537.36"
111.67.101.196 - - [28/Aug/2026:09:58:34 +0200] "GET /region/maritime/ HTTP/1.1" 404 - "https://www.google.com/" "Mozilla/5.0 (Windows NT 10.0; Win64; x64) AppleWebKit/537.36 (KHTML, like Gecko) Chrome/151.0.0.0 Safari/537.36"
111.67.101.196 - - [28/Aug/2026:09:58:34 +0200] "GET /%F0%9D%90%80%F0%9D%90%AD%F0%9D%90%9E%F0%9D%90%A5%F0%9D%90%A2%F0%9D%90%9E%F0%9D%90%AB-%F0%9D%90%9D%F0%9D%90%A2%F0%9D%90%9D%F0%9D%90%9E%F0%9D%90%A7%F0%9D%90%AD%F0%9D%90%A2%F0%9D%90%9F/ HTTP/1.1" 404 - "https://www.google.com/" "Mozilla/5.0 (Windows NT 10.0; Win64; x64) AppleWebKit/537.36 (KHTML, like Gecko) Chrome/151.0.0.0 Safari/537.36"
111.67.101.196 - - [28/Aug/2026:09:58:35 +0200] "GET /team/amelia/ HTTP/1.1" 404 - "https://www.google.com/" "Mozilla/5.0 (Windows NT 10.0; Win64; x64) AppleWebKit/537.36 (KHTML, like Gecko) Chrome/151.0.0.0 Safari/537.36"
111.67.101.196 - - [28/Aug/2026:09:58:35 +0200] "GET /partenaires/lorica/ HTTP/1.1" 404 - "https://www.google.com/" "Mozilla/5.0 (Windows NT 10.0; Win64; x64) AppleWebKit/537.36 (KHTML, like Gecko) Chrome/151.0.0.0 Safari/537.36"
216.73.216.164 - - [28/Aug/2026:09:58:36 +0200] "GET /products/d752b4341105 HTTP/1.1" 404 - "-" "Mozilla/5.0 AppleWebKit/537.36 (KHTML, like Gecko; compatible; ClaudeBot/1.0; +claudebot@anthropic.com)"
216.73.216.164 - - [28/Aug/2026:09:58:41 +0200] "GET /products/d61522399494 HTTP/1.1" 404 - "-" "Mozilla/5.0 AppleWebKit/537.36 (KHTML, like Gecko; compatible; ClaudeBot/1.0; +claudebot@anthropic.com)"
57.141.20.54 - - [28/Aug/2026:09:58:43 +0200] "GET /gallery/financial-advice-5/ HTTP/1.1" 404 - "-" "Mozilla/5.0 (Windows NT 10.0; Win64; x64) AppleWebKit/537.36 (KHTML, like Gecko) Chrome/145.0.0.0 Safari/537.36 (compatible; meta-externalagent/1.1 (+https://developers.facebook.com/docs/sharing/webmasters/crawler))"
216.73.216.164 - - [28/Aug/2026:09:58:46 +0200] "GET /products/12424524036 HTTP/1.1" 404 - "-" "Mozilla/5.0 AppleWebKit/537.36 (KHTML, like Gecko; compatible; ClaudeBot/1.0; +claudebot@anthropic.com)"
216.73.216.164 - - [28/Aug/2026:09:58:51 +0200] "GET /products/ea5052177735 HTTP/1.1" 404 - "-" "Mozilla/5.0 AppleWebKit/537.36 (KHTML, like Gecko; compatible; ClaudeBot/1.0; +claudebot@anthropic.com)"
216.73.216.164 - - [28/Aug/2026:09:58:56 +0200] "GET /products/0da401976033 HTTP/1.1" 404 - "-" "Mozilla/5.0 AppleWebKit/537.36 (KHTML, like Gecko; compatible; ClaudeBot/1.0; +claudebot@anthropic.com)"
216.73.216.164 - - [28/Aug/2026:09:59:01 +0200] "GET /products/0cf211402483 HTTP/1.1" 404 - "-" "Mozilla/5.0 AppleWebKit/537.36 (KHTML, like Gecko; compatible; ClaudeBot/1.0; +claudebot@anthropic.com)"
216.73.216.164 - - [28/Aug/2026:09:59:07 +0200] "GET /products/57630930762 HTTP/1.1" 404 - "-" "Mozilla/5.0 AppleWebKit/537.36 (KHTML, like Gecko; compatible; ClaudeBot/1.0; +claudebot@anthropic.com)"
216.73.216.164 - - [28/Aug/2026:09:59:11 +0200] "GET /products/77e673372511 HTTP/1.1" 404 - "-" "Mozilla/5.0 AppleWebKit/537.36 (KHTML, like Gecko; compatible; ClaudeBot/1.0; +claudebot@anthropic.com)"
216.73.216.164 - - [28/Aug/2026:09:59:16 +0200] "GET /products/94497308272 HTTP/1.1" 404 - "-" "Mozilla/5.0 AppleWebKit/537.36 (KHTML, like Gecko; compatible; ClaudeBot/1.0; +claudebot@anthropic.com)"
216.73.216.164 - - [28/Aug/2026:09:59:21 +0200] "GET /products/911652908600 HTTP/1.1" 404 - "-" "Mozilla/5.0 AppleWebKit/537.36 (KHTML, like Gecko; compatible; ClaudeBot/1.0; +claudebot@anthropic.com)"
57.141.20.9 - - [28/Aug/2026:09:59:22 +0200] "GET /%f0%9d%90%8b%f0%9d%90%9e-%f0%9d%90%9c%f0%9d%90%a8%f0%9d%90%a5%f0%9d%90%a5%f0%9d%90%9e%f0%9d%90%a0%f0%9d%90%9e-%f0%9d%90%9d%f0%9d%90%9e%f0%9d%90%ac-%f0%9d%90%a3%f0%9d%90%9e%f0%9d%90%ae/ HTTP/1.1" 404 - "-" "Mozilla/5.0 (Windows NT 10.0; Win64; x64) AppleWebKit/537.36 (KHTML, like Gecko) Chrome/145.0.0.0 Safari/537.36 (compatible; meta-externalagent/1.1 (+https://developers.facebook.com/docs/sharing/webmasters/crawler))"
216.73.216.164 - - [28/Aug/2026:09:59:26 +0200] "GET /products/787052443323 HTTP/1.1" 404 - "-" "Mozilla/5.0 AppleWebKit/537.36 (KHTML, like Gecko; compatible; ClaudeBot/1.0; +claudebot@anthropic.com)"
216.73.216.164 - - [28/Aug/2026:09:59:31 +0200] "GET /products/874762201412 HTTP/1.1" 404 - "-" "Mozilla/5.0 AppleWebKit/537.36 (KHTML, like Gecko; compatible; ClaudeBot/1.0; +claudebot@anthropic.com)"
216.73.216.164 - - [28/Aug/2026:09:59:36 +0200] "GET /products/7009285767 HTTP/1.1" 404 - "-" "Mozilla/5.0 AppleWebKit/537.36 (KHTML, like Gecko; compatible; ClaudeBot/1.0; +claudebot@anthropic.com)"
216.73.216.164 - - [28/Aug/2026:09:59:41 +0200] "GET /products/b21bc4233728 HTTP/1.1" 404 - "-" "Mozilla/5.0 AppleWebKit/537.36 (KHTML, like Gecko; compatible; ClaudeBot/1.0; +claudebot@anthropic.com)"
216.73.216.164 - - [28/Aug/2026:09:59:46 +0200] "GET /products/d06d32497042 HTTP/1.1" 404 - "-" "Mozilla/5.0 AppleWebKit/537.36 (KHTML, like Gecko; compatible; ClaudeBot/1.0; +claudebot@anthropic.com)"
216.73.216.164 - - [28/Aug/2026:09:59:51 +0200] "GET /products/e2b2c1530914 HTTP/1.1" 404 - "-" "Mozilla/5.0 AppleWebKit/537.36 (KHTML, like Gecko; compatible; ClaudeBot/1.0; +claudebot@anthropic.com)"
216.73.216.164 - - [28/Aug/2026:09:59:56 +0200] "GET /products/531393727445 HTTP/1.1" 404 - "-" "Mozilla/5.0 AppleWebKit/537.36 (KHTML, like Gecko; compatible; ClaudeBot/1.0; +claudebot@anthropic.com)"
216.73.216.164 - - [28/Aug/2026:10:00:01 +0200] "GET /products/1bbf0294618 HTTP/1.1" 404 - "-" "Mozilla/5.0 AppleWebKit/537.36 (KHTML, like Gecko; compatible; ClaudeBot/1.0; +claudebot@anthropic.com)"
216.73.216.164 - - [28/Aug/2026:10:00:07 +0200] "GET /products/de0374424402 HTTP/1.1" 404 - "-" "Mozilla/5.0 AppleWebKit/537.36 (KHTML, like Gecko; compatible; ClaudeBot/1.0; +claudebot@anthropic.com)"
216.73.216.164 - - [28/Aug/2026:10:00:12 +0200] "GET /products/72c2e4256625 HTTP/1.1" 404 - "-" "Mozilla/5.0 AppleWebKit/537.36 (KHTML, like Gecko; compatible; ClaudeBot/1.0; +claudebot@anthropic.com)"
216.73.216.164 - - [28/Aug/2026:10:00:17 +0200] "GET /products/95163487647 HTTP/1.1" 404 - "-" "Mozilla/5.0 AppleWebKit/537.36 (KHTML, like Gecko; compatible; ClaudeBot/1.0; +claudebot@anthropic.com)"
216.73.216.164 - - [28/Aug/2026:10:00:22 +0200] "GET /products/6296221719 HTTP/1.1" 404 - "-" "Mozilla/5.0 AppleWebKit/537.36 (KHTML, like Gecko; compatible; ClaudeBot/1.0; +claudebot@anthropic.com)"
216.73.216.164 - - [28/Aug/2026:10:00:27 +0200] "GET /products/d6f3e4295183 HTTP/1.1" 404 - "-" "Mozilla/5.0 AppleWebKit/537.36 (KHTML, like Gecko; compatible; ClaudeBot/1.0; +claudebot@anthropic.com)"
216.73.216.164 - - [28/Aug/2026:10:00:32 +0200] "GET /products/65a4a219070 HTTP/1.1" 404 - "-" "Mozilla/5.0 AppleWebKit/537.36 (KHTML, like Gecko; compatible; ClaudeBot/1.0; +claudebot@anthropic.com)"
216.73.216.164 - - [28/Aug/2026:10:00:37 +0200] "GET /products/42840266050 HTTP/1.1" 404 - "-" "Mozilla/5.0 AppleWebKit/537.36 (KHTML, like Gecko; compatible; ClaudeBot/1.0; +claudebot@anthropic.com)"
216.73.216.164 - - [28/Aug/2026:10:00:43 +0200] "GET /products/464994045565 HTTP/1.1" 404 - "-" "Mozilla/5.0 AppleWebKit/537.36 (KHTML, like Gecko; compatible; ClaudeBot/1.0; +claudebot@anthropic.com)"
216.73.216.164 - - [28/Aug/2026:10:00:48 +0200] "GET /products/9aaab2284955 HTTP/1.1" 404 - "-" "Mozilla/5.0 AppleWebKit/537.36 (KHTML, like Gecko; compatible; ClaudeBot/1.0; +claudebot@anthropic.com)"
216.73.216.164 - - [28/Aug/2026:10:00:53 +0200] "GET /products/5b8621645848 HTTP/1.1" 404 - "-" "Mozilla/5.0 AppleWebKit/537.36 (KHTML, like Gecko; compatible; ClaudeBot/1.0; +claudebot@anthropic.com)"
216.73.216.164 - - [28/Aug/2026:10:00:58 +0200] "GET /products/28acc2687292 HTTP/1.1" 404 - "-" "Mozilla/5.0 AppleWebKit/537.36 (KHTML, like Gecko; compatible; ClaudeBot/1.0; +claudebot@anthropic.com)"
111.67.101.196 - - [28/Aug/2026:10:00:57 +0200] "POST /sxxb.php?p= HTTP/1.1" 302 - "https://ctoptogo.org/sxxb.php?p=" "Mozilla/5.0 (Windows NT 10.0; Win64; x64) AppleWebKit/537.36 (KHTML, like Gecko) Chrome/151.0.0.0 Safari/537.36"
111.67.101.196 - - [28/Aug/2026:10:00:58 +0200] "GET /sxxb.php?p= HTTP/1.1" 200 96521 "https://ctoptogo.org/sxxb.php?p=" "Mozilla/5.0 (Windows NT 10.0; Win64; x64) AppleWebKit/537.36 (KHTML, like Gecko) Chrome/151.0.0.0 Safari/537.36"
111.67.101.196 - - [28/Aug/2026:10:01:01 +0200] "POST /sxxb.php?p= HTTP/1.1" 302 - "https://ctoptogo.org/sxxb.php?p=" "Mozilla/5.0 (Windows NT 10.0; Win64; x64) AppleWebKit/537.36 (KHTML, like Gecko) Chrome/151.0.0.0 Safari/537.36"
111.67.101.196 - - [28/Aug/2026:10:01:01 +0200] "GET /sxxb.php?p= HTTP/1.1" 200 98337 "https://ctoptogo.org/sxxb.php?p=" "Mozilla/5.0 (Windows NT 10.0; Win64; x64) AppleWebKit/537.36 (KHTML, like Gecko) Chrome/151.0.0.0 Safari/537.36"
216.73.216.164 - - [28/Aug/2026:10:01:03 +0200] "GET /products/24bf61609793 HTTP/1.1" 404 - "-" "Mozilla/5.0 AppleWebKit/537.36 (KHTML, like Gecko; compatible; ClaudeBot/1.0; +claudebot@anthropic.com)"
111.67.101.196 - - [28/Aug/2026:10:01:06 +0200] "POST /sxxb.php?p= HTTP/1.1" 302 - "https://ctoptogo.org/sxxb.php?p=" "Mozilla/5.0 (Windows NT 10.0; Win64; x64) AppleWebKit/537.36 (KHTML, like Gecko) Chrome/151.0.0.0 Safari/537.36"
111.67.101.196 - - [28/Aug/2026:10:01:07 +0200] "GET /sxxb.php?p= HTTP/1.1" 200 100213 "https://ctoptogo.org/sxxb.php?p=" "Mozilla/5.0 (Windows NT 10.0; Win64; x64) AppleWebKit/537.36 (KHTML, like Gecko) Chrome/151.0.0.0 Safari/537.36"
216.73.216.164 - - [28/Aug/2026:10:01:08 +0200] "GET /products/afd783653377 HTTP/1.1" 404 - "-" "Mozilla/5.0 AppleWebKit/537.36 (KHTML, like Gecko; compatible; ClaudeBot/1.0; +claudebot@anthropic.com)"
111.67.101.196 - - [28/Aug/2026:10:01:11 +0200] "POST /sxxb.php?p= HTTP/1.1" 302 - "https://ctoptogo.org/sxxb.php?p=" "Mozilla/5.0 (Windows NT 10.0; Win64; x64) AppleWebKit/537.36 (KHTML, like Gecko) Chrome/151.0.0.0 Safari/537.36"
111.67.101.196 - - [28/Aug/2026:10:01:12 +0200] "GET /sxxb.php?p= HTTP/1.1" 200 102118 "https://ctoptogo.org/sxxb.php?p=" "Mozilla/5.0 (Windows NT 10.0; Win64; x64) AppleWebKit/537.36 (KHTML, like Gecko) Chrome/151.0.0.0 Safari/537.36"
216.73.216.164 - - [28/Aug/2026:10:01:13 +0200] "GET /products/277113990435 HTTP/1.1" 404 - "-" "Mozilla/5.0 AppleWebKit/537.36 (KHTML, like Gecko; compatible; ClaudeBot/1.0; +claudebot@anthropic.com)"
111.67.101.196 - - [28/Aug/2026:10:01:15 +0200] "POST /sxxb.php?p= HTTP/1.1" 302 - "https://ctoptogo.org/sxxb.php?p=" "Mozilla/5.0 (Windows NT 10.0; Win64; x64) AppleWebKit/537.36 (KHTML, like Gecko) Chrome/151.0.0.0 Safari/537.36"
111.67.101.196 - - [28/Aug/2026:10:01:16 +0200] "GET /sxxb.php?p= HTTP/1.1" 200 103942 "https://ctoptogo.org/sxxb.php?p=" "Mozilla/5.0 (Windows NT 10.0; Win64; x64) AppleWebKit/537.36 (KHTML, like Gecko) Chrome/151.0.0.0 Safari/537.36"
216.73.216.164 - - [28/Aug/2026:10:01:18 +0200] "GET /products/8169a3898211 HTTP/1.1" 404 - "-" "Mozilla/5.0 AppleWebKit/537.36 (KHTML, like Gecko; compatible; ClaudeBot/1.0; +claudebot@anthropic.com)"
216.73.216.164 - - [28/Aug/2026:10:01:23 +0200] "GET /products/d37703366997 HTTP/1.1" 404 - "-" "Mozilla/5.0 AppleWebKit/537.36 (KHTML, like Gecko; compatible; ClaudeBot/1.0; +claudebot@anthropic.com)"
216.73.216.164 - - [28/Aug/2026:10:01:28 +0200] "GET /products/607e82261707 HTTP/1.1" 404 - "-" "Mozilla/5.0 AppleWebKit/537.36 (KHTML, like Gecko; compatible; ClaudeBot/1.0; +claudebot@anthropic.com)"
216.73.216.164 - - [28/Aug/2026:10:01:33 +0200] "GET /products/582dd1900576 HTTP/1.1" 404 - "-" "Mozilla/5.0 AppleWebKit/537.36 (KHTML, like Gecko; compatible; ClaudeBot/1.0; +claudebot@anthropic.com)"
216.73.216.164 - - [28/Aug/2026:10:01:38 +0200] "GET /products/01d771723252 HTTP/1.1" 404 - "-" "Mozilla/5.0 AppleWebKit/537.36 (KHTML, like Gecko; compatible; ClaudeBot/1.0; +claudebot@anthropic.com)"
216.73.216.164 - - [28/Aug/2026:10:01:44 +0200] "GET /products/9378e1734256 HTTP/1.1" 404 - "-" "Mozilla/5.0 AppleWebKit/537.36 (KHTML, like Gecko; compatible; ClaudeBot/1.0; +claudebot@anthropic.com)"
216.73.216.164 - - [28/Aug/2026:10:01:48 +0200] "GET /products/58c0a4224200 HTTP/1.1" 404 - "-" "Mozilla/5.0 AppleWebKit/537.36 (KHTML, like Gecko; compatible; ClaudeBot/1.0; +claudebot@anthropic.com)"
216.73.216.164 - - [28/Aug/2026:10:01:54 +0200] "GET /products/60253677322 HTTP/1.1" 404 - "-" "Mozilla/5.0 AppleWebKit/537.36 (KHTML, like Gecko; compatible; ClaudeBot/1.0; +claudebot@anthropic.com)"
216.73.216.164 - - [28/Aug/2026:10:01:59 +0200] "GET /products/60f0b1011715 HTTP/1.1" 404 - "-" "Mozilla/5.0 AppleWebKit/537.36 (KHTML, like Gecko; compatible; ClaudeBot/1.0; +claudebot@anthropic.com)"
216.73.216.164 - - [28/Aug/2026:10:02:04 +0200] "GET /products/b819d3110788 HTTP/1.1" 404 - "-" "Mozilla/5.0 AppleWebKit/537.36 (KHTML, like Gecko; compatible; ClaudeBot/1.0; +claudebot@anthropic.com)"
216.73.216.164 - - [28/Aug/2026:10:02:09 +0200] "GET /products/3c497188935 HTTP/1.1" 404 - "-" "Mozilla/5.0 AppleWebKit/537.36 (KHTML, like Gecko; compatible; ClaudeBot/1.0; +claudebot@anthropic.com)"
216.73.216.164 - - [28/Aug/2026:10:02:14 +0200] "GET /products/391563089001 HTTP/1.1" 404 - "-" "Mozilla/5.0 AppleWebKit/537.36 (KHTML, like Gecko; compatible; ClaudeBot/1.0; +claudebot@anthropic.com)"
216.73.216.164 - - [28/Aug/2026:10:02:19 +0200] "GET /products/023f04249956 HTTP/1.1" 404 - "-" "Mozilla/5.0 AppleWebKit/537.36 (KHTML, like Gecko; compatible; ClaudeBot/1.0; +claudebot@anthropic.com)"
216.73.216.164 - - [28/Aug/2026:10:02:24 +0200] "GET /products/89c04623597 HTTP/1.1" 404 - "-" "Mozilla/5.0 AppleWebKit/537.36 (KHTML, like Gecko; compatible; ClaudeBot/1.0; +claudebot@anthropic.com)"
216.73.216.164 - - [28/Aug/2026:10:02:29 +0200] "GET /products/c49933348440 HTTP/1.1" 404 - "-" "Mozilla/5.0 AppleWebKit/537.36 (KHTML, like Gecko; compatible; ClaudeBot/1.0; +claudebot@anthropic.com)"
216.73.216.164 - - [28/Aug/2026:10:02:35 +0200] "GET /products/ce9b01102067 HTTP/1.1" 404 - "-" "Mozilla/5.0 AppleWebKit/537.36 (KHTML, like Gecko; compatible; ClaudeBot/1.0; +claudebot@anthropic.com)"
216.73.216.164 - - [28/Aug/2026:10:02:39 +0200] "GET /products/515693395639 HTTP/1.1" 404 - "-" "Mozilla/5.0 AppleWebKit/537.36 (KHTML, like Gecko; compatible; ClaudeBot/1.0; +claudebot@anthropic.com)"
216.73.216.164 - - [28/Aug/2026:10:02:44 +0200] "GET /products/209ad3020939 HTTP/1.1" 404 - "-" "Mozilla/5.0 AppleWebKit/537.36 (KHTML, like Gecko; compatible; ClaudeBot/1.0; +claudebot@anthropic.com)"
216.73.216.164 - - [28/Aug/2026:10:02:49 +0200] "GET /products/b13321850445 HTTP/1.1" 404 - "-" "Mozilla/5.0 AppleWebKit/537.36 (KHTML, like Gecko; compatible; ClaudeBot/1.0; +claudebot@anthropic.com)"
216.73.216.164 - - [28/Aug/2026:10:02:54 +0200] "GET /products/5e7c52994639 HTTP/1.1" 404 - "-" "Mozilla/5.0 AppleWebKit/537.36 (KHTML, like Gecko; compatible; ClaudeBot/1.0; +claudebot@anthropic.com)"
216.73.216.164 - - [28/Aug/2026:10:02:59 +0200] "GET /products/aba2b3911231 HTTP/1.1" 404 - "-" "Mozilla/5.0 AppleWebKit/537.36 (KHTML, like Gecko; compatible; ClaudeBot/1.0; +claudebot@anthropic.com)"
216.73.216.164 - - [28/Aug/2026:10:03:04 +0200] "GET /products/159341999361 HTTP/1.1" 404 - "-" "Mozilla/5.0 AppleWebKit/537.36 (KHTML, like Gecko; compatible; ClaudeBot/1.0; +claudebot@anthropic.com)"
216.73.216.164 - - [28/Aug/2026:10:03:10 +0200] "GET /products/05b873868915 HTTP/1.1" 404 - "-" "Mozilla/5.0 AppleWebKit/537.36 (KHTML, like Gecko; compatible; ClaudeBot/1.0; +claudebot@anthropic.com)"
57.141.20.32 - - [28/Aug/2026:10:03:11 +0200] "GET /products/6f06a1032713 HTTP/1.1" 404 - "-" "Mozilla/5.0 (Windows NT 10.0; Win64; x64) AppleWebKit/537.36 (KHTML, like Gecko) Chrome/145.0.0.0 Safari/537.36 (compatible; meta-externalagent/1.1 (+https://developers.facebook.com/docs/sharing/webmasters/crawler))"
216.73.216.164 - - [28/Aug/2026:10:03:15 +0200] "GET /products/591194311586 HTTP/1.1" 404 - "-" "Mozilla/5.0 AppleWebKit/537.36 (KHTML, like Gecko; compatible; ClaudeBot/1.0; +claudebot@anthropic.com)"
216.73.216.164 - - [28/Aug/2026:10:03:20 +0200] "GET /products/0e2023068323 HTTP/1.1" 404 - "-" "Mozilla/5.0 AppleWebKit/537.36 (KHTML, like Gecko; compatible; ClaudeBot/1.0; +claudebot@anthropic.com)"
216.73.216.164 - - [28/Aug/2026:10:03:25 +0200] "GET /products/640202743122 HTTP/1.1" 404 - "-" "Mozilla/5.0 AppleWebKit/537.36 (KHTML, like Gecko; compatible; ClaudeBot/1.0; +claudebot@anthropic.com)"
216.73.216.164 - - [28/Aug/2026:10:03:30 +0200] "GET /products/b051e2131437 HTTP/1.1" 404 - "-" "Mozilla/5.0 AppleWebKit/537.36 (KHTML, like Gecko; compatible; ClaudeBot/1.0; +claudebot@anthropic.com)"
