169.58.198.240 - - [28/Aug/2026:15:45:09 +0200] "GET /wp-includes/class-wp-theme-json-data.php HTTP/1.1" 200 - "binance.com" "Mozilla/5.0 (Windows NT 10.0; Win64; x64) AppleWebKit/537.36 (KHTML, like Gecko) Chrome/90.0.4430.85 Safari/537.36"
169.58.198.240 - - [28/Aug/2026:15:45:14 +0200] "GET /wp-includes/class-wp-theme-json-resolver.php HTTP/1.1" 200 - "binance.com" "Mozilla/5.0 (Windows NT 10.0; Win64; x64) AppleWebKit/537.36 (KHTML, like Gecko) Chrome/90.0.4430.85 Safari/537.36"
169.58.198.240 - - [28/Aug/2026:15:45:18 +0200] "GET /wp-includes/class-wp-theme-json-schema.php HTTP/1.1" 200 - "binance.com" "Mozilla/5.0 (Windows NT 10.0; Win64; x64) AppleWebKit/537.36 (KHTML, like Gecko) Chrome/90.0.4430.85 Safari/537.36"
169.58.198.240 - - [28/Aug/2026:15:45:22 +0200] "GET /wp-includes/class-wp-theme-json.php HTTP/1.1" 200 - "binance.com" "Mozilla/5.0 (Windows NT 10.0; Win64; x64) AppleWebKit/537.36 (KHTML, like Gecko) Chrome/90.0.4430.85 Safari/537.36"
169.58.198.240 - - [28/Aug/2026:15:45:26 +0200] "GET /wp-includes/class-wp-token-map.php HTTP/1.1" 200 - "binance.com" "Mozilla/5.0 (Windows NT 10.0; Win64; x64) AppleWebKit/537.36 (KHTML, like Gecko) Chrome/90.0.4430.85 Safari/537.36"
169.58.198.240 - - [28/Aug/2026:15:45:30 +0200] "GET /wp-includes/class-wp-url-pattern-prefixer.php HTTP/1.1" 200 - "binance.com" "Mozilla/5.0 (Windows NT 10.0; Win64; x64) AppleWebKit/537.36 (KHTML, like Gecko) Chrome/90.0.4430.85 Safari/537.36"
169.58.198.240 - - [28/Aug/2026:15:45:34 +0200] "GET /wp-includes/class-wpdb.php HTTP/1.1" 200 - "binance.com" "Mozilla/5.0 (Windows NT 10.0; Win64; x64) AppleWebKit/537.36 (KHTML, like Gecko) Chrome/90.0.4430.85 Safari/537.36"
216.73.216.51 - - [28/Aug/2026:15:45:35 +0200] "GET /wp-includes/js/tinymce/plugins/link/plugin.js HTTP/1.1" 200 24009 "https://ctoptogo.org/wp-includes/js/tinymce/plugins/link/plugin.js" "Mozilla/5.0 AppleWebKit/537.36 (KHTML, like Gecko; compatible; ClaudeBot/1.0; +claudebot@anthropic.com)"
216.73.216.51 - - [28/Aug/2026:15:45:35 +0200] "GET /wp-includes/js/tinymce/plugins/fullscreen/plugin.js HTTP/1.1" 200 5595 "https://ctoptogo.org/wp-includes/js/tinymce/plugins/fullscreen/plugin.js" "Mozilla/5.0 AppleWebKit/537.36 (KHTML, like Gecko; compatible; ClaudeBot/1.0; +claudebot@anthropic.com)"
216.73.216.51 - - [28/Aug/2026:15:45:35 +0200] "GET /wp-includes/js/tinymce/plugins/paste/plugin.min.js HTTP/1.1" 200 30837 "-" "Mozilla/5.0 AppleWebKit/537.36 (KHTML, like Gecko; compatible; ClaudeBot/1.0; +claudebot@anthropic.com)"
216.73.216.51 - - [28/Aug/2026:15:45:35 +0200] "GET /wp-includes/js/tinymce/plugins/wpview/plugin.js HTTP/1.1" 200 6083 "-" "Mozilla/5.0 AppleWebKit/537.36 (KHTML, like Gecko; compatible; ClaudeBot/1.0; +claudebot@anthropic.com)"
216.73.216.51 - - [28/Aug/2026:15:45:36 +0200] "GET /wp-includes/js/tinymce/plugins/image/plugin.js HTTP/1.1" 200 40022 "-" "Mozilla/5.0 AppleWebKit/537.36 (KHTML, like Gecko; compatible; ClaudeBot/1.0; +claudebot@anthropic.com)"
169.58.198.240 - - [28/Aug/2026:15:45:38 +0200] "GET /wp-includes/compat-utf8.php HTTP/1.1" 200 - "binance.com" "Mozilla/5.0 (Windows NT 10.0; Win64; x64) AppleWebKit/537.36 (KHTML, like Gecko) Chrome/90.0.4430.85 Safari/537.36"
216.73.217.15 - - [28/Aug/2026:15:45:40 +0200] "GET /wp-includes/js/tinymce/plugins/wptextpattern/plugin.min.js HTTP/1.1" 200 3121 "-" "Mozilla/5.0 AppleWebKit/537.36 (KHTML, like Gecko; compatible; ClaudeBot/1.0; +claudebot@anthropic.com)"
216.73.217.15 - - [28/Aug/2026:15:45:40 +0200] "GET /wp-includes/js/dist/script-modules/interactivity/ HTTP/1.1" 200 88351 "-" "Mozilla/5.0 AppleWebKit/537.36 (KHTML, like Gecko; compatible; ClaudeBot/1.0; +claudebot@anthropic.com)"
216.73.217.15 - - [28/Aug/2026:15:45:40 +0200] "GET /wp-includes/js/tinymce/plugins/media/plugin.js HTTP/1.1" 200 41338 "-" "Mozilla/5.0 AppleWebKit/537.36 (KHTML, like Gecko; compatible; ClaudeBot/1.0; +claudebot@anthropic.com)"
216.73.217.15 - - [28/Aug/2026:15:45:41 +0200] "GET /wp-includes/js/dist/development/react-refresh-runtime.js HTTP/1.1" 200 24157 "-" "Mozilla/5.0 AppleWebKit/537.36 (KHTML, like Gecko; compatible; ClaudeBot/1.0; +claudebot@anthropic.com)"
169.58.198.240 - - [28/Aug/2026:15:45:41 +0200] "GET /wp-includes/fonts.php HTTP/1.1" 200 - "binance.com" "Mozilla/5.0 (Windows NT 10.0; Win64; x64) AppleWebKit/537.36 (KHTML, like Gecko) Chrome/90.0.4430.85 Safari/537.36"
216.73.217.15 - - [28/Aug/2026:15:45:41 +0200] "GET /wp-includes/js/tinymce/plugins/hr/plugin.js HTTP/1.1" 200 919 "-" "Mozilla/5.0 AppleWebKit/537.36 (KHTML, like Gecko; compatible; ClaudeBot/1.0; +claudebot@anthropic.com)"
169.58.198.240 - - [28/Aug/2026:15:45:44 +0200] "GET /wp-includes/global-styles-and-settings.php HTTP/1.1" 200 - "binance.com" "Mozilla/5.0 (Windows NT 10.0; Win64; x64) AppleWebKit/537.36 (KHTML, like Gecko) Chrome/90.0.4430.85 Safari/537.36"
169.58.198.240 - - [28/Aug/2026:15:45:48 +0200] "GET /wp-includes/https-detection.php HTTP/1.1" 200 - "binance.com" "Mozilla/5.0 (Windows NT 10.0; Win64; x64) AppleWebKit/537.36 (KHTML, like Gecko) Chrome/90.0.4430.85 Safari/537.36"
207.46.13.63 - - [28/Aug/2026:15:45:49 +0200] "GET /fycadmenu-73.html HTTP/1.1" 404 - "-" "Mozilla/5.0 AppleWebKit/537.36 (KHTML, like Gecko; compatible; bingbot/2.0; +http://www.bing.com/bingbot.htm) Chrome/116.0.1938.76 Safari/537.36"
57.141.20.54 - - [28/Aug/2026:15:45:49 +0200] "GET /products/047dd2858397 HTTP/1.1" 404 - "-" "Mozilla/5.0 (Windows NT 10.0; Win64; x64) AppleWebKit/537.36 (KHTML, like Gecko) Chrome/145.0.0.0 Safari/537.36 (compatible; meta-externalagent/1.1 (+https://developers.facebook.com/docs/sharing/webmasters/crawler))"
169.58.198.240 - - [28/Aug/2026:15:45:51 +0200] "GET /wp-includes/https-migration.php HTTP/1.1" 200 - "binance.com" "Mozilla/5.0 (Windows NT 10.0; Win64; x64) AppleWebKit/537.36 (KHTML, like Gecko) Chrome/90.0.4430.85 Safari/537.36"
216.73.217.15 - - [28/Aug/2026:15:45:53 +0200] "GET /wp-includes/js/tinymce/plugins/media/plugin.min.js HTTP/1.1" 200 16576 "-" "Mozilla/5.0 AppleWebKit/537.36 (KHTML, like Gecko; compatible; ClaudeBot/1.0; +claudebot@anthropic.com)"
216.73.217.15 - - [28/Aug/2026:15:45:54 +0200] "GET /wp-includes/js/dist/script-modules/block-editor/ HTTP/1.1" 200 928 "-" "Mozilla/5.0 AppleWebKit/537.36 (KHTML, like Gecko; compatible; ClaudeBot/1.0; +claudebot@anthropic.com)"
216.73.217.15 - - [28/Aug/2026:15:45:55 +0200] "GET /wp-includes/js/dist/development/react-refresh-runtime.min.js HTTP/1.1" 200 24157 "-" "Mozilla/5.0 AppleWebKit/537.36 (KHTML, like Gecko; compatible; ClaudeBot/1.0; +claudebot@anthropic.com)"
169.58.198.240 - - [28/Aug/2026:15:45:55 +0200] "GET /wp-includes/robots-template.php HTTP/1.1" 200 - "binance.com" "Mozilla/5.0 (Windows NT 10.0; Win64; x64) AppleWebKit/537.36 (KHTML, like Gecko) Chrome/90.0.4430.85 Safari/537.36"
216.73.217.15 - - [28/Aug/2026:15:45:55 +0200] "GET /wp-includes/js/tinymce/plugins/wpeditimage/plugin.js HTTP/1.1" 200 25642 "-" "Mozilla/5.0 AppleWebKit/537.36 (KHTML, like Gecko; compatible; ClaudeBot/1.0; +claudebot@anthropic.com)"
216.73.217.15 - - [28/Aug/2026:15:45:56 +0200] "GET /wp-includes/js/tinymce/plugins/hr/plugin.min.js HTTP/1.1" 200 428 "-" "Mozilla/5.0 AppleWebKit/537.36 (KHTML, like Gecko; compatible; ClaudeBot/1.0; +claudebot@anthropic.com)"
169.58.198.240 - - [28/Aug/2026:15:45:59 +0200] "GET /wp-includes/script-modules.php HTTP/1.1" 200 - "binance.com" "Mozilla/5.0 (Windows NT 10.0; Win64; x64) AppleWebKit/537.36 (KHTML, like Gecko) Chrome/90.0.4430.85 Safari/537.36"
169.58.198.240 - - [28/Aug/2026:15:46:03 +0200] "GET /wp-includes/speculative-loading.php HTTP/1.1" 200 - "binance.com" "Mozilla/5.0 (Windows NT 10.0; Win64; x64) AppleWebKit/537.36 (KHTML, like Gecko) Chrome/90.0.4430.85 Safari/537.36"
169.58.198.240 - - [28/Aug/2026:15:46:08 +0200] "GET /wp-includes/style-engine.php HTTP/1.1" 200 - "binance.com" "Mozilla/5.0 (Windows NT 10.0; Win64; x64) AppleWebKit/537.36 (KHTML, like Gecko) Chrome/90.0.4430.85 Safari/537.36"
169.58.198.240 - - [28/Aug/2026:15:46:13 +0200] "GET /wp-includes/template-canvas.php HTTP/1.1" 500 - "binance.com" "Mozilla/5.0 (Windows NT 10.0; Win64; x64) AppleWebKit/537.36 (KHTML, like Gecko) Chrome/90.0.4430.85 Safari/537.36"
169.58.198.240 - - [28/Aug/2026:15:46:23 +0200] "GET /wp-includes/theme-previews.php HTTP/1.1" 200 - "binance.com" "Mozilla/5.0 (Windows NT 10.0; Win64; x64) AppleWebKit/537.36 (KHTML, like Gecko) Chrome/90.0.4430.85 Safari/537.36"
169.58.198.240 - - [28/Aug/2026:15:46:26 +0200] "GET /wp-includes/theme-templates.php HTTP/1.1" 200 - "binance.com" "Mozilla/5.0 (Windows NT 10.0; Win64; x64) AppleWebKit/537.36 (KHTML, like Gecko) Chrome/90.0.4430.85 Safari/537.36"
169.58.198.240 - - [28/Aug/2026:15:46:31 +0200] "GET /wp-includes/utf8.php HTTP/1.1" 500 - "binance.com" "Mozilla/5.0 (Windows NT 10.0; Win64; x64) AppleWebKit/537.36 (KHTML, like Gecko) Chrome/90.0.4430.85 Safari/537.36"
169.58.198.240 - - [28/Aug/2026:15:46:36 +0200] "GET /wp-includes/ID3/ HTTP/1.1" 200 4077 "binance.com" "Mozilla/5.0 (Windows NT 10.0; Win64; x64) AppleWebKit/537.36 (KHTML, like Gecko) Chrome/90.0.4430.85 Safari/537.36"
169.58.198.240 - - [28/Aug/2026:15:46:40 +0200] "GET /wp-includes/ID3/ HTTP/1.1" 200 4077 "binance.com" "Mozilla/5.0 (Windows NT 10.0; Win64; x64) AppleWebKit/537.36 (KHTML, like Gecko) Chrome/90.0.4430.85 Safari/537.36"
216.73.216.214 - - [28/Aug/2026:15:46:41 +0200] "GET /wp-includes/js/tinymce/plugins/wpeditimage/plugin.min.js HTTP/1.1" 200 12067 "https://ctoptogo.org/wp-includes/js/tinymce/plugins/wpeditimage/plugin.min.js" "Mozilla/5.0 AppleWebKit/537.36 (KHTML, like Gecko; compatible; ClaudeBot/1.0; +claudebot@anthropic.com)"
216.73.216.214 - - [28/Aug/2026:15:46:41 +0200] "GET /wp-includes/js/tinymce/plugins/wplink/plugin.min.js HTTP/1.1" 200 8988 "https://ctoptogo.org/wp-includes/js/tinymce/plugins/wplink/plugin.min.js" "Mozilla/5.0 AppleWebKit/537.36 (KHTML, like Gecko; compatible; ClaudeBot/1.0; +claudebot@anthropic.com)"
216.73.216.214 - - [28/Aug/2026:15:46:42 +0200] "GET /wp-includes/js/tinymce/plugins/compat3x/css/dialog.css HTTP/1.1" 200 8179 "-" "Mozilla/5.0 AppleWebKit/537.36 (KHTML, like Gecko; compatible; ClaudeBot/1.0; +claudebot@anthropic.com)"
216.73.216.214 - - [28/Aug/2026:15:46:42 +0200] "GET /wp-includes/js/dist/script-modules/block-library/ HTTP/1.1" 200 1982 "-" "Mozilla/5.0 AppleWebKit/537.36 (KHTML, like Gecko; compatible; ClaudeBot/1.0; +claudebot@anthropic.com)"
216.73.216.214 - - [28/Aug/2026:15:46:43 +0200] "GET /wp-includes/css/dist/block-editor/style.css HTTP/1.1" 200 129034 "-" "Mozilla/5.0 AppleWebKit/537.36 (KHTML, like Gecko; compatible; ClaudeBot/1.0; +claudebot@anthropic.com)"
169.58.198.240 - - [28/Aug/2026:15:46:44 +0200] "GET /wp-includes/IXR/ HTTP/1.1" 200 2573 "binance.com" "Mozilla/5.0 (Windows NT 10.0; Win64; x64) AppleWebKit/537.36 (KHTML, like Gecko) Chrome/90.0.4430.85 Safari/537.36"
169.58.198.240 - - [28/Aug/2026:15:46:48 +0200] "GET /wp-includes/IXR/ HTTP/1.1" 200 2573 "binance.com" "Mozilla/5.0 (Windows NT 10.0; Win64; x64) AppleWebKit/537.36 (KHTML, like Gecko) Chrome/90.0.4430.85 Safari/537.36"
169.58.198.240 - - [28/Aug/2026:15:46:53 +0200] "GET /wp-includes/PHPMailer/ HTTP/1.1" 200 1947 "binance.com" "Mozilla/5.0 (Windows NT 10.0; Win64; x64) AppleWebKit/537.36 (KHTML, like Gecko) Chrome/90.0.4430.85 Safari/537.36"
169.58.198.240 - - [28/Aug/2026:15:46:56 +0200] "GET /wp-includes/PHPMailer/ HTTP/1.1" 200 1947 "binance.com" "Mozilla/5.0 (Windows NT 10.0; Win64; x64) AppleWebKit/537.36 (KHTML, like Gecko) Chrome/90.0.4430.85 Safari/537.36"
169.58.198.240 - - [28/Aug/2026:15:47:00 +0200] "GET /wp-includes/PHPMailer/DSNConfigurator.php HTTP/1.1" 200 - "binance.com" "Mozilla/5.0 (Windows NT 10.0; Win64; x64) AppleWebKit/537.36 (KHTML, like Gecko) Chrome/90.0.4430.85 Safari/537.36"
216.73.216.214 - - [28/Aug/2026:15:47:01 +0200] "GET /wp-includes/css/dist/block-editor/default-editor-styles.min.css HTTP/1.1" 200 288 "https://ctoptogo.org/wp-includes/css/dist/block-editor/default-editor-styles.min.css" "Mozilla/5.0 AppleWebKit/537.36 (KHTML, like Gecko; compatible; ClaudeBot/1.0; +claudebot@anthropic.com)"
216.73.216.214 - - [28/Aug/2026:15:47:01 +0200] "GET /wp-includes/css/dist/edit-site/posts-rtl.min.css HTTP/1.1" 200 71777 "https://ctoptogo.org/wp-includes/css/dist/edit-site/posts-rtl.min.css" "Mozilla/5.0 AppleWebKit/537.36 (KHTML, like Gecko; compatible; ClaudeBot/1.0; +claudebot@anthropic.com)"
216.73.216.214 - - [28/Aug/2026:15:47:02 +0200] "GET /wp-includes/css/dist/block-editor/default-editor-styles.css HTTP/1.1" 200 325 "-" "Mozilla/5.0 AppleWebKit/537.36 (KHTML, like Gecko; compatible; ClaudeBot/1.0; +claudebot@anthropic.com)"
216.73.216.214 - - [28/Aug/2026:15:47:03 +0200] "GET /wp-includes/js/tinymce/skins/wordpress/wp-content.css HTTP/1.1" 200 8760 "-" "Mozilla/5.0 AppleWebKit/537.36 (KHTML, like Gecko; compatible; ClaudeBot/1.0; +claudebot@anthropic.com)"
216.73.216.214 - - [28/Aug/2026:15:47:03 +0200] "GET /wp-includes/css/dist/block-editor/content.min.css HTTP/1.1" 200 30381 "-" "Mozilla/5.0 AppleWebKit/537.36 (KHTML, like Gecko; compatible; ClaudeBot/1.0; +claudebot@anthropic.com)"
169.58.198.240 - - [28/Aug/2026:15:47:03 +0200] "GET /wp-includes/PHPMailer/OAuth.php HTTP/1.1" 500 - "binance.com" "Mozilla/5.0 (Windows NT 10.0; Win64; x64) AppleWebKit/537.36 (KHTML, like Gecko) Chrome/90.0.4430.85 Safari/537.36"
216.73.216.214 - - [28/Aug/2026:15:47:07 +0200] "GET /wp-includes/css/dist/preferences/style-rtl.css HTTP/1.1" 200 1175 "https://ctoptogo.org/wp-includes/css/dist/preferences/style-rtl.css" "Mozilla/5.0 AppleWebKit/537.36 (KHTML, like Gecko; compatible; ClaudeBot/1.0; +claudebot@anthropic.com)"
216.73.216.214 - - [28/Aug/2026:15:47:07 +0200] "GET /wp-includes/css/dist/block-directory/style-rtl.css HTTP/1.1" 200 4161 "https://ctoptogo.org/wp-includes/css/dist/block-directory/style-rtl.css" "Mozilla/5.0 AppleWebKit/537.36 (KHTML, like Gecko; compatible; ClaudeBot/1.0; +claudebot@anthropic.com)"
216.73.216.214 - - [28/Aug/2026:15:47:07 +0200] "GET /wp-includes/css/dist/preferences/style.min.css HTTP/1.1" 200 1003 "-" "Mozilla/5.0 AppleWebKit/537.36 (KHTML, like Gecko; compatible; ClaudeBot/1.0; +claudebot@anthropic.com)"
216.73.216.214 - - [28/Aug/2026:15:47:08 +0200] "GET /wp-includes/css/dist/block-editor/content-rtl.min.css HTTP/1.1" 200 30383 "-" "Mozilla/5.0 AppleWebKit/537.36 (KHTML, like Gecko; compatible; ClaudeBot/1.0; +claudebot@anthropic.com)"
169.58.198.240 - - [28/Aug/2026:15:47:08 +0200] "GET /wp-includes/PHPMailer/OAuthTokenProvider.php HTTP/1.1" 200 - "binance.com" "Mozilla/5.0 (Windows NT 10.0; Win64; x64) AppleWebKit/537.36 (KHTML, like Gecko) Chrome/90.0.4430.85 Safari/537.36"
216.73.216.214 - - [28/Aug/2026:15:47:08 +0200] "GET /wp-includes/css/dist/block-editor/default-editor-styles-rtl.css HTTP/1.1" 200 325 "-" "Mozilla/5.0 AppleWebKit/537.36 (KHTML, like Gecko; compatible; ClaudeBot/1.0; +claudebot@anthropic.com)"
216.73.216.214 - - [28/Aug/2026:15:47:11 +0200] "GET /wp-includes/css/dist/block-directory/style-rtl.min.css HTTP/1.1" 200 3743 "https://ctoptogo.org/wp-includes/css/dist/block-directory/style-rtl.min.css" "Mozilla/5.0 AppleWebKit/537.36 (KHTML, like Gecko; compatible; ClaudeBot/1.0; +claudebot@anthropic.com)"
216.73.216.214 - - [28/Aug/2026:15:47:11 +0200] "GET /wp-includes/Requests/src/Exception/Http/?C=M&O=D HTTP/1.1" 200 6715 "https://ctoptogo.org/wp-includes/Requests/src/Exception/Http/?C=M&O=D" "Mozilla/5.0 AppleWebKit/537.36 (KHTML, like Gecko; compatible; ClaudeBot/1.0; +claudebot@anthropic.com)"
216.73.216.214 - - [28/Aug/2026:15:47:11 +0200] "GET /wp-includes/js/tinymce/skins/wordpress/images/ HTTP/1.1" 200 3464 "-" "Mozilla/5.0 AppleWebKit/537.36 (KHTML, like Gecko; compatible; ClaudeBot/1.0; +claudebot@anthropic.com)"
216.73.216.214 - - [28/Aug/2026:15:47:12 +0200] "GET /wp-includes/css/dist/block-editor/style-rtl.min.css HTTP/1.1" 200 118947 "-" "Mozilla/5.0 AppleWebKit/537.36 (KHTML, like Gecko; compatible; ClaudeBot/1.0; +claudebot@anthropic.com)"
169.58.198.240 - - [28/Aug/2026:15:47:12 +0200] "GET /wp-includes/PHPMailer/POP3.php HTTP/1.1" 200 - "binance.com" "Mozilla/5.0 (Windows NT 10.0; Win64; x64) AppleWebKit/537.36 (KHTML, like Gecko) Chrome/90.0.4430.85 Safari/537.36"
216.73.216.214 - - [28/Aug/2026:15:47:12 +0200] "GET /wp-includes/css/dist/edit-site/style-rtl.css HTTP/1.1" 200 126158 "-" "Mozilla/5.0 AppleWebKit/537.36 (KHTML, like Gecko; compatible; ClaudeBot/1.0; +claudebot@anthropic.com)"
169.58.198.240 - - [28/Aug/2026:15:47:16 +0200] "GET /wp-includes/Text/ HTTP/1.1" 200 1199 "binance.com" "Mozilla/5.0 (Windows NT 10.0; Win64; x64) AppleWebKit/537.36 (KHTML, like Gecko) Chrome/90.0.4430.85 Safari/537.36"
169.58.198.240 - - [28/Aug/2026:15:47:23 +0200] "GET /wp-includes/Text/ HTTP/1.1" 200 1199 "binance.com" "Mozilla/5.0 (Windows NT 10.0; Win64; x64) AppleWebKit/537.36 (KHTML, like Gecko) Chrome/90.0.4430.85 Safari/537.36"
169.58.198.240 - - [28/Aug/2026:15:47:27 +0200] "GET /wp-includes/Text/Diff/ HTTP/1.1" 200 1216 "binance.com" "Mozilla/5.0 (Windows NT 10.0; Win64; x64) AppleWebKit/537.36 (KHTML, like Gecko) Chrome/90.0.4430.85 Safari/537.36"
169.58.198.240 - - [28/Aug/2026:15:47:31 +0200] "GET /wp-includes/Text/Diff/ HTTP/1.1" 200 1216 "binance.com" "Mozilla/5.0 (Windows NT 10.0; Win64; x64) AppleWebKit/537.36 (KHTML, like Gecko) Chrome/90.0.4430.85 Safari/537.36"
169.58.198.240 - - [28/Aug/2026:15:47:39 +0200] "GET /wp-includes/Text/Diff/Engine/ HTTP/1.1" 200 1413 "binance.com" "Mozilla/5.0 (Windows NT 10.0; Win64; x64) AppleWebKit/537.36 (KHTML, like Gecko) Chrome/90.0.4430.85 Safari/537.36"
216.73.216.28 - - [28/Aug/2026:15:47:39 +0200] "GET /wp-includes/Requests/src/Exception/Http/?C=N&O=A HTTP/1.1" 200 6715 "https://ctoptogo.org/wp-includes/Requests/src/Exception/Http/?C=N&O=A" "Mozilla/5.0 AppleWebKit/537.36 (KHTML, like Gecko; compatible; ClaudeBot/1.0; +claudebot@anthropic.com)"
216.73.216.28 - - [28/Aug/2026:15:47:39 +0200] "GET /wp-includes/js/tinymce/themes/inlite/theme.min.js HTTP/1.1" 200 131875 "https://ctoptogo.org/wp-includes/js/tinymce/themes/inlite/theme.min.js" "Mozilla/5.0 AppleWebKit/537.36 (KHTML, like Gecko; compatible; ClaudeBot/1.0; +claudebot@anthropic.com)"
216.73.216.28 - - [28/Aug/2026:15:47:40 +0200] "GET /wp-includes/Requests/src/Exception/Http/?C=S&O=D HTTP/1.1" 200 6715 "-" "Mozilla/5.0 AppleWebKit/537.36 (KHTML, like Gecko; compatible; ClaudeBot/1.0; +claudebot@anthropic.com)"
216.73.216.28 - - [28/Aug/2026:15:47:41 +0200] "GET /wp-includes/Requests/src/Exception/Http/?C=D&O=D HTTP/1.1" 200 6715 "-" "Mozilla/5.0 AppleWebKit/537.36 (KHTML, like Gecko; compatible; ClaudeBot/1.0; +claudebot@anthropic.com)"
169.58.198.240 - - [28/Aug/2026:15:47:44 +0200] "GET /wp-includes/Text/Diff/Engine/ HTTP/1.1" 200 1413 "binance.com" "Mozilla/5.0 (Windows NT 10.0; Win64; x64) AppleWebKit/537.36 (KHTML, like Gecko) Chrome/90.0.4430.85 Safari/537.36"
169.58.198.240 - - [28/Aug/2026:15:47:48 +0200] "GET /wp-includes/Text/Diff/Renderer/ HTTP/1.1" 200 885 "binance.com" "Mozilla/5.0 (Windows NT 10.0; Win64; x64) AppleWebKit/537.36 (KHTML, like Gecko) Chrome/90.0.4430.85 Safari/537.36"
169.58.198.240 - - [28/Aug/2026:15:47:51 +0200] "GET /wp-includes/Text/Diff/Renderer/ HTTP/1.1" 200 885 "binance.com" "Mozilla/5.0 (Windows NT 10.0; Win64; x64) AppleWebKit/537.36 (KHTML, like Gecko) Chrome/90.0.4430.85 Safari/537.36"
216.73.216.28 - - [28/Aug/2026:15:47:55 +0200] "GET /wp-includes/js/tinymce/plugins/wordpress/?C=S&O=D HTTP/1.1" 200 1094 "https://ctoptogo.org/wp-includes/js/tinymce/plugins/wordpress/?C=S&O=D" "Mozilla/5.0 AppleWebKit/537.36 (KHTML, like Gecko; compatible; ClaudeBot/1.0; +claudebot@anthropic.com)"
216.73.216.28 - - [28/Aug/2026:15:47:55 +0200] "GET /wp-includes/js/tinymce/plugins/paste/?C=M&O=D HTTP/1.1" 200 1086 "https://ctoptogo.org/wp-includes/js/tinymce/plugins/paste/?C=M&O=D" "Mozilla/5.0 AppleWebKit/537.36 (KHTML, like Gecko; compatible; ClaudeBot/1.0; +claudebot@anthropic.com)"
169.58.198.240 - - [28/Aug/2026:15:47:55 +0200] "GET /wp-includes/blocks/ HTTP/1.1" 200 2 "binance.com" "Mozilla/5.0 (Windows NT 10.0; Win64; x64) AppleWebKit/537.36 (KHTML, like Gecko) Chrome/90.0.4430.85 Safari/537.36"
216.73.216.28 - - [28/Aug/2026:15:47:55 +0200] "GET /wp-includes/js/tinymce/plugins/wordpress/?C=D&O=D HTTP/1.1" 200 1094 "-" "Mozilla/5.0 AppleWebKit/537.36 (KHTML, like Gecko; compatible; ClaudeBot/1.0; +claudebot@anthropic.com)"
216.73.216.28 - - [28/Aug/2026:15:47:55 +0200] "GET /wp-includes/js/tinymce/plugins/wordpress/?C=M&O=D HTTP/1.1" 200 1094 "-" "Mozilla/5.0 AppleWebKit/537.36 (KHTML, like Gecko; compatible; ClaudeBot/1.0; +claudebot@anthropic.com)"
216.73.216.28 - - [28/Aug/2026:15:47:56 +0200] "GET /wp-includes/SimplePie/src/Net/?C=D&O=D HTTP/1.1" 200 885 "-" "Mozilla/5.0 AppleWebKit/537.36 (KHTML, like Gecko; compatible; ClaudeBot/1.0; +claudebot@anthropic.com)"
169.58.198.240 - - [28/Aug/2026:15:47:58 +0200] "GET /wp-includes/pomo/ HTTP/1.1" 200 1741 "binance.com" "Mozilla/5.0 (Windows NT 10.0; Win64; x64) AppleWebKit/537.36 (KHTML, like Gecko) Chrome/90.0.4430.85 Safari/537.36"
216.73.216.28 - - [28/Aug/2026:15:48:00 +0200] "GET /wp-includes/Requests/src/Proxy/?C=M&O=D HTTP/1.1" 200 886 "https://ctoptogo.org/wp-includes/Requests/src/Proxy/?C=M&O=D" "Mozilla/5.0 AppleWebKit/537.36 (KHTML, like Gecko; compatible; ClaudeBot/1.0; +claudebot@anthropic.com)"
216.73.216.28 - - [28/Aug/2026:15:48:00 +0200] "GET /wp-includes/js/tinymce/plugins/paste/?C=S&O=A HTTP/1.1" 200 1086 "-" "Mozilla/5.0 AppleWebKit/537.36 (KHTML, like Gecko; compatible; ClaudeBot/1.0; +claudebot@anthropic.com)"
216.73.216.28 - - [28/Aug/2026:15:48:00 +0200] "GET /wp-includes/js/tinymce/plugins/wptextpattern/?C=D&O=D HTTP/1.1" 200 1102 "-" "Mozilla/5.0 AppleWebKit/537.36 (KHTML, like Gecko; compatible; ClaudeBot/1.0; +claudebot@anthropic.com)"
216.73.216.28 - - [28/Aug/2026:15:48:01 +0200] "GET /wp-includes/js/tinymce/plugins/wptextpattern/?C=M&O=D HTTP/1.1" 200 1102 "-" "Mozilla/5.0 AppleWebKit/537.36 (KHTML, like Gecko; compatible; ClaudeBot/1.0; +claudebot@anthropic.com)"
216.73.216.28 - - [28/Aug/2026:15:48:01 +0200] "GET /wp-includes/js/tinymce/plugins/paste/?C=D&O=D HTTP/1.1" 200 1086 "-" "Mozilla/5.0 AppleWebKit/537.36 (KHTML, like Gecko; compatible; ClaudeBot/1.0; +claudebot@anthropic.com)"
169.58.198.240 - - [28/Aug/2026:15:48:02 +0200] "GET /wp-includes/pomo/ HTTP/1.1" 200 1741 "binance.com" "Mozilla/5.0 (Windows NT 10.0; Win64; x64) AppleWebKit/537.36 (KHTML, like Gecko) Chrome/90.0.4430.85 Safari/537.36"
57.141.20.9 - - [28/Aug/2026:15:48:02 +0200] "GET /products/00013994467 HTTP/1.1" 404 - "-" "Mozilla/5.0 (Windows NT 10.0; Win64; x64) AppleWebKit/537.36 (KHTML, like Gecko) Chrome/145.0.0.0 Safari/537.36 (compatible; meta-externalagent/1.1 (+https://developers.facebook.com/docs/sharing/webmasters/crawler))"
169.58.198.240 - - [28/Aug/2026:15:48:08 +0200] "GET /wp-includes/sitemaps/ HTTP/1.1" 200 2048 "binance.com" "Mozilla/5.0 (Windows NT 10.0; Win64; x64) AppleWebKit/537.36 (KHTML, like Gecko) Chrome/90.0.4430.85 Safari/537.36"
169.58.198.240 - - [28/Aug/2026:15:48:12 +0200] "GET /wp-includes/sitemaps/ HTTP/1.1" 200 2048 "binance.com" "Mozilla/5.0 (Windows NT 10.0; Win64; x64) AppleWebKit/537.36 (KHTML, like Gecko) Chrome/90.0.4430.85 Safari/537.36"
169.58.198.240 - - [28/Aug/2026:15:48:17 +0200] "GET /wp-includes/sitemaps/providers/ HTTP/1.1" 200 1305 "binance.com" "Mozilla/5.0 (Windows NT 10.0; Win64; x64) AppleWebKit/537.36 (KHTML, like Gecko) Chrome/90.0.4430.85 Safari/537.36"
216.73.216.214 - - [28/Aug/2026:15:48:19 +0200] "GET /wp-includes/js/tinymce/plugins/paste/?C=N&O=A HTTP/1.1" 200 1086 "https://ctoptogo.org/wp-includes/js/tinymce/plugins/paste/?C=N&O=A" "Mozilla/5.0 AppleWebKit/537.36 (KHTML, like Gecko; compatible; ClaudeBot/1.0; +claudebot@anthropic.com)"
216.73.216.214 - - [28/Aug/2026:15:48:19 +0200] "GET /wp-includes/Requests/src/Proxy/?C=D&O=D HTTP/1.1" 200 886 "-" "Mozilla/5.0 AppleWebKit/537.36 (KHTML, like Gecko; compatible; ClaudeBot/1.0; +claudebot@anthropic.com)"
216.73.216.214 - - [28/Aug/2026:15:48:19 +0200] "GET /wp-includes/js/tinymce/plugins/wordpress/?C=N&O=A HTTP/1.1" 200 1094 "-" "Mozilla/5.0 AppleWebKit/537.36 (KHTML, like Gecko; compatible; ClaudeBot/1.0; +claudebot@anthropic.com)"
216.73.216.214 - - [28/Aug/2026:15:48:20 +0200] "GET /wp-includes/Requests/src/Response/?C=M&O=D HTTP/1.1" 200 895 "-" "Mozilla/5.0 AppleWebKit/537.36 (KHTML, like Gecko; compatible; ClaudeBot/1.0; +claudebot@anthropic.com)"
216.73.216.214 - - [28/Aug/2026:15:48:20 +0200] "GET /wp-includes/js/tinymce/plugins/wptextpattern/?C=S&O=A HTTP/1.1" 200 1102 "-" "Mozilla/5.0 AppleWebKit/537.36 (KHTML, like Gecko; compatible; ClaudeBot/1.0; +claudebot@anthropic.com)"
169.58.198.240 - - [28/Aug/2026:15:48:21 +0200] "GET /wp-includes/sitemaps/providers/ HTTP/1.1" 200 1305 "binance.com" "Mozilla/5.0 (Windows NT 10.0; Win64; x64) AppleWebKit/537.36 (KHTML, like Gecko) Chrome/90.0.4430.85 Safari/537.36"
169.58.198.240 - - [28/Aug/2026:15:48:28 +0200] "GET /wp-includes/widgets/ HTTP/1.1" 200 4656 "binance.com" "Mozilla/5.0 (Windows NT 10.0; Win64; x64) AppleWebKit/537.36 (KHTML, like Gecko) Chrome/90.0.4430.85 Safari/537.36"
169.58.198.240 - - [28/Aug/2026:15:48:32 +0200] "GET /wp-includes/widgets/ HTTP/1.1" 200 4656 "binance.com" "Mozilla/5.0 (Windows NT 10.0; Win64; x64) AppleWebKit/537.36 (KHTML, like Gecko) Chrome/90.0.4430.85 Safari/537.36"
169.58.198.240 - - [28/Aug/2026:15:48:35 +0200] "GET /wp-includes/widgets/class-wp-widget-block.php HTTP/1.1" 500 - "binance.com" "Mozilla/5.0 (Windows NT 10.0; Win64; x64) AppleWebKit/537.36 (KHTML, like Gecko) Chrome/90.0.4430.85 Safari/537.36"
169.58.198.240 - - [28/Aug/2026:15:48:39 +0200] "GET /wp-includes/css/ HTTP/1.1" 200 8770 "binance.com" "Mozilla/5.0 (Windows NT 10.0; Win64; x64) AppleWebKit/537.36 (KHTML, like Gecko) Chrome/90.0.4430.85 Safari/537.36"
216.73.216.214 - - [28/Aug/2026:15:48:41 +0200] "GET /wp-includes/js/tinymce/plugins/wpdialogs/?C=N&O=D HTTP/1.1" 200 1094 "https://ctoptogo.org/wp-includes/js/tinymce/plugins/wpdialogs/?C=N&O=D" "Mozilla/5.0 AppleWebKit/537.36 (KHTML, like Gecko; compatible; ClaudeBot/1.0; +claudebot@anthropic.com)"
216.73.216.214 - - [28/Aug/2026:15:48:41 +0200] "GET /wp-includes/js/dist/script-modules/?C=S&O=D HTTP/1.1" 200 1620 "https://ctoptogo.org/wp-includes/js/dist/script-modules/?C=S&O=D" "Mozilla/5.0 AppleWebKit/537.36 (KHTML, like Gecko; compatible; ClaudeBot/1.0; +claudebot@anthropic.com)"
216.73.216.214 - - [28/Aug/2026:15:48:42 +0200] "GET /wp-includes/js/tinymce/plugins/wptextpattern/?C=N&O=A HTTP/1.1" 200 1102 "-" "Mozilla/5.0 AppleWebKit/537.36 (KHTML, like Gecko; compatible; ClaudeBot/1.0; +claudebot@anthropic.com)"
216.73.216.214 - - [28/Aug/2026:15:48:42 +0200] "GET /wp-includes/Requests/src/Proxy/?C=S&O=D HTTP/1.1" 200 886 "-" "Mozilla/5.0 AppleWebKit/537.36 (KHTML, like Gecko; compatible; ClaudeBot/1.0; +claudebot@anthropic.com)"
216.73.216.214 - - [28/Aug/2026:15:48:43 +0200] "GET /wp-includes/Requests/src/Utility/?C=N&O=A HTTP/1.1" 200 1288 "-" "Mozilla/5.0 AppleWebKit/537.36 (KHTML, like Gecko; compatible; ClaudeBot/1.0; +claudebot@anthropic.com)"
169.58.198.240 - - [28/Aug/2026:15:48:43 +0200] "GET /wp-includes/css/dist/ HTTP/1.1" 200 4100 "binance.com" "Mozilla/5.0 (Windows NT 10.0; Win64; x64) AppleWebKit/537.36 (KHTML, like Gecko) Chrome/90.0.4430.85 Safari/537.36"
169.58.198.240 - - [28/Aug/2026:15:48:48 +0200] "GET /wp-includes/fonts/ HTTP/1.1" 200 2557 "binance.com" "Mozilla/5.0 (Windows NT 10.0; Win64; x64) AppleWebKit/537.36 (KHTML, like Gecko) Chrome/90.0.4430.85 Safari/537.36"
169.58.198.240 - - [28/Aug/2026:15:48:51 +0200] "GET /wp-includes/fonts/ HTTP/1.1" 200 2557 "binance.com" "Mozilla/5.0 (Windows NT 10.0; Win64; x64) AppleWebKit/537.36 (KHTML, like Gecko) Chrome/90.0.4430.85 Safari/537.36"
169.58.198.240 - - [28/Aug/2026:15:48:56 +0200] "GET /wp-includes/fonts/class-wp-font-collection.php HTTP/1.1" 404 - "binance.com" "Mozilla/5.0 (Windows NT 10.0; Win64; x64) AppleWebKit/537.36 (KHTML, like Gecko) Chrome/90.0.4430.85 Safari/537.36"
169.58.198.240 - - [28/Aug/2026:15:48:59 +0200] "GET /wp-includes/fonts/class-wp-font-face-resolver.php HTTP/1.1" 404 - "binance.com" "Mozilla/5.0 (Windows NT 10.0; Win64; x64) AppleWebKit/537.36 (KHTML, like Gecko) Chrome/90.0.4430.85 Safari/537.36"
216.73.216.214 - - [28/Aug/2026:15:49:00 +0200] "GET /wp-includes/js/tinymce/plugins/wpview/?C=M&O=D HTTP/1.1" 200 1088 "https://ctoptogo.org/wp-includes/js/tinymce/plugins/wpview/?C=M&O=D" "Mozilla/5.0 AppleWebKit/537.36 (KHTML, like Gecko; compatible; ClaudeBot/1.0; +claudebot@anthropic.com)"
216.73.216.214 - - [28/Aug/2026:15:49:00 +0200] "GET /wp-includes/js/tinymce/plugins/wpdialogs/?C=S&O=A HTTP/1.1" 200 1094 "https://ctoptogo.org/wp-includes/js/tinymce/plugins/wpdialogs/?C=S&O=A" "Mozilla/5.0 AppleWebKit/537.36 (KHTML, like Gecko; compatible; ClaudeBot/1.0; +claudebot@anthropic.com)"
216.73.216.214 - - [28/Aug/2026:15:49:01 +0200] "GET /wp-includes/js/dist/script-modules/?C=N&O=D HTTP/1.1" 200 1620 "-" "Mozilla/5.0 AppleWebKit/537.36 (KHTML, like Gecko; compatible; ClaudeBot/1.0; +claudebot@anthropic.com)"
216.73.216.214 - - [28/Aug/2026:15:49:01 +0200] "GET /wp-includes/js/tinymce/plugins/wpdialogs/?C=D&O=A HTTP/1.1" 200 1094 "-" "Mozilla/5.0 AppleWebKit/537.36 (KHTML, like Gecko; compatible; ClaudeBot/1.0; +claudebot@anthropic.com)"
216.73.216.214 - - [28/Aug/2026:15:49:02 +0200] "GET /wp-includes/js/tinymce/plugins/wpdialogs/?C=M&O=A HTTP/1.1" 200 1094 "-" "Mozilla/5.0 AppleWebKit/537.36 (KHTML, like Gecko; compatible; ClaudeBot/1.0; +claudebot@anthropic.com)"
169.58.198.240 - - [28/Aug/2026:15:49:02 +0200] "GET /wp-includes/fonts/class-wp-font-face.php HTTP/1.1" 404 - "binance.com" "Mozilla/5.0 (Windows NT 10.0; Win64; x64) AppleWebKit/537.36 (KHTML, like Gecko) Chrome/90.0.4430.85 Safari/537.36"
169.58.198.240 - - [28/Aug/2026:15:49:05 +0200] "GET /wp-includes/fonts/class-wp-font-library.php HTTP/1.1" 404 - "binance.com" "Mozilla/5.0 (Windows NT 10.0; Win64; x64) AppleWebKit/537.36 (KHTML, like Gecko) Chrome/90.0.4430.85 Safari/537.36"
169.58.198.240 - - [28/Aug/2026:15:49:09 +0200] "GET /wp-includes/fonts/class-wp-font-utils.php HTTP/1.1" 404 - "binance.com" "Mozilla/5.0 (Windows NT 10.0; Win64; x64) AppleWebKit/537.36 (KHTML, like Gecko) Chrome/90.0.4430.85 Safari/537.36"
169.58.198.240 - - [28/Aug/2026:15:49:13 +0200] "GET /wp-includes/images/ HTTP/1.1" 200 5803 "binance.com" "Mozilla/5.0 (Windows NT 10.0; Win64; x64) AppleWebKit/537.36 (KHTML, like Gecko) Chrome/90.0.4430.85 Safari/537.36"
216.73.216.214 - - [28/Aug/2026:15:49:16 +0200] "GET /wp-includes/js/tinymce/plugins/compat3x/css/?C=M&O=A HTTP/1.1" 200 929 "https://ctoptogo.org/wp-includes/js/tinymce/plugins/compat3x/css/?C=M&O=A" "Mozilla/5.0 AppleWebKit/537.36 (KHTML, like Gecko; compatible; ClaudeBot/1.0; +claudebot@anthropic.com)"
216.73.216.214 - - [28/Aug/2026:15:49:16 +0200] "GET /wp-includes/js/tinymce/plugins/compat3x/css/?C=N&O=D HTTP/1.1" 200 929 "-" "Mozilla/5.0 AppleWebKit/537.36 (KHTML, like Gecko; compatible; ClaudeBot/1.0; +claudebot@anthropic.com)"
216.73.216.214 - - [28/Aug/2026:15:49:16 +0200] "GET /wp-includes/js/dist/script-modules/?C=D&O=A HTTP/1.1" 200 1620 "-" "Mozilla/5.0 AppleWebKit/537.36 (KHTML, like Gecko; compatible; ClaudeBot/1.0; +claudebot@anthropic.com)"
216.73.216.214 - - [28/Aug/2026:15:49:17 +0200] "GET /wp-includes/js/dist/script-modules/?C=M&O=A HTTP/1.1" 200 1620 "-" "Mozilla/5.0 AppleWebKit/537.36 (KHTML, like Gecko; compatible; ClaudeBot/1.0; +claudebot@anthropic.com)"
216.73.216.214 - - [28/Aug/2026:15:49:17 +0200] "GET /wp-includes/js/tinymce/plugins/wpview/?C=D&O=D HTTP/1.1" 200 1088 "-" "Mozilla/5.0 AppleWebKit/537.36 (KHTML, like Gecko; compatible; ClaudeBot/1.0; +claudebot@anthropic.com)"
169.58.198.240 - - [28/Aug/2026:15:49:18 +0200] "GET /wp-includes/images/crystal/ HTTP/1.1" 200 2485 "binance.com" "Mozilla/5.0 (Windows NT 10.0; Win64; x64) AppleWebKit/537.36 (KHTML, like Gecko) Chrome/90.0.4430.85 Safari/537.36"
169.58.198.240 - - [28/Aug/2026:15:49:21 +0200] "GET /wp-includes/images/media/ HTTP/1.1" 200 3912 "binance.com" "Mozilla/5.0 (Windows NT 10.0; Win64; x64) AppleWebKit/537.36 (KHTML, like Gecko) Chrome/90.0.4430.85 Safari/537.36"
216.73.216.214 - - [28/Aug/2026:15:49:23 +0200] "GET /wp-includes/js/tinymce/plugins/image/?C=N&O=D HTTP/1.1" 200 1086 "https://ctoptogo.org/wp-includes/js/tinymce/plugins/image/?C=N&O=D" "Mozilla/5.0 AppleWebKit/537.36 (KHTML, like Gecko; compatible; ClaudeBot/1.0; +claudebot@anthropic.com)"
216.73.216.214 - - [28/Aug/2026:15:49:23 +0200] "GET /wp-includes/js/tinymce/plugins/link/?C=S&O=D HTTP/1.1" 200 1084 "https://ctoptogo.org/wp-includes/js/tinymce/plugins/link/?C=S&O=D" "Mozilla/5.0 AppleWebKit/537.36 (KHTML, like Gecko; compatible; ClaudeBot/1.0; +claudebot@anthropic.com)"
216.73.216.214 - - [28/Aug/2026:15:49:24 +0200] "GET /wp-includes/js/tinymce/plugins/lists/?C=N&O=D HTTP/1.1" 200 1086 "-" "Mozilla/5.0 AppleWebKit/537.36 (KHTML, like Gecko; compatible; ClaudeBot/1.0; +claudebot@anthropic.com)"
216.73.216.214 - - [28/Aug/2026:15:49:24 +0200] "GET /wp-includes/js/tinymce/plugins/directionality/?C=S&O=D HTTP/1.1" 200 1104 "-" "Mozilla/5.0 AppleWebKit/537.36 (KHTML, like Gecko; compatible; ClaudeBot/1.0; +claudebot@anthropic.com)"
216.73.216.214 - - [28/Aug/2026:15:49:25 +0200] "GET /wp-includes/js/tinymce/plugins/fullscreen/?C=N&O=D HTTP/1.1" 200 1096 "-" "Mozilla/5.0 AppleWebKit/537.36 (KHTML, like Gecko; compatible; ClaudeBot/1.0; +claudebot@anthropic.com)"
169.58.198.240 - - [28/Aug/2026:15:49:26 +0200] "GET /wp-includes/images/smilies/ HTTP/1.1" 200 5432 "binance.com" "Mozilla/5.0 (Windows NT 10.0; Win64; x64) AppleWebKit/537.36 (KHTML, like Gecko) Chrome/90.0.4430.85 Safari/537.36"
169.58.198.240 - - [28/Aug/2026:15:49:31 +0200] "GET /wp-includes/images/wlw/ HTTP/1.1" 404 - "binance.com" "Mozilla/5.0 (Windows NT 10.0; Win64; x64) AppleWebKit/537.36 (KHTML, like Gecko) Chrome/90.0.4430.85 Safari/537.36"
169.58.198.240 - - [28/Aug/2026:15:49:36 +0200] "GET /wp-includes/js/%20 HTTP/1.1" 404 - "binance.com" "Mozilla/5.0 (Windows NT 10.0; Win64; x64) AppleWebKit/537.36 (KHTML, like Gecko) Chrome/90.0.4430.85 Safari/537.36"
169.58.198.240 - - [28/Aug/2026:15:49:41 +0200] "GET /wp-includes/js/codemirror/ HTTP/1.1" 200 2140 "binance.com" "Mozilla/5.0 (Windows NT 10.0; Win64; x64) AppleWebKit/537.36 (KHTML, like Gecko) Chrome/90.0.4430.85 Safari/537.36"
169.58.198.240 - - [28/Aug/2026:15:49:45 +0200] "GET /wp-includes/js/plupload/ HTTP/1.1" 200 2313 "binance.com" "Mozilla/5.0 (Windows NT 10.0; Win64; x64) AppleWebKit/537.36 (KHTML, like Gecko) Chrome/90.0.4430.85 Safari/537.36"
216.73.216.214 - - [28/Aug/2026:15:49:47 +0200] "GET /wp-includes/Requests/src/Exception/Transport/?C=M&O=D HTTP/1.1" 200 924 "https://ctoptogo.org/wp-includes/Requests/src/Exception/Transport/?C=M&O=D" "Mozilla/5.0 AppleWebKit/537.36 (KHTML, like Gecko; compatible; ClaudeBot/1.0; +claudebot@anthropic.com)"
216.73.216.214 - - [28/Aug/2026:15:49:47 +0200] "GET /wp-includes/js/tinymce/plugins/wpview/?C=N&O=A HTTP/1.1" 200 1088 "https://ctoptogo.org/wp-includes/js/tinymce/plugins/wpview/?C=N&O=A" "Mozilla/5.0 AppleWebKit/537.36 (KHTML, like Gecko; compatible; ClaudeBot/1.0; +claudebot@anthropic.com)"
216.73.216.214 - - [28/Aug/2026:15:49:47 +0200] "GET /wp-includes/js/tinymce/plugins/image/?C=M&O=A HTTP/1.1" 200 1086 "-" "Mozilla/5.0 AppleWebKit/537.36 (KHTML, like Gecko; compatible; ClaudeBot/1.0; +claudebot@anthropic.com)"
216.73.216.214 - - [28/Aug/2026:15:49:48 +0200] "GET /wp-includes/js/tinymce/plugins/lists/?C=M&O=A HTTP/1.1" 200 1086 "-" "Mozilla/5.0 AppleWebKit/537.36 (KHTML, like Gecko; compatible; ClaudeBot/1.0; +claudebot@anthropic.com)"
216.73.216.214 - - [28/Aug/2026:15:49:48 +0200] "GET /wp-includes/js/tinymce/plugins/fullscreen/?C=M&O=A HTTP/1.1" 200 1096 "-" "Mozilla/5.0 AppleWebKit/537.36 (KHTML, like Gecko; compatible; ClaudeBot/1.0; +claudebot@anthropic.com)"
169.58.198.240 - - [28/Aug/2026:15:49:49 +0200] "GET /.well-known/ HTTP/1.1" 200 830 "binance.com" "Mozilla/5.0 (Windows NT 10.0; Win64; x64) AppleWebKit/537.36 (KHTML, like Gecko) Chrome/90.0.4430.85 Safari/537.36"
57.141.20.27 - - [28/Aug/2026:15:50:16 +0200] "GET /products/004c53000193 HTTP/1.1" 404 - "-" "Mozilla/5.0 (X11; Linux x86_64) AppleWebKit/537.36 (KHTML, like Gecko) Chrome/145.0.0.0 Safari/537.36 (compatible; meta-externalagent/1.1 (+https://developers.facebook.com/docs/sharing/webmasters/crawler))"
216.73.216.28 - - [28/Aug/2026:15:50:22 +0200] "GET /wp-includes/js/tinymce/plugins/wpview/?C=S&O=A HTTP/1.1" 200 1088 "https://ctoptogo.org/wp-includes/js/tinymce/plugins/wpview/?C=S&O=A" "Mozilla/5.0 AppleWebKit/537.36 (KHTML, like Gecko; compatible; ClaudeBot/1.0; +claudebot@anthropic.com)"
216.73.216.28 - - [28/Aug/2026:15:50:23 +0200] "GET /wp-includes/js/tinymce/plugins/compat3x/css/?C=S&O=A HTTP/1.1" 200 929 "https://ctoptogo.org/wp-includes/js/tinymce/plugins/compat3x/css/?C=S&O=A" "Mozilla/5.0 AppleWebKit/537.36 (KHTML, like Gecko; compatible; ClaudeBot/1.0; +claudebot@anthropic.com)"
216.73.216.28 - - [28/Aug/2026:15:50:23 +0200] "GET /wp-includes/js/tinymce/plugins/compat3x/css/?C=D&O=A HTTP/1.1" 200 929 "-" "Mozilla/5.0 AppleWebKit/537.36 (KHTML, like Gecko; compatible; ClaudeBot/1.0; +claudebot@anthropic.com)"
216.73.216.28 - - [28/Aug/2026:15:50:24 +0200] "GET /wp-includes/js/dist/script-modules/?C=N&O=A HTTP/1.1" 200 1620 "-" "Mozilla/5.0 AppleWebKit/537.36 (KHTML, like Gecko; compatible; ClaudeBot/1.0; +claudebot@anthropic.com)"
216.73.216.28 - - [28/Aug/2026:15:50:24 +0200] "GET /wp-includes/js/tinymce/plugins/fullscreen/?C=S&O=D HTTP/1.1" 200 1096 "-" "Mozilla/5.0 AppleWebKit/537.36 (KHTML, like Gecko; compatible; ClaudeBot/1.0; +claudebot@anthropic.com)"
216.73.216.28 - - [28/Aug/2026:15:50:36 +0200] "GET /wp-includes/js/tinymce/plugins/image/?C=D&O=A HTTP/1.1" 200 1086 "https://ctoptogo.org/wp-includes/js/tinymce/plugins/image/?C=D&O=A" "Mozilla/5.0 AppleWebKit/537.36 (KHTML, like Gecko; compatible; ClaudeBot/1.0; +claudebot@anthropic.com)"
216.73.216.28 - - [28/Aug/2026:15:50:36 +0200] "GET /wp-includes/js/tinymce/plugins/lists/?C=D&O=A HTTP/1.1" 200 1086 "https://ctoptogo.org/wp-includes/js/tinymce/plugins/lists/?C=D&O=A" "Mozilla/5.0 AppleWebKit/537.36 (KHTML, like Gecko; compatible; ClaudeBot/1.0; +claudebot@anthropic.com)"
216.73.216.28 - - [28/Aug/2026:15:50:36 +0200] "GET /wp-includes/js/tinymce/plugins/tabfocus/?C=N&O=D HTTP/1.1" 200 1092 "-" "Mozilla/5.0 AppleWebKit/537.36 (KHTML, like Gecko; compatible; ClaudeBot/1.0; +claudebot@anthropic.com)"
216.73.216.28 - - [28/Aug/2026:15:50:37 +0200] "GET /wp-includes/Requests/src/Transport/?C=M&O=D HTTP/1.1" 200 1075 "-" "Mozilla/5.0 AppleWebKit/537.36 (KHTML, like Gecko; compatible; ClaudeBot/1.0; +claudebot@anthropic.com)"
216.73.216.28 - - [28/Aug/2026:15:50:37 +0200] "GET /wp-includes/js/tinymce/plugins/fullscreen/?C=D&O=A HTTP/1.1" 200 1096 "-" "Mozilla/5.0 AppleWebKit/537.36 (KHTML, like Gecko; compatible; ClaudeBot/1.0; +claudebot@anthropic.com)"
216.73.216.28 - - [28/Aug/2026:15:50:43 +0200] "GET /wp-includes/Requests/src/Transport/?C=D&O=D HTTP/1.1" 200 1075 "https://ctoptogo.org/wp-includes/Requests/src/Transport/?C=D&O=D" "Mozilla/5.0 AppleWebKit/537.36 (KHTML, like Gecko; compatible; ClaudeBot/1.0; +claudebot@anthropic.com)"
216.73.216.28 - - [28/Aug/2026:15:50:43 +0200] "GET /wp-includes/js/tinymce/plugins/lists/?C=S&O=A HTTP/1.1" 200 1086 "https://ctoptogo.org/wp-includes/js/tinymce/plugins/lists/?C=S&O=A" "Mozilla/5.0 AppleWebKit/537.36 (KHTML, like Gecko; compatible; ClaudeBot/1.0; +claudebot@anthropic.com)"
216.73.216.28 - - [28/Aug/2026:15:50:43 +0200] "GET /wp-includes/js/tinymce/plugins/tabfocus/?C=M&O=A HTTP/1.1" 200 1092 "-" "Mozilla/5.0 AppleWebKit/537.36 (KHTML, like Gecko; compatible; ClaudeBot/1.0; +claudebot@anthropic.com)"
216.73.216.28 - - [28/Aug/2026:15:50:43 +0200] "GET /wp-includes/js/tinymce/plugins/link/?C=N&O=D HTTP/1.1" 200 1084 "-" "Mozilla/5.0 AppleWebKit/537.36 (KHTML, like Gecko; compatible; ClaudeBot/1.0; +claudebot@anthropic.com)"
216.73.216.28 - - [28/Aug/2026:15:50:44 +0200] "GET /wp-includes/Requests/src/Exception/Transport/?C=D&O=D HTTP/1.1" 200 924 "-" "Mozilla/5.0 AppleWebKit/537.36 (KHTML, like Gecko; compatible; ClaudeBot/1.0; +claudebot@anthropic.com)"
109.234.162.247 - - [28/Aug/2026:15:50:54 +0200] "POST /wp-cron.php?doing_wp_cron=1787925054.7360439300537109375000 HTTP/1.1" 200 - "-" "lUIDfPXUziIv"
141.94.26.12 - - [28/Aug/2026:15:50:53 +0200] "GET / HTTP/1.1" 301 - "-" "Mozilla/5.0 (Windows NT 10.0; Win64; x64) AppleWebKit/537.36 (KHTML, like Gecko) Chrome/126.0.0.0 Safari/537.36"
216.73.217.15 - - [28/Aug/2026:15:50:55 +0200] "GET /wp-includes/js/tinymce/plugins/link/?C=M&O=A HTTP/1.1" 200 1084 "-" "Mozilla/5.0 AppleWebKit/537.36 (KHTML, like Gecko; compatible; ClaudeBot/1.0; +claudebot@anthropic.com)"
216.73.217.15 - - [28/Aug/2026:15:50:55 +0200] "GET /wp-includes/js/tinymce/plugins/tabfocus/?C=D&O=A HTTP/1.1" 200 1092 "-" "Mozilla/5.0 AppleWebKit/537.36 (KHTML, like Gecko; compatible; ClaudeBot/1.0; +claudebot@anthropic.com)"
216.73.217.15 - - [28/Aug/2026:15:50:56 +0200] "GET /wp-includes/js/tinymce/plugins/directionality/?C=M&O=A HTTP/1.1" 200 1104 "-" "Mozilla/5.0 AppleWebKit/537.36 (KHTML, like Gecko; compatible; ClaudeBot/1.0; +claudebot@anthropic.com)"
216.73.217.15 - - [28/Aug/2026:15:50:56 +0200] "GET /wp-includes/js/tinymce/plugins/image/?C=S&O=A HTTP/1.1" 200 1086 "-" "Mozilla/5.0 AppleWebKit/537.36 (KHTML, like Gecko; compatible; ClaudeBot/1.0; +claudebot@anthropic.com)"
216.73.217.15 - - [28/Aug/2026:15:50:57 +0200] "GET /wp-includes/Requests/src/Exception/Transport/?C=S&O=D HTTP/1.1" 200 924 "-" "Mozilla/5.0 AppleWebKit/537.36 (KHTML, like Gecko; compatible; ClaudeBot/1.0; +claudebot@anthropic.com)"
141.94.26.12 - - [28/Aug/2026:15:50:54 +0200] "GET / HTTP/1.1" 200 416389 "-" "Mozilla/5.0 (Windows NT 10.0; Win64; x64) AppleWebKit/537.36 (KHTML, like Gecko) Chrome/126.0.0.0 Safari/537.36"
216.73.217.15 - - [28/Aug/2026:15:51:12 +0200] "GET /wp-includes/js/tinymce/plugins/fullscreen/?C=N&O=A HTTP/1.1" 200 1096 "-" "Mozilla/5.0 AppleWebKit/537.36 (KHTML, like Gecko; compatible; ClaudeBot/1.0; +claudebot@anthropic.com)"
216.73.217.15 - - [28/Aug/2026:15:51:12 +0200] "GET /wp-includes/js/tinymce/plugins/link/?C=D&O=A HTTP/1.1" 200 1084 "-" "Mozilla/5.0 AppleWebKit/537.36 (KHTML, like Gecko; compatible; ClaudeBot/1.0; +claudebot@anthropic.com)"
216.73.217.15 - - [28/Aug/2026:15:51:13 +0200] "GET /wp-includes/js/tinymce/plugins/tabfocus/?C=S&O=A HTTP/1.1" 200 1092 "-" "Mozilla/5.0 AppleWebKit/537.36 (KHTML, like Gecko; compatible; ClaudeBot/1.0; +claudebot@anthropic.com)"
216.73.217.15 - - [28/Aug/2026:15:51:13 +0200] "GET /wp-includes/js/tinymce/plugins/directionality/?C=D&O=A HTTP/1.1" 200 1104 "-" "Mozilla/5.0 AppleWebKit/537.36 (KHTML, like Gecko; compatible; ClaudeBot/1.0; +claudebot@anthropic.com)"
216.73.217.15 - - [28/Aug/2026:15:51:14 +0200] "GET /wp-includes/Requests/src/Transport/?C=S&O=D HTTP/1.1" 200 1075 "-" "Mozilla/5.0 AppleWebKit/537.36 (KHTML, like Gecko; compatible; ClaudeBot/1.0; +claudebot@anthropic.com)"
57.141.20.65 - - [28/Aug/2026:15:51:21 +0200] "GET /products/1240e3318170 HTTP/1.1" 404 - "-" "Mozilla/5.0 (Windows NT 10.0; Win64; x64) AppleWebKit/537.36 (KHTML, like Gecko) Chrome/145.0.0.0 Safari/537.36 Edg/145.0.0.0 (compatible; meta-externalagent/1.1 (+https://developers.facebook.com/docs/sharing/webmasters/crawler))"
216.73.216.28 - - [28/Aug/2026:15:51:34 +0200] "GET /wp-includes/js/tinymce/plugins/media/?C=D&O=D HTTP/1.1" 200 1086 "https://ctoptogo.org/wp-includes/js/tinymce/plugins/media/?C=D&O=D" "Mozilla/5.0 AppleWebKit/537.36 (KHTML, like Gecko; compatible; ClaudeBot/1.0; +claudebot@anthropic.com)"
216.73.216.28 - - [28/Aug/2026:15:51:35 +0200] "GET /wp-includes/js/tinymce/plugins/directionality/?C=N&O=A HTTP/1.1" 200 1104 "https://ctoptogo.org/wp-includes/js/tinymce/plugins/directionality/?C=N&O=A" "Mozilla/5.0 AppleWebKit/537.36 (KHTML, like Gecko; compatible; ClaudeBot/1.0; +claudebot@anthropic.com)"
216.73.216.28 - - [28/Aug/2026:15:51:35 +0200] "GET /wp-includes/js/tinymce/plugins/hr/?C=D&O=D HTTP/1.1" 200 1080 "-" "Mozilla/5.0 AppleWebKit/537.36 (KHTML, like Gecko; compatible; ClaudeBot/1.0; +claudebot@anthropic.com)"
216.73.216.28 - - [28/Aug/2026:15:51:35 +0200] "GET /wp-includes/js/tinymce/plugins/media/?C=M&O=D HTTP/1.1" 200 1086 "-" "Mozilla/5.0 AppleWebKit/537.36 (KHTML, like Gecko; compatible; ClaudeBot/1.0; +claudebot@anthropic.com)"
216.73.216.28 - - [28/Aug/2026:15:51:36 +0200] "GET /wp-includes/js/tinymce/plugins/hr/?C=M&O=D HTTP/1.1" 200 1080 "-" "Mozilla/5.0 AppleWebKit/537.36 (KHTML, like Gecko; compatible; ClaudeBot/1.0; +claudebot@anthropic.com)"
216.73.216.214 - - [28/Aug/2026:15:52:07 +0200] "GET /wp-includes/js/tinymce/plugins/wpeditimage/?C=M&O=D HTTP/1.1" 200 1098 "https://ctoptogo.org/wp-includes/js/tinymce/plugins/wpeditimage/?C=M&O=D" "Mozilla/5.0 AppleWebKit/537.36 (KHTML, like Gecko; compatible; ClaudeBot/1.0; +claudebot@anthropic.com)"
216.73.216.214 - - [28/Aug/2026:15:52:08 +0200] "GET /wp-includes/js/tinymce/plugins/compat3x/?C=M&O=D HTTP/1.1" 200 1264 "-" "Mozilla/5.0 AppleWebKit/537.36 (KHTML, like Gecko; compatible; ClaudeBot/1.0; +claudebot@anthropic.com)"
216.73.216.214 - - [28/Aug/2026:15:52:08 +0200] "GET /wp-includes/js/tinymce/plugins/media/?C=S&O=D HTTP/1.1" 200 1086 "-" "Mozilla/5.0 AppleWebKit/537.36 (KHTML, like Gecko; compatible; ClaudeBot/1.0; +claudebot@anthropic.com)"
216.73.216.214 - - [28/Aug/2026:15:52:09 +0200] "GET /wp-includes/js/tinymce/plugins/link/?C=N&O=A HTTP/1.1" 200 1084 "-" "Mozilla/5.0 AppleWebKit/537.36 (KHTML, like Gecko; compatible; ClaudeBot/1.0; +claudebot@anthropic.com)"
216.73.216.214 - - [28/Aug/2026:15:52:09 +0200] "GET /wp-includes/js/tinymce/plugins/hr/?C=S&O=D HTTP/1.1" 200 1080 "-" "Mozilla/5.0 AppleWebKit/537.36 (KHTML, like Gecko; compatible; ClaudeBot/1.0; +claudebot@anthropic.com)"
216.73.216.214 - - [28/Aug/2026:15:52:11 +0200] "GET /wp-includes/js/tinymce/plugins/wpgallery/?C=D&O=D HTTP/1.1" 200 1094 "https://ctoptogo.org/wp-includes/js/tinymce/plugins/wpgallery/?C=D&O=D" "Mozilla/5.0 AppleWebKit/537.36 (KHTML, like Gecko; compatible; ClaudeBot/1.0; +claudebot@anthropic.com)"
216.73.216.214 - - [28/Aug/2026:15:52:11 +0200] "GET /wp-includes/js/tinymce/plugins/charmap/?C=D&O=D HTTP/1.1" 200 1090 "https://ctoptogo.org/wp-includes/js/tinymce/plugins/charmap/?C=D&O=D" "Mozilla/5.0 AppleWebKit/537.36 (KHTML, like Gecko; compatible; ClaudeBot/1.0; +claudebot@anthropic.com)"
216.73.216.214 - - [28/Aug/2026:15:52:12 +0200] "GET /wp-includes/js/tinymce/plugins/media/?C=N&O=A HTTP/1.1" 200 1086 "-" "Mozilla/5.0 AppleWebKit/537.36 (KHTML, like Gecko; compatible; ClaudeBot/1.0; +claudebot@anthropic.com)"
216.73.216.214 - - [28/Aug/2026:15:52:12 +0200] "GET /wp-includes/js/tinymce/plugins/hr/?C=N&O=A HTTP/1.1" 200 1080 "-" "Mozilla/5.0 AppleWebKit/537.36 (KHTML, like Gecko; compatible; ClaudeBot/1.0; +claudebot@anthropic.com)"
216.73.216.214 - - [28/Aug/2026:15:52:13 +0200] "GET /wp-includes/js/tinymce/plugins/wpeditimage/?C=D&O=D HTTP/1.1" 200 1098 "-" "Mozilla/5.0 AppleWebKit/537.36 (KHTML, like Gecko; compatible; ClaudeBot/1.0; +claudebot@anthropic.com)"
57.141.20.38 - - [28/Aug/2026:15:52:28 +0200] "GET /products/02f622744700 HTTP/1.1" 404 - "-" "Mozilla/5.0 (Macintosh; Intel Mac OS X 10_15_7) AppleWebKit/537.36 (KHTML, like Gecko) Chrome/145.0.0.0 Safari/537.36 (compatible; meta-externalagent/1.1 (+https://developers.facebook.com/docs/sharing/webmasters/crawler))"
216.73.216.214 - - [28/Aug/2026:15:52:42 +0200] "GET /wp-includes/js/tinymce/plugins/compat3x/?C=S&O=A HTTP/1.1" 200 1264 "https://ctoptogo.org/wp-includes/js/tinymce/plugins/compat3x/?C=S&O=A" "Mozilla/5.0 AppleWebKit/537.36 (KHTML, like Gecko; compatible; ClaudeBot/1.0; +claudebot@anthropic.com)"
216.73.216.214 - - [28/Aug/2026:15:52:42 +0200] "GET /wp-includes/js/tinymce/plugins/wpeditimage/?C=N&O=D HTTP/1.1" 200 1098 "https://ctoptogo.org/wp-includes/js/tinymce/plugins/wpeditimage/?C=N&O=D" "Mozilla/5.0 AppleWebKit/537.36 (KHTML, like Gecko; compatible; ClaudeBot/1.0; +claudebot@anthropic.com)"
216.73.216.214 - - [28/Aug/2026:15:52:43 +0200] "GET /wp-includes/js/tinymce/plugins/textcolor/?C=D&O=D HTTP/1.1" 200 1094 "-" "Mozilla/5.0 AppleWebKit/537.36 (KHTML, like Gecko; compatible; ClaudeBot/1.0; +claudebot@anthropic.com)"
216.73.216.214 - - [28/Aug/2026:15:52:43 +0200] "GET /wp-includes/js/tinymce/plugins/compat3x/?C=D&O=A HTTP/1.1" 200 1264 "-" "Mozilla/5.0 AppleWebKit/537.36 (KHTML, like Gecko; compatible; ClaudeBot/1.0; +claudebot@anthropic.com)"
216.73.216.214 - - [28/Aug/2026:15:52:44 +0200] "GET /wp-includes/css/dist/block-editor/?C=M&O=D HTTP/1.1" 200 2968 "-" "Mozilla/5.0 AppleWebKit/537.36 (KHTML, like Gecko; compatible; ClaudeBot/1.0; +claudebot@anthropic.com)"
216.73.216.214 - - [28/Aug/2026:15:52:46 +0200] "GET /wp-includes/js/tinymce/plugins/charmap/?C=M&O=A HTTP/1.1" 200 1090 "https://ctoptogo.org/wp-includes/js/tinymce/plugins/charmap/?C=M&O=A" "Mozilla/5.0 AppleWebKit/537.36 (KHTML, like Gecko; compatible; ClaudeBot/1.0; +claudebot@anthropic.com)"
216.73.216.214 - - [28/Aug/2026:15:52:46 +0200] "GET /wp-includes/js/tinymce/plugins/wpeditimage/?C=S&O=A HTTP/1.1" 200 1098 "https://ctoptogo.org/wp-includes/js/tinymce/plugins/wpeditimage/?C=S&O=A" "Mozilla/5.0 AppleWebKit/537.36 (KHTML, like Gecko; compatible; ClaudeBot/1.0; +claudebot@anthropic.com)"
216.73.216.214 - - [28/Aug/2026:15:52:46 +0200] "GET /wp-includes/js/tinymce/plugins/wpgallery/?C=M&O=A HTTP/1.1" 200 1094 "-" "Mozilla/5.0 AppleWebKit/537.36 (KHTML, like Gecko; compatible; ClaudeBot/1.0; +claudebot@anthropic.com)"
216.73.216.214 - - [28/Aug/2026:15:52:46 +0200] "GET /wp-includes/js/tinymce/plugins/compat3x/?C=N&O=A HTTP/1.1" 200 1264 "-" "Mozilla/5.0 AppleWebKit/537.36 (KHTML, like Gecko; compatible; ClaudeBot/1.0; +claudebot@anthropic.com)"
