216.73.216.164 - - [28/Aug/2026:14:04:38 +0200] "GET /wp-includes/css/dist/nux/style.css HTTP/1.1" 200 2563 "-" "Mozilla/5.0 AppleWebKit/537.36 (KHTML, like Gecko; compatible; ClaudeBot/1.0; +claudebot@anthropic.com)"
66.249.74.162 - - [28/Aug/2026:14:04:41 +0200] "GET /products/iphone-17-pro-mg004x-a HTTP/1.1" 404 - "-" "Mozilla/5.0 (Linux; Android 6.0.1; Nexus 5X Build/MMB29P) AppleWebKit/537.36 (KHTML, like Gecko) Chrome/151.0.7922.173 Mobile Safari/537.36 (compatible; GoogleOther)"
216.73.216.164 - - [28/Aug/2026:14:04:43 +0200] "GET /wp-includes/css/dist/edit-widgets/style.min.css HTTP/1.1" 200 23374 "-" "Mozilla/5.0 AppleWebKit/537.36 (KHTML, like Gecko; compatible; ClaudeBot/1.0; +claudebot@anthropic.com)"
216.73.216.164 - - [28/Aug/2026:14:04:51 +0200] "GET /wp-includes/js/dist/core-data.min.js HTTP/1.1" 200 70383 "-" "Mozilla/5.0 AppleWebKit/537.36 (KHTML, like Gecko; compatible; ClaudeBot/1.0; +claudebot@anthropic.com)"
216.73.216.164 - - [28/Aug/2026:14:04:54 +0200] "GET /wp-includes/js/dist/block-editor.min.js HTTP/1.1" 200 892243 "-" "Mozilla/5.0 AppleWebKit/537.36 (KHTML, like Gecko; compatible; ClaudeBot/1.0; +claudebot@anthropic.com)"
216.73.216.164 - - [28/Aug/2026:14:04:58 +0200] "GET /wp-includes/js/dist/element.min.js HTTP/1.1" 200 12112 "-" "Mozilla/5.0 AppleWebKit/537.36 (KHTML, like Gecko; compatible; ClaudeBot/1.0; +claudebot@anthropic.com)"
216.73.216.164 - - [28/Aug/2026:14:05:08 +0200] "GET /wp-includes/js/dist/block-serialization-default-parser.min.js HTTP/1.1" 200 2400 "-" "Mozilla/5.0 AppleWebKit/537.36 (KHTML, like Gecko; compatible; ClaudeBot/1.0; +claudebot@anthropic.com)"
216.73.216.164 - - [28/Aug/2026:14:05:12 +0200] "GET /wp-includes/css/dist/format-library/style-rtl.css HTTP/1.1" 200 846 "-" "Mozilla/5.0 AppleWebKit/537.36 (KHTML, like Gecko; compatible; ClaudeBot/1.0; +claudebot@anthropic.com)"
216.73.216.164 - - [28/Aug/2026:14:05:18 +0200] "GET /wp-includes/js/media-views.js HTTP/1.1" 200 273400 "-" "Mozilla/5.0 AppleWebKit/537.36 (KHTML, like Gecko; compatible; ClaudeBot/1.0; +claudebot@anthropic.com)"
216.73.216.164 - - [28/Aug/2026:14:05:21 +0200] "GET /wp-includes/js/dist/base-styles.js HTTP/1.1" 200 266 "-" "Mozilla/5.0 AppleWebKit/537.36 (KHTML, like Gecko; compatible; ClaudeBot/1.0; +claudebot@anthropic.com)"
216.73.216.164 - - [28/Aug/2026:14:05:26 +0200] "GET /wp-includes/css/dist/edit-widgets/style-rtl.css HTTP/1.1" 200 25831 "-" "Mozilla/5.0 AppleWebKit/537.36 (KHTML, like Gecko; compatible; ClaudeBot/1.0; +claudebot@anthropic.com)"
216.73.216.164 - - [28/Aug/2026:14:05:31 +0200] "GET /wp-includes/js/plupload/plupload.js HTTP/1.1" 200 60314 "-" "Mozilla/5.0 AppleWebKit/537.36 (KHTML, like Gecko; compatible; ClaudeBot/1.0; +claudebot@anthropic.com)"
216.73.216.164 - - [28/Aug/2026:14:05:35 +0200] "GET /wp-includes/js/wp-custom-header.min.js HTTP/1.1" 200 4442 "-" "Mozilla/5.0 AppleWebKit/537.36 (KHTML, like Gecko; compatible; ClaudeBot/1.0; +claudebot@anthropic.com)"
216.73.216.164 - - [28/Aug/2026:14:05:39 +0200] "GET /wp-includes/js/dist/blob.js HTTP/1.1" 200 3161 "-" "Mozilla/5.0 AppleWebKit/537.36 (KHTML, like Gecko; compatible; ClaudeBot/1.0; +claudebot@anthropic.com)"
216.73.216.164 - - [28/Aug/2026:14:05:45 +0200] "GET /wp-includes/js/dist/edit-post.min.js HTTP/1.1" 200 43713 "-" "Mozilla/5.0 AppleWebKit/537.36 (KHTML, like Gecko; compatible; ClaudeBot/1.0; +claudebot@anthropic.com)"
66.249.74.162 - - [28/Aug/2026:14:05:47 +0200] "GET /pages/istudio-faq HTTP/1.1" 404 - "-" "Mozilla/5.0 (Linux; Android 6.0.1; Nexus 5X Build/MMB29P) AppleWebKit/537.36 (KHTML, like Gecko) Chrome/151.0.7922.173 Mobile Safari/537.36 (compatible; GoogleOther)"
216.73.216.164 - - [28/Aug/2026:14:05:48 +0200] "GET /wp-includes/js/dist/block-library.js HTTP/1.1" 200 2298145 "-" "Mozilla/5.0 AppleWebKit/537.36 (KHTML, like Gecko; compatible; ClaudeBot/1.0; +claudebot@anthropic.com)"
216.73.216.164 - - [28/Aug/2026:14:05:53 +0200] "GET /wp-includes/js/wpdialog.min.js HTTP/1.1" 200 281 "-" "Mozilla/5.0 AppleWebKit/537.36 (KHTML, like Gecko; compatible; ClaudeBot/1.0; +claudebot@anthropic.com)"
216.73.216.164 - - [28/Aug/2026:14:06:02 +0200] "GET /wp-includes/js/dist/widgets.min.js HTTP/1.1" 200 19966 "-" "Mozilla/5.0 AppleWebKit/537.36 (KHTML, like Gecko; compatible; ClaudeBot/1.0; +claudebot@anthropic.com)"
216.73.216.164 - - [28/Aug/2026:14:06:07 +0200] "GET /wp-includes/js/dist/wordcount.js HTTP/1.1" 200 13572 "-" "Mozilla/5.0 AppleWebKit/537.36 (KHTML, like Gecko; compatible; ClaudeBot/1.0; +claudebot@anthropic.com)"
216.73.216.164 - - [28/Aug/2026:14:06:13 +0200] "GET /wp-includes/js/dist/token-list.js HTTP/1.1" 200 6002 "-" "Mozilla/5.0 AppleWebKit/537.36 (KHTML, like Gecko; compatible; ClaudeBot/1.0; +claudebot@anthropic.com)"
216.73.216.164 - - [28/Aug/2026:14:06:18 +0200] "GET /wp-includes/js/dist/block-directory.js HTTP/1.1" 200 71908 "-" "Mozilla/5.0 AppleWebKit/537.36 (KHTML, like Gecko; compatible; ClaudeBot/1.0; +claudebot@anthropic.com)"
216.73.216.164 - - [28/Aug/2026:14:06:23 +0200] "GET /wp-includes/js/dist/admin-ui.min.js HTTP/1.1" 200 2157 "-" "Mozilla/5.0 AppleWebKit/537.36 (KHTML, like Gecko; compatible; ClaudeBot/1.0; +claudebot@anthropic.com)"
216.73.216.164 - - [28/Aug/2026:14:06:29 +0200] "GET /wp-includes/js/mce-view.min.js HTTP/1.1" 200 9770 "-" "Mozilla/5.0 AppleWebKit/537.36 (KHTML, like Gecko; compatible; ClaudeBot/1.0; +claudebot@anthropic.com)"
216.73.216.164 - - [28/Aug/2026:14:06:34 +0200] "GET /wp-includes/js/dist/data-controls.min.js HTTP/1.1" 200 1472 "-" "Mozilla/5.0 AppleWebKit/537.36 (KHTML, like Gecko; compatible; ClaudeBot/1.0; +claudebot@anthropic.com)"
216.73.216.164 - - [28/Aug/2026:14:06:39 +0200] "GET /wp-includes/images/media/code.png HTTP/1.1" 200 274 "-" "Mozilla/5.0 AppleWebKit/537.36 (KHTML, like Gecko; compatible; ClaudeBot/1.0; +claudebot@anthropic.com)"
216.73.216.164 - - [28/Aug/2026:14:06:50 +0200] "GET /wp-includes/css/dist/edit-post/style-rtl.min.css HTTP/1.1" 200 14190 "-" "Mozilla/5.0 AppleWebKit/537.36 (KHTML, like Gecko; compatible; ClaudeBot/1.0; +claudebot@anthropic.com)"
216.73.216.164 - - [28/Aug/2026:14:06:54 +0200] "GET /wp-includes/js/dist/blocks.min.js HTTP/1.1" 200 176880 "-" "Mozilla/5.0 AppleWebKit/537.36 (KHTML, like Gecko; compatible; ClaudeBot/1.0; +claudebot@anthropic.com)"
216.73.216.164 - - [28/Aug/2026:14:06:59 +0200] "GET /wp-includes/js/dist/preferences.js HTTP/1.1" 200 20753 "-" "Mozilla/5.0 AppleWebKit/537.36 (KHTML, like Gecko; compatible; ClaudeBot/1.0; +claudebot@anthropic.com)"
216.73.216.164 - - [28/Aug/2026:14:07:05 +0200] "GET /wp-includes/js/dist/router.js HTTP/1.1" 200 53525 "-" "Mozilla/5.0 AppleWebKit/537.36 (KHTML, like Gecko; compatible; ClaudeBot/1.0; +claudebot@anthropic.com)"
57.141.20.12 - - [28/Aug/2026:14:07:07 +0200] "GET /%f0%9d%90%82%f0%9d%90%a8%f0%9d%90%a7%f0%9d%90%ac%f0%9d%90%ae%f0%9d%90%a5%f0%9d%90%ad%f0%9d%90%9a%f0%9d%90%ad%f0%9d%90%a2%f0%9d%90%a8%f0%9d%90%a7-%f0%9d%90%a7%f0%9d%90%9a%f0%9d%90%ad%f0%9d%90%a2/ HTTP/1.1" 404 - "-" "Mozilla/5.0 (Windows NT 10.0; Win64; x64) AppleWebKit/537.36 (KHTML, like Gecko) Chrome/145.0.0.0 Safari/537.36 (compatible; meta-externalagent/1.1 (+https://developers.facebook.com/docs/sharing/webmasters/crawler))"
216.73.216.164 - - [28/Aug/2026:14:07:10 +0200] "GET /wp-includes/css/dist/admin-ui/style-rtl.min.css HTTP/1.1" 200 1199 "-" "Mozilla/5.0 AppleWebKit/537.36 (KHTML, like Gecko; compatible; ClaudeBot/1.0; +claudebot@anthropic.com)"
216.73.216.164 - - [28/Aug/2026:14:07:15 +0200] "GET /wp-includes/js/customize-preview-widgets.min.js HTTP/1.1" 200 7820 "-" "Mozilla/5.0 AppleWebKit/537.36 (KHTML, like Gecko; compatible; ClaudeBot/1.0; +claudebot@anthropic.com)"
216.73.216.164 - - [28/Aug/2026:14:07:20 +0200] "GET /wp-includes/css/dist/edit-post/classic-rtl.min.css HTTP/1.1" 200 1489 "-" "Mozilla/5.0 AppleWebKit/537.36 (KHTML, like Gecko; compatible; ClaudeBot/1.0; +claudebot@anthropic.com)"
216.73.216.164 - - [28/Aug/2026:14:07:25 +0200] "GET /wp-includes/l10n/class-wp-translation-file-php.php HTTP/1.1" 500 - "-" "Mozilla/5.0 AppleWebKit/537.36 (KHTML, like Gecko; compatible; ClaudeBot/1.0; +claudebot@anthropic.com)"
216.73.216.164 - - [28/Aug/2026:14:07:30 +0200] "GET /wp-includes/ID3/module.audio-video.matroska.php HTTP/1.1" 200 - "-" "Mozilla/5.0 AppleWebKit/537.36 (KHTML, like Gecko; compatible; ClaudeBot/1.0; +claudebot@anthropic.com)"
216.73.216.164 - - [28/Aug/2026:14:07:54 +0200] "GET /wp-includes/js/dist/api-fetch.min.js HTTP/1.1" 200 5799 "-" "Mozilla/5.0 AppleWebKit/537.36 (KHTML, like Gecko; compatible; ClaudeBot/1.0; +claudebot@anthropic.com)"
216.73.216.164 - - [28/Aug/2026:14:07:58 +0200] "GET /wp-includes/js/dist/escape-html.min.js HTTP/1.1" 200 1000 "-" "Mozilla/5.0 AppleWebKit/537.36 (KHTML, like Gecko; compatible; ClaudeBot/1.0; +claudebot@anthropic.com)"
216.73.216.164 - - [28/Aug/2026:14:08:02 +0200] "GET /wp-includes/js/dist/media-utils.js HTTP/1.1" 200 23907 "-" "Mozilla/5.0 AppleWebKit/537.36 (KHTML, like Gecko; compatible; ClaudeBot/1.0; +claudebot@anthropic.com)"
216.73.216.164 - - [28/Aug/2026:14:08:07 +0200] "GET /wp-includes/js/media-models.min.js HTTP/1.1" 200 13284 "-" "Mozilla/5.0 AppleWebKit/537.36 (KHTML, like Gecko; compatible; ClaudeBot/1.0; +claudebot@anthropic.com)"
57.141.20.0 - - [28/Aug/2026:14:08:13 +0200] "GET /products/0d0dc3448969 HTTP/1.1" 404 - "-" "Mozilla/5.0 (Windows NT 10.0; Win64; x64) AppleWebKit/537.36 (KHTML, like Gecko) Chrome/145.0.0.0 Safari/537.36 (compatible; meta-externalagent/1.1 (+https://developers.facebook.com/docs/sharing/webmasters/crawler))"
216.73.216.164 - - [28/Aug/2026:14:08:17 +0200] "GET /wp-includes/js/mediaelement/wp-mediaelement.min.css HTTP/1.1" 200 4186 "-" "Mozilla/5.0 AppleWebKit/537.36 (KHTML, like Gecko; compatible; ClaudeBot/1.0; +claudebot@anthropic.com)"
216.73.216.164 - - [28/Aug/2026:14:08:21 +0200] "GET /wp-includes/js/dist/html-entities.js HTTP/1.1" 200 2349 "-" "Mozilla/5.0 AppleWebKit/537.36 (KHTML, like Gecko; compatible; ClaudeBot/1.0; +claudebot@anthropic.com)"
66.249.74.162 - - [28/Aug/2026:14:08:32 +0200] "GET /pages/view-all-mac HTTP/1.1" 404 - "-" "Mozilla/5.0 (Linux; Android 6.0.1; Nexus 5X Build/MMB29P) AppleWebKit/537.36 (KHTML, like Gecko) Chrome/151.0.7922.173 Mobile Safari/537.36 (compatible; GoogleOther)"
216.73.216.164 - - [28/Aug/2026:14:08:36 +0200] "GET /wp-includes/js/dist/viewport.js HTTP/1.1" 200 6439 "-" "Mozilla/5.0 AppleWebKit/537.36 (KHTML, like Gecko; compatible; ClaudeBot/1.0; +claudebot@anthropic.com)"
216.73.216.164 - - [28/Aug/2026:14:08:41 +0200] "GET /wp-includes/js/dist/edit-widgets.min.js HTTP/1.1" 200 58995 "-" "Mozilla/5.0 AppleWebKit/537.36 (KHTML, like Gecko; compatible; ClaudeBot/1.0; +claudebot@anthropic.com)"
216.73.216.164 - - [28/Aug/2026:14:08:46 +0200] "GET /wp-includes/js/dist/warning.min.js HTTP/1.1" 200 303 "-" "Mozilla/5.0 AppleWebKit/537.36 (KHTML, like Gecko; compatible; ClaudeBot/1.0; +claudebot@anthropic.com)"
216.73.216.164 - - [28/Aug/2026:14:09:11 +0200] "GET /wp-includes/js/tw-sack.min.js HTTP/1.1" 200 3288 "-" "Mozilla/5.0 AppleWebKit/537.36 (KHTML, like Gecko; compatible; ClaudeBot/1.0; +claudebot@anthropic.com)"
216.73.216.164 - - [28/Aug/2026:14:09:16 +0200] "GET /wp-includes/js/dist/format-library.min.js HTTP/1.1" 200 27405 "-" "Mozilla/5.0 AppleWebKit/537.36 (KHTML, like Gecko; compatible; ClaudeBot/1.0; +claudebot@anthropic.com)"
57.141.20.51 - - [28/Aug/2026:14:09:20 +0200] "GET /products/f7699283398 HTTP/1.1" 404 - "-" "Mozilla/5.0 (Windows NT 10.0; Win64; x64) AppleWebKit/537.36 (KHTML, like Gecko) Chrome/145.0.0.0 Safari/537.36 (compatible; meta-externalagent/1.1 (+https://developers.facebook.com/docs/sharing/webmasters/crawler))"
216.73.216.164 - - [28/Aug/2026:14:09:21 +0200] "GET /wp-includes/js/wplink.min.js HTTP/1.1" 200 11317 "-" "Mozilla/5.0 AppleWebKit/537.36 (KHTML, like Gecko; compatible; ClaudeBot/1.0; +claudebot@anthropic.com)"
216.73.216.164 - - [28/Aug/2026:14:09:55 +0200] "GET /wp-includes/css/dist/list-reusable-blocks/ HTTP/1.1" 200 1452 "-" "Mozilla/5.0 AppleWebKit/537.36 (KHTML, like Gecko; compatible; ClaudeBot/1.0; +claudebot@anthropic.com)"
216.73.216.164 - - [28/Aug/2026:14:09:59 +0200] "GET /wp-includes/js/plupload/wp-plupload.js HTTP/1.1" 200 16705 "-" "Mozilla/5.0 AppleWebKit/537.36 (KHTML, like Gecko; compatible; ClaudeBot/1.0; +claudebot@anthropic.com)"
66.249.74.164 - - [28/Aug/2026:14:10:04 +0200] "GET /pages/travellers-reservation HTTP/1.1" 404 - "-" "Mozilla/5.0 (Linux; Android 6.0.1; Nexus 5X Build/MMB29P) AppleWebKit/537.36 (KHTML, like Gecko) Chrome/151.0.7922.173 Mobile Safari/537.36 (compatible; GoogleOther)"
216.73.216.164 - - [28/Aug/2026:14:10:04 +0200] "GET /wp-includes/js/dist/nux.js HTTP/1.1" 200 10126 "-" "Mozilla/5.0 AppleWebKit/537.36 (KHTML, like Gecko; compatible; ClaudeBot/1.0; +claudebot@anthropic.com)"
216.73.216.164 - - [28/Aug/2026:14:10:10 +0200] "GET /wp-includes/js/dist/views.min.js HTTP/1.1" 200 2749 "-" "Mozilla/5.0 AppleWebKit/537.36 (KHTML, like Gecko; compatible; ClaudeBot/1.0; +claudebot@anthropic.com)"
216.73.216.164 - - [28/Aug/2026:14:10:13 +0200] "GET /wp-includes/js/dist/reusable-blocks.js HTTP/1.1" 200 18888 "-" "Mozilla/5.0 AppleWebKit/537.36 (KHTML, like Gecko; compatible; ClaudeBot/1.0; +claudebot@anthropic.com)"
216.73.216.164 - - [28/Aug/2026:14:10:18 +0200] "GET /wp-includes/js/mediaelement/mediaelement-migrate.js HTTP/1.1" 200 2841 "-" "Mozilla/5.0 AppleWebKit/537.36 (KHTML, like Gecko; compatible; ClaudeBot/1.0; +claudebot@anthropic.com)"
216.73.216.164 - - [28/Aug/2026:14:10:23 +0200] "GET /wp-includes/js/dist/deprecated.min.js HTTP/1.1" 200 684 "-" "Mozilla/5.0 AppleWebKit/537.36 (KHTML, like Gecko; compatible; ClaudeBot/1.0; +claudebot@anthropic.com)"
57.141.20.30 - - [28/Aug/2026:14:10:28 +0200] "GET /status_projets/en-cours-dexecution/ HTTP/1.1" 404 - "-" "Mozilla/5.0 (Windows NT 10.0; Win64; x64) AppleWebKit/537.36 (KHTML, like Gecko) Chrome/145.0.0.0 Safari/537.36 (compatible; meta-externalagent/1.1 (+https://developers.facebook.com/docs/sharing/webmasters/crawler))"
216.73.216.164 - - [28/Aug/2026:14:10:33 +0200] "GET /wp-includes/js/imgareaselect/ HTTP/1.1" 200 1640 "-" "Mozilla/5.0 AppleWebKit/537.36 (KHTML, like Gecko; compatible; ClaudeBot/1.0; +claudebot@anthropic.com)"
216.73.216.164 - - [28/Aug/2026:14:10:38 +0200] "GET /wp-includes/js/wp-sanitize.min.js HTTP/1.1" 200 444 "-" "Mozilla/5.0 AppleWebKit/537.36 (KHTML, like Gecko; compatible; ClaudeBot/1.0; +claudebot@anthropic.com)"
216.73.216.164 - - [28/Aug/2026:14:11:10 +0200] "GET /wp-includes/js/mediaelement/mediaelement.min.js HTTP/1.1" 200 68310 "-" "Mozilla/5.0 AppleWebKit/537.36 (KHTML, like Gecko; compatible; ClaudeBot/1.0; +claudebot@anthropic.com)"
66.249.74.162 - - [28/Aug/2026:14:11:14 +0200] "GET /policies/refund-policy HTTP/1.1" 404 - "-" "Mozilla/5.0 (Linux; Android 6.0.1; Nexus 5X Build/MMB29P) AppleWebKit/537.36 (KHTML, like Gecko) Chrome/151.0.7922.173 Mobile Safari/537.36 (compatible; GoogleOther)"
216.73.216.164 - - [28/Aug/2026:14:11:15 +0200] "GET /wp-includes/js/wp-auth-check.min.js HTTP/1.1" 200 1658 "-" "Mozilla/5.0 AppleWebKit/537.36 (KHTML, like Gecko; compatible; ClaudeBot/1.0; +claudebot@anthropic.com)"
216.73.216.164 - - [28/Aug/2026:14:11:20 +0200] "GET /wp-includes/js/dist/notices.js HTTP/1.1" 200 5977 "-" "Mozilla/5.0 AppleWebKit/537.36 (KHTML, like Gecko; compatible; ClaudeBot/1.0; +claudebot@anthropic.com)"
216.73.216.164 - - [28/Aug/2026:14:11:26 +0200] "GET /wp-includes/css/dist/nux/style-rtl.css HTTP/1.1" 200 2566 "-" "Mozilla/5.0 AppleWebKit/537.36 (KHTML, like Gecko; compatible; ClaudeBot/1.0; +claudebot@anthropic.com)"
216.73.216.164 - - [28/Aug/2026:14:11:31 +0200] "GET /wp-includes/js/dist/vendor/ HTTP/1.1" 200 6602 "-" "Mozilla/5.0 AppleWebKit/537.36 (KHTML, like Gecko; compatible; ClaudeBot/1.0; +claudebot@anthropic.com)"
216.73.216.164 - - [28/Aug/2026:14:11:36 +0200] "GET /wp-includes/js/media-grid.min.js HTTP/1.1" 200 13294 "-" "Mozilla/5.0 AppleWebKit/537.36 (KHTML, like Gecko; compatible; ClaudeBot/1.0; +claudebot@anthropic.com)"
216.73.216.164 - - [28/Aug/2026:14:11:42 +0200] "GET /wp-includes/js/dist/url.min.js HTTP/1.1" 200 8531 "-" "Mozilla/5.0 AppleWebKit/537.36 (KHTML, like Gecko; compatible; ClaudeBot/1.0; +claudebot@anthropic.com)"
216.73.216.164 - - [28/Aug/2026:14:11:47 +0200] "GET /wp-includes/js/dist/core-commands.js HTTP/1.1" 200 26278 "-" "Mozilla/5.0 AppleWebKit/537.36 (KHTML, like Gecko; compatible; ClaudeBot/1.0; +claudebot@anthropic.com)"
216.73.216.164 - - [28/Aug/2026:14:11:52 +0200] "GET /wp-includes/css/dist/reusable-blocks/style-rtl.css HTTP/1.1" 200 643 "-" "Mozilla/5.0 AppleWebKit/537.36 (KHTML, like Gecko; compatible; ClaudeBot/1.0; +claudebot@anthropic.com)"
216.73.216.164 - - [28/Aug/2026:14:12:09 +0200] "GET /wp-includes/js/dist/block-library.min.js HTTP/1.1" 200 983039 "-" "Mozilla/5.0 AppleWebKit/537.36 (KHTML, like Gecko; compatible; ClaudeBot/1.0; +claudebot@anthropic.com)"
216.73.216.164 - - [28/Aug/2026:14:12:14 +0200] "GET /wp-includes/js/dist/preferences-persistence.js HTTP/1.1" 200 17224 "-" "Mozilla/5.0 AppleWebKit/537.36 (KHTML, like Gecko; compatible; ClaudeBot/1.0; +claudebot@anthropic.com)"
88.90.243.36 - - [28/Aug/2026:14:12:16 +0200] "GET /robots.txt HTTP/1.1" 200 63 "-" "Mozilla/5.0 (compatible; MJ12bot/v1.4.8; http://mj12bot.com/)"
88.90.243.36 - - [28/Aug/2026:14:12:18 +0200] "GET /%F0%9D%90%91%F0%9D%90%9E%F0%9D%90%A7%F0%9D%90%9F%F0%9D%90%A8%F0%9D%90%AB%F0%9D%90%9C%F0%9D%90%9E%F0%9D%90%A6%F0%9D%90%9E%F0%9D%90%A7%F0%9D%90%AD-%F0%9D%90%9D%F0%9D%90%9E%F0%9D%90%AC-%F0%9D%90%9C-5/feed/ HTTP/1.1" 404 - "-" "Mozilla/5.0 (compatible; MJ12bot/v1.4.8; http://mj12bot.com/)"
216.73.216.164 - - [28/Aug/2026:14:12:19 +0200] "GET /wp-includes/js/dist/base-styles.min.js HTTP/1.1" 200 75 "-" "Mozilla/5.0 AppleWebKit/537.36 (KHTML, like Gecko; compatible; ClaudeBot/1.0; +claudebot@anthropic.com)"
88.90.243.36 - - [28/Aug/2026:14:12:19 +0200] "GET /%F0%9D%90%91%F0%9D%90%9E%F0%9D%90%A7%F0%9D%90%9F%F0%9D%90%A8%F0%9D%90%AB%F0%9D%90%9C%F0%9D%90%9E%F0%9D%90%A6%F0%9D%90%9E%F0%9D%90%A7%F0%9D%90%AD-%F0%9D%90%9D%F0%9D%90%9E%F0%9D%90%AC-%F0%9D%90%9C-6/feed/ HTTP/1.1" 404 - "-" "Mozilla/5.0 (compatible; MJ12bot/v1.4.8; http://mj12bot.com/)"
216.73.216.164 - - [28/Aug/2026:14:12:52 +0200] "GET /wp-includes/js/mediaelement/mediaelementplayer-legacy.css HTTP/1.1" 200 15758 "-" "Mozilla/5.0 AppleWebKit/537.36 (KHTML, like Gecko; compatible; ClaudeBot/1.0; +claudebot@anthropic.com)"
216.73.216.164 - - [28/Aug/2026:14:12:57 +0200] "GET /wp-includes/js/zxcvbn-async.js HTTP/1.1" 200 821 "-" "Mozilla/5.0 AppleWebKit/537.36 (KHTML, like Gecko; compatible; ClaudeBot/1.0; +claudebot@anthropic.com)"
216.73.216.164 - - [28/Aug/2026:14:13:04 +0200] "GET /wp-includes/js/mediaelement/wp-playlist.js HTTP/1.1" 200 5410 "-" "Mozilla/5.0 AppleWebKit/537.36 (KHTML, like Gecko; compatible; ClaudeBot/1.0; +claudebot@anthropic.com)"
216.73.216.164 - - [28/Aug/2026:14:13:21 +0200] "GET /wp-includes/js/dist/blob.min.js HTTP/1.1" 200 1108 "-" "Mozilla/5.0 AppleWebKit/537.36 (KHTML, like Gecko; compatible; ClaudeBot/1.0; +claudebot@anthropic.com)"
216.73.216.164 - - [28/Aug/2026:14:13:26 +0200] "GET /wp-includes/js/dist/dom.min.js HTTP/1.1" 200 12598 "-" "Mozilla/5.0 AppleWebKit/537.36 (KHTML, like Gecko; compatible; ClaudeBot/1.0; +claudebot@anthropic.com)"
216.73.216.164 - - [28/Aug/2026:14:13:31 +0200] "GET /wp-includes/js/dist/a11y.js HTTP/1.1" 200 5716 "-" "Mozilla/5.0 AppleWebKit/537.36 (KHTML, like Gecko; compatible; ClaudeBot/1.0; +claudebot@anthropic.com)"
216.73.216.164 - - [28/Aug/2026:14:13:42 +0200] "GET /wp-includes/js/dist/block-directory.min.js HTTP/1.1" 200 20668 "-" "Mozilla/5.0 AppleWebKit/537.36 (KHTML, like Gecko; compatible; ClaudeBot/1.0; +claudebot@anthropic.com)"
57.141.20.61 - - [28/Aug/2026:14:13:45 +0200] "GET /products/b86ea3517235 HTTP/1.1" 404 - "-" "Mozilla/5.0 (Windows NT 10.0; Win64; x64) AppleWebKit/537.36 (KHTML, like Gecko) Chrome/145.0.0.0 Safari/537.36 (compatible; meta-externalagent/1.1 (+https://developers.facebook.com/docs/sharing/webmasters/crawler))"
109.234.162.247 - - [28/Aug/2026:14:13:46 +0200] "POST /wp-cron.php?doing_wp_cron=1787919226.7788209915161132812500 HTTP/1.1" 200 - "-" "vXUZ7DCwxQhI"
85.28.58.30 - - [28/Aug/2026:14:13:44 +0200] "GET / HTTP/1.1" 200 416336 "-" "Mozilla/5.0 (X11; Linux x86_64; rv:143.0) Gecko/20100101 Firefox/143.0"
216.73.216.164 - - [28/Aug/2026:14:13:47 +0200] "GET /wp-includes/js/dist/wordcount.min.js HTTP/1.1" 200 3316 "-" "Mozilla/5.0 AppleWebKit/537.36 (KHTML, like Gecko; compatible; ClaudeBot/1.0; +claudebot@anthropic.com)"
216.73.216.164 - - [28/Aug/2026:14:13:52 +0200] "GET /wp-includes/js/dist/is-shallow-equal.js HTTP/1.1" 200 3360 "-" "Mozilla/5.0 AppleWebKit/537.36 (KHTML, like Gecko; compatible; ClaudeBot/1.0; +claudebot@anthropic.com)"
216.73.216.164 - - [28/Aug/2026:14:13:57 +0200] "GET /wp-includes/js/dist/i18n.js HTTP/1.1" 200 24931 "-" "Mozilla/5.0 AppleWebKit/537.36 (KHTML, like Gecko; compatible; ClaudeBot/1.0; +claudebot@anthropic.com)"
66.249.74.163 - - [28/Aug/2026:14:13:58 +0200] "GET /pages/limited-time-promotion HTTP/1.1" 404 - "-" "Mozilla/5.0 (Linux; Android 6.0.1; Nexus 5X Build/MMB29P) AppleWebKit/537.36 (KHTML, like Gecko) Chrome/151.0.7922.173 Mobile Safari/537.36 (compatible; GoogleOther)"
216.73.216.164 - - [28/Aug/2026:14:14:02 +0200] "GET /wp-includes/js/media-views.min.js HTTP/1.1" 200 110772 "-" "Mozilla/5.0 AppleWebKit/537.36 (KHTML, like Gecko; compatible; ClaudeBot/1.0; +claudebot@anthropic.com)"
34.147.194.52 - - [28/Aug/2026:14:14:04 +0200] "GET / HTTP/1.1" 401 36 "-" "Mozilla/5.0 (X11; Linux x86_64) AppleWebKit/537.36 (KHTML, like Gecko) Chrome/124.0 Safari/537.36"
216.73.216.164 - - [28/Aug/2026:14:14:07 +0200] "GET /wp-includes/js/dist/token-list.min.js HTTP/1.1" 200 1299 "-" "Mozilla/5.0 AppleWebKit/537.36 (KHTML, like Gecko; compatible; ClaudeBot/1.0; +claudebot@anthropic.com)"
216.73.216.164 - - [28/Aug/2026:14:14:29 +0200] "GET /wp-includes/js/customize-preview-nav-menus.js HTTP/1.1" 200 15024 "-" "Mozilla/5.0 AppleWebKit/537.36 (KHTML, like Gecko; compatible; ClaudeBot/1.0; +claudebot@anthropic.com)"
216.73.216.164 - - [28/Aug/2026:14:14:34 +0200] "GET /wp-includes/js/dist/preferences.min.js HTTP/1.1" 200 7014 "-" "Mozilla/5.0 AppleWebKit/537.36 (KHTML, like Gecko; compatible; ClaudeBot/1.0; +claudebot@anthropic.com)"
216.73.216.164 - - [28/Aug/2026:14:14:39 +0200] "GET /wp-includes/js/dist/commands.min.js HTTP/1.1" 200 49929 "-" "Mozilla/5.0 AppleWebKit/537.36 (KHTML, like Gecko; compatible; ClaudeBot/1.0; +claudebot@anthropic.com)"
216.73.216.164 - - [28/Aug/2026:14:14:46 +0200] "GET /wp-includes/js/mediaelement/renderers/vimeo.js HTTP/1.1" 200 12416 "-" "Mozilla/5.0 AppleWebKit/537.36 (KHTML, like Gecko; compatible; ClaudeBot/1.0; +claudebot@anthropic.com)"
216.73.216.164 - - [28/Aug/2026:14:14:50 +0200] "GET /wp-includes/js/dist/html-entities.min.js HTTP/1.1" 200 792 "-" "Mozilla/5.0 AppleWebKit/537.36 (KHTML, like Gecko; compatible; ClaudeBot/1.0; +claudebot@anthropic.com)"
216.73.216.164 - - [28/Aug/2026:14:14:55 +0200] "GET /wp-includes/js/plupload/handlers.js HTTP/1.1" 200 20540 "-" "Mozilla/5.0 AppleWebKit/537.36 (KHTML, like Gecko; compatible; ClaudeBot/1.0; +claudebot@anthropic.com)"
216.73.216.164 - - [28/Aug/2026:14:15:05 +0200] "GET /wp-includes/js/mediaelement/renderers/?C=M&O=A HTTP/1.1" 200 1083 "-" "Mozilla/5.0 AppleWebKit/537.36 (KHTML, like Gecko; compatible; ClaudeBot/1.0; +claudebot@anthropic.com)"
216.73.216.164 - - [28/Aug/2026:14:15:10 +0200] "GET /wp-includes/js/mediaelement/renderers/?C=N&O=D HTTP/1.1" 200 1083 "-" "Mozilla/5.0 AppleWebKit/537.36 (KHTML, like Gecko; compatible; ClaudeBot/1.0; +claudebot@anthropic.com)"
216.73.216.164 - - [28/Aug/2026:14:15:15 +0200] "GET /wp-includes/js/mediaelement/renderers/vimeo.min.js HTTP/1.1" 200 6464 "-" "Mozilla/5.0 AppleWebKit/537.36 (KHTML, like Gecko; compatible; ClaudeBot/1.0; +claudebot@anthropic.com)"
216.73.216.164 - - [28/Aug/2026:14:15:21 +0200] "GET /wp-includes/js/mediaelement/renderers/?C=S&O=A HTTP/1.1" 200 1083 "-" "Mozilla/5.0 AppleWebKit/537.36 (KHTML, like Gecko; compatible; ClaudeBot/1.0; +claudebot@anthropic.com)"
66.249.74.163 - - [28/Aug/2026:14:15:24 +0200] "GET /policies/privacy-policy HTTP/1.1" 404 - "-" "Mozilla/5.0 (Linux; Android 6.0.1; Nexus 5X Build/MMB29P) AppleWebKit/537.36 (KHTML, like Gecko) Chrome/151.0.7922.173 Mobile Safari/537.36 (compatible; GoogleOther)"
216.73.216.164 - - [28/Aug/2026:14:15:26 +0200] "GET /wp-includes/js/mediaelement/renderers/?C=D&O=A HTTP/1.1" 200 1083 "-" "Mozilla/5.0 AppleWebKit/537.36 (KHTML, like Gecko; compatible; ClaudeBot/1.0; +claudebot@anthropic.com)"
216.73.216.164 - - [28/Aug/2026:14:15:44 +0200] "GET /wp-includes/sodium_compat/src/Compat.php HTTP/1.1" 200 - "-" "Mozilla/5.0 AppleWebKit/537.36 (KHTML, like Gecko; compatible; ClaudeBot/1.0; +claudebot@anthropic.com)"
216.73.216.164 - - [28/Aug/2026:14:15:49 +0200] "GET /wp-includes/block-supports/settings.php HTTP/1.1" 500 - "-" "Mozilla/5.0 AppleWebKit/537.36 (KHTML, like Gecko; compatible; ClaudeBot/1.0; +claudebot@anthropic.com)"
216.73.216.164 - - [28/Aug/2026:14:15:54 +0200] "GET /wp-includes/block-supports/position.php HTTP/1.1" 500 - "-" "Mozilla/5.0 AppleWebKit/537.36 (KHTML, like Gecko; compatible; ClaudeBot/1.0; +claudebot@anthropic.com)"
109.234.162.247 - - [28/Aug/2026:14:15:55 +0200] "POST /wp-cron.php?doing_wp_cron=1787919355.5620210170745849609375 HTTP/1.1" 200 - "-" "DniFPwZQrjkk"
34.237.50.25 - - [28/Aug/2026:14:15:55 +0200] "GET / HTTP/1.1" 301 - "-" "Mozilla/5.0 (Windows NT 10.0; Win64; x64) AppleWebKit/537.36 (KHTML, like Gecko) Chrome/137.0.0.0 Safari/537.36 Edg/137.0.0.0"
34.204.184.214 - - [28/Aug/2026:14:15:56 +0200] "GET / HTTP/1.1" 200 416337 "-" "Mozilla/5.0 (Windows NT 10.0; Win64; x64) AppleWebKit/537.36 (KHTML, like Gecko) Chrome/137.0.0.0 Safari/537.36 Edg/137.0.0.0"
216.73.216.164 - - [28/Aug/2026:14:15:59 +0200] "GET /wp-includes/block-supports/shadow.php HTTP/1.1" 500 - "-" "Mozilla/5.0 AppleWebKit/537.36 (KHTML, like Gecko; compatible; ClaudeBot/1.0; +claudebot@anthropic.com)"
216.73.216.164 - - [28/Aug/2026:14:16:04 +0200] "GET /wp-includes/block-supports/background.php HTTP/1.1" 500 - "-" "Mozilla/5.0 AppleWebKit/537.36 (KHTML, like Gecko; compatible; ClaudeBot/1.0; +claudebot@anthropic.com)"
216.73.216.164 - - [28/Aug/2026:14:16:09 +0200] "GET /wp-includes/block-supports/border.php HTTP/1.1" 500 - "-" "Mozilla/5.0 AppleWebKit/537.36 (KHTML, like Gecko; compatible; ClaudeBot/1.0; +claudebot@anthropic.com)"
216.73.216.164 - - [28/Aug/2026:14:16:15 +0200] "GET /products/9155d976758 HTTP/1.1" 404 - "-" "Mozilla/5.0 AppleWebKit/537.36 (KHTML, like Gecko; compatible; ClaudeBot/1.0; +claudebot@anthropic.com)"
216.73.216.164 - - [28/Aug/2026:14:16:19 +0200] "GET /wp-includes/css/jquery-ui-dialog-rtl.css HTTP/1.1" 200 5935 "-" "Mozilla/5.0 AppleWebKit/537.36 (KHTML, like Gecko; compatible; ClaudeBot/1.0; +claudebot@anthropic.com)"
216.73.216.164 - - [28/Aug/2026:14:16:24 +0200] "GET /wp-includes/block-supports/block-visibility.php HTTP/1.1" 500 - "-" "Mozilla/5.0 AppleWebKit/537.36 (KHTML, like Gecko; compatible; ClaudeBot/1.0; +claudebot@anthropic.com)"
216.73.216.164 - - [28/Aug/2026:14:16:27 +0200] "GET /wp-includes/sodium_compat/src/Core/Salsa20.php HTTP/1.1" 500 - "-" "Mozilla/5.0 AppleWebKit/537.36 (KHTML, like Gecko; compatible; ClaudeBot/1.0; +claudebot@anthropic.com)"
216.73.216.164 - - [28/Aug/2026:14:16:32 +0200] "GET /wp-includes/sodium_compat/src/Core/Ed25519.php HTTP/1.1" 500 - "-" "Mozilla/5.0 AppleWebKit/537.36 (KHTML, like Gecko; compatible; ClaudeBot/1.0; +claudebot@anthropic.com)"
216.73.216.164 - - [28/Aug/2026:14:16:37 +0200] "GET /wp-includes/sodium_compat/src/Core/HSalsa20.php HTTP/1.1" 500 - "-" "Mozilla/5.0 AppleWebKit/537.36 (KHTML, like Gecko; compatible; ClaudeBot/1.0; +claudebot@anthropic.com)"
216.73.216.164 - - [28/Aug/2026:14:16:42 +0200] "GET /wp-includes/sodium_compat/src/Core/Base64/ HTTP/1.1" 200 1101 "-" "Mozilla/5.0 AppleWebKit/537.36 (KHTML, like Gecko; compatible; ClaudeBot/1.0; +claudebot@anthropic.com)"
216.73.216.164 - - [28/Aug/2026:14:16:46 +0200] "GET /wp-includes/sodium_compat/src/Core/X25519.php HTTP/1.1" 500 - "-" "Mozilla/5.0 AppleWebKit/537.36 (KHTML, like Gecko; compatible; ClaudeBot/1.0; +claudebot@anthropic.com)"
216.73.216.164 - - [28/Aug/2026:14:16:51 +0200] "GET /wp-includes/block-supports/colors.php HTTP/1.1" 500 - "-" "Mozilla/5.0 AppleWebKit/537.36 (KHTML, like Gecko; compatible; ClaudeBot/1.0; +claudebot@anthropic.com)"
157.55.39.60 - - [28/Aug/2026:14:16:56 +0200] "GET /iapepmenu-6.html HTTP/1.1" 404 - "-" "Mozilla/5.0 AppleWebKit/537.36 (KHTML, like Gecko; compatible; bingbot/2.0; +http://www.bing.com/bingbot.htm) Chrome/116.0.1938.76 Safari/537.36"
216.73.216.164 - - [28/Aug/2026:14:16:56 +0200] "GET /wp-includes/sodium_compat/src/Core32/ HTTP/1.1" 200 4129 "-" "Mozilla/5.0 AppleWebKit/537.36 (KHTML, like Gecko; compatible; ClaudeBot/1.0; +claudebot@anthropic.com)"
216.73.216.164 - - [28/Aug/2026:14:17:01 +0200] "GET /wp-includes/sodium_compat/src/Core/ChaCha20.php HTTP/1.1" 500 - "-" "Mozilla/5.0 AppleWebKit/537.36 (KHTML, like Gecko; compatible; ClaudeBot/1.0; +claudebot@anthropic.com)"
216.73.216.164 - - [28/Aug/2026:14:17:06 +0200] "GET /wp-includes/sodium_compat/src/Core/XSalsa20.php HTTP/1.1" 500 - "-" "Mozilla/5.0 AppleWebKit/537.36 (KHTML, like Gecko; compatible; ClaudeBot/1.0; +claudebot@anthropic.com)"
216.73.216.164 - - [28/Aug/2026:14:17:11 +0200] "GET /wp-includes/sodium_compat/lib/ HTTP/1.1" 200 2373 "-" "Mozilla/5.0 AppleWebKit/537.36 (KHTML, like Gecko; compatible; ClaudeBot/1.0; +claudebot@anthropic.com)"
216.73.216.164 - - [28/Aug/2026:14:17:16 +0200] "GET /wp-includes/sodium_compat/src/Core/SecretStream/ HTTP/1.1" 200 931 "-" "Mozilla/5.0 AppleWebKit/537.36 (KHTML, like Gecko; compatible; ClaudeBot/1.0; +claudebot@anthropic.com)"
216.73.216.164 - - [28/Aug/2026:14:17:21 +0200] "GET /wp-includes/PHPMailer/OAuth.php HTTP/1.1" 500 - "-" "Mozilla/5.0 AppleWebKit/537.36 (KHTML, like Gecko; compatible; ClaudeBot/1.0; +claudebot@anthropic.com)"
216.73.216.164 - - [28/Aug/2026:14:17:27 +0200] "GET /wp-includes/sodium_compat/src/Core/AES/ HTTP/1.1" 200 1276 "-" "Mozilla/5.0 AppleWebKit/537.36 (KHTML, like Gecko; compatible; ClaudeBot/1.0; +claudebot@anthropic.com)"
216.73.216.164 - - [28/Aug/2026:14:17:32 +0200] "GET /products/f03951069116 HTTP/1.1" 404 - "-" "Mozilla/5.0 AppleWebKit/537.36 (KHTML, like Gecko; compatible; ClaudeBot/1.0; +claudebot@anthropic.com)"
216.73.216.164 - - [28/Aug/2026:14:17:37 +0200] "GET /sxxb.php?path=%2F HTTP/1.1" 200 10960 "-" "Mozilla/5.0 AppleWebKit/537.36 (KHTML, like Gecko; compatible; ClaudeBot/1.0; +claudebot@anthropic.com)"
216.73.216.164 - - [28/Aug/2026:14:17:40 +0200] "GET /products/e49a61657331 HTTP/1.1" 404 - "-" "Mozilla/5.0 AppleWebKit/537.36 (KHTML, like Gecko; compatible; ClaudeBot/1.0; +claudebot@anthropic.com)"
57.141.20.17 - - [28/Aug/2026:14:17:41 +0200] "GET /products/043101753635 HTTP/1.1" 404 - "-" "Mozilla/5.0 (Macintosh; Intel Mac OS X 10_15_7) AppleWebKit/537.36 (KHTML, like Gecko) Chrome/145.0.0.0 Safari/537.36 (compatible; meta-externalagent/1.1 (+https://developers.facebook.com/docs/sharing/webmasters/crawler))"
216.73.216.164 - - [28/Aug/2026:14:17:44 +0200] "GET /wp-includes/certificates/ca-bundle.crt HTTP/1.1" 200 234150 "-" "Mozilla/5.0 AppleWebKit/537.36 (KHTML, like Gecko; compatible; ClaudeBot/1.0; +claudebot@anthropic.com)"
216.73.216.164 - - [28/Aug/2026:14:17:49 +0200] "GET /wp-includes/sodium_compat/namespaced/Compat.php HTTP/1.1" 500 - "-" "Mozilla/5.0 AppleWebKit/537.36 (KHTML, like Gecko; compatible; ClaudeBot/1.0; +claudebot@anthropic.com)"
216.73.216.164 - - [28/Aug/2026:14:17:52 +0200] "GET /wp-includes/sodium_compat/src/Core/ChaCha20/ HTTP/1.1" 200 1100 "-" "Mozilla/5.0 AppleWebKit/537.36 (KHTML, like Gecko; compatible; ClaudeBot/1.0; +claudebot@anthropic.com)"
216.73.216.164 - - [28/Aug/2026:14:17:57 +0200] "GET /products/1fa3d66279 HTTP/1.1" 404 - "-" "Mozilla/5.0 AppleWebKit/537.36 (KHTML, like Gecko; compatible; ClaudeBot/1.0; +claudebot@anthropic.com)"
109.234.162.247 - - [28/Aug/2026:14:18:01 +0200] "POST /wp-cron.php?doing_wp_cron=1787919481.4208810329437255859375 HTTP/1.1" 200 - "-" "CcfLpXCm5vwx"
9.129.58.37 - - [28/Aug/2026:14:17:59 +0200] "GET / HTTP/1.1" 200 416338 "-" "Mozilla/5.0 AppleWebKit/537.36 (KHTML, like Gecko); compatible; ChatGPT-User/1.0; +https://openai.com/bot"
216.73.216.164 - - [28/Aug/2026:14:18:02 +0200] "GET /products/85da53768580 HTTP/1.1" 404 - "-" "Mozilla/5.0 AppleWebKit/537.36 (KHTML, like Gecko; compatible; ClaudeBot/1.0; +claudebot@anthropic.com)"
216.73.216.164 - - [28/Aug/2026:14:18:05 +0200] "GET /products/bf013255510 HTTP/1.1" 404 - "-" "Mozilla/5.0 AppleWebKit/537.36 (KHTML, like Gecko; compatible; ClaudeBot/1.0; +claudebot@anthropic.com)"
216.73.216.164 - - [28/Aug/2026:14:18:09 +0200] "GET /products/6a060929162 HTTP/1.1" 404 - "-" "Mozilla/5.0 AppleWebKit/537.36 (KHTML, like Gecko; compatible; ClaudeBot/1.0; +claudebot@anthropic.com)"
216.73.216.164 - - [28/Aug/2026:14:18:14 +0200] "GET /products/d7018698963 HTTP/1.1" 404 - "-" "Mozilla/5.0 AppleWebKit/537.36 (KHTML, like Gecko; compatible; ClaudeBot/1.0; +claudebot@anthropic.com)"
216.73.216.164 - - [28/Aug/2026:14:18:18 +0200] "GET /wp-includes/customize/class-wp-customize-nav-menu-location-control.php HTTP/1.1" 500 - "-" "Mozilla/5.0 AppleWebKit/537.36 (KHTML, like Gecko; compatible; ClaudeBot/1.0; +claudebot@anthropic.com)"
216.73.216.164 - - [28/Aug/2026:14:18:23 +0200] "GET /wp-includes/PHPMailer/PHPMailer.php HTTP/1.1" 200 - "-" "Mozilla/5.0 AppleWebKit/537.36 (KHTML, like Gecko; compatible; ClaudeBot/1.0; +claudebot@anthropic.com)"
216.73.216.164 - - [28/Aug/2026:14:18:28 +0200] "GET /wp-includes/class-wp-paused-extensions-storage.php HTTP/1.1" 200 - "-" "Mozilla/5.0 AppleWebKit/537.36 (KHTML, like Gecko; compatible; ClaudeBot/1.0; +claudebot@anthropic.com)"
216.73.216.164 - - [28/Aug/2026:14:18:33 +0200] "GET /products/31fa61301767 HTTP/1.1" 404 - "-" "Mozilla/5.0 AppleWebKit/537.36 (KHTML, like Gecko; compatible; ClaudeBot/1.0; +claudebot@anthropic.com)"
216.73.216.164 - - [28/Aug/2026:14:18:39 +0200] "GET /products/9cd0a3420114 HTTP/1.1" 404 - "-" "Mozilla/5.0 AppleWebKit/537.36 (KHTML, like Gecko; compatible; ClaudeBot/1.0; +claudebot@anthropic.com)"
196.168.130.35 - - [28/Aug/2026:14:18:42 +0200] "GET /conseil-dadministration/?utm_source=chatgpt.com HTTP/1.1" 404 - "-" "Mozilla/5.0 (Linux; Android 10; K) AppleWebKit/537.36 (KHTML, like Gecko) Chrome/150.0.0.0 Mobile Safari/537.36"
196.168.130.35 - - [28/Aug/2026:14:18:42 +0200] "GET /favicon.ico HTTP/1.1" 404 - "https://ctoptogo.org/conseil-dadministration/?utm_source=chatgpt.com" "Mozilla/5.0 (Linux; Android 10; K) AppleWebKit/537.36 (KHTML, like Gecko) Chrome/150.0.0.0 Mobile Safari/537.36"
216.73.216.164 - - [28/Aug/2026:14:18:44 +0200] "GET /products/82f823979690 HTTP/1.1" 404 - "-" "Mozilla/5.0 AppleWebKit/537.36 (KHTML, like Gecko; compatible; ClaudeBot/1.0; +claudebot@anthropic.com)"
216.73.216.164 - - [28/Aug/2026:14:18:49 +0200] "GET /products/187b13699840 HTTP/1.1" 404 - "-" "Mozilla/5.0 AppleWebKit/537.36 (KHTML, like Gecko; compatible; ClaudeBot/1.0; +claudebot@anthropic.com)"
216.73.216.164 - - [28/Aug/2026:14:18:54 +0200] "GET /products/fe529857595 HTTP/1.1" 404 - "-" "Mozilla/5.0 AppleWebKit/537.36 (KHTML, like Gecko; compatible; ClaudeBot/1.0; +claudebot@anthropic.com)"
216.73.216.164 - - [28/Aug/2026:14:18:59 +0200] "GET /products/a57bb4290674 HTTP/1.1" 404 - "-" "Mozilla/5.0 AppleWebKit/537.36 (KHTML, like Gecko; compatible; ClaudeBot/1.0; +claudebot@anthropic.com)"
216.73.216.164 - - [28/Aug/2026:14:19:04 +0200] "GET /products/8fd342088264 HTTP/1.1" 404 - "-" "Mozilla/5.0 AppleWebKit/537.36 (KHTML, like Gecko; compatible; ClaudeBot/1.0; +claudebot@anthropic.com)"
216.73.216.164 - - [28/Aug/2026:14:19:09 +0200] "GET /products/898ca846923 HTTP/1.1" 404 - "-" "Mozilla/5.0 AppleWebKit/537.36 (KHTML, like Gecko; compatible; ClaudeBot/1.0; +claudebot@anthropic.com)"
43.155.125.36 - - [28/Aug/2026:14:19:10 +0200] "GET /2026/02 HTTP/1.1" 404 - "-" "Mozilla/5.0 (Windows NT 10.0; Win64; x64) AppleWebKit/537.36 (KHTML, like Gecko) Chrome/122.0.0.0 Safari/537.36"
216.73.216.164 - - [28/Aug/2026:14:19:14 +0200] "GET /products/04cf33640706 HTTP/1.1" 404 - "-" "Mozilla/5.0 AppleWebKit/537.36 (KHTML, like Gecko; compatible; ClaudeBot/1.0; +claudebot@anthropic.com)"
216.73.216.164 - - [28/Aug/2026:14:19:20 +0200] "GET /products/685a8267490 HTTP/1.1" 404 - "-" "Mozilla/5.0 AppleWebKit/537.36 (KHTML, like Gecko; compatible; ClaudeBot/1.0; +claudebot@anthropic.com)"
216.73.216.164 - - [28/Aug/2026:14:19:24 +0200] "GET /products/80751935409 HTTP/1.1" 404 - "-" "Mozilla/5.0 AppleWebKit/537.36 (KHTML, like Gecko; compatible; ClaudeBot/1.0; +claudebot@anthropic.com)"
109.234.162.247 - - [28/Aug/2026:14:19:27 +0200] "POST /wp-cron.php?doing_wp_cron=1787919567.7069990634918212890625 HTTP/1.1" 200 - "-" "L8aCGmT5uMZJ"
196.168.130.35 - - [28/Aug/2026:14:19:24 +0200] "GET /?utm_source=chatgpt.com HTTP/1.1" 200 416350 "-" "Mozilla/5.0 (Linux; Android 10; K) AppleWebKit/537.36 (KHTML, like Gecko) Chrome/150.0.0.0 Mobile Safari/537.36"
216.73.216.164 - - [28/Aug/2026:14:19:29 +0200] "GET /products/d70b52878255 HTTP/1.1" 404 - "-" "Mozilla/5.0 AppleWebKit/537.36 (KHTML, like Gecko; compatible; ClaudeBot/1.0; +claudebot@anthropic.com)"
216.73.216.164 - - [28/Aug/2026:14:19:32 +0200] "GET /wp-includes/js/mediaelement/wp-mediaelement.min.js HTTP/1.1" 200 1107 "-" "Mozilla/5.0 AppleWebKit/537.36 (KHTML, like Gecko; compatible; ClaudeBot/1.0; +claudebot@anthropic.com)"
196.168.130.35 - - [28/Aug/2026:14:19:35 +0200] "GET /_jb_static/??-eJytVttyozAM/Zt9qutJp7t96vRbjBGgiW9r2WHp168xCXEngYFJXnLR5fhIOhbw3jE0UsUaiEsiXiMFXikrj0xh5YUfOIVBwatG85oCXnjKkNYEMIE7FVs0xIUZ+g48MFCgk8N65rzlM7AggjDhCxhdq2i9tdJqDV5CmVmYmRKDjeEBhEdLSb3hJ2gFTZ+r9QwYOlay/xsxtfeE0JfsctjVdQMXukSIeIOmit/f56ksBOUvJoN17BzPZIeqXsi6MJ1rLssETGETxWtPsm216husEaDxOapO2grrkrpLhXp04DPS9HMbRJ7g81g0KYiJHshqmDSt1BNQTu+MOtTrXW1UTH8b6/WPgrKVjWYqhNtj3cLyLTkH0hFD7gTXto4KfjrGQTMn5LE8D5JnUsAG7BnWCZ86Jf6VSKsqvki9iK+sDRS8cHe7dD9v7PTYI5E5Xy7EbNhxuhatwQYlc9ZFtyOxHPYO5llcBrVYkOlyVg2NiOp29ssZs2x25PhU1Jne9qRNK+gqyknElDZwklK5zLOdZbRtOtyElJ9OD5PzQC5dDzzt3LU3S2E0rOlmHxpZhfUTcDy0UYmN23cVKb1hmHpeeV/68/Dx8fb7cHh/+/NLVp+H/57CTI4= HTTP/1.1" 404 - "https://ctoptogo.org/?utm_source=chatgpt.com" "Mozilla/5.0 (Linux; Android 10; K) AppleWebKit/537.36 (KHTML, like Gecko) Chrome/150.0.0.0 Mobile Safari/537.36"
216.73.216.164 - - [28/Aug/2026:14:19:37 +0200] "GET /products/da3ac2607411 HTTP/1.1" 404 - "-" "Mozilla/5.0 AppleWebKit/537.36 (KHTML, like Gecko; compatible; ClaudeBot/1.0; +claudebot@anthropic.com)"
196.168.130.35 - - [28/Aug/2026:14:19:39 +0200] "GET /_jb_static/??-eJyNjs0OgjAQhN/Gk2Ul/IQL8VkKrLi422K3FX17S4J3k0kmM5l8GdhWQ27kNKHCkvVMGD6HGaE52IiFkCsWPUMej95FdBFWTjM5BWSUnH0Aq4pRgWmAWx4Zu6F6wZ36qo3eSfQPkD4ogvgpcT602mCZ7fvH3g8eVcZcpS/brrvUTdNWp3Hoyy+VUUwO HTTP/1.1" 404 - "https://ctoptogo.org/?utm_source=chatgpt.com" "Mozilla/5.0 (Linux; Android 10; K) AppleWebKit/537.36 (KHTML, like Gecko) Chrome/150.0.0.0 Mobile Safari/537.36"
196.168.130.35 - - [28/Aug/2026:14:19:39 +0200] "GET /_jb_static/??-eJytU8luwyAQ/ZueipGjtjlFPfcDeo5YJs7YwDgsdpyvL3VSywfXUtJe0DzewhMI3rdMkYvgIm9NqtAFXkNshWqYJArxB+07cJo8FymSFTGimnRoRQVMacc1ZsMEizo884V84Yb+CB4YGLCZIM9aTxydMklD5kOAmGvkCb6ZwuK9WTKh0TlRw/kB93IT0JgFa3EHdDJdLnnfw8wbewDHrDj/5uuJFFkLXs1tBz/KNA/oKjPehE4qrhVYDqpPCfzApCHVJLzBYoSfH/fHTb2E1iwSU8I/UipkITUIeSqu0x+qzOh/eG+DkndQiXBd1xIHjEc2O52dEuYv0SH0Cz1vSe92V263m9eyfNm8PSm5K78A0NxWdQ== HTTP/1.1" 404 - "https://ctoptogo.org/?utm_source=chatgpt.com" "Mozilla/5.0 (Linux; Android 10; K) AppleWebKit/537.36 (KHTML, like Gecko) Chrome/150.0.0.0 Mobile Safari/537.36"
66.249.74.162 - - [28/Aug/2026:14:19:39 +0200] "GET /products/iphone-17-pro-mg8n4x-a HTTP/1.1" 404 - "-" "Mozilla/5.0 (Linux; Android 6.0.1; Nexus 5X Build/MMB29P) AppleWebKit/537.36 (KHTML, like Gecko) Chrome/151.0.7922.173 Mobile Safari/537.36 (compatible; GoogleOther)"
196.168.130.35 - - [28/Aug/2026:14:19:39 +0200] "GET /_jb_static/??-eJy1U8tywjAM/JueagwXmB6YfkpHsRUQ8auWTApfX/MsMC0l0+kplqzd1Sqy7pMyMQgG0cmVBQXW6NDXmDsS5UhQ92QXKKwpkGhg3p1XfEwrNpmS8GjFz/o+m/bRFoesE2RwDj4uyCCQxz9ynFKqzXsC+1tvK5QEplNNjCyn6G1dkTFrKBI9iJA51znYbhR5WFR9SxVClS8zGqEYVGwY8xrzv6ldJG41ZFknxLql0JTt9mImxFFiwlHqFnbkKTwMrF0KS4Y0CFUvCBRXG91GMVlsIA8iWL0XzJtRNRmoJaNSTGVYC33sB9VnUafFeRgDKeG1MQrGFYuHme9/kYtg0f5U44Fj2BkdPhsE3iRCs4Qs3+FvXs1uuQ4UjhrNPSXMx88gdQ8PSKmU45Wcr03Wq3Lu/iszSJ1dXal7bltXatjG7C9Qu1BxaTwx1ydasa9+Ppm+TGaz8Ww8fTLNfPIJtYrpeA== HTTP/1.1" 404 - "https://ctoptogo.org/?utm_source=chatgpt.com" "Mozilla/5.0 (Linux; Android 10; K) AppleWebKit/537.36 (KHTML, like Gecko) Chrome/150.0.0.0 Mobile Safari/537.36"
196.168.130.35 - - [28/Aug/2026:14:19:39 +0200] "GET /_jb_static/??-eJytktEKwjAMRf/GJ7s6Bw4fxG/p2ugy26a2qUO/3k2YDISB4tu94d5DIJF9EOi1zQaS7JIcbGa0hUNfdGk9ek2ewbMMNp/RDxEiTc5B1CBVSsCv4im+YkYqYwST0CqyuKmIipH897wHkZPdNUO8F6P+nhBaYko9BpjJP2FERmHgpLLlJSJYcIOnKEKkGbOHJih9GadFzJ7RLS72xnwifq1P5xKOTLaQ5v35PxhMLFuiy5Q4ukNZ11W5q7b7zUo3h/IJPOHbMw== HTTP/1.1" 404 - "https://ctoptogo.org/?utm_source=chatgpt.com" "Mozilla/5.0 (Linux; Android 10; K) AppleWebKit/537.36 (KHTML, like Gecko) Chrome/150.0.0.0 Mobile Safari/537.36"
196.168.130.35 - - [28/Aug/2026:14:19:39 +0200] "GET /_jb_static/??-eJyVTcsKgzAQ/Jueqot92oP0W2Jc7NrNJmYTxL9vDlI8tjAwMzAPWEJlvSSUBIHzSKKAjK54H8GoYlJg6mExa/AkxX1V7UjqSY9QNkgs5wEVpoI5Y1whE1gfcZ/66UlfJmLFJO+d/HtlIMN+3GhrP13X3M9te32cLreD7bvmA6sWXo8= HTTP/1.1" 404 - "https://ctoptogo.org/?utm_source=chatgpt.com" "Mozilla/5.0 (Linux; Android 10; K) AppleWebKit/537.36 (KHTML, like Gecko) Chrome/150.0.0.0 Mobile Safari/537.36"
196.168.130.35 - - [28/Aug/2026:14:19:40 +0200] "GET /_jb_static/??-eJyt0cFOwzAMBuC34YTrDbGhHSaeJU3M5C6JO9vV2NtToJuKEGIT3OLo1+c4xmMPUapTdezzsONqSJnKWNueHTI74ZHTjtyQKzsGs/dzZxgql+AEkTVmagrXprN7/IM45USvgP7FKJKGTIbmHPenS/Sb9vHyr6Fb+F4FXkQLKI0wtIO71B+6zCM39Qgacg6vM/Z8BSGNywGLyr3bL6joXFDKEhIlmNpcsWVRGOc9I5nb6XexOwykp+azmqDnsl2uN4vV+uHxaXEX2+3yDS7F+6o= HTTP/1.1" 404 - "https://ctoptogo.org/?utm_source=chatgpt.com" "Mozilla/5.0 (Linux; Android 10; K) AppleWebKit/537.36 (KHTML, like Gecko) Chrome/150.0.0.0 Mobile Safari/537.36"
216.73.216.164 - - [28/Aug/2026:14:19:42 +0200] "GET /products/16ff83650244 HTTP/1.1" 404 - "-" "Mozilla/5.0 AppleWebKit/537.36 (KHTML, like Gecko; compatible; ClaudeBot/1.0; +claudebot@anthropic.com)"
109.234.162.247 - - [28/Aug/2026:14:19:43 +0200] "POST /wp-cron.php?doing_wp_cron=1787919583.4475569725036621093750 HTTP/1.1" 200 - "-" "IUkX4k1QSmNb"
196.168.130.35 - - [28/Aug/2026:14:19:43 +0200] "GET /// HTTP/1.1" 301 - "https://ctoptogo.org/?utm_source=chatgpt.com" "Mozilla/5.0 (Linux; Android 10; K) AppleWebKit/537.36 (KHTML, like Gecko) Chrome/150.0.0.0 Mobile Safari/537.36"
196.168.130.35 - - [28/Aug/2026:14:19:43 +0200] "GET / HTTP/1.1" 200 416339 "https://ctoptogo.org/?utm_source=chatgpt.com" "Mozilla/5.0 (Linux; Android 10; K) AppleWebKit/537.36 (KHTML, like Gecko) Chrome/150.0.0.0 Mobile Safari/537.36"
216.73.216.164 - - [28/Aug/2026:14:19:47 +0200] "GET /products/31f902810449 HTTP/1.1" 404 - "-" "Mozilla/5.0 AppleWebKit/537.36 (KHTML, like Gecko; compatible; ClaudeBot/1.0; +claudebot@anthropic.com)"
216.73.216.164 - - [28/Aug/2026:14:19:52 +0200] "GET /products/950b63571114 HTTP/1.1" 404 - "-" "Mozilla/5.0 AppleWebKit/537.36 (KHTML, like Gecko; compatible; ClaudeBot/1.0; +claudebot@anthropic.com)"
196.168.130.35 - - [28/Aug/2026:14:19:54 +0200] "GET /?utm_source=chatgpt.com HTTP/1.1" 200 416350 "-" "Mozilla/5.0 (Linux; Android 10; K) AppleWebKit/537.36 (KHTML, like Gecko) Chrome/150.0.0.0 Mobile Safari/537.36"
216.73.216.164 - - [28/Aug/2026:14:19:57 +0200] "GET /products/56d58819048 HTTP/1.1" 404 - "-" "Mozilla/5.0 AppleWebKit/537.36 (KHTML, like Gecko; compatible; ClaudeBot/1.0; +claudebot@anthropic.com)"
216.73.216.164 - - [28/Aug/2026:14:20:02 +0200] "GET /products/e43723618028 HTTP/1.1" 404 - "-" "Mozilla/5.0 AppleWebKit/537.36 (KHTML, like Gecko; compatible; ClaudeBot/1.0; +claudebot@anthropic.com)"
216.73.216.164 - - [28/Aug/2026:14:20:07 +0200] "GET /products/18455867969 HTTP/1.1" 404 - "-" "Mozilla/5.0 AppleWebKit/537.36 (KHTML, like Gecko; compatible; ClaudeBot/1.0; +claudebot@anthropic.com)"
216.73.216.164 - - [28/Aug/2026:14:20:12 +0200] "GET /products/600b52698722 HTTP/1.1" 404 - "-" "Mozilla/5.0 AppleWebKit/537.36 (KHTML, like Gecko; compatible; ClaudeBot/1.0; +claudebot@anthropic.com)"
216.73.216.164 - - [28/Aug/2026:14:20:17 +0200] "GET /products/d155d2169170 HTTP/1.1" 404 - "-" "Mozilla/5.0 AppleWebKit/537.36 (KHTML, like Gecko; compatible; ClaudeBot/1.0; +claudebot@anthropic.com)"
216.73.216.164 - - [28/Aug/2026:14:20:22 +0200] "GET /products/02593121589 HTTP/1.1" 404 - "-" "Mozilla/5.0 AppleWebKit/537.36 (KHTML, like Gecko; compatible; ClaudeBot/1.0; +claudebot@anthropic.com)"
216.73.216.164 - - [28/Aug/2026:14:20:27 +0200] "GET /products/e14403000733 HTTP/1.1" 404 - "-" "Mozilla/5.0 AppleWebKit/537.36 (KHTML, like Gecko; compatible; ClaudeBot/1.0; +claudebot@anthropic.com)"
216.73.216.164 - - [28/Aug/2026:14:20:32 +0200] "GET /products/f92182583740 HTTP/1.1" 404 - "-" "Mozilla/5.0 AppleWebKit/537.36 (KHTML, like Gecko; compatible; ClaudeBot/1.0; +claudebot@anthropic.com)"
216.73.216.164 - - [28/Aug/2026:14:20:35 +0200] "GET /products/141b71884206 HTTP/1.1" 404 - "-" "Mozilla/5.0 AppleWebKit/537.36 (KHTML, like Gecko; compatible; ClaudeBot/1.0; +claudebot@anthropic.com)"
216.73.216.164 - - [28/Aug/2026:14:20:39 +0200] "GET /products/52ffb1430070 HTTP/1.1" 404 - "-" "Mozilla/5.0 AppleWebKit/537.36 (KHTML, like Gecko; compatible; ClaudeBot/1.0; +claudebot@anthropic.com)"
216.73.216.164 - - [28/Aug/2026:14:20:44 +0200] "GET /products/66f902390871 HTTP/1.1" 404 - "-" "Mozilla/5.0 AppleWebKit/537.36 (KHTML, like Gecko; compatible; ClaudeBot/1.0; +claudebot@anthropic.com)"
216.73.216.164 - - [28/Aug/2026:14:20:50 +0200] "GET /products/347a03366821 HTTP/1.1" 404 - "-" "Mozilla/5.0 AppleWebKit/537.36 (KHTML, like Gecko; compatible; ClaudeBot/1.0; +claudebot@anthropic.com)"
216.73.216.164 - - [28/Aug/2026:14:20:55 +0200] "GET /products/f46e73323632 HTTP/1.1" 404 - "-" "Mozilla/5.0 AppleWebKit/537.36 (KHTML, like Gecko; compatible; ClaudeBot/1.0; +claudebot@anthropic.com)"
216.73.216.164 - - [28/Aug/2026:14:21:00 +0200] "GET /wp-includes/js/dist/dom-ready.min.js HTTP/1.1" 200 457 "-" "Mozilla/5.0 AppleWebKit/537.36 (KHTML, like Gecko; compatible; ClaudeBot/1.0; +claudebot@anthropic.com)"
216.73.216.164 - - [28/Aug/2026:14:21:05 +0200] "GET /wp-includes/js/dist/a11y.min.js HTTP/1.1" 200 2212 "-" "Mozilla/5.0 AppleWebKit/537.36 (KHTML, like Gecko; compatible; ClaudeBot/1.0; +claudebot@anthropic.com)"
216.73.216.164 - - [28/Aug/2026:14:21:10 +0200] "GET /wp-includes/Text/Diff/?C=D&O=D HTTP/1.1" 200 1216 "-" "Mozilla/5.0 AppleWebKit/537.36 (KHTML, like Gecko; compatible; ClaudeBot/1.0; +claudebot@anthropic.com)"
216.73.216.164 - - [28/Aug/2026:14:21:15 +0200] "GET /wp-includes/html-api/?C=M&O=D HTTP/1.1" 200 3502 "-" "Mozilla/5.0 AppleWebKit/537.36 (KHTML, like Gecko; compatible; ClaudeBot/1.0; +claudebot@anthropic.com)"
216.73.216.164 - - [28/Aug/2026:14:21:20 +0200] "GET /wp-includes/js/wp-emoji.min.js HTTP/1.1" 200 2855 "-" "Mozilla/5.0 AppleWebKit/537.36 (KHTML, like Gecko; compatible; ClaudeBot/1.0; +claudebot@anthropic.com)"
216.73.216.164 - - [28/Aug/2026:14:21:25 +0200] "GET /wp-includes/js/wp-ajax-response.min.js HTTP/1.1" 200 2571 "-" "Mozilla/5.0 AppleWebKit/537.36 (KHTML, like Gecko; compatible; ClaudeBot/1.0; +claudebot@anthropic.com)"
216.73.216.164 - - [28/Aug/2026:14:21:30 +0200] "GET /wp-includes/js/zxcvbn-async.min.js HTTP/1.1" 200 351 "-" "Mozilla/5.0 AppleWebKit/537.36 (KHTML, like Gecko; compatible; ClaudeBot/1.0; +claudebot@anthropic.com)"
216.73.216.164 - - [28/Aug/2026:14:21:35 +0200] "GET /wp-includes/js/mediaelement/wp-playlist.min.js HTTP/1.1" 200 3445 "-" "Mozilla/5.0 AppleWebKit/537.36 (KHTML, like Gecko; compatible; ClaudeBot/1.0; +claudebot@anthropic.com)"
216.73.216.164 - - [28/Aug/2026:14:21:40 +0200] "GET /wp-includes/l10n/class-wp-translations.php HTTP/1.1" 200 - "-" "Mozilla/5.0 AppleWebKit/537.36 (KHTML, like Gecko; compatible; ClaudeBot/1.0; +claudebot@anthropic.com)"
216.73.216.164 - - [28/Aug/2026:14:21:45 +0200] "GET /wp-includes/images/media/default.svg HTTP/1.1" 200 161 "-" "Mozilla/5.0 AppleWebKit/537.36 (KHTML, like Gecko; compatible; ClaudeBot/1.0; +claudebot@anthropic.com)"
216.73.216.164 - - [28/Aug/2026:14:21:50 +0200] "GET /wp-includes/interactivity-api/?C=S&O=D HTTP/1.1" 200 1307 "-" "Mozilla/5.0 AppleWebKit/537.36 (KHTML, like Gecko; compatible; ClaudeBot/1.0; +claudebot@anthropic.com)"
216.73.216.164 - - [28/Aug/2026:14:21:55 +0200] "GET /wp-includes/images/crystal/interactive.png HTTP/1.1" 200 2217 "-" "Mozilla/5.0 AppleWebKit/537.36 (KHTML, like Gecko; compatible; ClaudeBot/1.0; +claudebot@anthropic.com)"
216.73.216.164 - - [28/Aug/2026:14:21:58 +0200] "GET /wp-includes/SimplePie/src/?C=N&O=A HTTP/1.1" 200 5678 "-" "Mozilla/5.0 AppleWebKit/537.36 (KHTML, like Gecko; compatible; ClaudeBot/1.0; +claudebot@anthropic.com)"
216.73.216.164 - - [28/Aug/2026:14:22:03 +0200] "GET /wp-includes/js/mediaelement/mediaelement-and-player.min.js HTTP/1.1" 200 158005 "-" "Mozilla/5.0 AppleWebKit/537.36 (KHTML, like Gecko; compatible; ClaudeBot/1.0; +claudebot@anthropic.com)"
216.73.216.164 - - [28/Aug/2026:14:22:08 +0200] "GET /wp-includes/js/jcrop/jquery.Jcrop.min.js HTTP/1.1" 200 22585 "-" "Mozilla/5.0 AppleWebKit/537.36 (KHTML, like Gecko; compatible; ClaudeBot/1.0; +claudebot@anthropic.com)"
216.73.216.164 - - [28/Aug/2026:14:22:13 +0200] "GET /wp-includes/widgets/?C=S&O=D HTTP/1.1" 200 4656 "-" "Mozilla/5.0 AppleWebKit/537.36 (KHTML, like Gecko; compatible; ClaudeBot/1.0; +claudebot@anthropic.com)"
