57.141.20.60 - - [28/Aug/2026:08:52:41 +0200] "GET /products/1a7741156984 HTTP/1.1" 404 - "-" "Mozilla/5.0 (Windows NT 10.0; Win64; x64) AppleWebKit/537.36 (KHTML, like Gecko) Chrome/145.0.0.0 Safari/537.36 (compatible; meta-externalagent/1.1 (+https://developers.facebook.com/docs/sharing/webmasters/crawler))"
216.73.216.164 - - [28/Aug/2026:08:52:42 +0200] "GET /wp-includes/class-wp-user-meta-session-tokens.php HTTP/1.1" 500 - "-" "Mozilla/5.0 AppleWebKit/537.36 (KHTML, like Gecko; compatible; ClaudeBot/1.0; +claudebot@anthropic.com)"
57.141.20.54 - - [28/Aug/2026:08:52:46 +0200] "GET /products/a958d2141843 HTTP/1.1" 404 - "-" "Mozilla/5.0 (Windows NT 10.0; Win64; x64) AppleWebKit/537.36 (KHTML, like Gecko) Chrome/145.0.0.0 Safari/537.36 (compatible; meta-externalagent/1.1 (+https://developers.facebook.com/docs/sharing/webmasters/crawler))"
216.73.216.164 - - [28/Aug/2026:08:52:47 +0200] "GET /products/91c62188546 HTTP/1.1" 404 - "-" "Mozilla/5.0 AppleWebKit/537.36 (KHTML, like Gecko; compatible; ClaudeBot/1.0; +claudebot@anthropic.com)"
216.73.216.164 - - [28/Aug/2026:08:52:52 +0200] "GET /products/f0ca72332907 HTTP/1.1" 404 - "-" "Mozilla/5.0 AppleWebKit/537.36 (KHTML, like Gecko; compatible; ClaudeBot/1.0; +claudebot@anthropic.com)"
216.73.216.164 - - [28/Aug/2026:08:52:57 +0200] "GET /products/f95cb3370886 HTTP/1.1" 404 - "-" "Mozilla/5.0 AppleWebKit/537.36 (KHTML, like Gecko; compatible; ClaudeBot/1.0; +claudebot@anthropic.com)"
216.73.216.164 - - [28/Aug/2026:08:53:02 +0200] "GET /products/50852829237 HTTP/1.1" 404 - "-" "Mozilla/5.0 AppleWebKit/537.36 (KHTML, like Gecko; compatible; ClaudeBot/1.0; +claudebot@anthropic.com)"
216.73.216.164 - - [28/Aug/2026:08:53:07 +0200] "GET /products/afe213619832 HTTP/1.1" 404 - "-" "Mozilla/5.0 AppleWebKit/537.36 (KHTML, like Gecko; compatible; ClaudeBot/1.0; +claudebot@anthropic.com)"
216.73.216.164 - - [28/Aug/2026:08:53:13 +0200] "GET /products/862f32860055 HTTP/1.1" 404 - "-" "Mozilla/5.0 AppleWebKit/537.36 (KHTML, like Gecko; compatible; ClaudeBot/1.0; +claudebot@anthropic.com)"
216.73.216.164 - - [28/Aug/2026:08:53:18 +0200] "GET /products/099c41828845 HTTP/1.1" 404 - "-" "Mozilla/5.0 AppleWebKit/537.36 (KHTML, like Gecko; compatible; ClaudeBot/1.0; +claudebot@anthropic.com)"
216.73.216.164 - - [28/Aug/2026:08:53:23 +0200] "GET /products/760d7726140 HTTP/1.1" 404 - "-" "Mozilla/5.0 AppleWebKit/537.36 (KHTML, like Gecko; compatible; ClaudeBot/1.0; +claudebot@anthropic.com)"
216.73.216.164 - - [28/Aug/2026:08:53:28 +0200] "GET /products/12d9820308 HTTP/1.1" 404 - "-" "Mozilla/5.0 AppleWebKit/537.36 (KHTML, like Gecko; compatible; ClaudeBot/1.0; +claudebot@anthropic.com)"
216.73.216.164 - - [28/Aug/2026:08:53:33 +0200] "GET /products/3b0f23620060 HTTP/1.1" 404 - "-" "Mozilla/5.0 AppleWebKit/537.36 (KHTML, like Gecko; compatible; ClaudeBot/1.0; +claudebot@anthropic.com)"
216.73.216.164 - - [28/Aug/2026:08:53:38 +0200] "GET /products/047d71742740 HTTP/1.1" 404 - "-" "Mozilla/5.0 AppleWebKit/537.36 (KHTML, like Gecko; compatible; ClaudeBot/1.0; +claudebot@anthropic.com)"
216.73.216.164 - - [28/Aug/2026:08:53:43 +0200] "GET /products/0d2014056154 HTTP/1.1" 404 - "-" "Mozilla/5.0 AppleWebKit/537.36 (KHTML, like Gecko; compatible; ClaudeBot/1.0; +claudebot@anthropic.com)"
216.73.216.164 - - [28/Aug/2026:08:53:48 +0200] "GET /products/820fe1525604 HTTP/1.1" 404 - "-" "Mozilla/5.0 AppleWebKit/537.36 (KHTML, like Gecko; compatible; ClaudeBot/1.0; +claudebot@anthropic.com)"
216.73.216.164 - - [28/Aug/2026:08:53:53 +0200] "GET /products/53ecd3447598 HTTP/1.1" 404 - "-" "Mozilla/5.0 AppleWebKit/537.36 (KHTML, like Gecko; compatible; ClaudeBot/1.0; +claudebot@anthropic.com)"
216.73.216.164 - - [28/Aug/2026:08:53:58 +0200] "GET /products/192811508257 HTTP/1.1" 404 - "-" "Mozilla/5.0 AppleWebKit/537.36 (KHTML, like Gecko; compatible; ClaudeBot/1.0; +claudebot@anthropic.com)"
216.73.216.164 - - [28/Aug/2026:08:54:03 +0200] "GET /products/073563149336 HTTP/1.1" 404 - "-" "Mozilla/5.0 AppleWebKit/537.36 (KHTML, like Gecko; compatible; ClaudeBot/1.0; +claudebot@anthropic.com)"
216.73.216.164 - - [28/Aug/2026:08:54:08 +0200] "GET /products/086da1695578 HTTP/1.1" 404 - "-" "Mozilla/5.0 AppleWebKit/537.36 (KHTML, like Gecko; compatible; ClaudeBot/1.0; +claudebot@anthropic.com)"
216.73.216.164 - - [28/Aug/2026:08:54:13 +0200] "GET /products/669223724971 HTTP/1.1" 404 - "-" "Mozilla/5.0 AppleWebKit/537.36 (KHTML, like Gecko; compatible; ClaudeBot/1.0; +claudebot@anthropic.com)"
216.73.216.164 - - [28/Aug/2026:08:54:18 +0200] "GET /products/635652008456 HTTP/1.1" 404 - "-" "Mozilla/5.0 AppleWebKit/537.36 (KHTML, like Gecko; compatible; ClaudeBot/1.0; +claudebot@anthropic.com)"
216.73.216.164 - - [28/Aug/2026:08:54:23 +0200] "GET /products/a122d4040281 HTTP/1.1" 404 - "-" "Mozilla/5.0 AppleWebKit/537.36 (KHTML, like Gecko; compatible; ClaudeBot/1.0; +claudebot@anthropic.com)"
216.73.216.164 - - [28/Aug/2026:08:54:28 +0200] "GET /products/b28263790643 HTTP/1.1" 404 - "-" "Mozilla/5.0 AppleWebKit/537.36 (KHTML, like Gecko; compatible; ClaudeBot/1.0; +claudebot@anthropic.com)"
216.73.216.164 - - [28/Aug/2026:08:54:33 +0200] "GET /products/c22c53527371 HTTP/1.1" 404 - "-" "Mozilla/5.0 AppleWebKit/537.36 (KHTML, like Gecko; compatible; ClaudeBot/1.0; +claudebot@anthropic.com)"
216.73.216.164 - - [28/Aug/2026:08:54:39 +0200] "GET /products/3083b3961752 HTTP/1.1" 404 - "-" "Mozilla/5.0 AppleWebKit/537.36 (KHTML, like Gecko; compatible; ClaudeBot/1.0; +claudebot@anthropic.com)"
216.73.216.164 - - [28/Aug/2026:08:54:44 +0200] "GET /products/51f53656170 HTTP/1.1" 404 - "-" "Mozilla/5.0 AppleWebKit/537.36 (KHTML, like Gecko; compatible; ClaudeBot/1.0; +claudebot@anthropic.com)"
216.73.216.164 - - [28/Aug/2026:08:54:49 +0200] "GET /products/718d04306878 HTTP/1.1" 404 - "-" "Mozilla/5.0 AppleWebKit/537.36 (KHTML, like Gecko; compatible; ClaudeBot/1.0; +claudebot@anthropic.com)"
216.73.216.164 - - [28/Aug/2026:08:54:54 +0200] "GET /products/d90c93972867 HTTP/1.1" 404 - "-" "Mozilla/5.0 AppleWebKit/537.36 (KHTML, like Gecko; compatible; ClaudeBot/1.0; +claudebot@anthropic.com)"
216.73.216.164 - - [28/Aug/2026:08:54:59 +0200] "GET /products/656783673834 HTTP/1.1" 404 - "-" "Mozilla/5.0 AppleWebKit/537.36 (KHTML, like Gecko; compatible; ClaudeBot/1.0; +claudebot@anthropic.com)"
216.73.216.164 - - [28/Aug/2026:08:55:04 +0200] "GET /products/479873608071 HTTP/1.1" 404 - "-" "Mozilla/5.0 AppleWebKit/537.36 (KHTML, like Gecko; compatible; ClaudeBot/1.0; +claudebot@anthropic.com)"
216.73.216.164 - - [28/Aug/2026:08:55:09 +0200] "GET /products/20e4d3357340 HTTP/1.1" 404 - "-" "Mozilla/5.0 AppleWebKit/537.36 (KHTML, like Gecko; compatible; ClaudeBot/1.0; +claudebot@anthropic.com)"
216.73.216.164 - - [28/Aug/2026:08:55:14 +0200] "GET /products/632492561259 HTTP/1.1" 404 - "-" "Mozilla/5.0 AppleWebKit/537.36 (KHTML, like Gecko; compatible; ClaudeBot/1.0; +claudebot@anthropic.com)"
216.73.216.164 - - [28/Aug/2026:08:55:19 +0200] "GET /products/d39e43156247 HTTP/1.1" 404 - "-" "Mozilla/5.0 AppleWebKit/537.36 (KHTML, like Gecko; compatible; ClaudeBot/1.0; +claudebot@anthropic.com)"
216.73.216.164 - - [28/Aug/2026:08:55:24 +0200] "GET /products/442244200829 HTTP/1.1" 404 - "-" "Mozilla/5.0 AppleWebKit/537.36 (KHTML, like Gecko; compatible; ClaudeBot/1.0; +claudebot@anthropic.com)"
216.73.216.164 - - [28/Aug/2026:08:55:29 +0200] "GET /products/331482486181 HTTP/1.1" 404 - "-" "Mozilla/5.0 AppleWebKit/537.36 (KHTML, like Gecko; compatible; ClaudeBot/1.0; +claudebot@anthropic.com)"
216.73.216.164 - - [28/Aug/2026:08:55:34 +0200] "GET /products/7a4b94357971 HTTP/1.1" 404 - "-" "Mozilla/5.0 AppleWebKit/537.36 (KHTML, like Gecko; compatible; ClaudeBot/1.0; +claudebot@anthropic.com)"
216.73.216.164 - - [28/Aug/2026:08:55:39 +0200] "GET /products/148291895099 HTTP/1.1" 404 - "-" "Mozilla/5.0 AppleWebKit/537.36 (KHTML, like Gecko; compatible; ClaudeBot/1.0; +claudebot@anthropic.com)"
216.73.216.164 - - [28/Aug/2026:08:55:44 +0200] "GET /products/db09c3275695 HTTP/1.1" 404 - "-" "Mozilla/5.0 AppleWebKit/537.36 (KHTML, like Gecko; compatible; ClaudeBot/1.0; +claudebot@anthropic.com)"
216.73.216.164 - - [28/Aug/2026:08:55:49 +0200] "GET /products/e43e31699493 HTTP/1.1" 404 - "-" "Mozilla/5.0 AppleWebKit/537.36 (KHTML, like Gecko; compatible; ClaudeBot/1.0; +claudebot@anthropic.com)"
216.73.216.164 - - [28/Aug/2026:08:55:54 +0200] "GET /products/3422d2143345 HTTP/1.1" 404 - "-" "Mozilla/5.0 AppleWebKit/537.36 (KHTML, like Gecko; compatible; ClaudeBot/1.0; +claudebot@anthropic.com)"
216.73.216.164 - - [28/Aug/2026:08:56:00 +0200] "GET /products/ce1d22327723 HTTP/1.1" 404 - "-" "Mozilla/5.0 AppleWebKit/537.36 (KHTML, like Gecko; compatible; ClaudeBot/1.0; +claudebot@anthropic.com)"
216.73.216.164 - - [28/Aug/2026:08:56:05 +0200] "GET /products/984661645338 HTTP/1.1" 404 - "-" "Mozilla/5.0 AppleWebKit/537.36 (KHTML, like Gecko; compatible; ClaudeBot/1.0; +claudebot@anthropic.com)"
216.73.216.164 - - [28/Aug/2026:08:56:10 +0200] "GET /products/b51963170410 HTTP/1.1" 404 - "-" "Mozilla/5.0 AppleWebKit/537.36 (KHTML, like Gecko; compatible; ClaudeBot/1.0; +claudebot@anthropic.com)"
216.73.216.164 - - [28/Aug/2026:08:56:15 +0200] "GET /products/1255c4326401 HTTP/1.1" 404 - "-" "Mozilla/5.0 AppleWebKit/537.36 (KHTML, like Gecko; compatible; ClaudeBot/1.0; +claudebot@anthropic.com)"
216.73.216.164 - - [28/Aug/2026:08:56:20 +0200] "GET /products/f0e244303467 HTTP/1.1" 404 - "-" "Mozilla/5.0 AppleWebKit/537.36 (KHTML, like Gecko; compatible; ClaudeBot/1.0; +claudebot@anthropic.com)"
216.73.216.164 - - [28/Aug/2026:08:56:25 +0200] "GET /products/8350f1123965 HTTP/1.1" 404 - "-" "Mozilla/5.0 AppleWebKit/537.36 (KHTML, like Gecko; compatible; ClaudeBot/1.0; +claudebot@anthropic.com)"
216.73.216.164 - - [28/Aug/2026:08:56:30 +0200] "GET /products/c85a23357310 HTTP/1.1" 404 - "-" "Mozilla/5.0 AppleWebKit/537.36 (KHTML, like Gecko; compatible; ClaudeBot/1.0; +claudebot@anthropic.com)"
216.73.216.164 - - [28/Aug/2026:08:56:35 +0200] "GET /products/52376816410 HTTP/1.1" 404 - "-" "Mozilla/5.0 AppleWebKit/537.36 (KHTML, like Gecko; compatible; ClaudeBot/1.0; +claudebot@anthropic.com)"
216.73.216.164 - - [28/Aug/2026:08:56:40 +0200] "GET /products/95b27856881 HTTP/1.1" 404 - "-" "Mozilla/5.0 AppleWebKit/537.36 (KHTML, like Gecko; compatible; ClaudeBot/1.0; +claudebot@anthropic.com)"
216.73.216.164 - - [28/Aug/2026:08:56:45 +0200] "GET /products/8b9893971878 HTTP/1.1" 404 - "-" "Mozilla/5.0 AppleWebKit/537.36 (KHTML, like Gecko; compatible; ClaudeBot/1.0; +claudebot@anthropic.com)"
216.73.216.164 - - [28/Aug/2026:08:56:50 +0200] "GET /products/0642f3540568 HTTP/1.1" 404 - "-" "Mozilla/5.0 AppleWebKit/537.36 (KHTML, like Gecko; compatible; ClaudeBot/1.0; +claudebot@anthropic.com)"
216.73.216.164 - - [28/Aug/2026:08:56:55 +0200] "GET /products/5f6493020685 HTTP/1.1" 404 - "-" "Mozilla/5.0 AppleWebKit/537.36 (KHTML, like Gecko; compatible; ClaudeBot/1.0; +claudebot@anthropic.com)"
216.73.216.164 - - [28/Aug/2026:08:57:00 +0200] "GET /products/3d0b21214831 HTTP/1.1" 404 - "-" "Mozilla/5.0 AppleWebKit/537.36 (KHTML, like Gecko; compatible; ClaudeBot/1.0; +claudebot@anthropic.com)"
216.73.216.164 - - [28/Aug/2026:08:57:05 +0200] "GET /products/76047506991 HTTP/1.1" 404 - "-" "Mozilla/5.0 AppleWebKit/537.36 (KHTML, like Gecko; compatible; ClaudeBot/1.0; +claudebot@anthropic.com)"
216.73.216.164 - - [28/Aug/2026:08:57:11 +0200] "GET /products/ed2571270152 HTTP/1.1" 404 - "-" "Mozilla/5.0 AppleWebKit/537.36 (KHTML, like Gecko; compatible; ClaudeBot/1.0; +claudebot@anthropic.com)"
216.73.216.164 - - [28/Aug/2026:08:57:16 +0200] "GET /products/a69b22881944 HTTP/1.1" 404 - "-" "Mozilla/5.0 AppleWebKit/537.36 (KHTML, like Gecko; compatible; ClaudeBot/1.0; +claudebot@anthropic.com)"
216.73.216.164 - - [28/Aug/2026:08:57:21 +0200] "GET /products/3482f859128 HTTP/1.1" 404 - "-" "Mozilla/5.0 AppleWebKit/537.36 (KHTML, like Gecko; compatible; ClaudeBot/1.0; +claudebot@anthropic.com)"
216.73.216.164 - - [28/Aug/2026:08:57:26 +0200] "GET /products/a7b631781725 HTTP/1.1" 404 - "-" "Mozilla/5.0 AppleWebKit/537.36 (KHTML, like Gecko; compatible; ClaudeBot/1.0; +claudebot@anthropic.com)"
216.73.216.164 - - [28/Aug/2026:08:57:31 +0200] "GET /products/80a102503082 HTTP/1.1" 404 - "-" "Mozilla/5.0 AppleWebKit/537.36 (KHTML, like Gecko; compatible; ClaudeBot/1.0; +claudebot@anthropic.com)"
216.73.216.164 - - [28/Aug/2026:08:57:36 +0200] "GET /products/605471693292 HTTP/1.1" 404 - "-" "Mozilla/5.0 AppleWebKit/537.36 (KHTML, like Gecko; compatible; ClaudeBot/1.0; +claudebot@anthropic.com)"
216.73.216.164 - - [28/Aug/2026:08:57:41 +0200] "GET /products/0a1d52956594 HTTP/1.1" 404 - "-" "Mozilla/5.0 AppleWebKit/537.36 (KHTML, like Gecko; compatible; ClaudeBot/1.0; +claudebot@anthropic.com)"
216.73.216.164 - - [28/Aug/2026:08:57:46 +0200] "GET /products/9f1932260324 HTTP/1.1" 404 - "-" "Mozilla/5.0 AppleWebKit/537.36 (KHTML, like Gecko; compatible; ClaudeBot/1.0; +claudebot@anthropic.com)"
216.73.216.164 - - [28/Aug/2026:08:57:51 +0200] "GET /products/892131192598 HTTP/1.1" 404 - "-" "Mozilla/5.0 AppleWebKit/537.36 (KHTML, like Gecko; compatible; ClaudeBot/1.0; +claudebot@anthropic.com)"
216.73.216.164 - - [28/Aug/2026:08:57:56 +0200] "GET /products/093623592847 HTTP/1.1" 404 - "-" "Mozilla/5.0 AppleWebKit/537.36 (KHTML, like Gecko; compatible; ClaudeBot/1.0; +claudebot@anthropic.com)"
216.73.216.164 - - [28/Aug/2026:08:58:01 +0200] "GET /products/892822583475 HTTP/1.1" 404 - "-" "Mozilla/5.0 AppleWebKit/537.36 (KHTML, like Gecko; compatible; ClaudeBot/1.0; +claudebot@anthropic.com)"
216.73.216.164 - - [28/Aug/2026:08:58:06 +0200] "GET /products/10824561955 HTTP/1.1" 404 - "-" "Mozilla/5.0 AppleWebKit/537.36 (KHTML, like Gecko; compatible; ClaudeBot/1.0; +claudebot@anthropic.com)"
216.73.216.164 - - [28/Aug/2026:08:58:11 +0200] "GET /products/92bd71366103 HTTP/1.1" 404 - "-" "Mozilla/5.0 AppleWebKit/537.36 (KHTML, like Gecko; compatible; ClaudeBot/1.0; +claudebot@anthropic.com)"
216.73.216.164 - - [28/Aug/2026:08:58:16 +0200] "GET /products/01b462241239 HTTP/1.1" 404 - "-" "Mozilla/5.0 AppleWebKit/537.36 (KHTML, like Gecko; compatible; ClaudeBot/1.0; +claudebot@anthropic.com)"
216.73.216.164 - - [28/Aug/2026:08:58:21 +0200] "GET /products/f47251080900 HTTP/1.1" 404 - "-" "Mozilla/5.0 AppleWebKit/537.36 (KHTML, like Gecko; compatible; ClaudeBot/1.0; +claudebot@anthropic.com)"
216.73.216.164 - - [28/Aug/2026:08:58:26 +0200] "GET /products/375051442771 HTTP/1.1" 404 - "-" "Mozilla/5.0 AppleWebKit/537.36 (KHTML, like Gecko; compatible; ClaudeBot/1.0; +claudebot@anthropic.com)"
216.73.216.164 - - [28/Aug/2026:08:58:31 +0200] "GET /products/d74811452172 HTTP/1.1" 404 - "-" "Mozilla/5.0 AppleWebKit/537.36 (KHTML, like Gecko; compatible; ClaudeBot/1.0; +claudebot@anthropic.com)"
57.141.20.42 - - [28/Aug/2026:08:58:33 +0200] "GET /%f0%9d%90%8b%f0%9d%90%9a-%f0%9d%90%82%f0%9d%90%93%f0%9d%90%8e%f0%9d%90%8f-%f0%9d%90%9e%f0%9d%90%ad-%f0%9d%90%a5%f0%9d%90%9a-%f0%9d%90%82%f0%9d%90%8f%f0%9d%90%85-%f0%9d%90%9c%f0%9d%90%a8-%f0%9d%90%9c/ HTTP/1.1" 404 - "-" "Mozilla/5.0 (Windows NT 10.0; Win64; x64) AppleWebKit/537.36 (KHTML, like Gecko) Chrome/145.0.0.0 Safari/537.36 (compatible; meta-externalagent/1.1 (+https://developers.facebook.com/docs/sharing/webmasters/crawler))"
216.73.216.164 - - [28/Aug/2026:08:58:36 +0200] "GET /products/552122404498 HTTP/1.1" 404 - "-" "Mozilla/5.0 AppleWebKit/537.36 (KHTML, like Gecko; compatible; ClaudeBot/1.0; +claudebot@anthropic.com)"
216.73.216.164 - - [28/Aug/2026:08:58:41 +0200] "GET /products/830524095575 HTTP/1.1" 404 - "-" "Mozilla/5.0 AppleWebKit/537.36 (KHTML, like Gecko; compatible; ClaudeBot/1.0; +claudebot@anthropic.com)"
216.73.216.164 - - [28/Aug/2026:08:58:46 +0200] "GET /products/0521f3324432 HTTP/1.1" 404 - "-" "Mozilla/5.0 AppleWebKit/537.36 (KHTML, like Gecko; compatible; ClaudeBot/1.0; +claudebot@anthropic.com)"
216.73.216.164 - - [28/Aug/2026:08:58:51 +0200] "GET /products/399223279916 HTTP/1.1" 404 - "-" "Mozilla/5.0 AppleWebKit/537.36 (KHTML, like Gecko; compatible; ClaudeBot/1.0; +claudebot@anthropic.com)"
216.73.216.164 - - [28/Aug/2026:08:58:57 +0200] "GET /products/d84073557813 HTTP/1.1" 404 - "-" "Mozilla/5.0 AppleWebKit/537.36 (KHTML, like Gecko; compatible; ClaudeBot/1.0; +claudebot@anthropic.com)"
216.73.216.164 - - [28/Aug/2026:08:59:01 +0200] "GET /products/067613489870 HTTP/1.1" 404 - "-" "Mozilla/5.0 AppleWebKit/537.36 (KHTML, like Gecko; compatible; ClaudeBot/1.0; +claudebot@anthropic.com)"
216.73.216.164 - - [28/Aug/2026:08:59:06 +0200] "GET /products/3b7822520394 HTTP/1.1" 404 - "-" "Mozilla/5.0 AppleWebKit/537.36 (KHTML, like Gecko; compatible; ClaudeBot/1.0; +claudebot@anthropic.com)"
216.73.216.164 - - [28/Aug/2026:08:59:11 +0200] "GET /products/9158f1356172 HTTP/1.1" 404 - "-" "Mozilla/5.0 AppleWebKit/537.36 (KHTML, like Gecko; compatible; ClaudeBot/1.0; +claudebot@anthropic.com)"
216.73.216.164 - - [28/Aug/2026:08:59:16 +0200] "GET /products/423823221818 HTTP/1.1" 404 - "-" "Mozilla/5.0 AppleWebKit/537.36 (KHTML, like Gecko; compatible; ClaudeBot/1.0; +claudebot@anthropic.com)"
216.73.216.164 - - [28/Aug/2026:08:59:21 +0200] "GET /products/51b4f1568987 HTTP/1.1" 404 - "-" "Mozilla/5.0 AppleWebKit/537.36 (KHTML, like Gecko; compatible; ClaudeBot/1.0; +claudebot@anthropic.com)"
216.73.216.164 - - [28/Aug/2026:08:59:27 +0200] "GET /products/b04153419510 HTTP/1.1" 404 - "-" "Mozilla/5.0 AppleWebKit/537.36 (KHTML, like Gecko; compatible; ClaudeBot/1.0; +claudebot@anthropic.com)"
216.73.216.164 - - [28/Aug/2026:08:59:31 +0200] "GET /products/a1b9d1560681 HTTP/1.1" 404 - "-" "Mozilla/5.0 AppleWebKit/537.36 (KHTML, like Gecko; compatible; ClaudeBot/1.0; +claudebot@anthropic.com)"
216.73.216.164 - - [28/Aug/2026:08:59:37 +0200] "GET /products/26c364218674 HTTP/1.1" 404 - "-" "Mozilla/5.0 AppleWebKit/537.36 (KHTML, like Gecko; compatible; ClaudeBot/1.0; +claudebot@anthropic.com)"
109.234.162.247 - - [28/Aug/2026:08:59:39 +0200] "POST /wp-cron.php?doing_wp_cron=1787900379.9803669452667236328125 HTTP/1.1" 200 - "-" "Gw8RKM9QvlrE"
74.220.219.216 - - [28/Aug/2026:08:59:39 +0200] "GET /wp-login.php HTTP/1.1" 404 88149 "https://ctoptogo.org/wp-login.php" "Mozilla/5.0 (Windows NT 10.0; Win64; x64) AppleWebKit/537.36 (KHTML, like Gecko) Chrome/151.0.0.0 Safari/537.36"
216.73.216.164 - - [28/Aug/2026:08:59:42 +0200] "GET /products/99e834000664 HTTP/1.1" 404 - "-" "Mozilla/5.0 AppleWebKit/537.36 (KHTML, like Gecko; compatible; ClaudeBot/1.0; +claudebot@anthropic.com)"
216.73.216.164 - - [28/Aug/2026:08:59:47 +0200] "GET /products/612874146025 HTTP/1.1" 404 - "-" "Mozilla/5.0 AppleWebKit/537.36 (KHTML, like Gecko; compatible; ClaudeBot/1.0; +claudebot@anthropic.com)"
216.73.216.164 - - [28/Aug/2026:08:59:52 +0200] "GET /products/9c5911474542 HTTP/1.1" 404 - "-" "Mozilla/5.0 AppleWebKit/537.36 (KHTML, like Gecko; compatible; ClaudeBot/1.0; +claudebot@anthropic.com)"
216.73.216.164 - - [28/Aug/2026:08:59:57 +0200] "GET /products/9c4412231218 HTTP/1.1" 404 - "-" "Mozilla/5.0 AppleWebKit/537.36 (KHTML, like Gecko; compatible; ClaudeBot/1.0; +claudebot@anthropic.com)"
216.73.216.164 - - [28/Aug/2026:09:00:02 +0200] "GET /products/667832810062 HTTP/1.1" 404 - "-" "Mozilla/5.0 AppleWebKit/537.36 (KHTML, like Gecko; compatible; ClaudeBot/1.0; +claudebot@anthropic.com)"
216.73.216.164 - - [28/Aug/2026:09:00:07 +0200] "GET /products/152763450131 HTTP/1.1" 404 - "-" "Mozilla/5.0 AppleWebKit/537.36 (KHTML, like Gecko; compatible; ClaudeBot/1.0; +claudebot@anthropic.com)"
216.73.216.164 - - [28/Aug/2026:09:00:14 +0200] "GET /products/023412082856 HTTP/1.1" 404 - "-" "Mozilla/5.0 AppleWebKit/537.36 (KHTML, like Gecko; compatible; ClaudeBot/1.0; +claudebot@anthropic.com)"
216.73.216.164 - - [28/Aug/2026:09:00:18 +0200] "GET /products/221f62773077 HTTP/1.1" 404 - "-" "Mozilla/5.0 AppleWebKit/537.36 (KHTML, like Gecko; compatible; ClaudeBot/1.0; +claudebot@anthropic.com)"
216.73.216.164 - - [28/Aug/2026:09:00:23 +0200] "GET /products/4a6393218634 HTTP/1.1" 404 - "-" "Mozilla/5.0 AppleWebKit/537.36 (KHTML, like Gecko; compatible; ClaudeBot/1.0; +claudebot@anthropic.com)"
216.73.216.164 - - [28/Aug/2026:09:00:28 +0200] "GET /wp-includes/?C=S&O=A HTTP/1.1" 200 53022 "-" "Mozilla/5.0 AppleWebKit/537.36 (KHTML, like Gecko; compatible; ClaudeBot/1.0; +claudebot@anthropic.com)"
216.73.216.164 - - [28/Aug/2026:09:00:33 +0200] "GET /products/285922871975 HTTP/1.1" 404 - "-" "Mozilla/5.0 AppleWebKit/537.36 (KHTML, like Gecko; compatible; ClaudeBot/1.0; +claudebot@anthropic.com)"
216.73.216.164 - - [28/Aug/2026:09:00:38 +0200] "GET /products/1f1e385335 HTTP/1.1" 404 - "-" "Mozilla/5.0 AppleWebKit/537.36 (KHTML, like Gecko; compatible; ClaudeBot/1.0; +claudebot@anthropic.com)"
109.234.162.247 - - [28/Aug/2026:09:00:44 +0200] "POST /wp-cron.php?doing_wp_cron=1787900444.8967719078063964843750 HTTP/1.1" 200 - "-" "qvRMe53PdY7l"
216.73.216.164 - - [28/Aug/2026:09:00:43 +0200] "GET /?C=N&O=A HTTP/1.1" 200 416326 "-" "Mozilla/5.0 AppleWebKit/537.36 (KHTML, like Gecko; compatible; ClaudeBot/1.0; +claudebot@anthropic.com)"
216.73.216.164 - - [28/Aug/2026:09:00:48 +0200] "GET /wp-includes/?C=D&O=A HTTP/1.1" 200 53022 "-" "Mozilla/5.0 AppleWebKit/537.36 (KHTML, like Gecko; compatible; ClaudeBot/1.0; +claudebot@anthropic.com)"
216.73.216.164 - - [28/Aug/2026:09:00:53 +0200] "GET /wp-includes/?C=M&O=A HTTP/1.1" 200 53022 "-" "Mozilla/5.0 AppleWebKit/537.36 (KHTML, like Gecko; compatible; ClaudeBot/1.0; +claudebot@anthropic.com)"
57.141.20.47 - - [28/Aug/2026:09:03:15 +0200] "GET /%f0%9d%90%8b%f0%9d%90%84%f0%9d%90%92-%f0%9d%90%8f%f0%9d%90%80%f0%9d%90%98%f0%9d%90%92%f0%9d%90%80%f0%9d%90%8d%f0%9d%90%92-%f0%9d%90%92%f0%9d%90%84-%f0%9d%90%8f%f0%9d%90%91%f0%9d%90%8e%f0%9d%90%8d-2/ HTTP/1.1" 404 - "-" "Mozilla/5.0 (Windows NT 10.0; Win64; x64) AppleWebKit/537.36 (KHTML, like Gecko) Chrome/145.0.0.0 Safari/537.36 (compatible; meta-externalagent/1.1 (+https://developers.facebook.com/docs/sharing/webmasters/crawler))"
102.206.172.58 - - [28/Aug/2026:09:05:48 +0200] "GET /2024/01/31/ HTTP/1.1" 404 - "https://ctoptogo.org" "Mozilla/5.0 (Windows NT 10.0; Win64; x64) AppleWebKit/537.36 (KHTML, like Gecko) Chrome/144.0.0.0 Safari/537.36 Edg/144.0.0.0"
109.234.162.247 - - [28/Aug/2026:09:05:54 +0200] "POST /wp-cron.php?doing_wp_cron=1787900754.3294789791107177734375 HTTP/1.1" 200 - "-" "LYOtTqkodvO6"
174.143.86.26 - - [28/Aug/2026:09:05:51 +0200] "GET / HTTP/1.1" 200 416389 "-" "Mozilla/5.0 (Windows NT 10.0; Win64; x64) AppleWebKit/537.36 (KHTML, like Gecko) Chrome/126.0.0.0 Safari/537.36"
109.234.162.247 - - [28/Aug/2026:09:11:27 +0200] "POST /wp-cron.php?doing_wp_cron=1787901087.2680640220642089843750 HTTP/1.1" 200 - "-" "2lTdBW6jvns3"
106.0.62.73 - - [28/Aug/2026:09:11:25 +0200] "GET /wp-login.php HTTP/1.1" 404 88149 "https://ctoptogo.org/wp-login.php" "Mozilla/5.0 (Windows NT 10.0; Win64; x64) AppleWebKit/537.36 (KHTML, like Gecko) Chrome/151.0.0.0 Safari/537.36"
57.141.20.6 - - [28/Aug/2026:09:11:44 +0200] "GET /products/8ba44613964 HTTP/1.1" 404 - "-" "Mozilla/5.0 (Windows NT 10.0; Win64; x64) AppleWebKit/537.36 (KHTML, like Gecko) Chrome/145.0.0.0 Safari/537.36 (compatible; meta-externalagent/1.1 (+https://developers.facebook.com/docs/sharing/webmasters/crawler))"
57.141.20.61 - - [28/Aug/2026:09:13:27 +0200] "GET /products/2f8424414751 HTTP/1.1" 404 - "-" "Mozilla/5.0 (Macintosh; Intel Mac OS X 10_15_7) AppleWebKit/537.36 (KHTML, like Gecko) Chrome/145.0.0.0 Safari/537.36 (compatible; meta-externalagent/1.1 (+https://developers.facebook.com/docs/sharing/webmasters/crawler))"
194.187.171.161 - - [28/Aug/2026:09:16:10 +0200] "GET /robots.txt HTTP/1.1" 200 63 "-" "Mozilla/5.0 (compatible; Qwantbot/1.0; +https://help.qwant.com/bot/)"
194.187.171.146 - - [28/Aug/2026:09:16:10 +0200] "GET /%F0%9D%90%80%F0%9D%90%86%F0%9D%90%8E-%F0%9D%90%9D%F0%9D%90%9E-%F0%9D%90%A5%F0%9D%90%9A-%F0%9D%90%8F%F0%9D%90%8D%F0%9D%90%80%F0%9D%90%85%F0%9D%90%80%F0%9D%90%93-%F0%9D%90%8B%F0%9D%90%9A-%F0%9D%90%8F HTTP/1.1" 404 - "-" "Mozilla/5.0 (compatible; Qwantbot/1.0_5000720; +https://help.qwant.com/bot/)"
194.187.171.146 - - [28/Aug/2026:09:16:14 +0200] "GET /%F0%9D%90%80%F0%9D%90%AD%F0%9D%90%9E%F0%9D%90%A5%F0%9D%90%A2%F0%9D%90%9E%F0%9D%90%AB-%F0%9D%90%AB%F0%9D%90%9E%F0%9D%90%A0%F0%9D%90%A2%F0%9D%90%A8%F0%9D%90%A7%F0%9D%90%9A%F0%9D%90%A5-%F0%9D%90%9D HTTP/1.1" 404 - "-" "Mozilla/5.0 (compatible; Qwantbot/1.0_5000783; +https://help.qwant.com/bot/)"
40.77.167.219 - - [28/Aug/2026:09:17:09 +0200] "GET /robots.txt HTTP/1.1" 200 63 "-" "Mozilla/5.0 AppleWebKit/537.36 (KHTML, like Gecko; compatible; bingbot/2.0; +http://www.bing.com/bingbot.htm) Chrome/116.0.1938.76 Safari/537.36"
52.167.144.16 - - [28/Aug/2026:09:17:16 +0200] "GET /pdf_art/pdf_290.docx1340739.html HTTP/1.1" 404 - "-" "Mozilla/5.0 AppleWebKit/537.36 (KHTML, like Gecko; compatible; bingbot/2.0; +http://www.bing.com/bingbot.htm) Chrome/116.0.1938.76 Safari/537.36"
57.141.20.58 - - [28/Aug/2026:09:18:42 +0200] "GET /products/44b47737815 HTTP/1.1" 404 - "-" "Mozilla/5.0 (Macintosh; Intel Mac OS X 10.15; rv:147.0) Gecko/20100101 Firefox/147.0 (compatible; meta-externalagent/1.1 (+https://developers.facebook.com/docs/sharing/webmasters/crawler))"
173.252.82.114 - - [28/Aug/2026:09:18:54 +0200] "GET /.well-known/ucp HTTP/1.1" 404 - "-" "facebookexternalhit/1.1 (+http://www.facebook.com/externalhit_uatext.php)"
109.234.162.247 - - [28/Aug/2026:09:18:55 +0200] "POST /wp-cron.php?doing_wp_cron=1787901535.0399820804595947265625 HTTP/1.1" 200 - "-" "e1XqOhroskFe"
173.252.82.82 - - [28/Aug/2026:09:18:53 +0200] "GET / HTTP/1.1" 301 - "-" "facebookexternalhit/1.1 (+http://www.facebook.com/externalhit_uatext.php)"
173.252.82.9 - - [28/Aug/2026:09:18:56 +0200] "GET / HTTP/1.1" 200 416336 "-" "facebookexternalhit/1.1 (+http://www.facebook.com/externalhit_uatext.php)"
173.252.82.81 - - [28/Aug/2026:09:18:58 +0200] "GET /meta.json HTTP/1.1" 404 - "-" "facebookexternalhit/1.1 (+http://www.facebook.com/externalhit_uatext.php)"
68.67.112.88 - - [28/Aug/2026:09:21:55 +0200] "GET /robots.txt HTTP/1.1" 200 63 "-" "Mozilla/5.0 AppleWebKit/537.36 (KHTML, like Gecko; compatible; YouBot/1.0; +https://docs.you.com/youbot; env:prod) Chrome/142.0.0.0 Safari/537.36"
68.67.112.88 - - [28/Aug/2026:09:21:55 +0200] "GET /%F0%9D%90%8F%F0%9D%90%AB%F0%9D%90%A8%F0%9D%90%92%F0%9D%90%8C%F0%9D%90%80%F0%9D%90%93-%F0%9D%90%8C%F0%9D%90%A2%F0%9D%90%AC%F0%9D%90%AC%F0%9D%90%A2%F0%9D%90%A8%F0%9D%90%A7-%F0%9D%90%9D%F0%9D%90%9E/ HTTP/1.1" 404 - "-" "Mozilla/5.0 AppleWebKit/537.36 (KHTML, like Gecko; compatible; YouBot/1.0; +https://docs.you.com/youbot; env:prod) Chrome/142.0.0.0 Safari/537.36"
57.141.20.54 - - [28/Aug/2026:09:22:08 +0200] "GET /products/456912711334 HTTP/1.1" 404 - "-" "Mozilla/5.0 (Windows NT 10.0; Win64; x64) AppleWebKit/537.36 (KHTML, like Gecko) Chrome/145.0.0.0 Safari/537.36 (compatible; meta-externalagent/1.1 (+https://developers.facebook.com/docs/sharing/webmasters/crawler))"
109.234.162.247 - - [28/Aug/2026:09:24:19 +0200] "POST /wp-cron.php?doing_wp_cron=1787901859.0324099063873291015625 HTTP/1.1" 200 - "-" "OE6OJoBOMckC"
172.237.109.96 - - [28/Aug/2026:09:24:16 +0200] "GET / HTTP/1.1" 200 416339 "-" "Mozilla/5.0 (Windows NT 10.0; Win64; x64) AppleWebKit/537.36 (KHTML, like Gecko) Chrome/120.0.0.0 Safari/537.36"
109.234.162.247 - - [28/Aug/2026:09:25:03 +0200] "POST /wp-cron.php?doing_wp_cron=1787901903.9827659130096435546875 HTTP/1.1" 200 - "-" "Sj5qtIqtYY1s"
162.241.60.11 - - [28/Aug/2026:09:25:03 +0200] "GET /wp-login.php HTTP/1.1" 404 88149 "https://ctoptogo.org/wp-login.php" "Mozilla/5.0 (Windows NT 10.0; Win64; x64) AppleWebKit/537.36 (KHTML, like Gecko) Chrome/151.0.0.0 Safari/537.36"
57.141.20.35 - - [28/Aug/2026:09:27:02 +0200] "GET /products/ef0411653659 HTTP/1.1" 404 - "-" "Mozilla/5.0 (Macintosh; Intel Mac OS X 10_15_7) AppleWebKit/537.36 (KHTML, like Gecko) Chrome/145.0.0.0 Safari/537.36 (compatible; meta-externalagent/1.1 (+https://developers.facebook.com/docs/sharing/webmasters/crawler))"
57.141.20.57 - - [28/Aug/2026:09:28:53 +0200] "GET /products/9025b1599691 HTTP/1.1" 404 - "-" "Mozilla/5.0 (Windows NT 10.0; Win64; x64) AppleWebKit/537.36 (KHTML, like Gecko) Chrome/145.0.0.0 Safari/537.36 (compatible; meta-externalagent/1.1 (+https://developers.facebook.com/docs/sharing/webmasters/crawler))"
111.67.101.196 - - [28/Aug/2026:09:29:29 +0200] "GET /sxxb.php HTTP/1.1" 302 - "-" "Mozilla/5.0 (Windows NT 10.0; Win64; x64) AppleWebKit/537.36 (KHTML, like Gecko) Chrome/151.0.0.0 Safari/537.36"
111.67.101.196 - - [28/Aug/2026:09:29:30 +0200] "GET /sxxb.php?p= HTTP/1.1" 200 92790 "-" "Mozilla/5.0 (Windows NT 10.0; Win64; x64) AppleWebKit/537.36 (KHTML, like Gecko) Chrome/151.0.0.0 Safari/537.36"
187.40.232.20 - - [28/Aug/2026:09:29:46 +0200] "GET /team/ HTTP/1.1" 404 - "https://www.google.com/" "Mozilla/5.0 (Windows NT 10.0; Win64; x64) AppleWebKit/537.36 (KHTML, like Gecko) Chrome/151.0.0.0 Safari/537.36"
187.40.232.20 - - [28/Aug/2026:09:29:46 +0200] "GET /team/ HTTP/1.1" 404 - "https://www.google.com/" "Mozilla/5.0 (Windows NT 10.0; Win64; x64) AppleWebKit/537.36 (KHTML, like Gecko) Chrome/151.0.0.0 Safari/537.36"
187.40.232.20 - - [28/Aug/2026:09:29:46 +0200] "GET /favicon.ico HTTP/1.1" 404 - "https://ctoptogo.org/team/" "Mozilla/5.0 (Windows NT 10.0; Win64; x64) AppleWebKit/537.36 (KHTML, like Gecko) Chrome/151.0.0.0 Safari/537.36"
187.40.232.20 - - [28/Aug/2026:09:29:47 +0200] "GET /favicon.ico HTTP/1.1" 404 - "https://ctoptogo.org/team/" "Mozilla/5.0 (Windows NT 10.0; Win64; x64) AppleWebKit/537.36 (KHTML, like Gecko) Chrome/151.0.0.0 Safari/537.36"
109.234.162.247 - - [28/Aug/2026:09:29:48 +0200] "POST /wp-cron.php?doing_wp_cron=1787902188.8333830833435058593750 HTTP/1.1" 200 - "-" "2kLBzHNw6ent"
187.40.232.20 - - [28/Aug/2026:09:29:46 +0200] "GET / HTTP/1.1" 200 416338 "https://www.google.com/" "Mozilla/5.0 (Windows NT 10.0; Win64; x64) AppleWebKit/537.36 (KHTML, like Gecko) Chrome/151.0.0.0 Safari/537.36"
111.67.101.196 - - [28/Aug/2026:09:29:54 +0200] "GET /team/ HTTP/1.1" 404 - "-" "Mozilla/5.0 (Windows NT 10.0; Win64; x64) AppleWebKit/537.36 (KHTML, like Gecko) Chrome/151.0.0.0 Safari/537.36"
111.67.101.196 - - [28/Aug/2026:09:29:55 +0200] "GET /favicon.ico HTTP/1.1" 404 - "https://ctoptogo.org/team/" "Mozilla/5.0 (Windows NT 10.0; Win64; x64) AppleWebKit/537.36 (KHTML, like Gecko) Chrome/151.0.0.0 Safari/537.36"
111.67.101.196 - - [28/Aug/2026:09:29:59 +0200] "POST /sxxb.php?p= HTTP/1.1" 302 - "https://ctoptogo.org/sxxb.php?p=" "Mozilla/5.0 (Windows NT 10.0; Win64; x64) AppleWebKit/537.36 (KHTML, like Gecko) Chrome/151.0.0.0 Safari/537.36"
111.67.101.196 - - [28/Aug/2026:09:30:00 +0200] "GET /sxxb.php?p= HTTP/1.1" 200 94643 "https://ctoptogo.org/sxxb.php?p=" "Mozilla/5.0 (Windows NT 10.0; Win64; x64) AppleWebKit/537.36 (KHTML, like Gecko) Chrome/151.0.0.0 Safari/537.36"
111.67.101.196 - - [28/Aug/2026:09:30:00 +0200] "GET /team/ HTTP/1.1" 200 633 "-" "Mozilla/5.0 (Windows NT 10.0; Win64; x64) AppleWebKit/537.36 (KHTML, like Gecko) Chrome/151.0.0.0 Safari/537.36"
57.141.20.56 - - [28/Aug/2026:09:31:16 +0200] "GET /products/7f8393104426 HTTP/1.1" 404 - "-" "Mozilla/5.0 (Windows NT 10.0; Win64; x64) AppleWebKit/537.36 (KHTML, like Gecko) Chrome/145.0.0.0 Safari/537.36 (compatible; meta-externalagent/1.1 (+https://developers.facebook.com/docs/sharing/webmasters/crawler))"
57.141.20.31 - - [28/Aug/2026:09:31:22 +0200] "GET /products/154101375033 HTTP/1.1" 404 - "-" "Mozilla/5.0 (Windows NT 10.0; Win64; x64) AppleWebKit/537.36 (KHTML, like Gecko) Chrome/145.0.0.0 Safari/537.36 (compatible; meta-externalagent/1.1 (+https://developers.facebook.com/docs/sharing/webmasters/crawler))"
57.141.20.25 - - [28/Aug/2026:09:31:28 +0200] "GET /products/950ba4281767 HTTP/1.1" 404 - "-" "Mozilla/5.0 (Windows NT 10.0; Win64; x64) AppleWebKit/537.36 (KHTML, like Gecko) Chrome/145.0.0.0 Safari/537.36 (compatible; meta-externalagent/1.1 (+https://developers.facebook.com/docs/sharing/webmasters/crawler))"
109.234.162.247 - - [28/Aug/2026:09:31:48 +0200] "POST /wp-cron.php?doing_wp_cron=1787902308.6365768909454345703125 HTTP/1.1" 200 - "-" "DDiqzeKpYM6e"
101.201.58.111 - - [28/Aug/2026:09:31:48 +0200] "GET / HTTP/1.1" 301 - "-" "Mozilla/5.0 (Windows NT 10.0; Win64; x64) AppleWebKit/537.36 (KHTML, like Gecko) Chrome/83.0.4103.61 Safari/537.36"
57.141.20.69 - - [28/Aug/2026:09:33:37 +0200] "GET /products/d33384115585 HTTP/1.1" 404 - "-" "Mozilla/5.0 (Macintosh; Intel Mac OS X 10_15_7) AppleWebKit/537.36 (KHTML, like Gecko) Chrome/145.0.0.0 Safari/537.36 (compatible; meta-externalagent/1.1 (+https://developers.facebook.com/docs/sharing/webmasters/crawler))"
216.73.216.164 - - [28/Aug/2026:09:34:50 +0200] "GET /sitemap.xml HTTP/1.1" 404 - "-" "Mozilla/5.0 AppleWebKit/537.36 (KHTML, like Gecko; compatible; ClaudeBot/1.0; +claudebot@anthropic.com)"
57.141.20.42 - - [28/Aug/2026:09:35:50 +0200] "GET /products/c26412259444 HTTP/1.1" 404 - "-" "Mozilla/5.0 (Windows NT 10.0; Win64; x64) AppleWebKit/537.36 (KHTML, like Gecko) Chrome/145.0.0.0 Safari/537.36 (compatible; meta-externalagent/1.1 (+https://developers.facebook.com/docs/sharing/webmasters/crawler))"
143.255.85.159 - - [28/Aug/2026:09:37:44 +0200] "GET /gallery/financial-advice-2/ HTTP/1.1" 404 - "https://ctoptogo.org" "Mozilla/5.0 (Macintosh; Intel Mac OS X 10_15_7) AppleWebKit/537.36 (KHTML, like Gecko) Chrome/144.0.0.0 Safari/537.36"
109.234.162.247 - - [28/Aug/2026:09:40:43 +0200] "POST /wp-cron.php?doing_wp_cron=1787902843.5438489913940429687500 HTTP/1.1" 200 - "-" "s9AjvBFADgBH"
162.241.60.164 - - [28/Aug/2026:09:40:43 +0200] "GET /wp-login.php HTTP/1.1" 404 88149 "https://ctoptogo.org/wp-login.php" "Mozilla/5.0 (Windows NT 10.0; Win64; x64) AppleWebKit/537.36 (KHTML, like Gecko) Chrome/151.0.0.0 Safari/537.36"
57.141.20.39 - - [28/Aug/2026:09:41:38 +0200] "GET /products/290842701236 HTTP/1.1" 404 - "-" "Mozilla/5.0 (Windows NT 10.0; Win64; x64) AppleWebKit/537.36 (KHTML, like Gecko) Chrome/145.0.0.0 Safari/537.36 Edg/145.0.0.0 (compatible; meta-externalagent/1.1 (+https://developers.facebook.com/docs/sharing/webmasters/crawler))"
57.141.20.62 - - [28/Aug/2026:09:41:46 +0200] "GET /products/a6d9a3274706 HTTP/1.1" 404 - "-" "Mozilla/5.0 (Windows NT 10.0; Win64; x64) AppleWebKit/537.36 (KHTML, like Gecko) Chrome/145.0.0.0 Safari/537.36 (compatible; meta-externalagent/1.1 (+https://developers.facebook.com/docs/sharing/webmasters/crawler))"
57.141.20.16 - - [28/Aug/2026:09:41:53 +0200] "GET /products/9632a98814 HTTP/1.1" 404 - "-" "Mozilla/5.0 (Windows NT 10.0; Win64; x64) AppleWebKit/537.36 (KHTML, like Gecko) Chrome/145.0.0.0 Safari/537.36 (compatible; meta-externalagent/1.1 (+https://developers.facebook.com/docs/sharing/webmasters/crawler))"
109.234.162.247 - - [28/Aug/2026:09:42:52 +0200] "POST /wp-cron.php?doing_wp_cron=1787902972.9243431091308593750000 HTTP/1.1" 200 - "-" "fXR883vjFXx0"
144.124.244.26 - - [28/Aug/2026:09:42:51 +0200] "GET /wp-admin/admin-ajax.php HTTP/1.1" 400 1 "https://ctoptogo.org/wp-admin/admin-ajax.php" "Mozilla/5.0 (Windows NT 10.0; Win64; x64) AppleWebKit/537.36 (KHTML, like Gecko) Chrome/130.0.0.0 Safari/537.36"
172.56.66.37 - - [28/Aug/2026:09:42:55 +0200] "GET / HTTP/1.1" 200 416339 "https://ctoptogo.org/" "Mozilla/5.0 (Windows NT 10.0; Win64; x64) AppleWebKit/537.36 (KHTML, like Gecko) Chrome/130.0.0.0 Safari/537.36"
144.124.244.26 - - [28/Aug/2026:09:42:58 +0200] "GET /wp-admin/admin-ajax.php HTTP/1.1" 400 1 "https://ctoptogo.org/wp-admin/admin-ajax.php" "Mozilla/5.0 (Windows NT 10.0; Win64; x64) AppleWebKit/537.36 (KHTML, like Gecko) Chrome/130.0.0.0 Safari/537.36"
111.67.101.196 - - [28/Aug/2026:09:43:00 +0200] "GET /team/ HTTP/1.1" 200 633 "-" "Mozilla/5.0 (Windows NT 10.0; Win64; x64) AppleWebKit/537.36 (KHTML, like Gecko) Chrome/151.0.0.0 Safari/537.36"
66.249.84.136 - - [28/Aug/2026:09:45:46 +0200] "GET /team/ HTTP/1.1" 200 633 "-" "Mozilla/5.0 (compatible; Google-Site-Verification/1.0)"
192.178.8.130 - - [28/Aug/2026:09:45:47 +0200] "GET /team/ HTTP/1.1" 200 633 "-" "Mozilla/5.0 (compatible; Google-Site-Verification/1.0)"
192.178.8.132 - - [28/Aug/2026:09:45:47 +0200] "GET /team/google2ce6c08456e2680b.html HTTP/1.1" 404 - "-" "Mozilla/5.0 (compatible; Google-Site-Verification/1.0)"
192.178.8.131 - - [28/Aug/2026:09:45:47 +0200] "GET /team/google7894d4752d232b64.html HTTP/1.1" 404 - "-" "Mozilla/5.0 (compatible; Google-Site-Verification/1.0)"
192.178.8.132 - - [28/Aug/2026:09:45:47 +0200] "GET /team/ HTTP/1.1" 200 633 "-" "Mozilla/5.0 (compatible; Google-Site-Verification/1.0)"
192.178.8.131 - - [28/Aug/2026:09:45:47 +0200] "GET /team/?cachebuster=41414041 HTTP/1.1" 200 633 "-" "Mozilla/5.0 (compatible; Google-Site-Verification/1.0)"
109.234.162.247 - - [28/Aug/2026:09:48:21 +0200] "POST /wp-cron.php?doing_wp_cron=1787903301.7275700569152832031250 HTTP/1.1" 200 - "-" "6vVduG62fTEv"
97.74.87.194 - - [28/Aug/2026:09:48:20 +0200] "GET /wp-login.php HTTP/1.1" 404 88149 "https://ctoptogo.org/wp-login.php" "Mozilla/5.0 (Windows NT 10.0; Win64; x64) AppleWebKit/537.36 (KHTML, like Gecko) Chrome/151.0.0.0 Safari/537.36"
57.141.20.14 - - [28/Aug/2026:09:49:33 +0200] "GET /products/633713465279 HTTP/1.1" 404 - "-" "Mozilla/5.0 (X11; Linux x86_64) AppleWebKit/537.36 (KHTML, like Gecko) Chrome/145.0.0.0 Safari/537.36 (compatible; meta-externalagent/1.1 (+https://developers.facebook.com/docs/sharing/webmasters/crawler))"
109.234.162.247 - - [28/Aug/2026:09:50:11 +0200] "POST /wp-cron.php?doing_wp_cron=1787903411.0815150737762451171875 HTTP/1.1" 200 - "-" "HaW3NK85iAIc"
93.152.221.226 - - [28/Aug/2026:09:50:09 +0200] "GET / HTTP/1.1" 200 416337 "-" "Mozilla/5.0 (Windows NT 10.0; Win64; x64) AppleWebKit/537.36 (KHTML, like Gecko) Chrome/128.0.0.0 Safari/537.36"
93.152.221.226 - - [28/Aug/2026:09:50:11 +0200] "GET /feed/ HTTP/1.1" 404 - "-" "Mozilla/5.0 (Windows NT 10.0; Win64; x64) AppleWebKit/537.36 (KHTML, like Gecko) Chrome/128.0.0.0 Safari/537.36"
93.152.221.226 - - [28/Aug/2026:09:50:11 +0200] "GET /index.php/feed/ HTTP/1.1" 301 - "-" "Mozilla/5.0 (Windows NT 10.0; Win64; x64) AppleWebKit/537.36 (KHTML, like Gecko) Chrome/128.0.0.0 Safari/537.36"
93.152.221.226 - - [28/Aug/2026:09:50:11 +0200] "GET /feed/ HTTP/1.1" 404 - "https://ctoptogo.org/index.php/feed/" "Mozilla/5.0 (Windows NT 10.0; Win64; x64) AppleWebKit/537.36 (KHTML, like Gecko) Chrome/128.0.0.0 Safari/537.36"
93.152.221.226 - - [28/Aug/2026:09:50:11 +0200] "GET /readme.html HTTP/1.1" 200 7425 "-" "Mozilla/5.0 (Windows NT 10.0; Win64; x64) AppleWebKit/537.36 (KHTML, like Gecko) Chrome/128.0.0.0 Safari/537.36"
49.204.131.126 - - [28/Aug/2026:09:50:56 +0200] "GET /gallery/financial-advice-3/ HTTP/1.1" 404 - "https://ctoptogo.org" "Mozilla/5.0 (Windows NT 10.0; Win64; x64) AppleWebKit/537.36 (KHTML, like Gecko) Chrome/144.0.0.0 Safari/537.36 Edg/144.0.0.0"
111.67.101.196 - - [28/Aug/2026:09:53:02 +0200] "GET /sxxb.php?p=team HTTP/1.1" 200 35876 "https://ctoptogo.org/sxxb.php?p=" "Mozilla/5.0 (Windows NT 10.0; Win64; x64) AppleWebKit/537.36 (KHTML, like Gecko) Chrome/151.0.0.0 Safari/537.36"
111.67.101.196 - - [28/Aug/2026:09:53:04 +0200] "GET /sxxb.php?p=team&upload HTTP/1.1" 200 35589 "https://ctoptogo.org/sxxb.php?p=team" "Mozilla/5.0 (Windows NT 10.0; Win64; x64) AppleWebKit/537.36 (KHTML, like Gecko) Chrome/151.0.0.0 Safari/537.36"
111.67.101.196 - - [28/Aug/2026:09:53:08 +0200] "POST /sxxb.php?p=team HTTP/1.1" 404 - "https://ctoptogo.org/sxxb.php?p=team&upload" "Mozilla/5.0 (Windows NT 10.0; Win64; x64) AppleWebKit/537.36 (KHTML, like Gecko) Chrome/151.0.0.0 Safari/537.36"
216.73.216.164 - - [28/Aug/2026:09:53:43 +0200] "GET /robots.txt HTTP/1.1" 200 63 "-" "Mozilla/5.0 AppleWebKit/537.36 (KHTML, like Gecko; compatible; ClaudeBot/1.0; +claudebot@anthropic.com)"
216.73.216.164 - - [28/Aug/2026:09:53:43 +0200] "GET /wp-includes/rss-functions.php HTTP/1.1" 200 - "-" "Mozilla/5.0 AppleWebKit/537.36 (KHTML, like Gecko; compatible; ClaudeBot/1.0; +claudebot@anthropic.com)"
216.73.216.164 - - [28/Aug/2026:09:53:44 +0200] "GET /wp-includes/post-template.php HTTP/1.1" 200 - "-" "Mozilla/5.0 AppleWebKit/537.36 (KHTML, like Gecko; compatible; ClaudeBot/1.0; +claudebot@anthropic.com)"
216.73.216.164 - - [28/Aug/2026:09:53:44 +0200] "GET /wp-includes/Text/ HTTP/1.1" 200 1199 "-" "Mozilla/5.0 AppleWebKit/537.36 (KHTML, like Gecko; compatible; ClaudeBot/1.0; +claudebot@anthropic.com)"
216.73.216.164 - - [28/Aug/2026:09:53:45 +0200] "GET /wp-includes/html-api/class-wp-html-decoder.php HTTP/1.1" 200 - "-" "Mozilla/5.0 AppleWebKit/537.36 (KHTML, like Gecko; compatible; ClaudeBot/1.0; +claudebot@anthropic.com)"
216.73.216.164 - - [28/Aug/2026:09:53:45 +0200] "GET /wp-includes/feed-atom.php HTTP/1.1" 200 2 "-" "Mozilla/5.0 AppleWebKit/537.36 (KHTML, like Gecko; compatible; ClaudeBot/1.0; +claudebot@anthropic.com)"
111.67.101.196 - - [28/Aug/2026:09:53:45 +0200] "GET /sxxb.php?p=team HTTP/1.1" 200 35876 "https://ctoptogo.org/sxxb.php?p=team&upload" "Mozilla/5.0 (Windows NT 10.0; Win64; x64) AppleWebKit/537.36 (KHTML, like Gecko) Chrome/151.0.0.0 Safari/537.36"
111.67.101.196 - - [28/Aug/2026:09:53:45 +0200] "GET /sxxb.php?p=team HTTP/1.1" 200 35876 "https://ctoptogo.org/sxxb.php?p=team&upload" "Mozilla/5.0 (Windows NT 10.0; Win64; x64) AppleWebKit/537.36 (KHTML, like Gecko) Chrome/151.0.0.0 Safari/537.36"
216.73.216.164 - - [28/Aug/2026:09:53:46 +0200] "GET /wp-includes/class-simplepie.php HTTP/1.1" 500 - "-" "Mozilla/5.0 AppleWebKit/537.36 (KHTML, like Gecko; compatible; ClaudeBot/1.0; +claudebot@anthropic.com)"
216.73.216.164 - - [28/Aug/2026:09:53:46 +0200] "GET /wp-includes/registration.php HTTP/1.1" 500 - "-" "Mozilla/5.0 AppleWebKit/537.36 (KHTML, like Gecko; compatible; ClaudeBot/1.0; +claudebot@anthropic.com)"
216.73.216.164 - - [28/Aug/2026:09:53:47 +0200] "GET /wp-includes/class-wp-object-cache.php HTTP/1.1" 200 - "-" "Mozilla/5.0 AppleWebKit/537.36 (KHTML, like Gecko; compatible; ClaudeBot/1.0; +claudebot@anthropic.com)"
216.73.216.164 - - [28/Aug/2026:09:53:47 +0200] "GET /wp-includes/feed-rss.php HTTP/1.1" 500 - "-" "Mozilla/5.0 AppleWebKit/537.36 (KHTML, like Gecko; compatible; ClaudeBot/1.0; +claudebot@anthropic.com)"
216.73.216.164 - - [28/Aug/2026:09:53:48 +0200] "GET /wp-includes/link-template.php HTTP/1.1" 200 - "-" "Mozilla/5.0 AppleWebKit/537.36 (KHTML, like Gecko; compatible; ClaudeBot/1.0; +claudebot@anthropic.com)"
216.73.216.164 - - [28/Aug/2026:09:53:48 +0200] "GET /wp-includes/class-wp-embed.php HTTP/1.1" 200 - "-" "Mozilla/5.0 AppleWebKit/537.36 (KHTML, like Gecko; compatible; ClaudeBot/1.0; +claudebot@anthropic.com)"
216.73.216.164 - - [28/Aug/2026:09:53:49 +0200] "GET /wp-includes/block-template.php HTTP/1.1" 200 - "-" "Mozilla/5.0 AppleWebKit/537.36 (KHTML, like Gecko; compatible; ClaudeBot/1.0; +claudebot@anthropic.com)"
216.73.216.164 - - [28/Aug/2026:09:53:49 +0200] "GET /wp-includes/theme-previews.php HTTP/1.1" 200 - "-" "Mozilla/5.0 AppleWebKit/537.36 (KHTML, like Gecko; compatible; ClaudeBot/1.0; +claudebot@anthropic.com)"
216.73.216.164 - - [28/Aug/2026:09:53:50 +0200] "GET /wp-includes/block-patterns/query-offset-posts.php HTTP/1.1" 500 - "-" "Mozilla/5.0 AppleWebKit/537.36 (KHTML, like Gecko; compatible; ClaudeBot/1.0; +claudebot@anthropic.com)"
216.73.216.164 - - [28/Aug/2026:09:53:50 +0200] "GET /wp-includes/class-IXR.php HTTP/1.1" 200 2 "-" "Mozilla/5.0 AppleWebKit/537.36 (KHTML, like Gecko; compatible; ClaudeBot/1.0; +claudebot@anthropic.com)"
216.73.216.164 - - [28/Aug/2026:09:53:51 +0200] "GET /wp-includes/ms-network.php HTTP/1.1" 200 - "-" "Mozilla/5.0 AppleWebKit/537.36 (KHTML, like Gecko; compatible; ClaudeBot/1.0; +claudebot@anthropic.com)"
111.67.101.196 - - [28/Aug/2026:09:53:50 +0200] "POST /sxxb.php?p=team HTTP/1.1" 302 - "https://ctoptogo.org/sxxb.php?p=team" "Mozilla/5.0 (Windows NT 10.0; Win64; x64) AppleWebKit/537.36 (KHTML, like Gecko) Chrome/151.0.0.0 Safari/537.36"
216.73.216.164 - - [28/Aug/2026:09:53:51 +0200] "GET /wp-includes/css/editor.min.css HTTP/1.1" 200 27487 "-" "Mozilla/5.0 AppleWebKit/537.36 (KHTML, like Gecko; compatible; ClaudeBot/1.0; +claudebot@anthropic.com)"
111.67.101.196 - - [28/Aug/2026:09:53:51 +0200] "GET /sxxb.php?p=team HTTP/1.1" 200 38445 "https://ctoptogo.org/sxxb.php?p=team" "Mozilla/5.0 (Windows NT 10.0; Win64; x64) AppleWebKit/537.36 (KHTML, like Gecko) Chrome/151.0.0.0 Safari/537.36"
216.73.216.164 - - [28/Aug/2026:09:53:52 +0200] "GET /wp-includes/css/wp-pointer.min.css HTTP/1.1" 200 3252 "-" "Mozilla/5.0 AppleWebKit/537.36 (KHTML, like Gecko; compatible; ClaudeBot/1.0; +claudebot@anthropic.com)"
216.73.216.164 - - [28/Aug/2026:09:53:52 +0200] "GET /wp-includes/class-wp-theme.php HTTP/1.1" 200 - "-" "Mozilla/5.0 AppleWebKit/537.36 (KHTML, like Gecko; compatible; ClaudeBot/1.0; +claudebot@anthropic.com)"
109.234.162.247 - - [28/Aug/2026:09:53:53 +0200] "POST /wp-cron.php?doing_wp_cron=1787903633.3750090599060058593750 HTTP/1.1" 200 - "-" "WordPress/6.9.7; https://ctoptogo.org"
216.73.216.164 - - [28/Aug/2026:09:53:53 +0200] "GET /wp-admin/upgrade.php HTTP/1.1" 200 1255 "-" "Mozilla/5.0 AppleWebKit/537.36 (KHTML, like Gecko; compatible; ClaudeBot/1.0; +claudebot@anthropic.com)"
216.73.216.164 - - [28/Aug/2026:09:53:53 +0200] "GET /wp-includes/class-oembed.php HTTP/1.1" 500 - "-" "Mozilla/5.0 AppleWebKit/537.36 (KHTML, like Gecko; compatible; ClaudeBot/1.0; +claudebot@anthropic.com)"
216.73.216.164 - - [28/Aug/2026:09:53:54 +0200] "GET /wp-includes/html-api/class-wp-html-processor.php HTTP/1.1" 500 - "-" "Mozilla/5.0 AppleWebKit/537.36 (KHTML, like Gecko; compatible; ClaudeBot/1.0; +claudebot@anthropic.com)"
109.234.162.247 - - [28/Aug/2026:09:53:54 +0200] "POST /wp-cron.php?doing_wp_cron=1787903634.9612200260162353515625 HTTP/1.1" 200 - "-" "5wrtQea8cwRo"
216.73.216.164 - - [28/Aug/2026:09:53:54 +0200] "GET /wp-admin/update-core.php HTTP/1.1" 302 - "-" "Mozilla/5.0 AppleWebKit/537.36 (KHTML, like Gecko; compatible; ClaudeBot/1.0; +claudebot@anthropic.com)"
216.73.216.164 - - [28/Aug/2026:09:53:55 +0200] "GET /404/ HTTP/1.1" 404 - "https://ctoptogo.org/wp-admin/update-core.php" "Mozilla/5.0 AppleWebKit/537.36 (KHTML, like Gecko; compatible; ClaudeBot/1.0; +claudebot@anthropic.com)"
216.73.216.164 - - [28/Aug/2026:09:53:55 +0200] "GET /wp-admin/css/forms.min.css HTTP/1.1" 200 28422 "-" "Mozilla/5.0 AppleWebKit/537.36 (KHTML, like Gecko; compatible; ClaudeBot/1.0; +claudebot@anthropic.com)"
216.73.216.164 - - [28/Aug/2026:09:53:55 +0200] "GET /wp-includes/utf8.php HTTP/1.1" 500 - "-" "Mozilla/5.0 AppleWebKit/537.36 (KHTML, like Gecko; compatible; ClaudeBot/1.0; +claudebot@anthropic.com)"
111.67.101.196 - - [28/Aug/2026:09:53:55 +0200] "GET /sxxb.php?p=team&view=index.php HTTP/1.1" 200 33701 "https://ctoptogo.org/sxxb.php?p=team" "Mozilla/5.0 (Windows NT 10.0; Win64; x64) AppleWebKit/537.36 (KHTML, like Gecko) Chrome/151.0.0.0 Safari/537.36"
216.73.216.164 - - [28/Aug/2026:09:53:56 +0200] "GET /wp-includes/css/editor.css HTTP/1.1" 200 33623 "-" "Mozilla/5.0 AppleWebKit/537.36 (KHTML, like Gecko; compatible; ClaudeBot/1.0; +claudebot@anthropic.com)"
216.73.216.164 - - [28/Aug/2026:09:53:56 +0200] "GET /wp-includes/css/wp-pointer.css HTTP/1.1" 200 4044 "-" "Mozilla/5.0 AppleWebKit/537.36 (KHTML, like Gecko; compatible; ClaudeBot/1.0; +claudebot@anthropic.com)"
216.73.216.164 - - [28/Aug/2026:09:53:57 +0200] "GET /wp-includes/theme.php HTTP/1.1" 200 - "-" "Mozilla/5.0 AppleWebKit/537.36 (KHTML, like Gecko; compatible; ClaudeBot/1.0; +claudebot@anthropic.com)"
216.73.216.164 - - [28/Aug/2026:09:53:57 +0200] "GET /wp-includes/functions.php HTTP/1.1" 200 2 "-" "Mozilla/5.0 AppleWebKit/537.36 (KHTML, like Gecko; compatible; ClaudeBot/1.0; +claudebot@anthropic.com)"
216.73.216.164 - - [28/Aug/2026:09:53:58 +0200] "GET /wp-includes/version.php HTTP/1.1" 200 - "-" "Mozilla/5.0 AppleWebKit/537.36 (KHTML, like Gecko; compatible; ClaudeBot/1.0; +claudebot@anthropic.com)"
111.67.101.196 - - [28/Aug/2026:09:53:57 +0200] "GET /sxxb.php?p=team&edit=index.php HTTP/1.1" 200 33211 "https://ctoptogo.org/sxxb.php?p=team&view=index.php" "Mozilla/5.0 (Windows NT 10.0; Win64; x64) AppleWebKit/537.36 (KHTML, like Gecko) Chrome/151.0.0.0 Safari/537.36"
216.73.216.164 - - [28/Aug/2026:09:53:58 +0200] "GET /wp-includes/class-wp-scripts.php HTTP/1.1" 500 - "-" "Mozilla/5.0 AppleWebKit/537.36 (KHTML, like Gecko; compatible; ClaudeBot/1.0; +claudebot@anthropic.com)"
216.73.216.164 - - [28/Aug/2026:09:53:59 +0200] "GET /wp-includes/https-detection.php HTTP/1.1" 200 - "-" "Mozilla/5.0 AppleWebKit/537.36 (KHTML, like Gecko; compatible; ClaudeBot/1.0; +claudebot@anthropic.com)"
216.73.216.164 - - [28/Aug/2026:09:53:59 +0200] "GET /wp-includes/script-modules.php HTTP/1.1" 200 - "-" "Mozilla/5.0 AppleWebKit/537.36 (KHTML, like Gecko; compatible; ClaudeBot/1.0; +claudebot@anthropic.com)"
216.73.216.164 - - [28/Aug/2026:09:54:00 +0200] "GET /wp-includes/https-migration.php HTTP/1.1" 200 - "-" "Mozilla/5.0 AppleWebKit/537.36 (KHTML, like Gecko; compatible; ClaudeBot/1.0; +claudebot@anthropic.com)"
111.67.101.196 - - [28/Aug/2026:09:54:00 +0200] "POST /sxxb.php?p=team&edit=index.php HTTP/1.1" 200 1 "https://ctoptogo.org/sxxb.php?p=team&edit=index.php" "Mozilla/5.0 (Windows NT 10.0; Win64; x64) AppleWebKit/537.36 (KHTML, like Gecko) Chrome/151.0.0.0 Safari/537.36"
111.67.101.196 - - [28/Aug/2026:09:54:02 +0200] "GET /sxxb.php?p=team HTTP/1.1" 200 38407 "https://ctoptogo.org/sxxb.php?p=team&edit=index.php" "Mozilla/5.0 (Windows NT 10.0; Win64; x64) AppleWebKit/537.36 (KHTML, like Gecko) Chrome/151.0.0.0 Safari/537.36"
111.67.101.196 - - [28/Aug/2026:09:54:05 +0200] "GET /team/ HTTP/1.1" 200 305551 "-" "Mozilla/5.0 (Windows NT 10.0; Win64; x64) AppleWebKit/537.36 (KHTML, like Gecko) Chrome/151.0.0.0 Safari/537.36"
111.67.101.196 - - [28/Aug/2026:09:54:05 +0200] "GET /sxxb.php?p=team HTTP/1.1" 200 38407 "https://ctoptogo.org/sxxb.php?p=team&edit=index.php" "Mozilla/5.0 (Windows NT 10.0; Win64; x64) AppleWebKit/537.36 (KHTML, like Gecko) Chrome/151.0.0.0 Safari/537.36"
