216.73.216.164 - - [28/Aug/2026:16:09:49 +0200] "GET /wp-includes/css/dist/editor/?C=N&O=D HTTP/1.1" 200 1424 "-" "Mozilla/5.0 AppleWebKit/537.36 (KHTML, like Gecko; compatible; ClaudeBot/1.0; +claudebot@anthropic.com)"
187.40.232.37 - - [28/Aug/2026:16:09:50 +0200] "GET /team/ HTTP/1.1" 200 305551 "https://www.google.com/" "Mozilla/5.0 (Linux; Android 10; K) AppleWebKit/537.36 (KHTML, like Gecko) Chrome/143.0.0.0 Mobile Safari/537.36"
187.40.232.37 - - [28/Aug/2026:16:09:50 +0200] "GET /designs/74165272/canvas/1/product_images HTTP/1.1" 404 - "https://ctoptogo.org/team/" "Mozilla/5.0 (Linux; Android 10; K) AppleWebKit/537.36 (KHTML, like Gecko) Chrome/143.0.0.0 Mobile Safari/537.36"
216.73.216.164 - - [28/Aug/2026:16:09:53 +0200] "GET /wp-includes/js/tinymce/utils/?C=N&O=A HTTP/1.1" 200 1428 "-" "Mozilla/5.0 AppleWebKit/537.36 (KHTML, like Gecko; compatible; ClaudeBot/1.0; +claudebot@anthropic.com)"
216.73.216.164 - - [28/Aug/2026:16:09:58 +0200] "GET /wp-includes/js/dist/vendor/wp-polyfill-inert.js HTTP/1.1" 200 30222 "-" "Mozilla/5.0 AppleWebKit/537.36 (KHTML, like Gecko; compatible; ClaudeBot/1.0; +claudebot@anthropic.com)"
216.73.216.164 - - [28/Aug/2026:16:10:03 +0200] "GET /wp-includes/js/dist/vendor/wp-polyfill-object-fit.js HTTP/1.1" 200 9185 "-" "Mozilla/5.0 AppleWebKit/537.36 (KHTML, like Gecko; compatible; ClaudeBot/1.0; +claudebot@anthropic.com)"
216.73.216.164 - - [28/Aug/2026:16:10:08 +0200] "GET /wp-includes/js/tinymce/skins/lightgray/img/loader.gif HTTP/1.1" 200 2608 "-" "Mozilla/5.0 AppleWebKit/537.36 (KHTML, like Gecko; compatible; ClaudeBot/1.0; +claudebot@anthropic.com)"
216.73.216.33 - - [28/Aug/2026:16:10:14 +0200] "GET /wp-includes/sodium_compat/src/Core/Base64/?C=S&O=A HTTP/1.1" 200 1101 "https://ctoptogo.org/wp-includes/sodium_compat/src/Core/Base64/?C=S&O=A" "Mozilla/5.0 AppleWebKit/537.36 (KHTML, like Gecko; compatible; ClaudeBot/1.0; +claudebot@anthropic.com)"
216.73.216.33 - - [28/Aug/2026:16:10:19 +0200] "GET /wp-includes/SimplePie/src/Parse/?C=M&O=A HTTP/1.1" 200 889 "-" "Mozilla/5.0 AppleWebKit/537.36 (KHTML, like Gecko; compatible; ClaudeBot/1.0; +claudebot@anthropic.com)"
216.73.216.33 - - [28/Aug/2026:16:10:20 +0200] "GET /wp-includes/css/dist/base-styles/?C=S&O=D HTTP/1.1" 200 1469 "https://ctoptogo.org/wp-includes/css/dist/base-styles/?C=S&O=D" "Mozilla/5.0 AppleWebKit/537.36 (KHTML, like Gecko; compatible; ClaudeBot/1.0; +claudebot@anthropic.com)"
187.40.232.37 - - [28/Aug/2026:16:10:23 +0200] "GET /team/ HTTP/1.1" 200 305551 "-" "Mozilla/5.0 (Linux; Android 10; K) AppleWebKit/537.36 (KHTML, like Gecko) Chrome/143.0.0.0 Mobile Safari/537.36"
187.40.232.37 - - [28/Aug/2026:16:10:25 +0200] "GET /favicon.ico HTTP/1.1" 404 - "https://ctoptogo.org/team/" "Mozilla/5.0 (Linux; Android 10; K) AppleWebKit/537.36 (KHTML, like Gecko) Chrome/143.0.0.0 Mobile Safari/537.36"
216.73.216.33 - - [28/Aug/2026:16:10:25 +0200] "GET /wp-includes/js/tinymce/plugins/wpautoresize/?C=D&O=D HTTP/1.1" 200 1100 "-" "Mozilla/5.0 AppleWebKit/537.36 (KHTML, like Gecko; compatible; ClaudeBot/1.0; +claudebot@anthropic.com)"
216.73.216.33 - - [28/Aug/2026:16:10:30 +0200] "GET /wp-includes/sitemaps/?C=M&O=D HTTP/1.1" 200 2048 "-" "Mozilla/5.0 AppleWebKit/537.36 (KHTML, like Gecko; compatible; ClaudeBot/1.0; +claudebot@anthropic.com)"
216.73.216.33 - - [28/Aug/2026:16:10:35 +0200] "GET /wp-includes/sodium_compat/src/Core32/?C=S&O=D HTTP/1.1" 200 4129 "-" "Mozilla/5.0 AppleWebKit/537.36 (KHTML, like Gecko; compatible; ClaudeBot/1.0; +claudebot@anthropic.com)"
216.73.216.33 - - [28/Aug/2026:16:10:40 +0200] "GET /wp-includes/sodium_compat/src/Core32/?C=D&O=D HTTP/1.1" 200 4129 "-" "Mozilla/5.0 AppleWebKit/537.36 (KHTML, like Gecko; compatible; ClaudeBot/1.0; +claudebot@anthropic.com)"
216.73.216.33 - - [28/Aug/2026:16:10:45 +0200] "GET /wp-includes/js/tinymce/plugins/wpautoresize/?C=S&O=D HTTP/1.1" 200 1100 "-" "Mozilla/5.0 AppleWebKit/537.36 (KHTML, like Gecko; compatible; ClaudeBot/1.0; +claudebot@anthropic.com)"
216.73.216.33 - - [28/Aug/2026:16:10:51 +0200] "GET /wp-includes/js/tinymce/plugins/wpemoji/?C=D&O=D HTTP/1.1" 200 1090 "https://ctoptogo.org/wp-includes/js/tinymce/plugins/wpemoji/?C=D&O=D" "Mozilla/5.0 AppleWebKit/537.36 (KHTML, like Gecko; compatible; ClaudeBot/1.0; +claudebot@anthropic.com)"
216.73.216.33 - - [28/Aug/2026:16:10:52 +0200] "GET /wp-includes/js/tinymce/plugins/colorpicker/?C=S&O=D HTTP/1.1" 200 1098 "https://ctoptogo.org/wp-includes/js/tinymce/plugins/colorpicker/?C=S&O=D" "Mozilla/5.0 AppleWebKit/537.36 (KHTML, like Gecko; compatible; ClaudeBot/1.0; +claudebot@anthropic.com)"
216.73.216.33 - - [28/Aug/2026:16:10:56 +0200] "GET /wp-includes/rest-api/search/?C=M&O=D HTTP/1.1" 200 1534 "-" "Mozilla/5.0 AppleWebKit/537.36 (KHTML, like Gecko; compatible; ClaudeBot/1.0; +claudebot@anthropic.com)"
216.73.216.33 - - [28/Aug/2026:16:11:00 +0200] "GET /wp-includes/css/dist/block-library/?C=M&O=D HTTP/1.1" 200 6577 "-" "Mozilla/5.0 AppleWebKit/537.36 (KHTML, like Gecko; compatible; ClaudeBot/1.0; +claudebot@anthropic.com)"
216.73.216.33 - - [28/Aug/2026:16:11:05 +0200] "GET /wp-includes/js/tinymce/plugins/wpautoresize/?C=M&O=D HTTP/1.1" 200 1100 "-" "Mozilla/5.0 AppleWebKit/537.36 (KHTML, like Gecko; compatible; ClaudeBot/1.0; +claudebot@anthropic.com)"
216.73.216.33 - - [28/Aug/2026:16:11:10 +0200] "GET /wp-includes/sodium_compat/src/Core/Base64/?C=D&O=D HTTP/1.1" 200 1101 "-" "Mozilla/5.0 AppleWebKit/537.36 (KHTML, like Gecko; compatible; ClaudeBot/1.0; +claudebot@anthropic.com)"
216.73.216.33 - - [28/Aug/2026:16:11:15 +0200] "GET /wp-includes/js/dist/vendor/wp-polyfill-object-fit.min.js HTTP/1.1" 200 2975 "-" "Mozilla/5.0 AppleWebKit/537.36 (KHTML, like Gecko; compatible; ClaudeBot/1.0; +claudebot@anthropic.com)"
66.249.74.163 - - [28/Aug/2026:16:11:17 +0200] "GET /recrutements/?section_id=sections--17605520031924__header HTTP/1.1" 200 393589 "https://ctoptogo.org/recrutements/" "Mozilla/5.0 (Linux; Android 6.0.1; Nexus 5X Build/MMB29P) AppleWebKit/537.36 (KHTML, like Gecko) Chrome/151.0.7922.173 Mobile Safari/537.36 (compatible; Googlebot/2.1; +http://www.google.com/bot.html)"
66.249.74.163 - - [28/Aug/2026:16:11:18 +0200] "GET /recrutements/?section_id=sections--17605520031924__header HTTP/1.1" 200 393589 "https://ctoptogo.org/recrutements/" "Mozilla/5.0 (Linux; Android 6.0.1; Nexus 5X Build/MMB29P) AppleWebKit/537.36 (KHTML, like Gecko) Chrome/151.0.7922.173 Mobile Safari/537.36 (compatible; Googlebot/2.1; +http://www.google.com/bot.html)"
216.73.216.33 - - [28/Aug/2026:16:11:21 +0200] "GET /wp-includes/block-bindings/?C=S&O=A HTTP/1.1" 200 1421 "https://ctoptogo.org/wp-includes/block-bindings/?C=S&O=A" "Mozilla/5.0 AppleWebKit/537.36 (KHTML, like Gecko; compatible; ClaudeBot/1.0; +claudebot@anthropic.com)"
57.141.20.33 - - [28/Aug/2026:16:11:22 +0200] "GET /products/835991968203 HTTP/1.1" 404 - "-" "Mozilla/5.0 (Windows NT 10.0; Win64; x64) AppleWebKit/537.36 (KHTML, like Gecko) Chrome/145.0.0.0 Safari/537.36 (compatible; meta-externalagent/1.1 (+https://developers.facebook.com/docs/sharing/webmasters/crawler))"
216.73.216.33 - - [28/Aug/2026:16:11:26 +0200] "GET /wp-includes/js/tinymce/langs/?C=M&O=D HTTP/1.1" 200 886 "-" "Mozilla/5.0 AppleWebKit/537.36 (KHTML, like Gecko; compatible; ClaudeBot/1.0; +claudebot@anthropic.com)"
216.73.216.33 - - [28/Aug/2026:16:11:27 +0200] "GET /wp-includes/sitemaps/?C=N&O=D HTTP/1.1" 200 2048 "https://ctoptogo.org/wp-includes/sitemaps/?C=N&O=D" "Mozilla/5.0 AppleWebKit/537.36 (KHTML, like Gecko; compatible; ClaudeBot/1.0; +claudebot@anthropic.com)"
216.73.216.33 - - [28/Aug/2026:16:11:32 +0200] "GET /wp-includes/js/crop/marqueeHoriz.gif HTTP/1.1" 200 277 "-" "Mozilla/5.0 AppleWebKit/537.36 (KHTML, like Gecko; compatible; ClaudeBot/1.0; +claudebot@anthropic.com)"
216.73.216.33 - - [28/Aug/2026:16:11:37 +0200] "GET /wp-includes/sodium_compat/src/Core/Base64/?C=N&O=A HTTP/1.1" 200 1101 "-" "Mozilla/5.0 AppleWebKit/537.36 (KHTML, like Gecko; compatible; ClaudeBot/1.0; +claudebot@anthropic.com)"
216.73.216.33 - - [28/Aug/2026:16:11:42 +0200] "GET /wp-includes/sodium_compat/src/Core32/?C=M&O=A HTTP/1.1" 200 4129 "-" "Mozilla/5.0 AppleWebKit/537.36 (KHTML, like Gecko; compatible; ClaudeBot/1.0; +claudebot@anthropic.com)"
216.73.216.33 - - [28/Aug/2026:16:11:47 +0200] "GET /wp-includes/SimplePie/src/Parse/?C=S&O=A HTTP/1.1" 200 889 "-" "Mozilla/5.0 AppleWebKit/537.36 (KHTML, like Gecko; compatible; ClaudeBot/1.0; +claudebot@anthropic.com)"
216.73.216.33 - - [28/Aug/2026:16:11:52 +0200] "GET /wp-includes/js/tinymce/plugins/wpemoji/?C=S&O=D HTTP/1.1" 200 1090 "-" "Mozilla/5.0 AppleWebKit/537.36 (KHTML, like Gecko; compatible; ClaudeBot/1.0; +claudebot@anthropic.com)"
216.73.217.101 - - [28/Aug/2026:16:11:58 +0200] "GET /wp-includes/js/tinymce/themes/?C=N&O=D HTTP/1.1" 200 1056 "-" "Mozilla/5.0 AppleWebKit/537.36 (KHTML, like Gecko; compatible; ClaudeBot/1.0; +claudebot@anthropic.com)"
216.73.217.101 - - [28/Aug/2026:16:12:03 +0200] "GET /wp-includes/css/dist/block-library/?C=N&O=A HTTP/1.1" 200 6577 "-" "Mozilla/5.0 AppleWebKit/537.36 (KHTML, like Gecko; compatible; ClaudeBot/1.0; +claudebot@anthropic.com)"
216.73.216.33 - - [28/Aug/2026:16:12:04 +0200] "GET /wp-includes/js/tinymce/themes/?C=M&O=A HTTP/1.1" 200 1056 "https://ctoptogo.org/wp-includes/js/tinymce/themes/?C=M&O=A" "Mozilla/5.0 AppleWebKit/537.36 (KHTML, like Gecko; compatible; ClaudeBot/1.0; +claudebot@anthropic.com)"
216.73.216.33 - - [28/Aug/2026:16:12:09 +0200] "GET /wp-includes/js/tinymce/langs/?C=D&O=A HTTP/1.1" 200 886 "-" "Mozilla/5.0 AppleWebKit/537.36 (KHTML, like Gecko; compatible; ClaudeBot/1.0; +claudebot@anthropic.com)"
216.73.216.33 - - [28/Aug/2026:16:12:13 +0200] "GET /wp-includes/js/tinymce/skins/?C=D&O=D HTTP/1.1" 200 1060 "https://ctoptogo.org/wp-includes/js/tinymce/skins/?C=D&O=D" "Mozilla/5.0 AppleWebKit/537.36 (KHTML, like Gecko; compatible; ClaudeBot/1.0; +claudebot@anthropic.com)"
216.73.216.33 - - [28/Aug/2026:16:12:18 +0200] "GET /wp-includes/sodium_compat/src/Core32/Poly1305/?C=M&O=A HTTP/1.1" 200 929 "-" "Mozilla/5.0 AppleWebKit/537.36 (KHTML, like Gecko; compatible; ClaudeBot/1.0; +claudebot@anthropic.com)"
216.73.217.101 - - [28/Aug/2026:16:12:20 +0200] "GET /wp-includes/sodium_compat/lib/?C=M&O=D HTTP/1.1" 200 2373 "-" "Mozilla/5.0 AppleWebKit/537.36 (KHTML, like Gecko; compatible; ClaudeBot/1.0; +claudebot@anthropic.com)"
216.73.217.101 - - [28/Aug/2026:16:12:25 +0200] "GET /wp-includes/sodium_compat/src/Core32/?C=N&O=A HTTP/1.1" 200 4129 "-" "Mozilla/5.0 AppleWebKit/537.36 (KHTML, like Gecko; compatible; ClaudeBot/1.0; +claudebot@anthropic.com)"
57.141.20.35 - - [28/Aug/2026:16:12:30 +0200] "GET /products/0704e345733 HTTP/1.1" 404 - "-" "Mozilla/5.0 (Windows NT 10.0; Win64; x64) AppleWebKit/537.36 (KHTML, like Gecko) Chrome/145.0.0.0 Safari/537.36 (compatible; meta-externalagent/1.1 (+https://developers.facebook.com/docs/sharing/webmasters/crawler))"
216.73.217.101 - - [28/Aug/2026:16:12:30 +0200] "GET /wp-includes/css/dist/commands/?C=D&O=D HTTP/1.1" 200 1428 "-" "Mozilla/5.0 AppleWebKit/537.36 (KHTML, like Gecko; compatible; ClaudeBot/1.0; +claudebot@anthropic.com)"
216.73.217.101 - - [28/Aug/2026:16:12:35 +0200] "GET /wp-includes/js/tinymce/langs/?C=S&O=D HTTP/1.1" 200 886 "-" "Mozilla/5.0 AppleWebKit/537.36 (KHTML, like Gecko; compatible; ClaudeBot/1.0; +claudebot@anthropic.com)"
216.73.216.33 - - [28/Aug/2026:16:12:41 +0200] "GET /wp-includes/js/crop/?C=S&O=D HTTP/1.1" 200 1402 "-" "Mozilla/5.0 AppleWebKit/537.36 (KHTML, like Gecko; compatible; ClaudeBot/1.0; +claudebot@anthropic.com)"
216.73.216.33 - - [28/Aug/2026:16:12:46 +0200] "GET /wp-includes/sodium_compat/src/Core32/Poly1305/?C=N&O=D HTTP/1.1" 200 929 "-" "Mozilla/5.0 AppleWebKit/537.36 (KHTML, like Gecko; compatible; ClaudeBot/1.0; +claudebot@anthropic.com)"
52.167.144.172 - - [28/Aug/2026:16:12:47 +0200] "GET /%F0%9D%90%8B%F0%9D%90%9E-%F0%9D%90%9C%F0%9D%90%A8%F0%9D%90%A5%F0%9D%90%A5%F0%9D%90%9E%F0%9D%90%A0%F0%9D%90%9E-%F0%9D%90%9D%F0%9D%90%9E%F0%9D%90%AC-%F0%9D%90%A3%F0%9D%90%9E%F0%9D%90%AE/ HTTP/1.1" 404 - "-" "Mozilla/5.0 AppleWebKit/537.36 (KHTML, like Gecko; compatible; bingbot/2.0; +http://www.bing.com/bingbot.htm) Chrome/116.0.1938.76 Safari/537.36"
216.73.216.33 - - [28/Aug/2026:16:12:51 +0200] "GET /wp-includes/js/crop/?C=D&O=D HTTP/1.1" 200 1402 "-" "Mozilla/5.0 AppleWebKit/537.36 (KHTML, like Gecko; compatible; ClaudeBot/1.0; +claudebot@anthropic.com)"
216.73.216.33 - - [28/Aug/2026:16:12:56 +0200] "GET /wp-includes/sodium_compat/src/Core/ChaCha20/?C=S&O=D HTTP/1.1" 200 1100 "-" "Mozilla/5.0 AppleWebKit/537.36 (KHTML, like Gecko; compatible; ClaudeBot/1.0; +claudebot@anthropic.com)"
216.73.217.7 - - [28/Aug/2026:16:13:02 +0200] "GET /wp-includes/js/tinymce/themes/?C=N&O=A HTTP/1.1" 200 1056 "-" "Mozilla/5.0 AppleWebKit/537.36 (KHTML, like Gecko; compatible; ClaudeBot/1.0; +claudebot@anthropic.com)"
216.73.217.7 - - [28/Aug/2026:16:13:07 +0200] "GET /wp-includes/js/tinymce/skins/?C=S&O=D HTTP/1.1" 200 1060 "-" "Mozilla/5.0 AppleWebKit/537.36 (KHTML, like Gecko; compatible; ClaudeBot/1.0; +claudebot@anthropic.com)"
216.73.217.7 - - [28/Aug/2026:16:13:08 +0200] "GET /wp-includes/sodium_compat/lib/?C=N&O=A HTTP/1.1" 200 2373 "-" "Mozilla/5.0 AppleWebKit/537.36 (KHTML, like Gecko; compatible; ClaudeBot/1.0; +claudebot@anthropic.com)"
216.73.217.7 - - [28/Aug/2026:16:13:15 +0200] "GET /wp-includes/sodium_compat/src/Core/AEGIS/?C=N&O=D HTTP/1.1" 200 1101 "-" "Mozilla/5.0 AppleWebKit/537.36 (KHTML, like Gecko; compatible; ClaudeBot/1.0; +claudebot@anthropic.com)"
216.73.217.7 - - [28/Aug/2026:16:13:22 +0200] "GET /wp-includes/js/tinymce/themes/inlite/?C=D&O=D HTTP/1.1" 200 1083 "-" "Mozilla/5.0 AppleWebKit/537.36 (KHTML, like Gecko; compatible; ClaudeBot/1.0; +claudebot@anthropic.com)"
216.73.217.7 - - [28/Aug/2026:16:13:26 +0200] "GET /wp-includes/js/tinymce/themes/inlite/?C=M&O=D HTTP/1.1" 200 1083 "-" "Mozilla/5.0 AppleWebKit/537.36 (KHTML, like Gecko; compatible; ClaudeBot/1.0; +claudebot@anthropic.com)"
216.73.217.7 - - [28/Aug/2026:16:13:30 +0200] "GET /wp-includes/js/dist/vendor/react-jsx-runtime.min.js.LICENSE.txt HTTP/1.1" 200 249 "-" "Mozilla/5.0 AppleWebKit/537.36 (KHTML, like Gecko; compatible; ClaudeBot/1.0; +claudebot@anthropic.com)"
216.73.217.7 - - [28/Aug/2026:16:13:35 +0200] "GET /wp-includes/sodium_compat/src/Core/ChaCha20/?C=M&O=A HTTP/1.1" 200 1100 "-" "Mozilla/5.0 AppleWebKit/537.36 (KHTML, like Gecko; compatible; ClaudeBot/1.0; +claudebot@anthropic.com)"
216.73.217.7 - - [28/Aug/2026:16:13:40 +0200] "GET /wp-includes/sodium_compat/src/Core32/Poly1305/?C=D&O=A HTTP/1.1" 200 929 "-" "Mozilla/5.0 AppleWebKit/537.36 (KHTML, like Gecko; compatible; ClaudeBot/1.0; +claudebot@anthropic.com)"
216.73.217.7 - - [28/Aug/2026:16:13:45 +0200] "GET /wp-includes/sodium_compat/lib/?C=D&O=A HTTP/1.1" 200 2373 "-" "Mozilla/5.0 AppleWebKit/537.36 (KHTML, like Gecko; compatible; ClaudeBot/1.0; +claudebot@anthropic.com)"
216.73.217.83 - - [28/Aug/2026:16:13:51 +0200] "GET /wp-includes/sitemaps/providers/?C=N&O=A HTTP/1.1" 200 1305 "-" "Mozilla/5.0 AppleWebKit/537.36 (KHTML, like Gecko; compatible; ClaudeBot/1.0; +claudebot@anthropic.com)"
216.73.217.83 - - [28/Aug/2026:16:13:55 +0200] "GET /wp-includes/js/tinymce/themes/inlite/?C=N&O=A HTTP/1.1" 200 1083 "-" "Mozilla/5.0 AppleWebKit/537.36 (KHTML, like Gecko; compatible; ClaudeBot/1.0; +claudebot@anthropic.com)"
216.73.217.83 - - [28/Aug/2026:16:14:00 +0200] "GET /wp-includes/css/dist/list-reusable-blocks/?C=N&O=A HTTP/1.1" 200 1452 "-" "Mozilla/5.0 AppleWebKit/537.36 (KHTML, like Gecko; compatible; ClaudeBot/1.0; +claudebot@anthropic.com)"
216.73.217.83 - - [28/Aug/2026:16:14:05 +0200] "GET /wp-includes/sitemaps/providers/?C=M&O=A HTTP/1.1" 200 1305 "-" "Mozilla/5.0 AppleWebKit/537.36 (KHTML, like Gecko; compatible; ClaudeBot/1.0; +claudebot@anthropic.com)"
216.73.217.83 - - [28/Aug/2026:16:14:10 +0200] "GET /wp-includes/js/tinymce/skins/lightgray/?C=N&O=A HTTP/1.1" 200 1629 "-" "Mozilla/5.0 AppleWebKit/537.36 (KHTML, like Gecko; compatible; ClaudeBot/1.0; +claudebot@anthropic.com)"
216.73.217.83 - - [28/Aug/2026:16:14:15 +0200] "GET /wp-includes/js/tinymce/themes/modern/?C=S&O=D HTTP/1.1" 200 1083 "-" "Mozilla/5.0 AppleWebKit/537.36 (KHTML, like Gecko; compatible; ClaudeBot/1.0; +claudebot@anthropic.com)"
216.73.217.101 - - [28/Aug/2026:16:14:21 +0200] "GET /wp-includes/js/dist/vendor/?C=N&O=D HTTP/1.1" 200 6602 "-" "Mozilla/5.0 AppleWebKit/537.36 (KHTML, like Gecko; compatible; ClaudeBot/1.0; +claudebot@anthropic.com)"
216.73.217.101 - - [28/Aug/2026:16:14:26 +0200] "GET /wp-includes/js/imgareaselect/?C=S&O=A HTTP/1.1" 200 1640 "-" "Mozilla/5.0 AppleWebKit/537.36 (KHTML, like Gecko; compatible; ClaudeBot/1.0; +claudebot@anthropic.com)"
216.73.217.101 - - [28/Aug/2026:16:14:28 +0200] "GET /wp-includes/js/dist/vendor/?C=S&O=A HTTP/1.1" 200 6602 "-" "Mozilla/5.0 AppleWebKit/537.36 (KHTML, like Gecko; compatible; ClaudeBot/1.0; +claudebot@anthropic.com)"
216.73.217.101 - - [28/Aug/2026:16:14:32 +0200] "GET /wp-includes/js/tinymce/skins/lightgray/img/?C=N&O=D HTTP/1.1" 200 1459 "-" "Mozilla/5.0 AppleWebKit/537.36 (KHTML, like Gecko; compatible; ClaudeBot/1.0; +claudebot@anthropic.com)"
216.73.217.101 - - [28/Aug/2026:16:14:34 +0200] "GET /wp-includes/js/tinymce/skins/lightgray/img/?C=S&O=A HTTP/1.1" 200 1459 "-" "Mozilla/5.0 AppleWebKit/537.36 (KHTML, like Gecko; compatible; ClaudeBot/1.0; +claudebot@anthropic.com)"
216.73.217.101 - - [28/Aug/2026:16:14:39 +0200] "GET /wp-includes/js/tinymce/skins/lightgray/img/?C=D&O=A HTTP/1.1" 200 1459 "-" "Mozilla/5.0 AppleWebKit/537.36 (KHTML, like Gecko; compatible; ClaudeBot/1.0; +claudebot@anthropic.com)"
57.141.20.1 - - [28/Aug/2026:16:14:42 +0200] "GET /bilan-et-perspectives-du-centre-national-dincubation-agricole-de-la-ctop/ HTTP/1.1" 404 - "-" "Mozilla/5.0 (Macintosh; Intel Mac OS X 10_15_7) AppleWebKit/537.36 (KHTML, like Gecko) Chrome/145.0.0.0 Safari/537.36 (compatible; meta-externalagent/1.1 (+https://developers.facebook.com/docs/sharing/webmasters/crawler))"
216.73.217.101 - - [28/Aug/2026:16:14:43 +0200] "GET /wp-includes/js/imgareaselect/?C=D&O=A HTTP/1.1" 200 1640 "-" "Mozilla/5.0 AppleWebKit/537.36 (KHTML, like Gecko; compatible; ClaudeBot/1.0; +claudebot@anthropic.com)"
216.73.217.101 - - [28/Aug/2026:16:14:48 +0200] "GET /wp-includes/js/imgareaselect/?C=M&O=A HTTP/1.1" 200 1640 "-" "Mozilla/5.0 AppleWebKit/537.36 (KHTML, like Gecko; compatible; ClaudeBot/1.0; +claudebot@anthropic.com)"
216.73.217.101 - - [28/Aug/2026:16:14:56 +0200] "GET /wp-includes/js/tinymce/skins/lightgray/fonts/?C=M&O=A HTTP/1.1" 200 2210 "-" "Mozilla/5.0 AppleWebKit/537.36 (KHTML, like Gecko; compatible; ClaudeBot/1.0; +claudebot@anthropic.com)"
216.73.217.101 - - [28/Aug/2026:16:15:01 +0200] "GET /wp-includes/js/dist/vendor/?C=D&O=A HTTP/1.1" 200 6602 "-" "Mozilla/5.0 AppleWebKit/537.36 (KHTML, like Gecko; compatible; ClaudeBot/1.0; +claudebot@anthropic.com)"
216.73.217.101 - - [28/Aug/2026:16:15:06 +0200] "GET /wp-includes/js/tinymce/skins/lightgray/fonts/?C=N&O=D HTTP/1.1" 200 2210 "-" "Mozilla/5.0 AppleWebKit/537.36 (KHTML, like Gecko; compatible; ClaudeBot/1.0; +claudebot@anthropic.com)"
216.73.217.101 - - [28/Aug/2026:16:15:11 +0200] "GET /wp-includes/js/dist/vendor/?C=M&O=A HTTP/1.1" 200 6602 "-" "Mozilla/5.0 AppleWebKit/537.36 (KHTML, like Gecko; compatible; ClaudeBot/1.0; +claudebot@anthropic.com)"
74.7.244.59 - - [28/Aug/2026:16:15:16 +0200] "GET /robots.txt HTTP/1.1" 401 36 "-" "Mozilla/5.0 (Macintosh; Intel Mac OS X 10_15_7) AppleWebKit/537.36 (KHTML, like Gecko) Chrome/131.0.0.0 Safari/537.36; compatible; OAI-SearchBot/1.4; robots.txt; +https://openai.com/searchbot"
74.7.242.2 - - [28/Aug/2026:16:15:17 +0200] "GET / HTTP/1.1" 401 36 "-" "Mozilla/5.0 AppleWebKit/537.36 (KHTML, like Gecko; compatible; GPTBot/1.4; +https://openai.com/gptbot)"
216.73.216.164 - - [28/Aug/2026:16:15:32 +0200] "GET /wp-includes/sodium_compat/src/Core/Poly1305/?C=N&O=D HTTP/1.1" 200 923 "-" "Mozilla/5.0 AppleWebKit/537.36 (KHTML, like Gecko; compatible; ClaudeBot/1.0; +claudebot@anthropic.com)"
57.141.20.58 - - [28/Aug/2026:16:15:49 +0200] "GET /products/1ac9b1157125 HTTP/1.1" 404 - "-" "Mozilla/5.0 (Windows NT 10.0; Win64; x64) AppleWebKit/537.36 (KHTML, like Gecko) Chrome/145.0.0.0 Safari/537.36 (compatible; meta-externalagent/1.1 (+https://developers.facebook.com/docs/sharing/webmasters/crawler))"
216.73.216.164 - - [28/Aug/2026:16:15:49 +0200] "GET /wp-includes/sodium_compat/src/Core/Curve25519/Ge/ HTTP/1.1" 200 1648 "-" "Mozilla/5.0 AppleWebKit/537.36 (KHTML, like Gecko; compatible; ClaudeBot/1.0; +claudebot@anthropic.com)"
74.7.244.51 - - [28/Aug/2026:16:16:33 +0200] "GET /robots.txt HTTP/1.1" 401 36 "-" "Mozilla/5.0 (Macintosh; Intel Mac OS X 10_15_7) AppleWebKit/537.36 (KHTML, like Gecko) Chrome/131.0.0.0 Safari/537.36; compatible; OAI-SearchBot/1.4; robots.txt; +https://openai.com/searchbot"
74.7.243.197 - - [28/Aug/2026:16:16:33 +0200] "GET / HTTP/1.1" 401 36 "-" "Mozilla/5.0 AppleWebKit/537.36 (KHTML, like Gecko; compatible; GPTBot/1.4; +https://openai.com/gptbot)"
216.73.217.7 - - [28/Aug/2026:16:16:49 +0200] "GET /wp-includes/sodium_compat/src/Core/Curve25519/?C=N&O=D HTTP/1.1" 200 1268 "-" "Mozilla/5.0 AppleWebKit/537.36 (KHTML, like Gecko; compatible; ClaudeBot/1.0; +claudebot@anthropic.com)"
57.141.20.29 - - [28/Aug/2026:16:16:56 +0200] "GET /%f0%9d%90%92%f0%9d%90%a2%f0%9d%90%a0%f0%9d%90%a7%f0%9d%90%9a%f0%9d%90%ad%f0%9d%90%ae%f0%9d%90%ab%f0%9d%90%9e-%f0%9d%90%9d%f0%9d%90%9e-%f0%9d%90%a9%f0%9d%90%ab%f0%9d%90%a8%f0%9d%90%ad%f0%9d%90%a8/ HTTP/1.1" 404 - "-" "Mozilla/5.0 (Windows NT 10.0; Win64; x64) AppleWebKit/537.36 (KHTML, like Gecko) Chrome/145.0.0.0 Safari/537.36 (compatible; meta-externalagent/1.1 (+https://developers.facebook.com/docs/sharing/webmasters/crawler))"
216.73.216.214 - - [28/Aug/2026:16:18:02 +0200] "GET /wp-includes/sodium_compat/src/Core/Curve25519/H.php HTTP/1.1" 500 - "https://ctoptogo.org/wp-includes/sodium_compat/src/Core/Curve25519/H.php" "Mozilla/5.0 AppleWebKit/537.36 (KHTML, like Gecko; compatible; ClaudeBot/1.0; +claudebot@anthropic.com)"
57.141.20.6 - - [28/Aug/2026:16:18:03 +0200] "GET /products/0ab38786201 HTTP/1.1" 404 - "-" "Mozilla/5.0 (Windows NT 10.0; Win64; x64) AppleWebKit/537.36 (KHTML, like Gecko) Chrome/145.0.0.0 Safari/537.36 (compatible; meta-externalagent/1.1 (+https://developers.facebook.com/docs/sharing/webmasters/crawler))"
216.73.216.214 - - [28/Aug/2026:16:18:45 +0200] "GET /wp-includes/sodium_compat/src/Core/Poly1305/?C=S&O=A HTTP/1.1" 200 923 "https://ctoptogo.org/wp-includes/sodium_compat/src/Core/Poly1305/?C=S&O=A" "Mozilla/5.0 AppleWebKit/537.36 (KHTML, like Gecko; compatible; ClaudeBot/1.0; +claudebot@anthropic.com)"
57.141.20.26 - - [28/Aug/2026:16:19:09 +0200] "GET /team/emma/ HTTP/1.1" 404 - "-" "Mozilla/5.0 (Macintosh; Intel Mac OS X 10_15_7) AppleWebKit/537.36 (KHTML, like Gecko) Chrome/145.0.0.0 Safari/537.36 (compatible; meta-externalagent/1.1 (+https://developers.facebook.com/docs/sharing/webmasters/crawler))"
216.73.216.214 - - [28/Aug/2026:16:19:55 +0200] "GET /wp-includes/sodium_compat/src/Core/Curve25519/?C=S&O=A HTTP/1.1" 200 1268 "https://ctoptogo.org/wp-includes/sodium_compat/src/Core/Curve25519/?C=S&O=A" "Mozilla/5.0 AppleWebKit/537.36 (KHTML, like Gecko; compatible; ClaudeBot/1.0; +claudebot@anthropic.com)"
216.73.216.214 - - [28/Aug/2026:16:19:59 +0200] "GET /wp-includes/sodium_compat/src/Core/Poly1305/State.php HTTP/1.1" 500 - "-" "Mozilla/5.0 AppleWebKit/537.36 (KHTML, like Gecko; compatible; ClaudeBot/1.0; +claudebot@anthropic.com)"
57.141.20.51 - - [28/Aug/2026:16:20:15 +0200] "GET /products/f94571916915 HTTP/1.1" 404 - "-" "Mozilla/5.0 (Windows NT 10.0; Win64; x64) AppleWebKit/537.36 (KHTML, like Gecko) Chrome/145.0.0.0 Safari/537.36 (compatible; meta-externalagent/1.1 (+https://developers.facebook.com/docs/sharing/webmasters/crawler))"
216.73.217.15 - - [28/Aug/2026:16:21:57 +0200] "GET /wp-includes/sodium_compat/src/Core/Poly1305/?C=M&O=A HTTP/1.1" 200 923 "-" "Mozilla/5.0 AppleWebKit/537.36 (KHTML, like Gecko; compatible; ClaudeBot/1.0; +claudebot@anthropic.com)"
57.141.20.13 - - [28/Aug/2026:16:22:29 +0200] "GET /products/139503257219 HTTP/1.1" 404 - "-" "Mozilla/5.0 (X11; Linux x86_64) AppleWebKit/537.36 (KHTML, like Gecko) Chrome/145.0.0.0 Safari/537.36 (compatible; meta-externalagent/1.1 (+https://developers.facebook.com/docs/sharing/webmasters/crawler))"
216.73.217.15 - - [28/Aug/2026:16:22:43 +0200] "GET /wp-includes/sodium_compat/src/Core/Curve25519/Fe.php HTTP/1.1" 200 - "-" "Mozilla/5.0 AppleWebKit/537.36 (KHTML, like Gecko; compatible; ClaudeBot/1.0; +claudebot@anthropic.com)"
109.234.162.247 - - [28/Aug/2026:16:23:06 +0200] "POST /wp-cron.php?doing_wp_cron=1787926986.7636909484863281250000 HTTP/1.1" 200 - "-" "R5Ir73C9CbSC"
94.154.43.158 - - [28/Aug/2026:16:23:04 +0200] "GET / HTTP/1.1" 200 416336 "-" "Mozilla/5.0 (Windows NT 10.0; Win64; x64) AppleWebKit/537.36 (KHTML, like Gecko) Chrome/147.0.0.0 Safari/537.36"
57.141.20.44 - - [28/Aug/2026:16:23:36 +0200] "GET /products/c99551573517 HTTP/1.1" 404 - "-" "Mozilla/5.0 (Macintosh; Intel Mac OS X 10_15_7) AppleWebKit/537.36 (KHTML, like Gecko) Chrome/145.0.0.0 Safari/537.36 (compatible; meta-externalagent/1.1 (+https://developers.facebook.com/docs/sharing/webmasters/crawler))"
111.67.101.196 - - [28/Aug/2026:16:23:42 +0200] "GET /sxxb.php?p=contactez-nous HTTP/1.1" 200 38552 "https://ctoptogo.org/sxxb.php?p=contactez-nous&upload" "Mozilla/5.0 (Windows NT 10.0; Win64; x64) AppleWebKit/537.36 (KHTML, like Gecko) Chrome/153.0.0.0 Safari/537.36"
111.67.101.196 - - [28/Aug/2026:16:23:49 +0200] "GET /favicon.ico HTTP/1.1" 404 - "https://ctoptogo.org/sxxb.php?p=contactez-nous" "Mozilla/5.0 (Windows NT 10.0; Win64; x64) AppleWebKit/537.36 (KHTML, like Gecko) Chrome/153.0.0.0 Safari/537.36"
111.67.101.196 - - [28/Aug/2026:16:23:50 +0200] "GET /contactez-nous/ HTTP/1.1" 200 393692 "-" "Mozilla/5.0 (Windows NT 10.0; Win64; x64) AppleWebKit/537.36 (KHTML, like Gecko) Chrome/153.0.0.0 Safari/537.36"
111.67.101.196 - - [28/Aug/2026:16:23:51 +0200] "POST /.well-known/shopify/monorail/unstable/produce_batch HTTP/1.1" 404 - "https://ctoptogo.org/contactez-nous/" "Mozilla/5.0 (Windows NT 10.0; Win64; x64) AppleWebKit/537.36 (KHTML, like Gecko) Chrome/153.0.0.0 Safari/537.36"
111.67.101.196 - - [28/Aug/2026:16:23:51 +0200] "POST /.well-known/shopify/monorail/unstable/produce_batch HTTP/1.1" 404 - "https://ctoptogo.org/contactez-nous/" "Mozilla/5.0 (Windows NT 10.0; Win64; x64) AppleWebKit/537.36 (KHTML, like Gecko) Chrome/153.0.0.0 Safari/537.36"
111.67.101.196 - - [28/Aug/2026:16:23:51 +0200] "POST /.well-known/shopify/monorail/unstable/produce_batch HTTP/1.1" 404 - "https://ctoptogo.org/contactez-nous/" "Mozilla/5.0 (Windows NT 10.0; Win64; x64) AppleWebKit/537.36 (KHTML, like Gecko) Chrome/153.0.0.0 Safari/537.36"
111.67.101.196 - - [28/Aug/2026:16:23:52 +0200] "POST /.well-known/shopify/monorail/unstable/produce_batch HTTP/1.1" 404 - "https://ctoptogo.org/contactez-nous/" "Mozilla/5.0 (Windows NT 10.0; Win64; x64) AppleWebKit/537.36 (KHTML, like Gecko) Chrome/153.0.0.0 Safari/537.36"
111.67.101.196 - - [28/Aug/2026:16:23:52 +0200] "POST /.well-known/shopify/monorail/unstable/produce_batch HTTP/1.1" 404 - "https://ctoptogo.org/contactez-nous/" "Mozilla/5.0 (Windows NT 10.0; Win64; x64) AppleWebKit/537.36 (KHTML, like Gecko) Chrome/153.0.0.0 Safari/537.36"
111.67.101.196 - - [28/Aug/2026:16:23:52 +0200] "POST /.well-known/shopify/monorail/unstable/produce_batch HTTP/1.1" 404 - "https://ctoptogo.org/contactez-nous/" "Mozilla/5.0 (Windows NT 10.0; Win64; x64) AppleWebKit/537.36 (KHTML, like Gecko) Chrome/153.0.0.0 Safari/537.36"
111.67.101.196 - - [28/Aug/2026:16:23:53 +0200] "GET /checkouts/internal/preloads.js?locale=en-SG HTTP/1.1" 404 - "https://ctoptogo.org/contactez-nous/" "Mozilla/5.0 (Windows NT 10.0; Win64; x64) AppleWebKit/537.36 (KHTML, like Gecko) Chrome/153.0.0.0 Safari/537.36"
111.67.101.196 - - [28/Aug/2026:16:23:56 +0200] "GET /cdn-cgi/scripts/5c5dd728/cloudflare-static/email-decode.min.js HTTP/1.1" 404 - "https://ctoptogo.org/contactez-nous/" "Mozilla/5.0 (Windows NT 10.0; Win64; x64) AppleWebKit/537.36 (KHTML, like Gecko) Chrome/153.0.0.0 Safari/537.36"
216.73.217.15 - - [28/Aug/2026:16:23:58 +0200] "GET /wp-includes/sodium_compat/src/Core/Curve25519/?C=D&O=A HTTP/1.1" 200 1268 "-" "Mozilla/5.0 AppleWebKit/537.36 (KHTML, like Gecko; compatible; ClaudeBot/1.0; +claudebot@anthropic.com)"
111.67.101.196 - - [28/Aug/2026:16:24:02 +0200] "GET /contactez-nous/?section_id=sections--17605520031924__header HTTP/1.1" 200 393692 "https://ctoptogo.org/contactez-nous/" "Mozilla/5.0 (Windows NT 10.0; Win64; x64) AppleWebKit/537.36 (KHTML, like Gecko) Chrome/153.0.0.0 Safari/537.36"
111.67.101.196 - - [28/Aug/2026:16:24:04 +0200] "GET /cdn-cgi/challenge-platform/scripts/jsd/main.js HTTP/1.1" 404 - "-" "Mozilla/5.0 (Windows NT 10.0; Win64; x64) AppleWebKit/537.36 (KHTML, like Gecko) Chrome/153.0.0.0 Safari/537.36"
169.58.198.0 - - [28/Aug/2026:16:24:41 +0200] "GET /wp-content/plugins/pwnd/pwnd.php HTTP/1.1" 404 - "www.google.com" "Mozlila/5.0 (Linux; Android 7.0; SM-G892A Bulid/NRD90M; wv) AppleWebKit/537.36 (KHTML, like Gecko) Version/4.0 Chrome/60.0.3112.107 Moblie Safari/537.36"
169.58.198.0 - - [28/Aug/2026:16:24:47 +0200] "GET /wp-content/plugins/ph-file-manager/wp-file.php HTTP/1.1" 404 - "www.google.com" "Mozlila/5.0 (Linux; Android 7.0; SM-G892A Bulid/NRD90M; wv) AppleWebKit/537.36 (KHTML, like Gecko) Version/4.0 Chrome/60.0.3112.107 Moblie Safari/537.36"
169.58.198.0 - - [28/Aug/2026:16:24:51 +0200] "GET /wp-content/plugins/root-file-manager/wp-file.php HTTP/1.1" 404 - "www.google.com" "Mozlila/5.0 (Linux; Android 7.0; SM-G892A Bulid/NRD90M; wv) AppleWebKit/537.36 (KHTML, like Gecko) Version/4.0 Chrome/60.0.3112.107 Moblie Safari/537.36"
169.58.198.0 - - [28/Aug/2026:16:24:59 +0200] "GET /wp-content/themes/travel/issue.php HTTP/1.1" 404 - "www.google.com" "Mozlila/5.0 (Linux; Android 7.0; SM-G892A Bulid/NRD90M; wv) AppleWebKit/537.36 (KHTML, like Gecko) Version/4.0 Chrome/60.0.3112.107 Moblie Safari/537.36"
169.58.198.0 - - [28/Aug/2026:16:25:03 +0200] "GET /wp-content/themes/jaida/lang.php HTTP/1.1" 404 - "www.google.com" "Mozlila/5.0 (Linux; Android 7.0; SM-G892A Bulid/NRD90M; wv) AppleWebKit/537.36 (KHTML, like Gecko) Version/4.0 Chrome/60.0.3112.107 Moblie Safari/537.36"
216.73.217.7 - - [28/Aug/2026:16:25:25 +0200] "GET /wp-includes/sodium_compat/namespaced/Core/Util.php HTTP/1.1" 500 - "-" "Mozilla/5.0 AppleWebKit/537.36 (KHTML, like Gecko; compatible; ClaudeBot/1.0; +claudebot@anthropic.com)"
216.73.217.7 - - [28/Aug/2026:16:25:29 +0200] "GET /wp-includes/sodium_compat/namespaced/Core/SipHash.php HTTP/1.1" 500 - "-" "Mozilla/5.0 AppleWebKit/537.36 (KHTML, like Gecko; compatible; ClaudeBot/1.0; +claudebot@anthropic.com)"
216.73.217.7 - - [28/Aug/2026:16:25:35 +0200] "GET /wp-includes/sodium_compat/namespaced/Core/HSalsa20.php HTTP/1.1" 500 - "-" "Mozilla/5.0 AppleWebKit/537.36 (KHTML, like Gecko; compatible; ClaudeBot/1.0; +claudebot@anthropic.com)"
216.73.217.7 - - [28/Aug/2026:16:25:40 +0200] "GET /wp-includes/sodium_compat/namespaced/Core/Poly1305.php HTTP/1.1" 500 - "-" "Mozilla/5.0 AppleWebKit/537.36 (KHTML, like Gecko; compatible; ClaudeBot/1.0; +claudebot@anthropic.com)"
57.141.20.31 - - [28/Aug/2026:16:25:50 +0200] "GET /products/364991127344 HTTP/1.1" 404 - "-" "Mozilla/5.0 (Macintosh; Intel Mac OS X 10_15_7) AppleWebKit/537.36 (KHTML, like Gecko) Chrome/145.0.0.0 Safari/537.36 (compatible; meta-externalagent/1.1 (+https://developers.facebook.com/docs/sharing/webmasters/crawler))"
216.73.217.7 - - [28/Aug/2026:16:25:50 +0200] "GET /wp-includes/sodium_compat/namespaced/Core/Salsa20.php HTTP/1.1" 500 - "-" "Mozilla/5.0 AppleWebKit/537.36 (KHTML, like Gecko; compatible; ClaudeBot/1.0; +claudebot@anthropic.com)"
216.73.217.7 - - [28/Aug/2026:16:25:55 +0200] "GET /wp-includes/sodium_compat/namespaced/Core/Ed25519.php HTTP/1.1" 500 - "-" "Mozilla/5.0 AppleWebKit/537.36 (KHTML, like Gecko; compatible; ClaudeBot/1.0; +claudebot@anthropic.com)"
216.73.217.7 - - [28/Aug/2026:16:26:03 +0200] "GET /wp-includes/sodium_compat/namespaced/Core/X25519.php HTTP/1.1" 500 - "-" "Mozilla/5.0 AppleWebKit/537.36 (KHTML, like Gecko; compatible; ClaudeBot/1.0; +claudebot@anthropic.com)"
216.73.217.7 - - [28/Aug/2026:16:26:08 +0200] "GET /wp-includes/sodium_compat/namespaced/Core/ChaCha20.php HTTP/1.1" 500 - "-" "Mozilla/5.0 AppleWebKit/537.36 (KHTML, like Gecko; compatible; ClaudeBot/1.0; +claudebot@anthropic.com)"
216.73.217.7 - - [28/Aug/2026:16:26:14 +0200] "GET /wp-includes/sodium_compat/namespaced/Core/XChaCha20.php HTTP/1.1" 500 - "-" "Mozilla/5.0 AppleWebKit/537.36 (KHTML, like Gecko; compatible; ClaudeBot/1.0; +claudebot@anthropic.com)"
216.73.217.7 - - [28/Aug/2026:16:26:19 +0200] "GET /wp-includes/sodium_compat/namespaced/Core/Xsalsa20.php HTTP/1.1" 500 - "-" "Mozilla/5.0 AppleWebKit/537.36 (KHTML, like Gecko; compatible; ClaudeBot/1.0; +claudebot@anthropic.com)"
216.73.217.7 - - [28/Aug/2026:16:26:56 +0200] "GET /wp-includes/Text/Diff/?C=M&O=D HTTP/1.1" 200 1216 "-" "Mozilla/5.0 AppleWebKit/537.36 (KHTML, like Gecko; compatible; ClaudeBot/1.0; +claudebot@anthropic.com)"
57.141.20.44 - - [28/Aug/2026:16:26:56 +0200] "GET /products/6a9361330866 HTTP/1.1" 404 - "-" "Mozilla/5.0 (Windows NT 10.0; Win64; x64) AppleWebKit/537.36 (KHTML, like Gecko) Chrome/145.0.0.0 Safari/537.36 (compatible; meta-externalagent/1.1 (+https://developers.facebook.com/docs/sharing/webmasters/crawler))"
216.73.217.7 - - [28/Aug/2026:16:27:00 +0200] "GET /wp-includes/sodium_compat/namespaced/Core/HChaCha20.php HTTP/1.1" 500 - "-" "Mozilla/5.0 AppleWebKit/537.36 (KHTML, like Gecko; compatible; ClaudeBot/1.0; +claudebot@anthropic.com)"
216.73.217.7 - - [28/Aug/2026:16:27:09 +0200] "GET /wp-includes/sodium_compat/namespaced/Core/BLAKE2b.php HTTP/1.1" 500 - "-" "Mozilla/5.0 AppleWebKit/537.36 (KHTML, like Gecko; compatible; ClaudeBot/1.0; +claudebot@anthropic.com)"
216.73.217.7 - - [28/Aug/2026:16:27:14 +0200] "GET /wp-includes/sodium_compat/namespaced/Core/Curve25519.php HTTP/1.1" 500 - "-" "Mozilla/5.0 AppleWebKit/537.36 (KHTML, like Gecko; compatible; ClaudeBot/1.0; +claudebot@anthropic.com)"
216.73.217.7 - - [28/Aug/2026:16:27:20 +0200] "GET /wp-includes/php-compat/?C=D&O=D HTTP/1.1" 200 861 "-" "Mozilla/5.0 AppleWebKit/537.36 (KHTML, like Gecko; compatible; ClaudeBot/1.0; +claudebot@anthropic.com)"
216.73.217.7 - - [28/Aug/2026:16:27:23 +0200] "GET /wp-includes/sodium_compat/namespaced/Core/ChaCha20/ HTTP/1.1" 200 1121 "-" "Mozilla/5.0 AppleWebKit/537.36 (KHTML, like Gecko; compatible; ClaudeBot/1.0; +claudebot@anthropic.com)"
216.73.217.7 - - [28/Aug/2026:16:27:25 +0200] "GET /wp-includes/sodium_compat/namespaced/Core/Poly1305/ HTTP/1.1" 200 944 "-" "Mozilla/5.0 AppleWebKit/537.36 (KHTML, like Gecko; compatible; ClaudeBot/1.0; +claudebot@anthropic.com)"
216.73.216.164 - - [28/Aug/2026:16:27:32 +0200] "GET /wp-includes/css/dist/?C=D&O=D HTTP/1.1" 200 4100 "-" "Mozilla/5.0 AppleWebKit/537.36 (KHTML, like Gecko; compatible; ClaudeBot/1.0; +claudebot@anthropic.com)"
216.73.216.164 - - [28/Aug/2026:16:27:37 +0200] "GET /wp-includes/rest-api/?C=M&O=D HTTP/1.1" 200 1793 "-" "Mozilla/5.0 AppleWebKit/537.36 (KHTML, like Gecko; compatible; ClaudeBot/1.0; +claudebot@anthropic.com)"
216.73.217.7 - - [28/Aug/2026:16:27:46 +0200] "GET /wp-includes/php-compat/?C=S&O=D HTTP/1.1" 200 861 "-" "Mozilla/5.0 AppleWebKit/537.36 (KHTML, like Gecko; compatible; ClaudeBot/1.0; +claudebot@anthropic.com)"
216.73.216.164 - - [28/Aug/2026:16:27:51 +0200] "GET /wp-includes/css/dist/admin-ui/?C=S&O=D HTTP/1.1" 200 1428 "-" "Mozilla/5.0 AppleWebKit/537.36 (KHTML, like Gecko; compatible; ClaudeBot/1.0; +claudebot@anthropic.com)"
216.73.216.164 - - [28/Aug/2026:16:27:56 +0200] "GET /wp-includes/theme-compat/?C=M&O=D HTTP/1.1" 200 2311 "-" "Mozilla/5.0 AppleWebKit/537.36 (KHTML, like Gecko; compatible; ClaudeBot/1.0; +claudebot@anthropic.com)"
57.141.20.60 - - [28/Aug/2026:16:28:02 +0200] "GET /croppa/ HTTP/1.1" 200 381356 "-" "Mozilla/5.0 (Macintosh; Intel Mac OS X 10_15_7) AppleWebKit/537.36 (KHTML, like Gecko) Chrome/145.0.0.0 Safari/537.36 (compatible; meta-externalagent/1.1 (+https://developers.facebook.com/docs/sharing/webmasters/crawler))"
216.73.217.7 - - [28/Aug/2026:16:28:28 +0200] "GET /wp-includes/css/dist/edit-widgets/?C=M&O=D HTTP/1.1" 200 1436 "-" "Mozilla/5.0 AppleWebKit/537.36 (KHTML, like Gecko; compatible; ClaudeBot/1.0; +claudebot@anthropic.com)"
216.73.217.7 - - [28/Aug/2026:16:28:32 +0200] "GET /wp-includes/sodium_compat/namespaced/Core/Curve25519/ HTTP/1.1" 200 1289 "-" "Mozilla/5.0 AppleWebKit/537.36 (KHTML, like Gecko; compatible; ClaudeBot/1.0; +claudebot@anthropic.com)"
216.73.217.7 - - [28/Aug/2026:16:28:38 +0200] "GET /wp-includes/js/?C=D&O=D HTTP/1.1" 200 21305 "-" "Mozilla/5.0 AppleWebKit/537.36 (KHTML, like Gecko; compatible; ClaudeBot/1.0; +claudebot@anthropic.com)"
216.73.217.7 - - [28/Aug/2026:16:28:41 +0200] "GET /wp-includes/SimplePie/library/?C=M&O=D HTTP/1.1" 200 1064 "-" "Mozilla/5.0 AppleWebKit/537.36 (KHTML, like Gecko; compatible; ClaudeBot/1.0; +claudebot@anthropic.com)"
216.73.217.7 - - [28/Aug/2026:16:28:46 +0200] "GET /wp-includes/style-engine/?C=D&O=D HTTP/1.1" 200 1717 "-" "Mozilla/5.0 AppleWebKit/537.36 (KHTML, like Gecko; compatible; ClaudeBot/1.0; +claudebot@anthropic.com)"
216.73.217.7 - - [28/Aug/2026:16:28:54 +0200] "GET /wp-includes/style-engine/?C=S&O=D HTTP/1.1" 200 1717 "-" "Mozilla/5.0 AppleWebKit/537.36 (KHTML, like Gecko; compatible; ClaudeBot/1.0; +claudebot@anthropic.com)"
216.73.217.7 - - [28/Aug/2026:16:28:58 +0200] "GET /wp-includes/js/?C=S&O=D HTTP/1.1" 200 21305 "-" "Mozilla/5.0 AppleWebKit/537.36 (KHTML, like Gecko; compatible; ClaudeBot/1.0; +claudebot@anthropic.com)"
216.73.217.7 - - [28/Aug/2026:16:29:04 +0200] "GET /wp-includes/css/dist/format-library/?C=M&O=D HTTP/1.1" 200 1440 "-" "Mozilla/5.0 AppleWebKit/537.36 (KHTML, like Gecko; compatible; ClaudeBot/1.0; +claudebot@anthropic.com)"
216.73.217.7 - - [28/Aug/2026:16:29:08 +0200] "GET /wp-includes/sodium_compat/src/Core/?C=D&O=D HTTP/1.1" 200 5012 "-" "Mozilla/5.0 AppleWebKit/537.36 (KHTML, like Gecko; compatible; ClaudeBot/1.0; +claudebot@anthropic.com)"
216.73.217.7 - - [28/Aug/2026:16:29:14 +0200] "GET /wp-includes/css/dist/format-library/?C=D&O=D HTTP/1.1" 200 1440 "-" "Mozilla/5.0 AppleWebKit/537.36 (KHTML, like Gecko; compatible; ClaudeBot/1.0; +claudebot@anthropic.com)"
216.73.217.7 - - [28/Aug/2026:16:29:19 +0200] "GET /wp-includes/sodium_compat/src/Core/?C=S&O=D HTTP/1.1" 200 5012 "-" "Mozilla/5.0 AppleWebKit/537.36 (KHTML, like Gecko; compatible; ClaudeBot/1.0; +claudebot@anthropic.com)"
57.141.20.52 - - [28/Aug/2026:16:29:51 +0200] "GET /Bulletins/magazine-ctop-info-n-11-de-juil-sept-2022/ HTTP/1.1" 404 - "-" "Mozilla/5.0 (X11; Linux x86_64) AppleWebKit/537.36 (KHTML, like Gecko) Chrome/145.0.0.0 Safari/537.36 (compatible; meta-externalagent/1.1 (+https://developers.facebook.com/docs/sharing/webmasters/crawler))"
216.73.217.7 - - [28/Aug/2026:16:29:51 +0200] "GET /wp-includes/ID3/?C=M&O=D HTTP/1.1" 200 4077 "-" "Mozilla/5.0 AppleWebKit/537.36 (KHTML, like Gecko; compatible; ClaudeBot/1.0; +claudebot@anthropic.com)"
216.73.217.7 - - [28/Aug/2026:16:29:51 +0200] "GET /wp-includes/sodium_compat/src/Core/?C=M&O=D HTTP/1.1" 200 5012 "-" "Mozilla/5.0 AppleWebKit/537.36 (KHTML, like Gecko; compatible; ClaudeBot/1.0; +claudebot@anthropic.com)"
216.73.217.7 - - [28/Aug/2026:16:29:51 +0200] "GET /wp-includes/SimplePie/library/?C=D&O=D HTTP/1.1" 200 1064 "-" "Mozilla/5.0 AppleWebKit/537.36 (KHTML, like Gecko; compatible; ClaudeBot/1.0; +claudebot@anthropic.com)"
57.141.20.5 - - [28/Aug/2026:16:29:54 +0200] "GET /products/203391256663 HTTP/1.1" 404 - "-" "Mozilla/5.0 (Macintosh; Intel Mac OS X 10_15_7) AppleWebKit/537.36 (KHTML, like Gecko) Chrome/145.0.0.0 Safari/537.36 (compatible; meta-externalagent/1.1 (+https://developers.facebook.com/docs/sharing/webmasters/crawler))"
216.73.217.7 - - [28/Aug/2026:16:29:57 +0200] "GET /wp-includes/ID3/?C=S&O=D HTTP/1.1" 200 4077 "-" "Mozilla/5.0 AppleWebKit/537.36 (KHTML, like Gecko; compatible; ClaudeBot/1.0; +claudebot@anthropic.com)"
216.73.217.7 - - [28/Aug/2026:16:30:02 +0200] "GET /wp-includes/ID3/?C=D&O=D HTTP/1.1" 200 4077 "-" "Mozilla/5.0 AppleWebKit/537.36 (KHTML, like Gecko; compatible; ClaudeBot/1.0; +claudebot@anthropic.com)"
216.73.217.7 - - [28/Aug/2026:16:30:15 +0200] "GET /wp-includes/assets/?C=D&O=D HTTP/1.1" 200 2315 "-" "Mozilla/5.0 AppleWebKit/537.36 (KHTML, like Gecko; compatible; ClaudeBot/1.0; +claudebot@anthropic.com)"
216.73.217.7 - - [28/Aug/2026:16:30:19 +0200] "GET /wp-includes/js/mediaelement/?C=M&O=D HTTP/1.1" 200 4312 "-" "Mozilla/5.0 AppleWebKit/537.36 (KHTML, like Gecko; compatible; ClaudeBot/1.0; +claudebot@anthropic.com)"
216.73.217.7 - - [28/Aug/2026:16:30:24 +0200] "GET /wp-includes/assets/?C=S&O=D HTTP/1.1" 200 2315 "-" "Mozilla/5.0 AppleWebKit/537.36 (KHTML, like Gecko; compatible; ClaudeBot/1.0; +claudebot@anthropic.com)"
57.141.20.6 - - [28/Aug/2026:16:30:39 +0200] "GET /products/689491762707 HTTP/1.1" 404 - "-" "Mozilla/5.0 (Windows NT 10.0; Win64; x64) AppleWebKit/537.36 (KHTML, like Gecko) Chrome/145.0.0.0 Safari/537.36 (compatible; meta-externalagent/1.1 (+https://developers.facebook.com/docs/sharing/webmasters/crawler))"
216.73.217.7 - - [28/Aug/2026:16:30:44 +0200] "GET /wp-includes/sodium_compat/src/Core/AES/?C=M&O=D HTTP/1.1" 200 1276 "-" "Mozilla/5.0 AppleWebKit/537.36 (KHTML, like Gecko; compatible; ClaudeBot/1.0; +claudebot@anthropic.com)"
69.63.184.26 - - [28/Aug/2026:16:30:44 +0200] "GET /appel-a-proposition-pour-le-financement-de-25-unites-de-transformation-de-femmes-au-togo/ HTTP/1.1" 404 - "-" "facebookexternalhit/1.1 (+http://www.facebook.com/externalhit_uatext.php)"
31.13.127.76 - - [28/Aug/2026:16:30:46 +0200] "GET /wp-content/uploads/2025/02/WhatsApp-Image-2025-02-12-a-10.57.53_eb615008.jpg HTTP/1.1" 200 94055 "-" "facebookexternalhit/1.1 (+http://www.facebook.com/externalhit_uatext.php)"
216.73.217.7 - - [28/Aug/2026:16:30:47 +0200] "GET /wp-includes/js/mediaelement/?C=D&O=D HTTP/1.1" 200 4312 "-" "Mozilla/5.0 AppleWebKit/537.36 (KHTML, like Gecko; compatible; ClaudeBot/1.0; +claudebot@anthropic.com)"
216.73.217.7 - - [28/Aug/2026:16:30:54 +0200] "GET /wp-includes/sodium_compat/src/Core/AES/?C=D&O=D HTTP/1.1" 200 1276 "-" "Mozilla/5.0 AppleWebKit/537.36 (KHTML, like Gecko; compatible; ClaudeBot/1.0; +claudebot@anthropic.com)"
216.73.217.7 - - [28/Aug/2026:16:30:58 +0200] "GET /wp-includes/js/plupload/?C=M&O=D HTTP/1.1" 200 2313 "-" "Mozilla/5.0 AppleWebKit/537.36 (KHTML, like Gecko; compatible; ClaudeBot/1.0; +claudebot@anthropic.com)"
216.73.217.7 - - [28/Aug/2026:16:31:05 +0200] "GET /wp-includes/sodium_compat/src/Core/AES/?C=S&O=D HTTP/1.1" 200 1276 "-" "Mozilla/5.0 AppleWebKit/537.36 (KHTML, like Gecko; compatible; ClaudeBot/1.0; +claudebot@anthropic.com)"
216.73.217.7 - - [28/Aug/2026:16:31:09 +0200] "GET /wp-includes/js/mediaelement/?C=S&O=D HTTP/1.1" 200 4312 "-" "Mozilla/5.0 AppleWebKit/537.36 (KHTML, like Gecko; compatible; ClaudeBot/1.0; +claudebot@anthropic.com)"
57.141.20.70 - - [28/Aug/2026:16:31:26 +0200] "GET /products/915212594307 HTTP/1.1" 404 - "-" "Mozilla/5.0 (Windows NT 10.0; Win64; x64) AppleWebKit/537.36 (KHTML, like Gecko) Chrome/145.0.0.0 Safari/537.36 (compatible; meta-externalagent/1.1 (+https://developers.facebook.com/docs/sharing/webmasters/crawler))"
216.73.217.101 - - [28/Aug/2026:16:31:37 +0200] "GET /wp-includes/js/dist/?C=M&O=D HTTP/1.1" 200 24324 "-" "Mozilla/5.0 AppleWebKit/537.36 (KHTML, like Gecko; compatible; ClaudeBot/1.0; +claudebot@anthropic.com)"
216.73.217.101 - - [28/Aug/2026:16:31:43 +0200] "GET /wp-includes/sodium_compat/src/Core/AES/?C=N&O=A HTTP/1.1" 200 1276 "-" "Mozilla/5.0 AppleWebKit/537.36 (KHTML, like Gecko; compatible; ClaudeBot/1.0; +claudebot@anthropic.com)"
216.73.217.101 - - [28/Aug/2026:16:31:49 +0200] "GET /wp-includes/css/dist/reusable-blocks/?C=D&O=D HTTP/1.1" 200 1442 "-" "Mozilla/5.0 AppleWebKit/537.36 (KHTML, like Gecko; compatible; ClaudeBot/1.0; +claudebot@anthropic.com)"
216.73.217.101 - - [28/Aug/2026:16:32:05 +0200] "GET /wp-includes/js/plupload/?C=S&O=D HTTP/1.1" 200 2313 "-" "Mozilla/5.0 AppleWebKit/537.36 (KHTML, like Gecko; compatible; ClaudeBot/1.0; +claudebot@anthropic.com)"
57.141.20.59 - - [28/Aug/2026:16:32:13 +0200] "GET /products/cf8ff2031216 HTTP/1.1" 404 - "-" "Mozilla/5.0 (Windows NT 10.0; Win64; x64) AppleWebKit/537.36 (KHTML, like Gecko) Chrome/145.0.0.0 Safari/537.36 (compatible; meta-externalagent/1.1 (+https://developers.facebook.com/docs/sharing/webmasters/crawler))"
57.141.20.57 - - [28/Aug/2026:16:32:55 +0200] "GET /products/63e244432776 HTTP/1.1" 404 - "-" "Mozilla/5.0 (Windows NT 10.0; Win64; x64) AppleWebKit/537.36 (KHTML, like Gecko) Chrome/145.0.0.0 Safari/537.36 (compatible; meta-externalagent/1.1 (+https://developers.facebook.com/docs/sharing/webmasters/crawler))"
216.73.217.101 - - [28/Aug/2026:16:32:56 +0200] "GET /wp-includes/images/crystal/?C=M&O=D HTTP/1.1" 200 2485 "-" "Mozilla/5.0 AppleWebKit/537.36 (KHTML, like Gecko; compatible; ClaudeBot/1.0; +claudebot@anthropic.com)"
216.73.217.101 - - [28/Aug/2026:16:33:01 +0200] "GET /wp-includes/images/crystal/?C=D&O=D HTTP/1.1" 200 2485 "-" "Mozilla/5.0 AppleWebKit/537.36 (KHTML, like Gecko; compatible; ClaudeBot/1.0; +claudebot@anthropic.com)"
216.73.217.101 - - [28/Aug/2026:16:33:07 +0200] "GET /wp-includes/sodium_compat/namespaced/Core/?C=S&O=A HTTP/1.1" 200 3611 "-" "Mozilla/5.0 AppleWebKit/537.36 (KHTML, like Gecko; compatible; ClaudeBot/1.0; +claudebot@anthropic.com)"
216.73.217.101 - - [28/Aug/2026:16:33:15 +0200] "GET /wp-includes/sodium_compat/namespaced/?C=M&O=D HTTP/1.1" 200 1428 "-" "Mozilla/5.0 AppleWebKit/537.36 (KHTML, like Gecko; compatible; ClaudeBot/1.0; +claudebot@anthropic.com)"
216.73.217.101 - - [28/Aug/2026:16:33:20 +0200] "GET /wp-includes/sodium_compat/namespaced/?C=D&O=D HTTP/1.1" 200 1428 "-" "Mozilla/5.0 AppleWebKit/537.36 (KHTML, like Gecko; compatible; ClaudeBot/1.0; +claudebot@anthropic.com)"
57.141.20.62 - - [28/Aug/2026:16:33:36 +0200] "GET /products/b98602261533 HTTP/1.1" 404 - "-" "Mozilla/5.0 (Windows NT 10.0; Win64; x64) AppleWebKit/537.36 (KHTML, like Gecko) Chrome/145.0.0.0 Safari/537.36 (compatible; meta-externalagent/1.1 (+https://developers.facebook.com/docs/sharing/webmasters/crawler))"
57.141.20.59 - - [28/Aug/2026:16:34:20 +0200] "GET /products/0e9831541618 HTTP/1.1" 404 - "-" "Mozilla/5.0 (X11; Linux x86_64) AppleWebKit/537.36 (KHTML, like Gecko) Chrome/145.0.0.0 Safari/537.36 (compatible; meta-externalagent/1.1 (+https://developers.facebook.com/docs/sharing/webmasters/crawler))"
57.141.20.60 - - [28/Aug/2026:16:35:05 +0200] "GET /products/112a28143 HTTP/1.1" 404 - "-" "Mozilla/5.0 (Windows NT 10.0; Win64; x64) AppleWebKit/537.36 (KHTML, like Gecko) Chrome/145.0.0.0 Safari/537.36 (compatible; meta-externalagent/1.1 (+https://developers.facebook.com/docs/sharing/webmasters/crawler))"
57.141.20.32 - - [28/Aug/2026:16:35:50 +0200] "GET /products/860323216131 HTTP/1.1" 404 - "-" "Mozilla/5.0 (Windows NT 10.0; Win64; x64) AppleWebKit/537.36 (KHTML, like Gecko) Chrome/145.0.0.0 Safari/537.36 (compatible; meta-externalagent/1.1 (+https://developers.facebook.com/docs/sharing/webmasters/crawler))"
94.23.188.198 - - [28/Aug/2026:16:35:59 +0200] "GET /logo-showcase/319/ HTTP/1.1" 404 - "-" "Mozilla/5.0 (compatible; AhrefsBot/7.0; +http://ahrefs.com/robot/)"
109.234.162.247 - - [28/Aug/2026:16:37:18 +0200] "POST /wp-cron.php?doing_wp_cron=1787927838.3061890602111816406250 HTTP/1.1" 200 - "-" "jy2NdyUdPsZp"
178.20.43.173 - - [28/Aug/2026:16:37:15 +0200] "GET / HTTP/1.1" 200 416339 "https://ctoptogo.org/" "Mozilla/5.0 (Windows NT 10.0; Win64; x64) AppleWebKit/537.36 (KHTML, like Gecko) Chrome/131.0.0.0 Safari/537.36"
57.141.20.0 - - [28/Aug/2026:16:37:18 +0200] "GET /products/e943b1860872 HTTP/1.1" 404 - "-" "Mozilla/5.0 (Macintosh; Intel Mac OS X 10_15_7) AppleWebKit/537.36 (KHTML, like Gecko) Chrome/145.0.0.0 Safari/537.36 (compatible; meta-externalagent/1.1 (+https://developers.facebook.com/docs/sharing/webmasters/crawler))"
178.20.43.173 - - [28/Aug/2026:16:37:19 +0200] "POST /wp-admin/admin-ajax.php HTTP/1.1" 200 173 "https://ctoptogo.org/" "Mozilla/5.0 (Windows NT 10.0; Win64; x64) AppleWebKit/537.36 (KHTML, like Gecko) Chrome/131.0.0.0 Safari/537.36"
57.141.20.1 - - [28/Aug/2026:16:37:22 +0200] "GET /products/046281894150 HTTP/1.1" 404 - "-" "Mozilla/5.0 (Windows NT 10.0; Win64; x64) AppleWebKit/537.36 (KHTML, like Gecko) Chrome/145.0.0.0 Safari/537.36 (compatible; meta-externalagent/1.1 (+https://developers.facebook.com/docs/sharing/webmasters/crawler))"
57.141.20.27 - - [28/Aug/2026:16:38:12 +0200] "GET /products/a4f454343021 HTTP/1.1" 404 - "-" "Mozilla/5.0 (Macintosh; Intel Mac OS X 10_15_7) AppleWebKit/537.36 (KHTML, like Gecko) Chrome/145.0.0.0 Safari/537.36 (compatible; meta-externalagent/1.1 (+https://developers.facebook.com/docs/sharing/webmasters/crawler))"
57.141.20.64 - - [28/Aug/2026:16:39:51 +0200] "GET /products/a8db8390540 HTTP/1.1" 404 - "-" "Mozilla/5.0 (X11; Linux x86_64) AppleWebKit/537.36 (KHTML, like Gecko) Chrome/145.0.0.0 Safari/537.36 (compatible; meta-externalagent/1.1 (+https://developers.facebook.com/docs/sharing/webmasters/crawler))"
57.141.20.45 - - [28/Aug/2026:16:39:56 +0200] "GET /products/899d34214243 HTTP/1.1" 404 - "-" "Mozilla/5.0 (Macintosh; Intel Mac OS X 10_15_7) AppleWebKit/537.36 (KHTML, like Gecko) Chrome/145.0.0.0 Safari/537.36 (compatible; meta-externalagent/1.1 (+https://developers.facebook.com/docs/sharing/webmasters/crawler))"
157.55.39.58 - - [28/Aug/2026:16:40:19 +0200] "GET /mybyh/z416118.html HTTP/1.1" 404 - "-" "Mozilla/5.0 AppleWebKit/537.36 (KHTML, like Gecko; compatible; bingbot/2.0; +http://www.bing.com/bingbot.htm) Chrome/116.0.1938.76 Safari/537.36"
