216.73.216.164 - - [28/Aug/2026:13:58:03 +0200] "GET /wp-includes/js/crop/cropper.js HTTP/1.1" 200 16485 "-" "Mozilla/5.0 AppleWebKit/537.36 (KHTML, like Gecko; compatible; ClaudeBot/1.0; +claudebot@anthropic.com)"
216.73.216.164 - - [28/Aug/2026:13:58:03 +0200] "GET /wp-includes/rest-api/search/class-wp-rest-post-format-search-handler.php HTTP/1.1" 500 - "-" "Mozilla/5.0 AppleWebKit/537.36 (KHTML, like Gecko; compatible; ClaudeBot/1.0; +claudebot@anthropic.com)"
216.73.216.164 - - [28/Aug/2026:13:58:04 +0200] "GET /wp-includes/css/dist/block-library/theme-rtl.min.css HTTP/1.1" 200 2695 "-" "Mozilla/5.0 AppleWebKit/537.36 (KHTML, like Gecko; compatible; ClaudeBot/1.0; +claudebot@anthropic.com)"
216.73.216.164 - - [28/Aug/2026:13:58:04 +0200] "GET /wp-includes/js/thickbox/thickbox.js HTTP/1.1" 200 13332 "-" "Mozilla/5.0 AppleWebKit/537.36 (KHTML, like Gecko; compatible; ClaudeBot/1.0; +claudebot@anthropic.com)"
216.73.216.164 - - [28/Aug/2026:13:58:05 +0200] "GET /wp-includes/css/dist/customize-widgets/style-rtl.css HTTP/1.1" 200 6625 "-" "Mozilla/5.0 AppleWebKit/537.36 (KHTML, like Gecko; compatible; ClaudeBot/1.0; +claudebot@anthropic.com)"
216.73.216.164 - - [28/Aug/2026:13:58:05 +0200] "GET /wp-includes/css/dist/block-library/classic.min.css HTTP/1.1" 200 743 "-" "Mozilla/5.0 AppleWebKit/537.36 (KHTML, like Gecko; compatible; ClaudeBot/1.0; +claudebot@anthropic.com)"
216.73.216.164 - - [28/Aug/2026:13:58:10 +0200] "GET /wp-includes/rest-api/endpoints/class-wp-rest-template-revisions-controller.php HTTP/1.1" 500 - "-" "Mozilla/5.0 AppleWebKit/537.36 (KHTML, like Gecko; compatible; ClaudeBot/1.0; +claudebot@anthropic.com)"
216.73.216.164 - - [28/Aug/2026:13:58:11 +0200] "GET /wp-includes/css/dist/block-library/reset-rtl.min.css HTTP/1.1" 200 2073 "-" "Mozilla/5.0 AppleWebKit/537.36 (KHTML, like Gecko; compatible; ClaudeBot/1.0; +claudebot@anthropic.com)"
216.73.216.164 - - [28/Aug/2026:13:58:11 +0200] "GET /wp-includes/js/jquery/jquery-migrate.min.js HTTP/1.1" 200 13577 "-" "Mozilla/5.0 AppleWebKit/537.36 (KHTML, like Gecko; compatible; ClaudeBot/1.0; +claudebot@anthropic.com)"
216.73.216.164 - - [28/Aug/2026:13:58:12 +0200] "GET /wp-includes/css/dist/block-library/elements-rtl.min.css HTTP/1.1" 200 34 "-" "Mozilla/5.0 AppleWebKit/537.36 (KHTML, like Gecko; compatible; ClaudeBot/1.0; +claudebot@anthropic.com)"
216.73.216.164 - - [28/Aug/2026:13:58:12 +0200] "GET /wp-includes/css/dist/block-library/editor-rtl.min.css HTTP/1.1" 200 69235 "-" "Mozilla/5.0 AppleWebKit/537.36 (KHTML, like Gecko; compatible; ClaudeBot/1.0; +claudebot@anthropic.com)"
216.73.216.164 - - [28/Aug/2026:13:58:13 +0200] "GET /wp-includes/rest-api/endpoints/class-wp-rest-font-collections-controller.php HTTP/1.1" 500 - "-" "Mozilla/5.0 AppleWebKit/537.36 (KHTML, like Gecko; compatible; ClaudeBot/1.0; +claudebot@anthropic.com)"
216.73.216.164 - - [28/Aug/2026:13:58:13 +0200] "GET /wp-includes/css/dist/editor/style-rtl.min.css HTTP/1.1" 200 59574 "-" "Mozilla/5.0 AppleWebKit/537.36 (KHTML, like Gecko; compatible; ClaudeBot/1.0; +claudebot@anthropic.com)"
216.73.216.164 - - [28/Aug/2026:13:58:14 +0200] "GET /wp-includes/css/dist/block-library/classic-rtl.css HTTP/1.1" 200 833 "-" "Mozilla/5.0 AppleWebKit/537.36 (KHTML, like Gecko; compatible; ClaudeBot/1.0; +claudebot@anthropic.com)"
216.73.216.164 - - [28/Aug/2026:13:58:14 +0200] "GET /wp-includes/rest-api/search/class-wp-rest-term-search-handler.php HTTP/1.1" 500 - "-" "Mozilla/5.0 AppleWebKit/537.36 (KHTML, like Gecko; compatible; ClaudeBot/1.0; +claudebot@anthropic.com)"
57.141.20.60 - - [28/Aug/2026:13:58:14 +0200] "GET /products/58499739369 HTTP/1.1" 404 - "-" "Mozilla/5.0 (Windows NT 10.0; Win64; x64) AppleWebKit/537.36 (KHTML, like Gecko) Chrome/144.0.0.0 Safari/537.36 Edg/144.0.0.0 (compatible; meta-externalagent/1.1 (+https://developers.facebook.com/docs/sharing/webmasters/crawler))"
216.73.216.164 - - [28/Aug/2026:13:58:28 +0200] "GET /wp-includes/Text/Diff/Engine/?C=D&O=D HTTP/1.1" 200 1413 "-" "Mozilla/5.0 AppleWebKit/537.36 (KHTML, like Gecko; compatible; ClaudeBot/1.0; +claudebot@anthropic.com)"
216.73.216.164 - - [28/Aug/2026:13:58:28 +0200] "GET /wp-includes/SimplePie/src/Cache/?C=D&O=D HTTP/1.1" 200 2869 "-" "Mozilla/5.0 AppleWebKit/537.36 (KHTML, like Gecko; compatible; ClaudeBot/1.0; +claudebot@anthropic.com)"
216.73.216.164 - - [28/Aug/2026:13:58:29 +0200] "GET /wp-includes/Text/Diff/Engine/?C=M&O=D HTTP/1.1" 200 1413 "-" "Mozilla/5.0 AppleWebKit/537.36 (KHTML, like Gecko; compatible; ClaudeBot/1.0; +claudebot@anthropic.com)"
216.73.216.164 - - [28/Aug/2026:13:58:29 +0200] "GET /wp-includes/SimplePie/src/Cache/?C=M&O=D HTTP/1.1" 200 2869 "-" "Mozilla/5.0 AppleWebKit/537.36 (KHTML, like Gecko; compatible; ClaudeBot/1.0; +claudebot@anthropic.com)"
216.73.216.164 - - [28/Aug/2026:13:58:30 +0200] "GET /wp-includes/js/tinymce/themes/inlite/ HTTP/1.1" 200 1083 "-" "Mozilla/5.0 AppleWebKit/537.36 (KHTML, like Gecko; compatible; ClaudeBot/1.0; +claudebot@anthropic.com)"
216.73.216.164 - - [28/Aug/2026:13:58:30 +0200] "GET /wp-includes/css/dist/block-library/classic-rtl.min.css HTTP/1.1" 200 743 "-" "Mozilla/5.0 AppleWebKit/537.36 (KHTML, like Gecko; compatible; ClaudeBot/1.0; +claudebot@anthropic.com)"
216.73.216.164 - - [28/Aug/2026:13:58:31 +0200] "GET /wp-includes/js/tinymce/themes/modern/ HTTP/1.1" 200 1083 "-" "Mozilla/5.0 AppleWebKit/537.36 (KHTML, like Gecko; compatible; ClaudeBot/1.0; +claudebot@anthropic.com)"
216.73.216.164 - - [28/Aug/2026:13:58:31 +0200] "GET /wp-includes/css/dist/block-library/style-rtl.min.css HTTP/1.1" 200 119140 "-" "Mozilla/5.0 AppleWebKit/537.36 (KHTML, like Gecko; compatible; ClaudeBot/1.0; +claudebot@anthropic.com)"
216.73.216.164 - - [28/Aug/2026:13:58:32 +0200] "GET /wp-includes/SimplePie/src/HTTP/?C=D&O=D HTTP/1.1" 200 2170 "-" "Mozilla/5.0 AppleWebKit/537.36 (KHTML, like Gecko; compatible; ClaudeBot/1.0; +claudebot@anthropic.com)"
216.73.216.164 - - [28/Aug/2026:13:58:32 +0200] "GET /wp-includes/SimplePie/src/Net/?C=M&O=D HTTP/1.1" 200 885 "-" "Mozilla/5.0 AppleWebKit/537.36 (KHTML, like Gecko; compatible; ClaudeBot/1.0; +claudebot@anthropic.com)"
216.73.216.164 - - [28/Aug/2026:13:58:32 +0200] "GET /wp-includes/Text/Diff/Engine/?C=N&O=A HTTP/1.1" 200 1413 "-" "Mozilla/5.0 AppleWebKit/537.36 (KHTML, like Gecko; compatible; ClaudeBot/1.0; +claudebot@anthropic.com)"
216.73.216.164 - - [28/Aug/2026:13:58:33 +0200] "GET /wp-includes/SimplePie/src/Cache/?C=N&O=A HTTP/1.1" 200 2869 "-" "Mozilla/5.0 AppleWebKit/537.36 (KHTML, like Gecko; compatible; ClaudeBot/1.0; +claudebot@anthropic.com)"
216.73.216.164 - - [28/Aug/2026:13:58:33 +0200] "GET /wp-includes/SimplePie/src/HTTP/?C=N&O=A HTTP/1.1" 200 2170 "-" "Mozilla/5.0 AppleWebKit/537.36 (KHTML, like Gecko; compatible; ClaudeBot/1.0; +claudebot@anthropic.com)"
216.73.216.164 - - [28/Aug/2026:13:58:34 +0200] "GET /wp-includes/js/thickbox/macFFBgHack.png HTTP/1.1" 200 94 "-" "Mozilla/5.0 AppleWebKit/537.36 (KHTML, like Gecko; compatible; ClaudeBot/1.0; +claudebot@anthropic.com)"
216.73.216.164 - - [28/Aug/2026:13:58:34 +0200] "GET /wp-includes/SimplePie/src/Cache/?C=N&O=D HTTP/1.1" 200 2869 "-" "Mozilla/5.0 AppleWebKit/537.36 (KHTML, like Gecko; compatible; ClaudeBot/1.0; +claudebot@anthropic.com)"
216.73.216.164 - - [28/Aug/2026:13:58:35 +0200] "GET /wp-includes/SimplePie/src/HTTP/?C=S&O=A HTTP/1.1" 200 2170 "-" "Mozilla/5.0 AppleWebKit/537.36 (KHTML, like Gecko; compatible; ClaudeBot/1.0; +claudebot@anthropic.com)"
216.73.216.164 - - [28/Aug/2026:13:58:35 +0200] "GET /wp-includes/Text/Diff/Engine/?C=S&O=D HTTP/1.1" 200 1413 "-" "Mozilla/5.0 AppleWebKit/537.36 (KHTML, like Gecko; compatible; ClaudeBot/1.0; +claudebot@anthropic.com)"
216.73.216.164 - - [28/Aug/2026:13:58:36 +0200] "GET /wp-includes/SimplePie/src/Cache/?C=S&O=D HTTP/1.1" 200 2869 "-" "Mozilla/5.0 AppleWebKit/537.36 (KHTML, like Gecko; compatible; ClaudeBot/1.0; +claudebot@anthropic.com)"
216.73.216.164 - - [28/Aug/2026:13:59:12 +0200] "GET /wp-includes/SimplePie/src/HTTP/?C=M&O=D HTTP/1.1" 200 2170 "-" "Mozilla/5.0 AppleWebKit/537.36 (KHTML, like Gecko; compatible; ClaudeBot/1.0; +claudebot@anthropic.com)"
216.73.216.164 - - [28/Aug/2026:13:59:13 +0200] "GET /wp-includes/js/tinymce/skins/lightgray/ HTTP/1.1" 200 1629 "-" "Mozilla/5.0 AppleWebKit/537.36 (KHTML, like Gecko; compatible; ClaudeBot/1.0; +claudebot@anthropic.com)"
216.73.216.164 - - [28/Aug/2026:13:59:13 +0200] "GET /wp-includes/sitemaps/providers/class-wp-sitemaps-users.php HTTP/1.1" 500 - "-" "Mozilla/5.0 AppleWebKit/537.36 (KHTML, like Gecko; compatible; ClaudeBot/1.0; +claudebot@anthropic.com)"
216.73.216.164 - - [28/Aug/2026:13:59:14 +0200] "GET /wp-includes/css/dist/customize-widgets/style-rtl.min.css HTTP/1.1" 200 6100 "-" "Mozilla/5.0 AppleWebKit/537.36 (KHTML, like Gecko; compatible; ClaudeBot/1.0; +claudebot@anthropic.com)"
216.73.216.164 - - [28/Aug/2026:13:59:14 +0200] "GET /wp-includes/rest-api/endpoints/class-wp-rest-abilities-v1-list-controller.php HTTP/1.1" 500 - "-" "Mozilla/5.0 AppleWebKit/537.36 (KHTML, like Gecko; compatible; ClaudeBot/1.0; +claudebot@anthropic.com)"
216.73.216.164 - - [28/Aug/2026:13:59:15 +0200] "GET /wp-includes/rest-api/endpoints/class-wp-rest-abilities-v1-run-controller.php HTTP/1.1" 500 - "-" "Mozilla/5.0 AppleWebKit/537.36 (KHTML, like Gecko; compatible; ClaudeBot/1.0; +claudebot@anthropic.com)"
216.73.216.164 - - [28/Aug/2026:13:59:15 +0200] "GET /wp-includes/rest-api/endpoints/class-wp-rest-url-details-controller.php HTTP/1.1" 500 - "-" "Mozilla/5.0 AppleWebKit/537.36 (KHTML, like Gecko; compatible; ClaudeBot/1.0; +claudebot@anthropic.com)"
216.73.216.164 - - [28/Aug/2026:13:59:20 +0200] "GET /wp-includes/js/jquery/suggest.min.js HTTP/1.1" 200 2993 "-" "Mozilla/5.0 AppleWebKit/537.36 (KHTML, like Gecko; compatible; ClaudeBot/1.0; +claudebot@anthropic.com)"
66.249.74.163 - - [28/Aug/2026:13:59:20 +0200] "GET /products/iphone-17-pro-mg8q4x-a HTTP/1.1" 404 - "-" "Mozilla/5.0 (Linux; Android 6.0.1; Nexus 5X Build/MMB29P) AppleWebKit/537.36 (KHTML, like Gecko) Chrome/151.0.7922.173 Mobile Safari/537.36 (compatible; GoogleOther)"
57.141.20.47 - - [28/Aug/2026:13:59:21 +0200] "GET /gallery/financial-advice-10/ HTTP/1.1" 404 - "-" "Mozilla/5.0 (X11; Linux x86_64) AppleWebKit/537.36 (KHTML, like Gecko) Chrome/145.0.0.0 Safari/537.36 (compatible; meta-externalagent/1.1 (+https://developers.facebook.com/docs/sharing/webmasters/crawler))"
216.73.216.164 - - [28/Aug/2026:13:59:25 +0200] "GET /wp-includes/css/dist/block-library/common-rtl.min.css HTTP/1.1" 200 3513 "-" "Mozilla/5.0 AppleWebKit/537.36 (KHTML, like Gecko; compatible; ClaudeBot/1.0; +claudebot@anthropic.com)"
66.249.74.163 - - [28/Aug/2026:13:59:41 +0200] "GET /cart/change HTTP/1.1" 404 - "-" "Mozilla/5.0 (Linux; Android 6.0.1; Nexus 5X Build/MMB29P) AppleWebKit/537.36 (KHTML, like Gecko) Chrome/151.0.7922.173 Mobile Safari/537.36 (compatible; GoogleOther)"
216.73.216.164 - - [28/Aug/2026:13:59:46 +0200] "GET /wp-includes/rest-api/fields/?C=D&O=D HTTP/1.1" 200 1723 "-" "Mozilla/5.0 AppleWebKit/537.36 (KHTML, like Gecko; compatible; ClaudeBot/1.0; +claudebot@anthropic.com)"
216.73.216.164 - - [28/Aug/2026:13:59:50 +0200] "GET /wp-includes/Requests/src/?C=S&O=A HTTP/1.1" 200 4964 "-" "Mozilla/5.0 AppleWebKit/537.36 (KHTML, like Gecko; compatible; ClaudeBot/1.0; +claudebot@anthropic.com)"
216.73.216.164 - - [28/Aug/2026:13:59:55 +0200] "GET /wp-includes/SimplePie/src/Content/?C=D&O=D HTTP/1.1" 200 890 "-" "Mozilla/5.0 AppleWebKit/537.36 (KHTML, like Gecko; compatible; ClaudeBot/1.0; +claudebot@anthropic.com)"
216.73.216.164 - - [28/Aug/2026:14:00:01 +0200] "GET /wp-includes/rest-api/fields/?C=N&O=D HTTP/1.1" 200 1723 "-" "Mozilla/5.0 AppleWebKit/537.36 (KHTML, like Gecko; compatible; ClaudeBot/1.0; +claudebot@anthropic.com)"
216.73.216.164 - - [28/Aug/2026:14:00:03 +0200] "GET /wp-includes/js/tinymce/plugins/?C=S&O=A HTTP/1.1" 200 4601 "-" "Mozilla/5.0 AppleWebKit/537.36 (KHTML, like Gecko; compatible; ClaudeBot/1.0; +claudebot@anthropic.com)"
216.73.216.164 - - [28/Aug/2026:14:00:08 +0200] "GET /wp-includes/SimplePie/src/XML/Declaration/?C=M&O=A HTTP/1.1" 200 915 "-" "Mozilla/5.0 AppleWebKit/537.36 (KHTML, like Gecko; compatible; ClaudeBot/1.0; +claudebot@anthropic.com)"
216.73.216.164 - - [28/Aug/2026:14:00:13 +0200] "GET /wp-includes/Requests/src/?C=D&O=A HTTP/1.1" 200 4964 "-" "Mozilla/5.0 AppleWebKit/537.36 (KHTML, like Gecko; compatible; ClaudeBot/1.0; +claudebot@anthropic.com)"
216.73.216.164 - - [28/Aug/2026:14:00:17 +0200] "GET /wp-includes/js/tinymce/langs/wp-langs-en.js HTTP/1.1" 200 15529 "-" "Mozilla/5.0 AppleWebKit/537.36 (KHTML, like Gecko; compatible; ClaudeBot/1.0; +claudebot@anthropic.com)"
66.249.74.163 - - [28/Aug/2026:14:00:20 +0200] "GET /pages/contact-us HTTP/1.1" 404 - "-" "Mozilla/5.0 (Linux; Android 6.0.1; Nexus 5X Build/MMB29P) AppleWebKit/537.36 (KHTML, like Gecko) Chrome/151.0.7922.173 Mobile Safari/537.36 (compatible; GoogleOther)"
216.73.216.164 - - [28/Aug/2026:14:00:22 +0200] "GET /wp-includes/Requests/src/?C=M&O=A HTTP/1.1" 200 4964 "-" "Mozilla/5.0 AppleWebKit/537.36 (KHTML, like Gecko; compatible; ClaudeBot/1.0; +claudebot@anthropic.com)"
216.73.216.164 - - [28/Aug/2026:14:00:27 +0200] "GET /wp-includes/SimplePie/src/Net/?C=N&O=A HTTP/1.1" 200 885 "-" "Mozilla/5.0 AppleWebKit/537.36 (KHTML, like Gecko; compatible; ClaudeBot/1.0; +claudebot@anthropic.com)"
216.73.216.164 - - [28/Aug/2026:14:00:32 +0200] "GET /wp-includes/Requests/src/?C=N&O=D HTTP/1.1" 200 4964 "-" "Mozilla/5.0 AppleWebKit/537.36 (KHTML, like Gecko; compatible; ClaudeBot/1.0; +claudebot@anthropic.com)"
216.73.216.164 - - [28/Aug/2026:14:00:39 +0200] "GET /wp-includes/SimplePie/src/Content/?C=N&O=A HTTP/1.1" 200 890 "-" "Mozilla/5.0 AppleWebKit/537.36 (KHTML, like Gecko; compatible; ClaudeBot/1.0; +claudebot@anthropic.com)"
216.73.216.164 - - [28/Aug/2026:14:00:43 +0200] "GET /wp-includes/Text/Diff/Renderer/?C=N&O=A HTTP/1.1" 200 885 "-" "Mozilla/5.0 AppleWebKit/537.36 (KHTML, like Gecko; compatible; ClaudeBot/1.0; +claudebot@anthropic.com)"
216.73.216.164 - - [28/Aug/2026:14:00:47 +0200] "GET /wp-includes/js/tinymce/utils/?C=S&O=A HTTP/1.1" 200 1428 "-" "Mozilla/5.0 AppleWebKit/537.36 (KHTML, like Gecko; compatible; ClaudeBot/1.0; +claudebot@anthropic.com)"
216.73.216.164 - - [28/Aug/2026:14:00:52 +0200] "GET /wp-includes/css/dist/widgets/?C=D&O=D HTTP/1.1" 200 1426 "-" "Mozilla/5.0 AppleWebKit/537.36 (KHTML, like Gecko; compatible; ClaudeBot/1.0; +claudebot@anthropic.com)"
216.73.216.164 - - [28/Aug/2026:14:00:57 +0200] "GET /wp-includes/js/tinymce/utils/?C=D&O=A HTTP/1.1" 200 1428 "-" "Mozilla/5.0 AppleWebKit/537.36 (KHTML, like Gecko; compatible; ClaudeBot/1.0; +claudebot@anthropic.com)"
216.73.216.164 - - [28/Aug/2026:14:01:02 +0200] "GET /wp-includes/css/dist/components/?C=M&O=D HTTP/1.1" 200 1432 "-" "Mozilla/5.0 AppleWebKit/537.36 (KHTML, like Gecko; compatible; ClaudeBot/1.0; +claudebot@anthropic.com)"
109.234.162.247 - - [28/Aug/2026:14:01:05 +0200] "POST /wp-cron.php?doing_wp_cron=1787918465.6834950447082519531250 HTTP/1.1" 200 - "-" "YbvzZUasasFG"
196.168.154.168 - - [28/Aug/2026:14:01:04 +0200] "GET / HTTP/1.1" 200 416338 "https://www.google.com/" "Mozilla/5.0 (Windows NT 10.0; Win64; x64) AppleWebKit/537.36 (KHTML, like Gecko) Chrome/151.0.0.0 Safari/537.36"
196.168.154.168 - - [28/Aug/2026:14:01:06 +0200] "GET /_jb_static/??-eJytVttyozAM/Zt9qutJp7t96vRbjBGgiW9r2WHp168xCXEngYFJXnLR5fhIOhbw3jE0UsUaiEsiXiMFXikrj0xh5YUfOIVBwatG85oCXnjKkNYEMIE7FVs0xIUZ+g48MFCgk8N65rzlM7AggjDhCxhdq2i9tdJqDV5CmVmYmRKDjeEBhEdLSb3hJ2gFTZ+r9QwYOlay/xsxtfeE0JfsctjVdQMXukSIeIOmit/f56ksBOUvJoN17BzPZIeqXsi6MJ1rLssETGETxWtPsm216husEaDxOapO2grrkrpLhXp04DPS9HMbRJ7g81g0KYiJHshqmDSt1BNQTu+MOtTrXW1UTH8b6/WPgrKVjWYqhNtj3cLyLTkH0hFD7gTXto4KfjrGQTMn5LE8D5JnUsAG7BnWCZ86Jf6VSKsqvki9iK+sDRS8cHe7dD9v7PTYI5E5Xy7EbNhxuhatwQYlc9ZFtyOxHPYO5llcBrVYkOlyVg2NiOp29ssZs2x25PhU1Jne9qRNK+gqyknElDZwklK5zLOdZbRtOtyElJ9OD5PzQC5dDzzt3LU3S2E0rOlmHxpZhfUTcDy0UYmN23cVKb1hmHpeeV/68/Dx8fb7cHh/+/NLVp+H/57CTI4= HTTP/1.1" 404 - "https://ctoptogo.org/" "Mozilla/5.0 (Windows NT 10.0; Win64; x64) AppleWebKit/537.36 (KHTML, like Gecko) Chrome/151.0.0.0 Safari/537.36"
196.168.154.168 - - [28/Aug/2026:14:01:06 +0200] "GET /_jb_static/??-eJyNjs0OgjAQhN/Gk2Ul/IQL8VkKrLi422K3FX17S4J3k0kmM5l8GdhWQ27kNKHCkvVMGD6HGaE52IiFkCsWPUMej95FdBFWTjM5BWSUnH0Aq4pRgWmAWx4Zu6F6wZ36qo3eSfQPkD4ogvgpcT602mCZ7fvH3g8eVcZcpS/brrvUTdNWp3Hoyy+VUUwO HTTP/1.1" 404 - "https://ctoptogo.org/" "Mozilla/5.0 (Windows NT 10.0; Win64; x64) AppleWebKit/537.36 (KHTML, like Gecko) Chrome/151.0.0.0 Safari/537.36"
196.168.154.168 - - [28/Aug/2026:14:01:06 +0200] "GET /_jb_static/??-eJytU8luwyAQ/ZueipGjtjlFPfcDeo5YJs7YwDgsdpyvL3VSywfXUtJe0DzewhMI3rdMkYvgIm9NqtAFXkNshWqYJArxB+07cJo8FymSFTGimnRoRQVMacc1ZsMEizo884V84Yb+CB4YGLCZIM9aTxydMklD5kOAmGvkCb6ZwuK9WTKh0TlRw/kB93IT0JgFa3EHdDJdLnnfw8wbewDHrDj/5uuJFFkLXs1tBz/KNA/oKjPehE4qrhVYDqpPCfzApCHVJLzBYoSfH/fHTb2E1iwSU8I/UipkITUIeSqu0x+qzOh/eG+DkndQiXBd1xIHjEc2O52dEuYv0SH0Cz1vSe92V263m9eyfNm8PSm5K78A0NxWdQ== HTTP/1.1" 404 - "https://ctoptogo.org/" "Mozilla/5.0 (Windows NT 10.0; Win64; x64) AppleWebKit/537.36 (KHTML, like Gecko) Chrome/151.0.0.0 Safari/537.36"
196.168.154.168 - - [28/Aug/2026:14:01:06 +0200] "GET /_jb_static/??-eJy1U8tywjAM/JueagwXmB6YfkpHsRUQ8auWTApfX/MsMC0l0+kplqzd1Sqy7pMyMQgG0cmVBQXW6NDXmDsS5UhQ92QXKKwpkGhg3p1XfEwrNpmS8GjFz/o+m/bRFoesE2RwDj4uyCCQxz9ynFKqzXsC+1tvK5QEplNNjCyn6G1dkTFrKBI9iJA51znYbhR5WFR9SxVClS8zGqEYVGwY8xrzv6ldJG41ZFknxLql0JTt9mImxFFiwlHqFnbkKTwMrF0KS4Y0CFUvCBRXG91GMVlsIA8iWL0XzJtRNRmoJaNSTGVYC33sB9VnUafFeRgDKeG1MQrGFYuHme9/kYtg0f5U44Fj2BkdPhsE3iRCs4Qs3+FvXs1uuQ4UjhrNPSXMx88gdQ8PSKmU45Wcr03Wq3Lu/iszSJ1dXal7bltXatjG7C9Qu1BxaTwx1ydasa9+Ppm+TGaz8Ww8fTLNfPIJtYrpeA== HTTP/1.1" 404 - "https://ctoptogo.org/" "Mozilla/5.0 (Windows NT 10.0; Win64; x64) AppleWebKit/537.36 (KHTML, like Gecko) Chrome/151.0.0.0 Safari/537.36"
196.168.154.168 - - [28/Aug/2026:14:01:06 +0200] "GET /_jb_static/??-eJytktEKwjAMRf/GJ7s6Bw4fxG/p2ugy26a2qUO/3k2YDISB4tu94d5DIJF9EOi1zQaS7JIcbGa0hUNfdGk9ek2ewbMMNp/RDxEiTc5B1CBVSsCv4im+YkYqYwST0CqyuKmIipH897wHkZPdNUO8F6P+nhBaYko9BpjJP2FERmHgpLLlJSJYcIOnKEKkGbOHJih9GadFzJ7RLS72xnwifq1P5xKOTLaQ5v35PxhMLFuiy5Q4ukNZ11W5q7b7zUo3h/IJPOHbMw== HTTP/1.1" 404 - "https://ctoptogo.org/" "Mozilla/5.0 (Windows NT 10.0; Win64; x64) AppleWebKit/537.36 (KHTML, like Gecko) Chrome/151.0.0.0 Safari/537.36"
196.168.154.168 - - [28/Aug/2026:14:01:06 +0200] "GET /_jb_static/??-eJyVTcsKgzAQ/Jueqot92oP0W2Jc7NrNJmYTxL9vDlI8tjAwMzAPWEJlvSSUBIHzSKKAjK54H8GoYlJg6mExa/AkxX1V7UjqSY9QNkgs5wEVpoI5Y1whE1gfcZ/66UlfJmLFJO+d/HtlIMN+3GhrP13X3M9te32cLreD7bvmA6sWXo8= HTTP/1.1" 404 - "https://ctoptogo.org/" "Mozilla/5.0 (Windows NT 10.0; Win64; x64) AppleWebKit/537.36 (KHTML, like Gecko) Chrome/151.0.0.0 Safari/537.36"
196.168.154.168 - - [28/Aug/2026:14:01:06 +0200] "GET /_jb_static/??-eJyt0cFOwzAMBuC34YTrDbGhHSaeJU3M5C6JO9vV2NtToJuKEGIT3OLo1+c4xmMPUapTdezzsONqSJnKWNueHTI74ZHTjtyQKzsGs/dzZxgql+AEkTVmagrXprN7/IM45USvgP7FKJKGTIbmHPenS/Sb9vHyr6Fb+F4FXkQLKI0wtIO71B+6zCM39Qgacg6vM/Z8BSGNywGLyr3bL6joXFDKEhIlmNpcsWVRGOc9I5nb6XexOwykp+azmqDnsl2uN4vV+uHxaXEX2+3yDS7F+6o= HTTP/1.1" 404 - "https://ctoptogo.org/" "Mozilla/5.0 (Windows NT 10.0; Win64; x64) AppleWebKit/537.36 (KHTML, like Gecko) Chrome/151.0.0.0 Safari/537.36"
196.168.154.168 - - [28/Aug/2026:14:01:06 +0200] "GET /wp-content/uploads/2021/11/figure32.png HTTP/1.1" 200 1491 "https://ctoptogo.org/" "Mozilla/5.0 (Windows NT 10.0; Win64; x64) AppleWebKit/537.36 (KHTML, like Gecko) Chrome/151.0.0.0 Safari/537.36"
196.168.154.168 - - [28/Aug/2026:14:01:06 +0200] "GET /wp-content/uploads/2021/11/figure29.png HTTP/1.1" 200 6897 "https://ctoptogo.org/" "Mozilla/5.0 (Windows NT 10.0; Win64; x64) AppleWebKit/537.36 (KHTML, like Gecko) Chrome/151.0.0.0 Safari/537.36"
196.168.154.168 - - [28/Aug/2026:14:01:06 +0200] "GET /wp-content/uploads/2021/11/figure8.png HTTP/1.1" 200 114550 "https://ctoptogo.org/" "Mozilla/5.0 (Windows NT 10.0; Win64; x64) AppleWebKit/537.36 (KHTML, like Gecko) Chrome/151.0.0.0 Safari/537.36"
196.168.154.168 - - [28/Aug/2026:14:01:06 +0200] "GET /wp-content/uploads/2023/01/Quest-ce-que-lagriculture-de-subsistance.jpg HTTP/1.1" 200 240876 "https://ctoptogo.org/" "Mozilla/5.0 (Windows NT 10.0; Win64; x64) AppleWebKit/537.36 (KHTML, like Gecko) Chrome/151.0.0.0 Safari/537.36"
216.73.216.164 - - [28/Aug/2026:14:01:07 +0200] "GET /wp-includes/js/tinymce/?C=S&O=D HTTP/1.1" 200 2466 "-" "Mozilla/5.0 AppleWebKit/537.36 (KHTML, like Gecko; compatible; ClaudeBot/1.0; +claudebot@anthropic.com)"
216.73.216.164 - - [28/Aug/2026:14:01:12 +0200] "GET /wp-includes/css/dist/widgets/?C=M&O=D HTTP/1.1" 200 1426 "-" "Mozilla/5.0 AppleWebKit/537.36 (KHTML, like Gecko; compatible; ClaudeBot/1.0; +claudebot@anthropic.com)"
196.168.154.168 - - [28/Aug/2026:14:01:12 +0200] "GET / HTTP/1.1" 200 416338 "https://www.google.com/" "Mozilla/5.0 (Windows NT 10.0; Win64; x64) AppleWebKit/537.36 (KHTML, like Gecko) Chrome/151.0.0.0 Safari/537.36"
196.168.154.168 - - [28/Aug/2026:14:01:14 +0200] "GET /_jb_static/??-eJytVttyozAM/Zt9qutJp7t96vRbjBGgiW9r2WHp168xCXEngYFJXnLR5fhIOhbw3jE0UsUaiEsiXiMFXikrj0xh5YUfOIVBwatG85oCXnjKkNYEMIE7FVs0xIUZ+g48MFCgk8N65rzlM7AggjDhCxhdq2i9tdJqDV5CmVmYmRKDjeEBhEdLSb3hJ2gFTZ+r9QwYOlay/xsxtfeE0JfsctjVdQMXukSIeIOmit/f56ksBOUvJoN17BzPZIeqXsi6MJ1rLssETGETxWtPsm216husEaDxOapO2grrkrpLhXp04DPS9HMbRJ7g81g0KYiJHshqmDSt1BNQTu+MOtTrXW1UTH8b6/WPgrKVjWYqhNtj3cLyLTkH0hFD7gTXto4KfjrGQTMn5LE8D5JnUsAG7BnWCZ86Jf6VSKsqvki9iK+sDRS8cHe7dD9v7PTYI5E5Xy7EbNhxuhatwQYlc9ZFtyOxHPYO5llcBrVYkOlyVg2NiOp29ssZs2x25PhU1Jne9qRNK+gqyknElDZwklK5zLOdZbRtOtyElJ9OD5PzQC5dDzzt3LU3S2E0rOlmHxpZhfUTcDy0UYmN23cVKb1hmHpeeV/68/Dx8fb7cHh/+/NLVp+H/57CTI4= HTTP/1.1" 404 - "https://ctoptogo.org/" "Mozilla/5.0 (Windows NT 10.0; Win64; x64) AppleWebKit/537.36 (KHTML, like Gecko) Chrome/151.0.0.0 Safari/537.36"
196.168.154.168 - - [28/Aug/2026:14:01:14 +0200] "GET /_jb_static/??-eJyNjs0OgjAQhN/Gk2Ul/IQL8VkKrLi422K3FX17S4J3k0kmM5l8GdhWQ27kNKHCkvVMGD6HGaE52IiFkCsWPUMej95FdBFWTjM5BWSUnH0Aq4pRgWmAWx4Zu6F6wZ36qo3eSfQPkD4ogvgpcT602mCZ7fvH3g8eVcZcpS/brrvUTdNWp3Hoyy+VUUwO HTTP/1.1" 404 - "https://ctoptogo.org/" "Mozilla/5.0 (Windows NT 10.0; Win64; x64) AppleWebKit/537.36 (KHTML, like Gecko) Chrome/151.0.0.0 Safari/537.36"
196.168.154.168 - - [28/Aug/2026:14:01:14 +0200] "GET /_jb_static/??-eJytU8luwyAQ/ZueipGjtjlFPfcDeo5YJs7YwDgsdpyvL3VSywfXUtJe0DzewhMI3rdMkYvgIm9NqtAFXkNshWqYJArxB+07cJo8FymSFTGimnRoRQVMacc1ZsMEizo884V84Yb+CB4YGLCZIM9aTxydMklD5kOAmGvkCb6ZwuK9WTKh0TlRw/kB93IT0JgFa3EHdDJdLnnfw8wbewDHrDj/5uuJFFkLXs1tBz/KNA/oKjPehE4qrhVYDqpPCfzApCHVJLzBYoSfH/fHTb2E1iwSU8I/UipkITUIeSqu0x+qzOh/eG+DkndQiXBd1xIHjEc2O52dEuYv0SH0Cz1vSe92V263m9eyfNm8PSm5K78A0NxWdQ== HTTP/1.1" 404 - "https://ctoptogo.org/" "Mozilla/5.0 (Windows NT 10.0; Win64; x64) AppleWebKit/537.36 (KHTML, like Gecko) Chrome/151.0.0.0 Safari/537.36"
196.168.154.168 - - [28/Aug/2026:14:01:14 +0200] "GET /_jb_static/??-eJy1U8tywjAM/JueagwXmB6YfkpHsRUQ8auWTApfX/MsMC0l0+kplqzd1Sqy7pMyMQgG0cmVBQXW6NDXmDsS5UhQ92QXKKwpkGhg3p1XfEwrNpmS8GjFz/o+m/bRFoesE2RwDj4uyCCQxz9ynFKqzXsC+1tvK5QEplNNjCyn6G1dkTFrKBI9iJA51znYbhR5WFR9SxVClS8zGqEYVGwY8xrzv6ldJG41ZFknxLql0JTt9mImxFFiwlHqFnbkKTwMrF0KS4Y0CFUvCBRXG91GMVlsIA8iWL0XzJtRNRmoJaNSTGVYC33sB9VnUafFeRgDKeG1MQrGFYuHme9/kYtg0f5U44Fj2BkdPhsE3iRCs4Qs3+FvXs1uuQ4UjhrNPSXMx88gdQ8PSKmU45Wcr03Wq3Lu/iszSJ1dXal7bltXatjG7C9Qu1BxaTwx1ydasa9+Ppm+TGaz8Ww8fTLNfPIJtYrpeA== HTTP/1.1" 404 - "https://ctoptogo.org/" "Mozilla/5.0 (Windows NT 10.0; Win64; x64) AppleWebKit/537.36 (KHTML, like Gecko) Chrome/151.0.0.0 Safari/537.36"
196.168.154.168 - - [28/Aug/2026:14:01:14 +0200] "GET /_jb_static/??-eJytktEKwjAMRf/GJ7s6Bw4fxG/p2ugy26a2qUO/3k2YDISB4tu94d5DIJF9EOi1zQaS7JIcbGa0hUNfdGk9ek2ewbMMNp/RDxEiTc5B1CBVSsCv4im+YkYqYwST0CqyuKmIipH897wHkZPdNUO8F6P+nhBaYko9BpjJP2FERmHgpLLlJSJYcIOnKEKkGbOHJih9GadFzJ7RLS72xnwifq1P5xKOTLaQ5v35PxhMLFuiy5Q4ukNZ11W5q7b7zUo3h/IJPOHbMw== HTTP/1.1" 404 - "https://ctoptogo.org/" "Mozilla/5.0 (Windows NT 10.0; Win64; x64) AppleWebKit/537.36 (KHTML, like Gecko) Chrome/151.0.0.0 Safari/537.36"
196.168.154.168 - - [28/Aug/2026:14:01:14 +0200] "GET /_jb_static/??-eJyVTcsKgzAQ/Jueqot92oP0W2Jc7NrNJmYTxL9vDlI8tjAwMzAPWEJlvSSUBIHzSKKAjK54H8GoYlJg6mExa/AkxX1V7UjqSY9QNkgs5wEVpoI5Y1whE1gfcZ/66UlfJmLFJO+d/HtlIMN+3GhrP13X3M9te32cLreD7bvmA6sWXo8= HTTP/1.1" 404 - "https://ctoptogo.org/" "Mozilla/5.0 (Windows NT 10.0; Win64; x64) AppleWebKit/537.36 (KHTML, like Gecko) Chrome/151.0.0.0 Safari/537.36"
196.168.154.168 - - [28/Aug/2026:14:01:14 +0200] "GET /_jb_static/??-eJyt0cFOwzAMBuC34YTrDbGhHSaeJU3M5C6JO9vV2NtToJuKEGIT3OLo1+c4xmMPUapTdezzsONqSJnKWNueHTI74ZHTjtyQKzsGs/dzZxgql+AEkTVmagrXprN7/IM45USvgP7FKJKGTIbmHPenS/Sb9vHyr6Fb+F4FXkQLKI0wtIO71B+6zCM39Qgacg6vM/Z8BSGNywGLyr3bL6joXFDKEhIlmNpcsWVRGOc9I5nb6XexOwykp+azmqDnsl2uN4vV+uHxaXEX2+3yDS7F+6o= HTTP/1.1" 404 - "https://ctoptogo.org/" "Mozilla/5.0 (Windows NT 10.0; Win64; x64) AppleWebKit/537.36 (KHTML, like Gecko) Chrome/151.0.0.0 Safari/537.36"
216.73.216.164 - - [28/Aug/2026:14:01:17 +0200] "GET /wp-includes/js/tinymce/utils/?C=M&O=A HTTP/1.1" 200 1428 "-" "Mozilla/5.0 AppleWebKit/537.36 (KHTML, like Gecko; compatible; ClaudeBot/1.0; +claudebot@anthropic.com)"
196.171.82.15 - - [28/Aug/2026:14:01:21 +0200] "GET /les-croppa-en-assemblee-generale-ordinaire/ HTTP/1.1" 404 - "https://www.google.com/" "Mozilla/5.0 (Windows NT 10.0; Win64; x64) AppleWebKit/537.36 (KHTML, like Gecko) Chrome/151.0.0.0 Safari/537.36"
196.171.82.15 - - [28/Aug/2026:14:01:21 +0200] "GET /favicon.ico HTTP/1.1" 404 - "https://ctoptogo.org/les-croppa-en-assemblee-generale-ordinaire/" "Mozilla/5.0 (Windows NT 10.0; Win64; x64) AppleWebKit/537.36 (KHTML, like Gecko) Chrome/151.0.0.0 Safari/537.36"
216.73.216.164 - - [28/Aug/2026:14:01:22 +0200] "GET /wp-includes/js/tinymce/?C=D&O=D HTTP/1.1" 200 2466 "-" "Mozilla/5.0 AppleWebKit/537.36 (KHTML, like Gecko; compatible; ClaudeBot/1.0; +claudebot@anthropic.com)"
196.168.154.168 - - [28/Aug/2026:14:01:24 +0200] "GET / HTTP/1.1" 200 416338 "https://www.google.com/" "Mozilla/5.0 (Windows NT 10.0; Win64; x64) AppleWebKit/537.36 (KHTML, like Gecko) Chrome/151.0.0.0 Safari/537.36"
196.168.154.168 - - [28/Aug/2026:14:01:26 +0200] "GET /_jb_static/??-eJytVttyozAM/Zt9qutJp7t96vRbjBGgiW9r2WHp168xCXEngYFJXnLR5fhIOhbw3jE0UsUaiEsiXiMFXikrj0xh5YUfOIVBwatG85oCXnjKkNYEMIE7FVs0xIUZ+g48MFCgk8N65rzlM7AggjDhCxhdq2i9tdJqDV5CmVmYmRKDjeEBhEdLSb3hJ2gFTZ+r9QwYOlay/xsxtfeE0JfsctjVdQMXukSIeIOmit/f56ksBOUvJoN17BzPZIeqXsi6MJ1rLssETGETxWtPsm216husEaDxOapO2grrkrpLhXp04DPS9HMbRJ7g81g0KYiJHshqmDSt1BNQTu+MOtTrXW1UTH8b6/WPgrKVjWYqhNtj3cLyLTkH0hFD7gTXto4KfjrGQTMn5LE8D5JnUsAG7BnWCZ86Jf6VSKsqvki9iK+sDRS8cHe7dD9v7PTYI5E5Xy7EbNhxuhatwQYlc9ZFtyOxHPYO5llcBrVYkOlyVg2NiOp29ssZs2x25PhU1Jne9qRNK+gqyknElDZwklK5zLOdZbRtOtyElJ9OD5PzQC5dDzzt3LU3S2E0rOlmHxpZhfUTcDy0UYmN23cVKb1hmHpeeV/68/Dx8fb7cHh/+/NLVp+H/57CTI4= HTTP/1.1" 404 - "https://ctoptogo.org/" "Mozilla/5.0 (Windows NT 10.0; Win64; x64) AppleWebKit/537.36 (KHTML, like Gecko) Chrome/151.0.0.0 Safari/537.36"
196.168.154.168 - - [28/Aug/2026:14:01:26 +0200] "GET /_jb_static/??-eJyNjs0OgjAQhN/Gk2Ul/IQL8VkKrLi422K3FX17S4J3k0kmM5l8GdhWQ27kNKHCkvVMGD6HGaE52IiFkCsWPUMej95FdBFWTjM5BWSUnH0Aq4pRgWmAWx4Zu6F6wZ36qo3eSfQPkD4ogvgpcT602mCZ7fvH3g8eVcZcpS/brrvUTdNWp3Hoyy+VUUwO HTTP/1.1" 404 - "https://ctoptogo.org/" "Mozilla/5.0 (Windows NT 10.0; Win64; x64) AppleWebKit/537.36 (KHTML, like Gecko) Chrome/151.0.0.0 Safari/537.36"
196.168.154.168 - - [28/Aug/2026:14:01:26 +0200] "GET /_jb_static/??-eJytU8luwyAQ/ZueipGjtjlFPfcDeo5YJs7YwDgsdpyvL3VSywfXUtJe0DzewhMI3rdMkYvgIm9NqtAFXkNshWqYJArxB+07cJo8FymSFTGimnRoRQVMacc1ZsMEizo884V84Yb+CB4YGLCZIM9aTxydMklD5kOAmGvkCb6ZwuK9WTKh0TlRw/kB93IT0JgFa3EHdDJdLnnfw8wbewDHrDj/5uuJFFkLXs1tBz/KNA/oKjPehE4qrhVYDqpPCfzApCHVJLzBYoSfH/fHTb2E1iwSU8I/UipkITUIeSqu0x+qzOh/eG+DkndQiXBd1xIHjEc2O52dEuYv0SH0Cz1vSe92V263m9eyfNm8PSm5K78A0NxWdQ== HTTP/1.1" 404 - "https://ctoptogo.org/" "Mozilla/5.0 (Windows NT 10.0; Win64; x64) AppleWebKit/537.36 (KHTML, like Gecko) Chrome/151.0.0.0 Safari/537.36"
196.168.154.168 - - [28/Aug/2026:14:01:26 +0200] "GET /_jb_static/??-eJy1U8tywjAM/JueagwXmB6YfkpHsRUQ8auWTApfX/MsMC0l0+kplqzd1Sqy7pMyMQgG0cmVBQXW6NDXmDsS5UhQ92QXKKwpkGhg3p1XfEwrNpmS8GjFz/o+m/bRFoesE2RwDj4uyCCQxz9ynFKqzXsC+1tvK5QEplNNjCyn6G1dkTFrKBI9iJA51znYbhR5WFR9SxVClS8zGqEYVGwY8xrzv6ldJG41ZFknxLql0JTt9mImxFFiwlHqFnbkKTwMrF0KS4Y0CFUvCBRXG91GMVlsIA8iWL0XzJtRNRmoJaNSTGVYC33sB9VnUafFeRgDKeG1MQrGFYuHme9/kYtg0f5U44Fj2BkdPhsE3iRCs4Qs3+FvXs1uuQ4UjhrNPSXMx88gdQ8PSKmU45Wcr03Wq3Lu/iszSJ1dXal7bltXatjG7C9Qu1BxaTwx1ydasa9+Ppm+TGaz8Ww8fTLNfPIJtYrpeA== HTTP/1.1" 404 - "https://ctoptogo.org/" "Mozilla/5.0 (Windows NT 10.0; Win64; x64) AppleWebKit/537.36 (KHTML, like Gecko) Chrome/151.0.0.0 Safari/537.36"
196.168.154.168 - - [28/Aug/2026:14:01:26 +0200] "GET /_jb_static/??-eJytktEKwjAMRf/GJ7s6Bw4fxG/p2ugy26a2qUO/3k2YDISB4tu94d5DIJF9EOi1zQaS7JIcbGa0hUNfdGk9ek2ewbMMNp/RDxEiTc5B1CBVSsCv4im+YkYqYwST0CqyuKmIipH897wHkZPdNUO8F6P+nhBaYko9BpjJP2FERmHgpLLlJSJYcIOnKEKkGbOHJih9GadFzJ7RLS72xnwifq1P5xKOTLaQ5v35PxhMLFuiy5Q4ukNZ11W5q7b7zUo3h/IJPOHbMw== HTTP/1.1" 404 - "https://ctoptogo.org/" "Mozilla/5.0 (Windows NT 10.0; Win64; x64) AppleWebKit/537.36 (KHTML, like Gecko) Chrome/151.0.0.0 Safari/537.36"
196.168.154.168 - - [28/Aug/2026:14:01:26 +0200] "GET /_jb_static/??-eJyVTcsKgzAQ/Jueqot92oP0W2Jc7NrNJmYTxL9vDlI8tjAwMzAPWEJlvSSUBIHzSKKAjK54H8GoYlJg6mExa/AkxX1V7UjqSY9QNkgs5wEVpoI5Y1whE1gfcZ/66UlfJmLFJO+d/HtlIMN+3GhrP13X3M9te32cLreD7bvmA6sWXo8= HTTP/1.1" 404 - "https://ctoptogo.org/" "Mozilla/5.0 (Windows NT 10.0; Win64; x64) AppleWebKit/537.36 (KHTML, like Gecko) Chrome/151.0.0.0 Safari/537.36"
196.168.154.168 - - [28/Aug/2026:14:01:26 +0200] "GET /_jb_static/??-eJyt0cFOwzAMBuC34YTrDbGhHSaeJU3M5C6JO9vV2NtToJuKEGIT3OLo1+c4xmMPUapTdezzsONqSJnKWNueHTI74ZHTjtyQKzsGs/dzZxgql+AEkTVmagrXprN7/IM45USvgP7FKJKGTIbmHPenS/Sb9vHyr6Fb+F4FXkQLKI0wtIO71B+6zCM39Qgacg6vM/Z8BSGNywGLyr3bL6joXFDKEhIlmNpcsWVRGOc9I5nb6XexOwykp+azmqDnsl2uN4vV+uHxaXEX2+3yDS7F+6o= HTTP/1.1" 404 - "https://ctoptogo.org/" "Mozilla/5.0 (Windows NT 10.0; Win64; x64) AppleWebKit/537.36 (KHTML, like Gecko) Chrome/151.0.0.0 Safari/537.36"
216.73.216.164 - - [28/Aug/2026:14:01:27 +0200] "GET /wp-includes/js/tinymce/utils/?C=N&O=D HTTP/1.1" 200 1428 "-" "Mozilla/5.0 AppleWebKit/537.36 (KHTML, like Gecko; compatible; ClaudeBot/1.0; +claudebot@anthropic.com)"
216.73.216.164 - - [28/Aug/2026:14:01:33 +0200] "GET /wp-includes/sitemaps/providers/class-wp-sitemaps-taxonomies.php HTTP/1.1" 500 - "-" "Mozilla/5.0 AppleWebKit/537.36 (KHTML, like Gecko; compatible; ClaudeBot/1.0; +claudebot@anthropic.com)"
57.141.20.44 - - [28/Aug/2026:14:01:33 +0200] "GET /products/551601258493 HTTP/1.1" 404 - "-" "Mozilla/5.0 (Windows NT 10.0; Win64; x64) AppleWebKit/537.36 (KHTML, like Gecko) Chrome/145.0.0.0 Safari/537.36 (compatible; meta-externalagent/1.1 (+https://developers.facebook.com/docs/sharing/webmasters/crawler))"
216.73.216.164 - - [28/Aug/2026:14:01:34 +0200] "GET /wp-includes/css/dist/customize-widgets/?C=S&O=A HTTP/1.1" 200 1446 "-" "Mozilla/5.0 AppleWebKit/537.36 (KHTML, like Gecko; compatible; ClaudeBot/1.0; +claudebot@anthropic.com)"
216.73.216.164 - - [28/Aug/2026:14:01:39 +0200] "GET /wp-includes/js/jquery/?C=S&O=D HTTP/1.1" 200 4213 "-" "Mozilla/5.0 AppleWebKit/537.36 (KHTML, like Gecko; compatible; ClaudeBot/1.0; +claudebot@anthropic.com)"
162.120.184.229 - - [28/Aug/2026:14:01:39 +0200] "GET /documentations/ HTTP/1.1" 200 381719 "https://www.google.com/" "Mozilla/5.0 (Linux; Android 10; K) AppleWebKit/537.36 (KHTML, like Gecko) Chrome/151.0.0.0 Mobile Safari/537.36"
216.73.216.164 - - [28/Aug/2026:14:01:43 +0200] "GET /wp-includes/js/tinymce/?C=N&O=A HTTP/1.1" 200 2466 "-" "Mozilla/5.0 AppleWebKit/537.36 (KHTML, like Gecko; compatible; ClaudeBot/1.0; +claudebot@anthropic.com)"
196.171.82.15 - - [28/Aug/2026:14:01:45 +0200] "GET /les-croppa-en-assemblee-generale-ordinaire/ HTTP/1.1" 404 - "https://www.google.com/" "Mozilla/5.0 (Windows NT 10.0; Win64; x64) AppleWebKit/537.36 (KHTML, like Gecko) Chrome/151.0.0.0 Safari/537.36"
216.73.216.164 - - [28/Aug/2026:14:01:48 +0200] "GET /wp-includes/css/dist/customize-widgets/?C=N&O=D HTTP/1.1" 200 1446 "-" "Mozilla/5.0 AppleWebKit/537.36 (KHTML, like Gecko; compatible; ClaudeBot/1.0; +claudebot@anthropic.com)"
216.73.216.164 - - [28/Aug/2026:14:01:53 +0200] "GET /wp-includes/css/dist/editor/?C=S&O=D HTTP/1.1" 200 1424 "-" "Mozilla/5.0 AppleWebKit/537.36 (KHTML, like Gecko; compatible; ClaudeBot/1.0; +claudebot@anthropic.com)"
196.168.154.168 - - [28/Aug/2026:14:01:56 +0200] "GET /missions-valeurs/ HTTP/1.1" 404 - "https://www.google.com/" "Mozilla/5.0 (Windows NT 10.0; Win64; x64) AppleWebKit/537.36 (KHTML, like Gecko) Chrome/151.0.0.0 Safari/537.36"
196.168.154.168 - - [28/Aug/2026:14:01:56 +0200] "GET /favicon.ico HTTP/1.1" 404 - "https://ctoptogo.org/missions-valeurs/" "Mozilla/5.0 (Windows NT 10.0; Win64; x64) AppleWebKit/537.36 (KHTML, like Gecko) Chrome/151.0.0.0 Safari/537.36"
216.73.216.164 - - [28/Aug/2026:14:01:58 +0200] "GET /wp-includes/css/dist/editor/?C=D&O=D HTTP/1.1" 200 1424 "-" "Mozilla/5.0 AppleWebKit/537.36 (KHTML, like Gecko; compatible; ClaudeBot/1.0; +claudebot@anthropic.com)"
109.234.162.247 - - [28/Aug/2026:14:02:02 +0200] "POST /wp-cron.php?doing_wp_cron=1787918521.9988040924072265625000 HTTP/1.1" 200 - "-" "pVwXwzFxrGCE"
196.168.154.168 - - [28/Aug/2026:14:02:00 +0200] "GET / HTTP/1.1" 200 416338 "https://www.google.com/" "Mozilla/5.0 (Windows NT 10.0; Win64; x64) AppleWebKit/537.36 (KHTML, like Gecko) Chrome/151.0.0.0 Safari/537.36"
196.168.154.168 - - [28/Aug/2026:14:02:02 +0200] "GET /_jb_static/??-eJytVttyozAM/Zt9qutJp7t96vRbjBGgiW9r2WHp168xCXEngYFJXnLR5fhIOhbw3jE0UsUaiEsiXiMFXikrj0xh5YUfOIVBwatG85oCXnjKkNYEMIE7FVs0xIUZ+g48MFCgk8N65rzlM7AggjDhCxhdq2i9tdJqDV5CmVmYmRKDjeEBhEdLSb3hJ2gFTZ+r9QwYOlay/xsxtfeE0JfsctjVdQMXukSIeIOmit/f56ksBOUvJoN17BzPZIeqXsi6MJ1rLssETGETxWtPsm216husEaDxOapO2grrkrpLhXp04DPS9HMbRJ7g81g0KYiJHshqmDSt1BNQTu+MOtTrXW1UTH8b6/WPgrKVjWYqhNtj3cLyLTkH0hFD7gTXto4KfjrGQTMn5LE8D5JnUsAG7BnWCZ86Jf6VSKsqvki9iK+sDRS8cHe7dD9v7PTYI5E5Xy7EbNhxuhatwQYlc9ZFtyOxHPYO5llcBrVYkOlyVg2NiOp29ssZs2x25PhU1Jne9qRNK+gqyknElDZwklK5zLOdZbRtOtyElJ9OD5PzQC5dDzzt3LU3S2E0rOlmHxpZhfUTcDy0UYmN23cVKb1hmHpeeV/68/Dx8fb7cHh/+/NLVp+H/57CTI4= HTTP/1.1" 404 - "https://ctoptogo.org/" "Mozilla/5.0 (Windows NT 10.0; Win64; x64) AppleWebKit/537.36 (KHTML, like Gecko) Chrome/151.0.0.0 Safari/537.36"
196.168.154.168 - - [28/Aug/2026:14:02:02 +0200] "GET /_jb_static/??-eJyNjs0OgjAQhN/Gk2Ul/IQL8VkKrLi422K3FX17S4J3k0kmM5l8GdhWQ27kNKHCkvVMGD6HGaE52IiFkCsWPUMej95FdBFWTjM5BWSUnH0Aq4pRgWmAWx4Zu6F6wZ36qo3eSfQPkD4ogvgpcT602mCZ7fvH3g8eVcZcpS/brrvUTdNWp3Hoyy+VUUwO HTTP/1.1" 404 - "https://ctoptogo.org/" "Mozilla/5.0 (Windows NT 10.0; Win64; x64) AppleWebKit/537.36 (KHTML, like Gecko) Chrome/151.0.0.0 Safari/537.36"
196.168.154.168 - - [28/Aug/2026:14:02:02 +0200] "GET /_jb_static/??-eJytU8luwyAQ/ZueipGjtjlFPfcDeo5YJs7YwDgsdpyvL3VSywfXUtJe0DzewhMI3rdMkYvgIm9NqtAFXkNshWqYJArxB+07cJo8FymSFTGimnRoRQVMacc1ZsMEizo884V84Yb+CB4YGLCZIM9aTxydMklD5kOAmGvkCb6ZwuK9WTKh0TlRw/kB93IT0JgFa3EHdDJdLnnfw8wbewDHrDj/5uuJFFkLXs1tBz/KNA/oKjPehE4qrhVYDqpPCfzApCHVJLzBYoSfH/fHTb2E1iwSU8I/UipkITUIeSqu0x+qzOh/eG+DkndQiXBd1xIHjEc2O52dEuYv0SH0Cz1vSe92V263m9eyfNm8PSm5K78A0NxWdQ== HTTP/1.1" 404 - "https://ctoptogo.org/" "Mozilla/5.0 (Windows NT 10.0; Win64; x64) AppleWebKit/537.36 (KHTML, like Gecko) Chrome/151.0.0.0 Safari/537.36"
196.168.154.168 - - [28/Aug/2026:14:02:02 +0200] "GET /_jb_static/??-eJy1U8tywjAM/JueagwXmB6YfkpHsRUQ8auWTApfX/MsMC0l0+kplqzd1Sqy7pMyMQgG0cmVBQXW6NDXmDsS5UhQ92QXKKwpkGhg3p1XfEwrNpmS8GjFz/o+m/bRFoesE2RwDj4uyCCQxz9ynFKqzXsC+1tvK5QEplNNjCyn6G1dkTFrKBI9iJA51znYbhR5WFR9SxVClS8zGqEYVGwY8xrzv6ldJG41ZFknxLql0JTt9mImxFFiwlHqFnbkKTwMrF0KS4Y0CFUvCBRXG91GMVlsIA8iWL0XzJtRNRmoJaNSTGVYC33sB9VnUafFeRgDKeG1MQrGFYuHme9/kYtg0f5U44Fj2BkdPhsE3iRCs4Qs3+FvXs1uuQ4UjhrNPSXMx88gdQ8PSKmU45Wcr03Wq3Lu/iszSJ1dXal7bltXatjG7C9Qu1BxaTwx1ydasa9+Ppm+TGaz8Ww8fTLNfPIJtYrpeA== HTTP/1.1" 404 - "https://ctoptogo.org/" "Mozilla/5.0 (Windows NT 10.0; Win64; x64) AppleWebKit/537.36 (KHTML, like Gecko) Chrome/151.0.0.0 Safari/537.36"
196.168.154.168 - - [28/Aug/2026:14:02:02 +0200] "GET /_jb_static/??-eJytktEKwjAMRf/GJ7s6Bw4fxG/p2ugy26a2qUO/3k2YDISB4tu94d5DIJF9EOi1zQaS7JIcbGa0hUNfdGk9ek2ewbMMNp/RDxEiTc5B1CBVSsCv4im+YkYqYwST0CqyuKmIipH897wHkZPdNUO8F6P+nhBaYko9BpjJP2FERmHgpLLlJSJYcIOnKEKkGbOHJih9GadFzJ7RLS72xnwifq1P5xKOTLaQ5v35PxhMLFuiy5Q4ukNZ11W5q7b7zUo3h/IJPOHbMw== HTTP/1.1" 404 - "https://ctoptogo.org/" "Mozilla/5.0 (Windows NT 10.0; Win64; x64) AppleWebKit/537.36 (KHTML, like Gecko) Chrome/151.0.0.0 Safari/537.36"
196.168.154.168 - - [28/Aug/2026:14:02:02 +0200] "GET /_jb_static/??-eJyVTcsKgzAQ/Jueqot92oP0W2Jc7NrNJmYTxL9vDlI8tjAwMzAPWEJlvSSUBIHzSKKAjK54H8GoYlJg6mExa/AkxX1V7UjqSY9QNkgs5wEVpoI5Y1whE1gfcZ/66UlfJmLFJO+d/HtlIMN+3GhrP13X3M9te32cLreD7bvmA6sWXo8= HTTP/1.1" 404 - "https://ctoptogo.org/" "Mozilla/5.0 (Windows NT 10.0; Win64; x64) AppleWebKit/537.36 (KHTML, like Gecko) Chrome/151.0.0.0 Safari/537.36"
196.168.154.168 - - [28/Aug/2026:14:02:02 +0200] "GET /_jb_static/??-eJyt0cFOwzAMBuC34YTrDbGhHSaeJU3M5C6JO9vV2NtToJuKEGIT3OLo1+c4xmMPUapTdezzsONqSJnKWNueHTI74ZHTjtyQKzsGs/dzZxgql+AEkTVmagrXprN7/IM45USvgP7FKJKGTIbmHPenS/Sb9vHyr6Fb+F4FXkQLKI0wtIO71B+6zCM39Qgacg6vM/Z8BSGNywGLyr3bL6joXFDKEhIlmNpcsWVRGOc9I5nb6XexOwykp+azmqDnsl2uN4vV+uHxaXEX2+3yDS7F+6o= HTTP/1.1" 404 - "https://ctoptogo.org/" "Mozilla/5.0 (Windows NT 10.0; Win64; x64) AppleWebKit/537.36 (KHTML, like Gecko) Chrome/151.0.0.0 Safari/537.36"
216.73.216.164 - - [28/Aug/2026:14:02:03 +0200] "GET /wp-includes/rest-api/endpoints/?C=S&O=D HTTP/1.1" 200 10028 "-" "Mozilla/5.0 AppleWebKit/537.36 (KHTML, like Gecko; compatible; ClaudeBot/1.0; +claudebot@anthropic.com)"
216.73.216.164 - - [28/Aug/2026:14:02:08 +0200] "GET /wp-includes/js/codemirror/?C=S&O=D HTTP/1.1" 200 2140 "-" "Mozilla/5.0 AppleWebKit/537.36 (KHTML, like Gecko; compatible; ClaudeBot/1.0; +claudebot@anthropic.com)"
216.73.216.164 - - [28/Aug/2026:14:02:13 +0200] "GET /wp-includes/js/codemirror/?C=D&O=D HTTP/1.1" 200 2140 "-" "Mozilla/5.0 AppleWebKit/537.36 (KHTML, like Gecko; compatible; ClaudeBot/1.0; +claudebot@anthropic.com)"
216.73.216.164 - - [28/Aug/2026:14:02:18 +0200] "GET /wp-includes/Requests/library/?C=S&O=D HTTP/1.1" 200 882 "-" "Mozilla/5.0 AppleWebKit/537.36 (KHTML, like Gecko; compatible; ClaudeBot/1.0; +claudebot@anthropic.com)"
216.73.216.164 - - [28/Aug/2026:14:02:23 +0200] "GET /wp-includes/js/tinymce/?C=M&O=A HTTP/1.1" 200 2466 "-" "Mozilla/5.0 AppleWebKit/537.36 (KHTML, like Gecko; compatible; ClaudeBot/1.0; +claudebot@anthropic.com)"
216.73.216.164 - - [28/Aug/2026:14:02:29 +0200] "GET /wp-includes/js/jquery/?C=M&O=A HTTP/1.1" 200 4213 "-" "Mozilla/5.0 AppleWebKit/537.36 (KHTML, like Gecko; compatible; ClaudeBot/1.0; +claudebot@anthropic.com)"
216.73.216.164 - - [28/Aug/2026:14:02:33 +0200] "GET /wp-includes/css/dist/base-styles/?C=D&O=D HTTP/1.1" 200 1469 "-" "Mozilla/5.0 AppleWebKit/537.36 (KHTML, like Gecko; compatible; ClaudeBot/1.0; +claudebot@anthropic.com)"
109.234.162.247 - - [28/Aug/2026:14:02:37 +0200] "POST /wp-cron.php?doing_wp_cron=1787918557.4323840141296386718750 HTTP/1.1" 200 - "-" "4Bb5fi4EWdwY"
196.168.154.168 - - [28/Aug/2026:14:02:35 +0200] "GET / HTTP/1.1" 200 416337 "https://www.google.com/" "Mozilla/5.0 (Windows NT 10.0; Win64; x64) AppleWebKit/537.36 (KHTML, like Gecko) Chrome/151.0.0.0 Safari/537.36"
196.168.154.168 - - [28/Aug/2026:14:02:37 +0200] "GET /_jb_static/??-eJytVttyozAM/Zt9qutJp7t96vRbjBGgiW9r2WHp168xCXEngYFJXnLR5fhIOhbw3jE0UsUaiEsiXiMFXikrj0xh5YUfOIVBwatG85oCXnjKkNYEMIE7FVs0xIUZ+g48MFCgk8N65rzlM7AggjDhCxhdq2i9tdJqDV5CmVmYmRKDjeEBhEdLSb3hJ2gFTZ+r9QwYOlay/xsxtfeE0JfsctjVdQMXukSIeIOmit/f56ksBOUvJoN17BzPZIeqXsi6MJ1rLssETGETxWtPsm216husEaDxOapO2grrkrpLhXp04DPS9HMbRJ7g81g0KYiJHshqmDSt1BNQTu+MOtTrXW1UTH8b6/WPgrKVjWYqhNtj3cLyLTkH0hFD7gTXto4KfjrGQTMn5LE8D5JnUsAG7BnWCZ86Jf6VSKsqvki9iK+sDRS8cHe7dD9v7PTYI5E5Xy7EbNhxuhatwQYlc9ZFtyOxHPYO5llcBrVYkOlyVg2NiOp29ssZs2x25PhU1Jne9qRNK+gqyknElDZwklK5zLOdZbRtOtyElJ9OD5PzQC5dDzzt3LU3S2E0rOlmHxpZhfUTcDy0UYmN23cVKb1hmHpeeV/68/Dx8fb7cHh/+/NLVp+H/57CTI4= HTTP/1.1" 404 - "https://ctoptogo.org/" "Mozilla/5.0 (Windows NT 10.0; Win64; x64) AppleWebKit/537.36 (KHTML, like Gecko) Chrome/151.0.0.0 Safari/537.36"
196.168.154.168 - - [28/Aug/2026:14:02:38 +0200] "GET /_jb_static/??-eJyNjs0OgjAQhN/Gk2Ul/IQL8VkKrLi422K3FX17S4J3k0kmM5l8GdhWQ27kNKHCkvVMGD6HGaE52IiFkCsWPUMej95FdBFWTjM5BWSUnH0Aq4pRgWmAWx4Zu6F6wZ36qo3eSfQPkD4ogvgpcT602mCZ7fvH3g8eVcZcpS/brrvUTdNWp3Hoyy+VUUwO HTTP/1.1" 404 - "https://ctoptogo.org/" "Mozilla/5.0 (Windows NT 10.0; Win64; x64) AppleWebKit/537.36 (KHTML, like Gecko) Chrome/151.0.0.0 Safari/537.36"
196.168.154.168 - - [28/Aug/2026:14:02:38 +0200] "GET /_jb_static/??-eJytU8luwyAQ/ZueipGjtjlFPfcDeo5YJs7YwDgsdpyvL3VSywfXUtJe0DzewhMI3rdMkYvgIm9NqtAFXkNshWqYJArxB+07cJo8FymSFTGimnRoRQVMacc1ZsMEizo884V84Yb+CB4YGLCZIM9aTxydMklD5kOAmGvkCb6ZwuK9WTKh0TlRw/kB93IT0JgFa3EHdDJdLnnfw8wbewDHrDj/5uuJFFkLXs1tBz/KNA/oKjPehE4qrhVYDqpPCfzApCHVJLzBYoSfH/fHTb2E1iwSU8I/UipkITUIeSqu0x+qzOh/eG+DkndQiXBd1xIHjEc2O52dEuYv0SH0Cz1vSe92V263m9eyfNm8PSm5K78A0NxWdQ== HTTP/1.1" 404 - "https://ctoptogo.org/" "Mozilla/5.0 (Windows NT 10.0; Win64; x64) AppleWebKit/537.36 (KHTML, like Gecko) Chrome/151.0.0.0 Safari/537.36"
196.168.154.168 - - [28/Aug/2026:14:02:38 +0200] "GET /_jb_static/??-eJy1U8tywjAM/JueagwXmB6YfkpHsRUQ8auWTApfX/MsMC0l0+kplqzd1Sqy7pMyMQgG0cmVBQXW6NDXmDsS5UhQ92QXKKwpkGhg3p1XfEwrNpmS8GjFz/o+m/bRFoesE2RwDj4uyCCQxz9ynFKqzXsC+1tvK5QEplNNjCyn6G1dkTFrKBI9iJA51znYbhR5WFR9SxVClS8zGqEYVGwY8xrzv6ldJG41ZFknxLql0JTt9mImxFFiwlHqFnbkKTwMrF0KS4Y0CFUvCBRXG91GMVlsIA8iWL0XzJtRNRmoJaNSTGVYC33sB9VnUafFeRgDKeG1MQrGFYuHme9/kYtg0f5U44Fj2BkdPhsE3iRCs4Qs3+FvXs1uuQ4UjhrNPSXMx88gdQ8PSKmU45Wcr03Wq3Lu/iszSJ1dXal7bltXatjG7C9Qu1BxaTwx1ydasa9+Ppm+TGaz8Ww8fTLNfPIJtYrpeA== HTTP/1.1" 404 - "https://ctoptogo.org/" "Mozilla/5.0 (Windows NT 10.0; Win64; x64) AppleWebKit/537.36 (KHTML, like Gecko) Chrome/151.0.0.0 Safari/537.36"
196.168.154.168 - - [28/Aug/2026:14:02:38 +0200] "GET /_jb_static/??-eJytktEKwjAMRf/GJ7s6Bw4fxG/p2ugy26a2qUO/3k2YDISB4tu94d5DIJF9EOi1zQaS7JIcbGa0hUNfdGk9ek2ewbMMNp/RDxEiTc5B1CBVSsCv4im+YkYqYwST0CqyuKmIipH897wHkZPdNUO8F6P+nhBaYko9BpjJP2FERmHgpLLlJSJYcIOnKEKkGbOHJih9GadFzJ7RLS72xnwifq1P5xKOTLaQ5v35PxhMLFuiy5Q4ukNZ11W5q7b7zUo3h/IJPOHbMw== HTTP/1.1" 404 - "https://ctoptogo.org/" "Mozilla/5.0 (Windows NT 10.0; Win64; x64) AppleWebKit/537.36 (KHTML, like Gecko) Chrome/151.0.0.0 Safari/537.36"
196.168.154.168 - - [28/Aug/2026:14:02:38 +0200] "GET /_jb_static/??-eJyVTcsKgzAQ/Jueqot92oP0W2Jc7NrNJmYTxL9vDlI8tjAwMzAPWEJlvSSUBIHzSKKAjK54H8GoYlJg6mExa/AkxX1V7UjqSY9QNkgs5wEVpoI5Y1whE1gfcZ/66UlfJmLFJO+d/HtlIMN+3GhrP13X3M9te32cLreD7bvmA6sWXo8= HTTP/1.1" 404 - "https://ctoptogo.org/" "Mozilla/5.0 (Windows NT 10.0; Win64; x64) AppleWebKit/537.36 (KHTML, like Gecko) Chrome/151.0.0.0 Safari/537.36"
196.168.154.168 - - [28/Aug/2026:14:02:38 +0200] "GET /_jb_static/??-eJyt0cFOwzAMBuC34YTrDbGhHSaeJU3M5C6JO9vV2NtToJuKEGIT3OLo1+c4xmMPUapTdezzsONqSJnKWNueHTI74ZHTjtyQKzsGs/dzZxgql+AEkTVmagrXprN7/IM45USvgP7FKJKGTIbmHPenS/Sb9vHyr6Fb+F4FXkQLKI0wtIO71B+6zCM39Qgacg6vM/Z8BSGNywGLyr3bL6joXFDKEhIlmNpcsWVRGOc9I5nb6XexOwykp+azmqDnsl2uN4vV+uHxaXEX2+3yDS7F+6o= HTTP/1.1" 404 - "https://ctoptogo.org/" "Mozilla/5.0 (Windows NT 10.0; Win64; x64) AppleWebKit/537.36 (KHTML, like Gecko) Chrome/151.0.0.0 Safari/537.36"
216.73.216.164 - - [28/Aug/2026:14:02:38 +0200] "GET /wp-includes/block-bindings/?C=D&O=D HTTP/1.1" 200 1421 "-" "Mozilla/5.0 AppleWebKit/537.36 (KHTML, like Gecko; compatible; ClaudeBot/1.0; +claudebot@anthropic.com)"
57.141.20.34 - - [28/Aug/2026:14:02:40 +0200] "GET /products/164274258779 HTTP/1.1" 404 - "-" "Mozilla/5.0 (Windows NT 10.0; Win64; x64) AppleWebKit/537.36 (KHTML, like Gecko) Chrome/145.0.0.0 Safari/537.36 (compatible; meta-externalagent/1.1 (+https://developers.facebook.com/docs/sharing/webmasters/crawler))"
216.73.216.164 - - [28/Aug/2026:14:02:43 +0200] "GET /wp-includes/css/dist/base-styles/?C=M&O=D HTTP/1.1" 200 1469 "-" "Mozilla/5.0 AppleWebKit/537.36 (KHTML, like Gecko; compatible; ClaudeBot/1.0; +claudebot@anthropic.com)"
196.168.154.168 - - [28/Aug/2026:14:02:45 +0200] "GET /missions-valeurs/ HTTP/1.1" 404 - "https://ctoptogo.org/" "Mozilla/5.0 (Windows NT 10.0; Win64; x64) AppleWebKit/537.36 (KHTML, like Gecko) Chrome/151.0.0.0 Safari/537.36"
196.168.154.168 - - [28/Aug/2026:14:02:45 +0200] "GET /missions-valeurs/ HTTP/1.1" 404 - "https://ctoptogo.org/" "Mozilla/5.0 (Windows NT 10.0; Win64; x64) AppleWebKit/537.36 (KHTML, like Gecko) Chrome/151.0.0.0 Safari/537.36"
216.73.216.164 - - [28/Aug/2026:14:02:48 +0200] "GET /wp-includes/js/codemirror/?C=N&O=A HTTP/1.1" 200 2140 "-" "Mozilla/5.0 AppleWebKit/537.36 (KHTML, like Gecko; compatible; ClaudeBot/1.0; +claudebot@anthropic.com)"
216.73.216.164 - - [28/Aug/2026:14:02:53 +0200] "GET /wp-includes/block-bindings/?C=M&O=D HTTP/1.1" 200 1421 "-" "Mozilla/5.0 AppleWebKit/537.36 (KHTML, like Gecko; compatible; ClaudeBot/1.0; +claudebot@anthropic.com)"
216.73.216.164 - - [28/Aug/2026:14:02:58 +0200] "GET /wp-includes/Requests/library/?C=N&O=A HTTP/1.1" 200 882 "-" "Mozilla/5.0 AppleWebKit/537.36 (KHTML, like Gecko; compatible; ClaudeBot/1.0; +claudebot@anthropic.com)"
66.249.74.163 - - [28/Aug/2026:14:03:03 +0200] "GET /policies/terms-of-service HTTP/1.1" 404 - "-" "Mozilla/5.0 (Linux; Android 6.0.1; Nexus 5X Build/MMB29P) AppleWebKit/537.36 (KHTML, like Gecko) Chrome/151.0.7922.173 Mobile Safari/537.36 (compatible; GoogleOther)"
216.73.216.164 - - [28/Aug/2026:14:03:03 +0200] "GET /wp-includes/css/dist/editor/?C=M&O=A HTTP/1.1" 200 1424 "-" "Mozilla/5.0 AppleWebKit/537.36 (KHTML, like Gecko; compatible; ClaudeBot/1.0; +claudebot@anthropic.com)"
216.73.216.164 - - [28/Aug/2026:14:03:08 +0200] "GET /wp-includes/rest-api/endpoints/?C=D&O=A HTTP/1.1" 200 10028 "-" "Mozilla/5.0 AppleWebKit/537.36 (KHTML, like Gecko; compatible; ClaudeBot/1.0; +claudebot@anthropic.com)"
216.73.216.164 - - [28/Aug/2026:14:03:14 +0200] "GET /wp-includes/js/thickbox/?C=M&O=A HTTP/1.1" 200 1416 "-" "Mozilla/5.0 AppleWebKit/537.36 (KHTML, like Gecko; compatible; ClaudeBot/1.0; +claudebot@anthropic.com)"
216.73.216.164 - - [28/Aug/2026:14:03:19 +0200] "GET /wp-includes/js/tinymce/langs/?C=N&O=D HTTP/1.1" 200 886 "-" "Mozilla/5.0 AppleWebKit/537.36 (KHTML, like Gecko; compatible; ClaudeBot/1.0; +claudebot@anthropic.com)"
216.73.216.164 - - [28/Aug/2026:14:03:24 +0200] "GET /wp-includes/js/tinymce/skins/?C=M&O=A HTTP/1.1" 200 1060 "-" "Mozilla/5.0 AppleWebKit/537.36 (KHTML, like Gecko; compatible; ClaudeBot/1.0; +claudebot@anthropic.com)"
216.73.216.164 - - [28/Aug/2026:14:03:28 +0200] "GET /wp-includes/js/crop/?C=M&O=A HTTP/1.1" 200 1402 "-" "Mozilla/5.0 AppleWebKit/537.36 (KHTML, like Gecko; compatible; ClaudeBot/1.0; +claudebot@anthropic.com)"
216.73.216.164 - - [28/Aug/2026:14:03:33 +0200] "GET /wp-includes/rest-api/search/?C=S&O=A HTTP/1.1" 200 1534 "-" "Mozilla/5.0 AppleWebKit/537.36 (KHTML, like Gecko; compatible; ClaudeBot/1.0; +claudebot@anthropic.com)"
216.73.216.164 - - [28/Aug/2026:14:03:37 +0200] "GET /wp-includes/js/thickbox/?C=S&O=A HTTP/1.1" 200 1416 "-" "Mozilla/5.0 AppleWebKit/537.36 (KHTML, like Gecko; compatible; ClaudeBot/1.0; +claudebot@anthropic.com)"
216.73.216.164 - - [28/Aug/2026:14:03:42 +0200] "GET /wp-includes/sitemaps/providers/?C=S&O=A HTTP/1.1" 200 1305 "-" "Mozilla/5.0 AppleWebKit/537.36 (KHTML, like Gecko; compatible; ClaudeBot/1.0; +claudebot@anthropic.com)"
216.73.216.164 - - [28/Aug/2026:14:03:47 +0200] "GET /wp-includes/sitemaps/providers/?C=D&O=A HTTP/1.1" 200 1305 "-" "Mozilla/5.0 AppleWebKit/537.36 (KHTML, like Gecko; compatible; ClaudeBot/1.0; +claudebot@anthropic.com)"
216.73.216.164 - - [28/Aug/2026:14:03:52 +0200] "GET /wp-includes/js/tinymce/skins/?C=N&O=D HTTP/1.1" 200 1060 "-" "Mozilla/5.0 AppleWebKit/537.36 (KHTML, like Gecko; compatible; ClaudeBot/1.0; +claudebot@anthropic.com)"
216.73.216.164 - - [28/Aug/2026:14:03:56 +0200] "GET /wp-includes/js/crop/?C=N&O=D HTTP/1.1" 200 1402 "-" "Mozilla/5.0 AppleWebKit/537.36 (KHTML, like Gecko; compatible; ClaudeBot/1.0; +claudebot@anthropic.com)"
216.73.216.164 - - [28/Aug/2026:14:04:01 +0200] "GET /wp-includes/css/dist/commands/?C=N&O=A HTTP/1.1" 200 1428 "-" "Mozilla/5.0 AppleWebKit/537.36 (KHTML, like Gecko; compatible; ClaudeBot/1.0; +claudebot@anthropic.com)"
216.73.216.164 - - [28/Aug/2026:14:04:06 +0200] "GET /wp-includes/sitemaps/?C=N&O=A HTTP/1.1" 200 2048 "-" "Mozilla/5.0 AppleWebKit/537.36 (KHTML, like Gecko; compatible; ClaudeBot/1.0; +claudebot@anthropic.com)"
216.73.216.164 - - [28/Aug/2026:14:04:11 +0200] "GET /wp-includes/js/tinymce/themes/?C=S&O=A HTTP/1.1" 200 1056 "-" "Mozilla/5.0 AppleWebKit/537.36 (KHTML, like Gecko; compatible; ClaudeBot/1.0; +claudebot@anthropic.com)"
216.73.216.164 - - [28/Aug/2026:14:04:16 +0200] "GET /wp-includes/js/tinymce/themes/?C=D&O=A HTTP/1.1" 200 1056 "-" "Mozilla/5.0 AppleWebKit/537.36 (KHTML, like Gecko; compatible; ClaudeBot/1.0; +claudebot@anthropic.com)"
216.73.216.164 - - [28/Aug/2026:14:04:21 +0200] "GET /wp-includes/js/tinymce/langs/?C=S&O=A HTTP/1.1" 200 886 "-" "Mozilla/5.0 AppleWebKit/537.36 (KHTML, like Gecko; compatible; ClaudeBot/1.0; +claudebot@anthropic.com)"
216.73.216.164 - - [28/Aug/2026:14:04:27 +0200] "GET /wp-includes/css/dist/format-library/style.min.css HTTP/1.1" 200 761 "-" "Mozilla/5.0 AppleWebKit/537.36 (KHTML, like Gecko; compatible; ClaudeBot/1.0; +claudebot@anthropic.com)"
216.73.216.164 - - [28/Aug/2026:14:04:31 +0200] "GET /wp-includes/js/dist/compose.min.js HTTP/1.1" 200 36634 "-" "Mozilla/5.0 AppleWebKit/537.36 (KHTML, like Gecko; compatible; ClaudeBot/1.0; +claudebot@anthropic.com)"
216.73.216.164 - - [28/Aug/2026:14:04:34 +0200] "GET /wp-includes/js/mediaelement/mediaelementplayer.min.css HTTP/1.1" 200 11407 "-" "Mozilla/5.0 AppleWebKit/537.36 (KHTML, like Gecko; compatible; ClaudeBot/1.0; +claudebot@anthropic.com)"
