111.67.101.196 - - [28/Aug/2026:13:33:05 +0200] "POST /.well-known/shopify/monorail/v1/produce HTTP/1.1" 404 - "https://ctoptogo.org/contactez-nous/" "Mozilla/5.0 (Windows NT 10.0; Win64; x64) AppleWebKit/537.36 (KHTML, like Gecko) Chrome/153.0.0.0 Safari/537.36"
192.178.8.132 - - [28/Aug/2026:13:33:11 +0200] "GET /contactez-nous/ HTTP/1.1" 200 393692 "-" "Mozilla/5.0 (compatible; Google-Site-Verification/1.0)"
192.178.8.130 - - [28/Aug/2026:13:33:11 +0200] "GET /contactez-nous/googlec7d4304d9d001072.html HTTP/1.1" 404 - "-" "Mozilla/5.0 (compatible; Google-Site-Verification/1.0)"
192.178.8.132 - - [28/Aug/2026:13:33:11 +0200] "GET /contactez-nous/ HTTP/1.1" 200 393692 "-" "Mozilla/5.0 (compatible; Google-Site-Verification/1.0)"
192.178.8.132 - - [28/Aug/2026:13:33:11 +0200] "GET /contactez-nous/ HTTP/1.1" 200 393692 "-" "Mozilla/5.0 (compatible; Google-Site-Verification/1.0)"
192.178.8.130 - - [28/Aug/2026:13:33:12 +0200] "GET /contactez-nous/google2146b4a77ffbb744.html HTTP/1.1" 404 - "-" "Mozilla/5.0 (compatible; Google-Site-Verification/1.0)"
192.178.8.130 - - [28/Aug/2026:13:33:13 +0200] "GET /contactez-nous/ HTTP/1.1" 200 393692 "-" "Mozilla/5.0 (compatible; Google-Site-Verification/1.0)"
66.249.74.164 - - [28/Aug/2026:13:33:22 +0200] "GET /contactez-nous/ HTTP/1.1" 200 393692 "-" "Mozilla/5.0 (Linux; Android 6.0.1; Nexus 5X Build/MMB29P) AppleWebKit/537.36 (KHTML, like Gecko) Chrome/151.0.7922.173 Mobile Safari/537.36 (compatible; Googlebot/2.1; +http://www.google.com/bot.html)"
216.73.216.164 - - [28/Aug/2026:13:33:25 +0200] "GET /wp-includes/Requests/src/Exception/Transport/ HTTP/1.1" 200 924 "-" "Mozilla/5.0 AppleWebKit/537.36 (KHTML, like Gecko; compatible; ClaudeBot/1.0; +claudebot@anthropic.com)"
216.73.216.164 - - [28/Aug/2026:13:33:25 +0200] "GET /sitemap.xml HTTP/1.1" 404 - "-" "Mozilla/5.0 AppleWebKit/537.36 (KHTML, like Gecko; compatible; ClaudeBot/1.0; +claudebot@anthropic.com)"
66.249.74.162 - - [28/Aug/2026:13:33:27 +0200] "GET /contactez-nous/ HTTP/1.1" 200 393692 "-" "Mozilla/5.0 (compatible; Googlebot/2.1; +http://www.google.com/bot.html)"
66.249.74.162 - - [28/Aug/2026:13:33:30 +0200] "GET /contactez-nous/ HTTP/1.1" 200 393692 "-" "Mozilla/5.0 (Linux; Android 6.0.1; Nexus 5X Build/MMB29P) AppleWebKit/537.36 (KHTML, like Gecko) Chrome/99.0.4844.84 Mobile Safari/537.36 (compatible; Googlebot/2.1; +http://www.google.com/bot.html)"
66.249.74.162 - - [28/Aug/2026:13:33:32 +0200] "GET /contactez-nous/?section_id=sections--17605520031924__header HTTP/1.1" 200 393692 "https://ctoptogo.org/contactez-nous/" "Mozilla/5.0 AppleWebKit/537.36 (KHTML, like Gecko; compatible; Googlebot/2.1; +http://www.google.com/bot.html) Chrome/151.0.7922.173 Safari/537.36"
66.249.74.162 - - [28/Aug/2026:13:33:32 +0200] "GET /contactez-nous/?section_id=sections--17605520031924__header HTTP/1.1" 200 393692 "https://ctoptogo.org/contactez-nous/" "Mozilla/5.0 AppleWebKit/537.36 (KHTML, like Gecko; compatible; Googlebot/2.1; +http://www.google.com/bot.html) Chrome/151.0.7922.173 Safari/537.36"
66.249.74.163 - - [28/Aug/2026:13:33:44 +0200] "GET /contactez-nous/ HTTP/1.1" 200 393692 "-" "Mozilla/5.0 (compatible; Google-InspectionTool/1.0)"
66.249.74.163 - - [28/Aug/2026:13:33:44 +0200] "GET /contactez-nous/ HTTP/1.1" 200 393692 "-" "Mozilla/5.0 (Linux; Android 6.0.1; Nexus 5X Build/MMB29P) AppleWebKit/537.36 (KHTML, like Gecko) Chrome/151.0.7922.173 Mobile Safari/537.36 (compatible; Google-InspectionTool/1.0)"
66.249.74.163 - - [28/Aug/2026:13:33:46 +0200] "GET /robots.txt HTTP/1.1" 200 63 "-" "Mozilla/5.0 (compatible; Googlebot/2.1; +http://www.google.com/bot.html)"
66.249.74.163 - - [28/Aug/2026:13:33:46 +0200] "GET /cdn-cgi/scripts/5c5dd728/cloudflare-static/email-decode.min.js HTTP/1.1" 404 - "https://ctoptogo.org/contactez-nous/" "Mozilla/5.0 (Linux; Android 6.0.1; Nexus 5X Build/MMB29P) AppleWebKit/537.36 (KHTML, like Gecko) Chrome/151.0.7922.173 Mobile Safari/537.36 (compatible; Google-InspectionTool/1.0)"
66.249.74.163 - - [28/Aug/2026:13:33:46 +0200] "GET /cdn-cgi/scripts/5c5dd728/cloudflare-static/email-decode.min.js HTTP/1.1" 404 - "https://ctoptogo.org/contactez-nous/" "Mozilla/5.0 (X11; Linux x86_64) AppleWebKit/537.36 (KHTML, like Gecko) Chrome/151.0.7922.173 Safari/537.36 (compatible; Google-InspectionTool/1.0)"
66.249.74.162 - - [28/Aug/2026:13:33:46 +0200] "GET /checkouts/internal/preloads.js?locale=en-SG HTTP/1.1" 404 - "https://ctoptogo.org/contactez-nous/" "Mozilla/5.0 (Linux; Android 6.0.1; Nexus 5X Build/MMB29P) AppleWebKit/537.36 (KHTML, like Gecko) Chrome/151.0.7922.173 Mobile Safari/537.36 (compatible; Google-InspectionTool/1.0)"
66.249.74.163 - - [28/Aug/2026:13:33:47 +0200] "GET /checkouts/internal/preloads.js?locale=en-SG HTTP/1.1" 404 - "https://ctoptogo.org/contactez-nous/" "Mozilla/5.0 (X11; Linux x86_64) AppleWebKit/537.36 (KHTML, like Gecko) Chrome/151.0.7922.173 Safari/537.36 (compatible; Google-InspectionTool/1.0)"
66.249.74.163 - - [28/Aug/2026:13:33:47 +0200] "GET /contactez-nous/?section_id=sections--17605520031924__header HTTP/1.1" 200 393692 "https://ctoptogo.org/contactez-nous/" "Mozilla/5.0 (Linux; Android 6.0.1; Nexus 5X Build/MMB29P) AppleWebKit/537.36 (KHTML, like Gecko) Chrome/151.0.7922.173 Mobile Safari/537.36 (compatible; Google-InspectionTool/1.0)"
66.249.74.163 - - [28/Aug/2026:13:33:47 +0200] "GET /contactez-nous/?section_id=sections--17605520031924__header HTTP/1.1" 200 393692 "https://ctoptogo.org/contactez-nous/" "Mozilla/5.0 (Linux; Android 6.0.1; Nexus 5X Build/MMB29P) AppleWebKit/537.36 (KHTML, like Gecko) Chrome/151.0.7922.173 Mobile Safari/537.36 (compatible; Google-InspectionTool/1.0)"
66.249.74.162 - - [28/Aug/2026:13:33:48 +0200] "GET /cdn-cgi/challenge-platform/scripts/jsd/main.js HTTP/1.1" 404 - "-" "Mozilla/5.0 (Linux; Android 6.0.1; Nexus 5X Build/MMB29P) AppleWebKit/537.36 (KHTML, like Gecko) Chrome/151.0.7922.173 Mobile Safari/537.36 (compatible; Google-InspectionTool/1.0)"
66.249.74.163 - - [28/Aug/2026:13:33:48 +0200] "GET /cdn-cgi/challenge-platform/scripts/jsd/main.js HTTP/1.1" 404 - "-" "Mozilla/5.0 (Linux; Android 6.0.1; Nexus 5X Build/MMB29P) AppleWebKit/537.36 (KHTML, like Gecko) Chrome/151.0.7922.173 Mobile Safari/537.36 (compatible; Google-InspectionTool/1.0)"
66.249.74.163 - - [28/Aug/2026:13:33:48 +0200] "GET /contactez-nous/?section_id=sections--17605520031924__header HTTP/1.1" 200 393692 "https://ctoptogo.org/contactez-nous/" "Mozilla/5.0 (Linux; Android 6.0.1; Nexus 5X Build/MMB29P) AppleWebKit/537.36 (KHTML, like Gecko) Chrome/151.0.7922.173 Mobile Safari/537.36 (compatible; Google-InspectionTool/1.0)"
66.249.74.164 - - [28/Aug/2026:13:33:48 +0200] "GET /cdn-cgi/challenge-platform/scripts/jsd/main.js HTTP/1.1" 404 - "-" "Mozilla/5.0 (Linux; Android 6.0.1; Nexus 5X Build/MMB29P) AppleWebKit/537.36 (KHTML, like Gecko) Chrome/151.0.7922.173 Mobile Safari/537.36 (compatible; Google-InspectionTool/1.0)"
66.249.74.162 - - [28/Aug/2026:13:33:49 +0200] "GET /contactez-nous/?section_id=sections--17605520031924__header HTTP/1.1" 200 393692 "https://ctoptogo.org/contactez-nous/" "Mozilla/5.0 (X11; Linux x86_64) AppleWebKit/537.36 (KHTML, like Gecko) Chrome/151.0.7922.173 Safari/537.36 (compatible; Google-InspectionTool/1.0)"
66.249.74.162 - - [28/Aug/2026:13:33:49 +0200] "GET /contactez-nous/?section_id=sections--17605520031924__header HTTP/1.1" 200 393692 "https://ctoptogo.org/contactez-nous/" "Mozilla/5.0 (X11; Linux x86_64) AppleWebKit/537.36 (KHTML, like Gecko) Chrome/151.0.7922.173 Safari/537.36 (compatible; Google-InspectionTool/1.0)"
66.249.74.163 - - [28/Aug/2026:13:33:50 +0200] "GET /cdn-cgi/challenge-platform/scripts/jsd/main.js HTTP/1.1" 404 - "-" "Mozilla/5.0 (X11; Linux x86_64) AppleWebKit/537.36 (KHTML, like Gecko) Chrome/151.0.7922.173 Safari/537.36 (compatible; Google-InspectionTool/1.0)"
66.249.74.163 - - [28/Aug/2026:13:33:51 +0200] "GET /contactez-nous/?section_id=sections--17605520031924__header HTTP/1.1" 200 393692 "https://ctoptogo.org/contactez-nous/" "Mozilla/5.0 (X11; Linux x86_64) AppleWebKit/537.36 (KHTML, like Gecko) Chrome/151.0.7922.173 Safari/537.36 (compatible; Google-InspectionTool/1.0)"
66.249.74.164 - - [28/Aug/2026:13:33:52 +0200] "GET /contactez-nous/?section_id=sections--17605520031924__header HTTP/1.1" 200 393692 "https://ctoptogo.org/contactez-nous/" "Mozilla/5.0 (Linux; Android 6.0.1; Nexus 5X Build/MMB29P) AppleWebKit/537.36 (KHTML, like Gecko) Chrome/151.0.7922.173 Mobile Safari/537.36 (compatible; Googlebot/2.1; +http://www.google.com/bot.html)"
66.249.74.163 - - [28/Aug/2026:13:33:52 +0200] "GET /contactez-nous/?section_id=sections--17605520031924__header HTTP/1.1" 200 393692 "https://ctoptogo.org/contactez-nous/" "Mozilla/5.0 (Linux; Android 6.0.1; Nexus 5X Build/MMB29P) AppleWebKit/537.36 (KHTML, like Gecko) Chrome/151.0.7922.173 Mobile Safari/537.36 (compatible; Googlebot/2.1; +http://www.google.com/bot.html)"
66.249.74.165 - - [28/Aug/2026:13:33:55 +0200] "GET /recrutements/ HTTP/1.1" 200 393589 "-" "Mozilla/5.0 (Linux; Android 6.0.1; Nexus 5X Build/MMB29P) AppleWebKit/537.36 (KHTML, like Gecko) Chrome/151.0.7922.173 Mobile Safari/537.36 (compatible; Googlebot/2.1; +http://www.google.com/bot.html)"
216.73.216.164 - - [28/Aug/2026:13:33:55 +0200] "GET /wp-includes/SimplePie/src/Content/Type/Sniffer.php HTTP/1.1" 200 - "-" "Mozilla/5.0 AppleWebKit/537.36 (KHTML, like Gecko; compatible; ClaudeBot/1.0; +claudebot@anthropic.com)"
216.73.216.164 - - [28/Aug/2026:13:34:02 +0200] "GET /wp-includes/Requests/src/Exception/InvalidArgument.php HTTP/1.1" 200 - "-" "Mozilla/5.0 AppleWebKit/537.36 (KHTML, like Gecko; compatible; ClaudeBot/1.0; +claudebot@anthropic.com)"
216.73.216.164 - - [28/Aug/2026:13:34:17 +0200] "GET /wp-includes/Requests/src/Exception/Transport.php HTTP/1.1" 500 - "-" "Mozilla/5.0 AppleWebKit/537.36 (KHTML, like Gecko; compatible; ClaudeBot/1.0; +claudebot@anthropic.com)"
57.141.20.53 - - [28/Aug/2026:13:34:54 +0200] "GET /products/674693207365 HTTP/1.1" 404 - "-" "Mozilla/5.0 (Windows NT 10.0; Win64; x64) AppleWebKit/537.36 (KHTML, like Gecko) Chrome/145.0.0.0 Safari/537.36 (compatible; meta-externalagent/1.1 (+https://developers.facebook.com/docs/sharing/webmasters/crawler))"
216.73.216.164 - - [28/Aug/2026:13:35:08 +0200] "GET /wp-includes/Requests/src/Response/Headers.php HTTP/1.1" 500 - "-" "Mozilla/5.0 AppleWebKit/537.36 (KHTML, like Gecko; compatible; ClaudeBot/1.0; +claudebot@anthropic.com)"
216.73.216.164 - - [28/Aug/2026:13:35:18 +0200] "GET /wp-includes/Requests/src/Auth/?C=S&O=A HTTP/1.1" 200 885 "-" "Mozilla/5.0 AppleWebKit/537.36 (KHTML, like Gecko; compatible; ClaudeBot/1.0; +claudebot@anthropic.com)"
51.81.165.220 - - [28/Aug/2026:13:35:31 +0200] "GET /projet/test-realisation/ HTTP/1.1" 404 - "-" "Mozilla/5.0 (compatible; AhrefsBot/7.0; +http://ahrefs.com/robot/)"
109.234.162.247 - - [28/Aug/2026:13:35:36 +0200] "POST /wp-cron.php?doing_wp_cron=1787916936.9869530200958251953125 HTTP/1.1" 200 - "-" "M0qOZ34Oa1y4"
196.168.130.35 - - [28/Aug/2026:13:35:34 +0200] "GET /?utm_source=chatgpt.com HTTP/1.1" 200 416350 "-" "Mozilla/5.0 (Linux; Android 10; K) AppleWebKit/537.36 (KHTML, like Gecko) Chrome/150.0.0.0 Mobile Safari/537.36"
196.168.130.35 - - [28/Aug/2026:13:35:37 +0200] "GET /_jb_static/??-eJytVttyozAM/Zt9qutJp7t96vRbjBGgiW9r2WHp168xCXEngYFJXnLR5fhIOhbw3jE0UsUaiEsiXiMFXikrj0xh5YUfOIVBwatG85oCXnjKkNYEMIE7FVs0xIUZ+g48MFCgk8N65rzlM7AggjDhCxhdq2i9tdJqDV5CmVmYmRKDjeEBhEdLSb3hJ2gFTZ+r9QwYOlay/xsxtfeE0JfsctjVdQMXukSIeIOmit/f56ksBOUvJoN17BzPZIeqXsi6MJ1rLssETGETxWtPsm216husEaDxOapO2grrkrpLhXp04DPS9HMbRJ7g81g0KYiJHshqmDSt1BNQTu+MOtTrXW1UTH8b6/WPgrKVjWYqhNtj3cLyLTkH0hFD7gTXto4KfjrGQTMn5LE8D5JnUsAG7BnWCZ86Jf6VSKsqvki9iK+sDRS8cHe7dD9v7PTYI5E5Xy7EbNhxuhatwQYlc9ZFtyOxHPYO5llcBrVYkOlyVg2NiOp29ssZs2x25PhU1Jne9qRNK+gqyknElDZwklK5zLOdZbRtOtyElJ9OD5PzQC5dDzzt3LU3S2E0rOlmHxpZhfUTcDy0UYmN23cVKb1hmHpeeV/68/Dx8fb7cHh/+/NLVp+H/57CTI4= HTTP/1.1" 404 - "https://ctoptogo.org/?utm_source=chatgpt.com" "Mozilla/5.0 (Linux; Android 10; K) AppleWebKit/537.36 (KHTML, like Gecko) Chrome/150.0.0.0 Mobile Safari/537.36"
196.168.130.35 - - [28/Aug/2026:13:35:37 +0200] "GET /wp-content/plugins/woocommerce/assets/css/woocommerce-smallscreen.css?m=1772511426 HTTP/1.1" 200 7043 "https://ctoptogo.org/?utm_source=chatgpt.com" "Mozilla/5.0 (Linux; Android 10; K) AppleWebKit/537.36 (KHTML, like Gecko) Chrome/150.0.0.0 Mobile Safari/537.36"
196.168.130.35 - - [28/Aug/2026:13:35:37 +0200] "GET /wp-content/plugins/elementor/assets/css/widget-icon-list.min.css HTTP/1.1" 200 9921 "https://ctoptogo.org/?utm_source=chatgpt.com" "Mozilla/5.0 (Linux; Android 10; K) AppleWebKit/537.36 (KHTML, like Gecko) Chrome/150.0.0.0 Mobile Safari/537.36"
196.168.130.35 - - [28/Aug/2026:13:35:37 +0200] "GET /wp-content/plugins/elementor-pro/assets/css/widget-nav-menu.min.css HTTP/1.1" 200 26596 "https://ctoptogo.org/?utm_source=chatgpt.com" "Mozilla/5.0 (Linux; Android 10; K) AppleWebKit/537.36 (KHTML, like Gecko) Chrome/150.0.0.0 Mobile Safari/537.36"
196.168.130.35 - - [28/Aug/2026:13:35:37 +0200] "GET /wp-content/plugins/elementor/assets/css/widget-icon-box.min.css HTTP/1.1" 200 10101 "https://ctoptogo.org/?utm_source=chatgpt.com" "Mozilla/5.0 (Linux; Android 10; K) AppleWebKit/537.36 (KHTML, like Gecko) Chrome/150.0.0.0 Mobile Safari/537.36"
196.168.130.35 - - [28/Aug/2026:13:35:37 +0200] "GET /wp-content/uploads/2021/11/blank_bg.png HTTP/1.1" 200 932 "https://ctoptogo.org/?utm_source=chatgpt.com" "Mozilla/5.0 (Linux; Android 10; K) AppleWebKit/537.36 (KHTML, like Gecko) Chrome/150.0.0.0 Mobile Safari/537.36"
196.168.130.35 - - [28/Aug/2026:13:35:38 +0200] "GET /wp-includes/js/jquery/jquery.min.js?ver=3.7.1 HTTP/1.1" 200 87553 "https://ctoptogo.org/?utm_source=chatgpt.com" "Mozilla/5.0 (Linux; Android 10; K) AppleWebKit/537.36 (KHTML, like Gecko) Chrome/150.0.0.0 Mobile Safari/537.36"
196.168.130.35 - - [28/Aug/2026:13:35:39 +0200] "GET /_jb_static/??-eJyNjs0OgjAQhN/Gk2Ul/IQL8VkKrLi422K3FX17S4J3k0kmM5l8GdhWQ27kNKHCkvVMGD6HGaE52IiFkCsWPUMej95FdBFWTjM5BWSUnH0Aq4pRgWmAWx4Zu6F6wZ36qo3eSfQPkD4ogvgpcT602mCZ7fvH3g8eVcZcpS/brrvUTdNWp3Hoyy+VUUwO HTTP/1.1" 404 - "https://ctoptogo.org/?utm_source=chatgpt.com" "Mozilla/5.0 (Linux; Android 10; K) AppleWebKit/537.36 (KHTML, like Gecko) Chrome/150.0.0.0 Mobile Safari/537.36"
196.168.130.35 - - [28/Aug/2026:13:35:39 +0200] "GET /_jb_static/??-eJytU8luwyAQ/ZueipGjtjlFPfcDeo5YJs7YwDgsdpyvL3VSywfXUtJe0DzewhMI3rdMkYvgIm9NqtAFXkNshWqYJArxB+07cJo8FymSFTGimnRoRQVMacc1ZsMEizo884V84Yb+CB4YGLCZIM9aTxydMklD5kOAmGvkCb6ZwuK9WTKh0TlRw/kB93IT0JgFa3EHdDJdLnnfw8wbewDHrDj/5uuJFFkLXs1tBz/KNA/oKjPehE4qrhVYDqpPCfzApCHVJLzBYoSfH/fHTb2E1iwSU8I/UipkITUIeSqu0x+qzOh/eG+DkndQiXBd1xIHjEc2O52dEuYv0SH0Cz1vSe92V263m9eyfNm8PSm5K78A0NxWdQ== HTTP/1.1" 404 - "https://ctoptogo.org/?utm_source=chatgpt.com" "Mozilla/5.0 (Linux; Android 10; K) AppleWebKit/537.36 (KHTML, like Gecko) Chrome/150.0.0.0 Mobile Safari/537.36"
196.168.130.35 - - [28/Aug/2026:13:35:39 +0200] "GET /wp-content/plugins/elementskit-lite/libs/framework/assets/js/frontend-script.js?ver=2.9.0 HTTP/1.1" 200 40 "https://ctoptogo.org/?utm_source=chatgpt.com" "Mozilla/5.0 (Linux; Android 10; K) AppleWebKit/537.36 (KHTML, like Gecko) Chrome/150.0.0.0 Mobile Safari/537.36"
196.168.130.35 - - [28/Aug/2026:13:35:39 +0200] "GET /_jb_static/??-eJy1U8tywjAM/JueagwXmB6YfkpHsRUQ8auWTApfX/MsMC0l0+kplqzd1Sqy7pMyMQgG0cmVBQXW6NDXmDsS5UhQ92QXKKwpkGhg3p1XfEwrNpmS8GjFz/o+m/bRFoesE2RwDj4uyCCQxz9ynFKqzXsC+1tvK5QEplNNjCyn6G1dkTFrKBI9iJA51znYbhR5WFR9SxVClS8zGqEYVGwY8xrzv6ldJG41ZFknxLql0JTt9mImxFFiwlHqFnbkKTwMrF0KS4Y0CFUvCBRXG91GMVlsIA8iWL0XzJtRNRmoJaNSTGVYC33sB9VnUafFeRgDKeG1MQrGFYuHme9/kYtg0f5U44Fj2BkdPhsE3iRCs4Qs3+FvXs1uuQ4UjhrNPSXMx88gdQ8PSKmU45Wcr03Wq3Lu/iszSJ1dXal7bltXatjG7C9Qu1BxaTwx1ydasa9+Ppm+TGaz8Ww8fTLNfPIJtYrpeA== HTTP/1.1" 404 - "https://ctoptogo.org/?utm_source=chatgpt.com" "Mozilla/5.0 (Linux; Android 10; K) AppleWebKit/537.36 (KHTML, like Gecko) Chrome/150.0.0.0 Mobile Safari/537.36"
196.168.130.35 - - [28/Aug/2026:13:35:39 +0200] "GET /wp-includes/js/underscore.min.js?ver=1.13.7 HTTP/1.1" 200 18905 "https://ctoptogo.org/?utm_source=chatgpt.com" "Mozilla/5.0 (Linux; Android 10; K) AppleWebKit/537.36 (KHTML, like Gecko) Chrome/150.0.0.0 Mobile Safari/537.36"
196.168.130.35 - - [28/Aug/2026:13:35:40 +0200] "GET /_jb_static/??-eJytktEKwjAMRf/GJ7s6Bw4fxG/p2ugy26a2qUO/3k2YDISB4tu94d5DIJF9EOi1zQaS7JIcbGa0hUNfdGk9ek2ewbMMNp/RDxEiTc5B1CBVSsCv4im+YkYqYwST0CqyuKmIipH897wHkZPdNUO8F6P+nhBaYko9BpjJP2FERmHgpLLlJSJYcIOnKEKkGbOHJih9GadFzJ7RLS72xnwifq1P5xKOTLaQ5v35PxhMLFuiy5Q4ukNZ11W5q7b7zUo3h/IJPOHbMw== HTTP/1.1" 404 - "https://ctoptogo.org/?utm_source=chatgpt.com" "Mozilla/5.0 (Linux; Android 10; K) AppleWebKit/537.36 (KHTML, like Gecko) Chrome/150.0.0.0 Mobile Safari/537.36"
196.168.130.35 - - [28/Aug/2026:13:35:40 +0200] "GET /_jb_static/??-eJyVTcsKgzAQ/Jueqot92oP0W2Jc7NrNJmYTxL9vDlI8tjAwMzAPWEJlvSSUBIHzSKKAjK54H8GoYlJg6mExa/AkxX1V7UjqSY9QNkgs5wEVpoI5Y1whE1gfcZ/66UlfJmLFJO+d/HtlIMN+3GhrP13X3M9te32cLreD7bvmA6sWXo8= HTTP/1.1" 404 - "https://ctoptogo.org/?utm_source=chatgpt.com" "Mozilla/5.0 (Linux; Android 10; K) AppleWebKit/537.36 (KHTML, like Gecko) Chrome/150.0.0.0 Mobile Safari/537.36"
196.168.130.35 - - [28/Aug/2026:13:35:40 +0200] "GET /wp-includes/js/dist/i18n.min.js?ver=c26c3dc7bed366793375 HTTP/1.1" 200 5314 "https://ctoptogo.org/?utm_source=chatgpt.com" "Mozilla/5.0 (Linux; Android 10; K) AppleWebKit/537.36 (KHTML, like Gecko) Chrome/150.0.0.0 Mobile Safari/537.36"
196.168.130.35 - - [28/Aug/2026:13:35:40 +0200] "GET /wp-content/plugins/elementor/assets/js/frontend.min.js?ver=3.14.1 HTTP/1.1" 200 40814 "https://ctoptogo.org/?utm_source=chatgpt.com" "Mozilla/5.0 (Linux; Android 10; K) AppleWebKit/537.36 (KHTML, like Gecko) Chrome/150.0.0.0 Mobile Safari/537.36"
196.168.130.35 - - [28/Aug/2026:13:35:40 +0200] "GET /wp-content/plugins/elementor-pro/assets/js/preloaded-elements-handlers.min.js?ver=3.14.1 HTTP/1.1" 200 167426 "https://ctoptogo.org/?utm_source=chatgpt.com" "Mozilla/5.0 (Linux; Android 10; K) AppleWebKit/537.36 (KHTML, like Gecko) Chrome/150.0.0.0 Mobile Safari/537.36"
196.168.130.35 - - [28/Aug/2026:13:35:40 +0200] "GET /wp-content/plugins/elementor-pro/assets/js/frontend.min.js?ver=3.14.1 HTTP/1.1" 200 24380 "https://ctoptogo.org/?utm_source=chatgpt.com" "Mozilla/5.0 (Linux; Android 10; K) AppleWebKit/537.36 (KHTML, like Gecko) Chrome/150.0.0.0 Mobile Safari/537.36"
196.168.130.35 - - [28/Aug/2026:13:35:40 +0200] "GET /_jb_static/??-eJyt0cFOwzAMBuC34YTrDbGhHSaeJU3M5C6JO9vV2NtToJuKEGIT3OLo1+c4xmMPUapTdezzsONqSJnKWNueHTI74ZHTjtyQKzsGs/dzZxgql+AEkTVmagrXprN7/IM45USvgP7FKJKGTIbmHPenS/Sb9vHyr6Fb+F4FXkQLKI0wtIO71B+6zCM39Qgacg6vM/Z8BSGNywGLyr3bL6joXFDKEhIlmNpcsWVRGOc9I5nb6XexOwykp+azmqDnsl2uN4vV+uHxaXEX2+3yDS7F+6o= HTTP/1.1" 404 - "https://ctoptogo.org/?utm_source=chatgpt.com" "Mozilla/5.0 (Linux; Android 10; K) AppleWebKit/537.36 (KHTML, like Gecko) Chrome/150.0.0.0 Mobile Safari/537.36"
196.168.130.35 - - [28/Aug/2026:13:35:40 +0200] "GET /wp-content/uploads/2023/01/Quest-ce-que-lagriculture-de-subsistance.jpg HTTP/1.1" 200 240876 "https://ctoptogo.org/?utm_source=chatgpt.com" "Mozilla/5.0 (Linux; Android 10; K) AppleWebKit/537.36 (KHTML, like Gecko) Chrome/150.0.0.0 Mobile Safari/537.36"
196.168.130.35 - - [28/Aug/2026:13:35:40 +0200] "GET /wp-includes/js/wp-emoji-release.min.js HTTP/1.1" 200 22762 "https://ctoptogo.org/?utm_source=chatgpt.com" "Mozilla/5.0 (Linux; Android 10; K) AppleWebKit/537.36 (KHTML, like Gecko) Chrome/150.0.0.0 Mobile Safari/537.36"
196.168.130.35 - - [28/Aug/2026:13:35:44 +0200] "GET /?utm_source=chatgpt.com HTTP/1.1" 200 416351 "-" "Mozilla/5.0 (Linux; Android 10; K) AppleWebKit/537.36 (KHTML, like Gecko) Chrome/150.0.0.0 Mobile Safari/537.36"
196.168.130.35 - - [28/Aug/2026:13:35:46 +0200] "GET /_jb_static/??-eJytVttyozAM/Zt9qutJp7t96vRbjBGgiW9r2WHp168xCXEngYFJXnLR5fhIOhbw3jE0UsUaiEsiXiMFXikrj0xh5YUfOIVBwatG85oCXnjKkNYEMIE7FVs0xIUZ+g48MFCgk8N65rzlM7AggjDhCxhdq2i9tdJqDV5CmVmYmRKDjeEBhEdLSb3hJ2gFTZ+r9QwYOlay/xsxtfeE0JfsctjVdQMXukSIeIOmit/f56ksBOUvJoN17BzPZIeqXsi6MJ1rLssETGETxWtPsm216husEaDxOapO2grrkrpLhXp04DPS9HMbRJ7g81g0KYiJHshqmDSt1BNQTu+MOtTrXW1UTH8b6/WPgrKVjWYqhNtj3cLyLTkH0hFD7gTXto4KfjrGQTMn5LE8D5JnUsAG7BnWCZ86Jf6VSKsqvki9iK+sDRS8cHe7dD9v7PTYI5E5Xy7EbNhxuhatwQYlc9ZFtyOxHPYO5llcBrVYkOlyVg2NiOp29ssZs2x25PhU1Jne9qRNK+gqyknElDZwklK5zLOdZbRtOtyElJ9OD5PzQC5dDzzt3LU3S2E0rOlmHxpZhfUTcDy0UYmN23cVKb1hmHpeeV/68/Dx8fb7cHh/+/NLVp+H/57CTI4= HTTP/1.1" 404 - "https://ctoptogo.org/?utm_source=chatgpt.com" "Mozilla/5.0 (Linux; Android 10; K) AppleWebKit/537.36 (KHTML, like Gecko) Chrome/150.0.0.0 Mobile Safari/537.36"
196.168.130.35 - - [28/Aug/2026:13:35:46 +0200] "GET /_jb_static/??-eJyNjs0OgjAQhN/Gk2Ul/IQL8VkKrLi422K3FX17S4J3k0kmM5l8GdhWQ27kNKHCkvVMGD6HGaE52IiFkCsWPUMej95FdBFWTjM5BWSUnH0Aq4pRgWmAWx4Zu6F6wZ36qo3eSfQPkD4ogvgpcT602mCZ7fvH3g8eVcZcpS/brrvUTdNWp3Hoyy+VUUwO HTTP/1.1" 404 - "https://ctoptogo.org/?utm_source=chatgpt.com" "Mozilla/5.0 (Linux; Android 10; K) AppleWebKit/537.36 (KHTML, like Gecko) Chrome/150.0.0.0 Mobile Safari/537.36"
196.168.130.35 - - [28/Aug/2026:13:35:46 +0200] "GET /_jb_static/??-eJytU8luwyAQ/ZueipGjtjlFPfcDeo5YJs7YwDgsdpyvL3VSywfXUtJe0DzewhMI3rdMkYvgIm9NqtAFXkNshWqYJArxB+07cJo8FymSFTGimnRoRQVMacc1ZsMEizo884V84Yb+CB4YGLCZIM9aTxydMklD5kOAmGvkCb6ZwuK9WTKh0TlRw/kB93IT0JgFa3EHdDJdLnnfw8wbewDHrDj/5uuJFFkLXs1tBz/KNA/oKjPehE4qrhVYDqpPCfzApCHVJLzBYoSfH/fHTb2E1iwSU8I/UipkITUIeSqu0x+qzOh/eG+DkndQiXBd1xIHjEc2O52dEuYv0SH0Cz1vSe92V263m9eyfNm8PSm5K78A0NxWdQ== HTTP/1.1" 404 - "https://ctoptogo.org/?utm_source=chatgpt.com" "Mozilla/5.0 (Linux; Android 10; K) AppleWebKit/537.36 (KHTML, like Gecko) Chrome/150.0.0.0 Mobile Safari/537.36"
196.168.130.35 - - [28/Aug/2026:13:35:46 +0200] "GET /_jb_static/??-eJy1U8tywjAM/JueagwXmB6YfkpHsRUQ8auWTApfX/MsMC0l0+kplqzd1Sqy7pMyMQgG0cmVBQXW6NDXmDsS5UhQ92QXKKwpkGhg3p1XfEwrNpmS8GjFz/o+m/bRFoesE2RwDj4uyCCQxz9ynFKqzXsC+1tvK5QEplNNjCyn6G1dkTFrKBI9iJA51znYbhR5WFR9SxVClS8zGqEYVGwY8xrzv6ldJG41ZFknxLql0JTt9mImxFFiwlHqFnbkKTwMrF0KS4Y0CFUvCBRXG91GMVlsIA8iWL0XzJtRNRmoJaNSTGVYC33sB9VnUafFeRgDKeG1MQrGFYuHme9/kYtg0f5U44Fj2BkdPhsE3iRCs4Qs3+FvXs1uuQ4UjhrNPSXMx88gdQ8PSKmU45Wcr03Wq3Lu/iszSJ1dXal7bltXatjG7C9Qu1BxaTwx1ydasa9+Ppm+TGaz8Ww8fTLNfPIJtYrpeA== HTTP/1.1" 404 - "https://ctoptogo.org/?utm_source=chatgpt.com" "Mozilla/5.0 (Linux; Android 10; K) AppleWebKit/537.36 (KHTML, like Gecko) Chrome/150.0.0.0 Mobile Safari/537.36"
196.168.130.35 - - [28/Aug/2026:13:35:46 +0200] "GET /_jb_static/??-eJytktEKwjAMRf/GJ7s6Bw4fxG/p2ugy26a2qUO/3k2YDISB4tu94d5DIJF9EOi1zQaS7JIcbGa0hUNfdGk9ek2ewbMMNp/RDxEiTc5B1CBVSsCv4im+YkYqYwST0CqyuKmIipH897wHkZPdNUO8F6P+nhBaYko9BpjJP2FERmHgpLLlJSJYcIOnKEKkGbOHJih9GadFzJ7RLS72xnwifq1P5xKOTLaQ5v35PxhMLFuiy5Q4ukNZ11W5q7b7zUo3h/IJPOHbMw== HTTP/1.1" 404 - "https://ctoptogo.org/?utm_source=chatgpt.com" "Mozilla/5.0 (Linux; Android 10; K) AppleWebKit/537.36 (KHTML, like Gecko) Chrome/150.0.0.0 Mobile Safari/537.36"
196.168.130.35 - - [28/Aug/2026:13:35:46 +0200] "GET /_jb_static/??-eJyVTcsKgzAQ/Jueqot92oP0W2Jc7NrNJmYTxL9vDlI8tjAwMzAPWEJlvSSUBIHzSKKAjK54H8GoYlJg6mExa/AkxX1V7UjqSY9QNkgs5wEVpoI5Y1whE1gfcZ/66UlfJmLFJO+d/HtlIMN+3GhrP13X3M9te32cLreD7bvmA6sWXo8= HTTP/1.1" 404 - "https://ctoptogo.org/?utm_source=chatgpt.com" "Mozilla/5.0 (Linux; Android 10; K) AppleWebKit/537.36 (KHTML, like Gecko) Chrome/150.0.0.0 Mobile Safari/537.36"
196.168.130.35 - - [28/Aug/2026:13:35:46 +0200] "GET /_jb_static/??-eJyt0cFOwzAMBuC34YTrDbGhHSaeJU3M5C6JO9vV2NtToJuKEGIT3OLo1+c4xmMPUapTdezzsONqSJnKWNueHTI74ZHTjtyQKzsGs/dzZxgql+AEkTVmagrXprN7/IM45USvgP7FKJKGTIbmHPenS/Sb9vHyr6Fb+F4FXkQLKI0wtIO71B+6zCM39Qgacg6vM/Z8BSGNywGLyr3bL6joXFDKEhIlmNpcsWVRGOc9I5nb6XexOwykp+azmqDnsl2uN4vV+uHxaXEX2+3yDS7F+6o= HTTP/1.1" 404 - "https://ctoptogo.org/?utm_source=chatgpt.com" "Mozilla/5.0 (Linux; Android 10; K) AppleWebKit/537.36 (KHTML, like Gecko) Chrome/150.0.0.0 Mobile Safari/537.36"
216.73.216.164 - - [28/Aug/2026:13:35:53 +0200] "GET /wp-includes/Requests/src/Auth/?C=M&O=A HTTP/1.1" 200 885 "-" "Mozilla/5.0 AppleWebKit/537.36 (KHTML, like Gecko; compatible; ClaudeBot/1.0; +claudebot@anthropic.com)"
57.141.20.73 - - [28/Aug/2026:13:36:01 +0200] "GET /products/3406783877 HTTP/1.1" 404 - "-" "Mozilla/5.0 (Windows NT 10.0; Win64; x64) AppleWebKit/537.36 (KHTML, like Gecko) Chrome/145.0.0.0 Safari/537.36 (compatible; meta-externalagent/1.1 (+https://developers.facebook.com/docs/sharing/webmasters/crawler))"
216.73.216.164 - - [28/Aug/2026:13:36:20 +0200] "GET /wp-includes/Requests/src/Exception/?C=S&O=A HTTP/1.1" 200 1798 "-" "Mozilla/5.0 AppleWebKit/537.36 (KHTML, like Gecko; compatible; ClaudeBot/1.0; +claudebot@anthropic.com)"
57.141.20.73 - - [28/Aug/2026:13:37:07 +0200] "GET /products/0798b2846700 HTTP/1.1" 404 - "-" "Mozilla/5.0 (Windows NT 10.0; Win64; x64) AppleWebKit/537.36 (KHTML, like Gecko) Chrome/145.0.0.0 Safari/537.36 (compatible; meta-externalagent/1.1 (+https://developers.facebook.com/docs/sharing/webmasters/crawler))"
52.167.144.230 - - [28/Aug/2026:13:38:17 +0200] "GET /bbyui/z257224.html HTTP/1.1" 404 - "-" "Mozilla/5.0 AppleWebKit/537.36 (KHTML, like Gecko; compatible; bingbot/2.0; +http://www.bing.com/bingbot.htm) Chrome/116.0.1938.76 Safari/537.36"
216.73.216.164 - - [28/Aug/2026:13:38:24 +0200] "GET /wp-includes/Requests/src/Response/?C=D&O=A HTTP/1.1" 200 895 "-" "Mozilla/5.0 AppleWebKit/537.36 (KHTML, like Gecko; compatible; ClaudeBot/1.0; +claudebot@anthropic.com)"
216.73.216.164 - - [28/Aug/2026:13:38:24 +0200] "GET /wp-includes/Requests/src/Auth/?C=D&O=A HTTP/1.1" 200 885 "-" "Mozilla/5.0 AppleWebKit/537.36 (KHTML, like Gecko; compatible; ClaudeBot/1.0; +claudebot@anthropic.com)"
216.73.216.164 - - [28/Aug/2026:13:38:24 +0200] "GET /wp-includes/Requests/src/Exception/ArgumentCount.php HTTP/1.1" 500 - "-" "Mozilla/5.0 AppleWebKit/537.36 (KHTML, like Gecko; compatible; ClaudeBot/1.0; +claudebot@anthropic.com)"
216.73.216.164 - - [28/Aug/2026:13:38:29 +0200] "GET /wp-includes/Requests/src/Auth/Basic.php HTTP/1.1" 500 - "-" "Mozilla/5.0 AppleWebKit/537.36 (KHTML, like Gecko; compatible; ClaudeBot/1.0; +claudebot@anthropic.com)"
216.73.216.164 - - [28/Aug/2026:13:39:09 +0200] "GET /wp-includes/Requests/src/Exception/?C=M&O=A HTTP/1.1" 200 1798 "-" "Mozilla/5.0 AppleWebKit/537.36 (KHTML, like Gecko; compatible; ClaudeBot/1.0; +claudebot@anthropic.com)"
216.73.216.164 - - [28/Aug/2026:13:39:09 +0200] "GET /wp-includes/Requests/src/Exception/Http.php HTTP/1.1" 500 - "-" "Mozilla/5.0 AppleWebKit/537.36 (KHTML, like Gecko; compatible; ClaudeBot/1.0; +claudebot@anthropic.com)"
216.73.216.164 - - [28/Aug/2026:13:39:54 +0200] "GET /wp-includes/Requests/src/Exception/?C=D&O=A HTTP/1.1" 200 1798 "-" "Mozilla/5.0 AppleWebKit/537.36 (KHTML, like Gecko; compatible; ClaudeBot/1.0; +claudebot@anthropic.com)"
57.141.20.35 - - [28/Aug/2026:13:40:27 +0200] "GET /products/34f69869900 HTTP/1.1" 404 - "-" "Mozilla/5.0 (Macintosh; Intel Mac OS X 10_15_7) AppleWebKit/537.36 (KHTML, like Gecko) Chrome/145.0.0.0 Safari/537.36 (compatible; meta-externalagent/1.1 (+https://developers.facebook.com/docs/sharing/webmasters/crawler))"
216.73.216.164 - - [28/Aug/2026:13:41:25 +0200] "GET /wp-includes/Requests/src/Auth/?C=N&O=D HTTP/1.1" 200 885 "-" "Mozilla/5.0 AppleWebKit/537.36 (KHTML, like Gecko; compatible; ClaudeBot/1.0; +claudebot@anthropic.com)"
57.141.20.18 - - [28/Aug/2026:13:41:35 +0200] "GET /products/de2411324526 HTTP/1.1" 404 - "-" "Mozilla/5.0 (Macintosh; Intel Mac OS X 10_15_7) AppleWebKit/537.36 (KHTML, like Gecko) Chrome/145.0.0.0 Safari/537.36 (compatible; meta-externalagent/1.1 (+https://developers.facebook.com/docs/sharing/webmasters/crawler))"
57.141.20.26 - - [28/Aug/2026:13:42:41 +0200] "GET /products/174c9290301 HTTP/1.1" 404 - "-" "Mozilla/5.0 (Windows NT 10.0; Win64; x64) AppleWebKit/537.36 (KHTML, like Gecko) Chrome/145.0.0.0 Safari/537.36 (compatible; meta-externalagent/1.1 (+https://developers.facebook.com/docs/sharing/webmasters/crawler))"
216.73.216.164 - - [28/Aug/2026:13:42:59 +0200] "GET /wp-includes/Requests/src/Exception/?C=N&O=D HTTP/1.1" 200 1798 "-" "Mozilla/5.0 AppleWebKit/537.36 (KHTML, like Gecko; compatible; ClaudeBot/1.0; +claudebot@anthropic.com)"
216.73.216.164 - - [28/Aug/2026:13:43:14 +0200] "GET /wp-includes/Requests/src/Response/?C=M&O=A HTTP/1.1" 200 895 "-" "Mozilla/5.0 AppleWebKit/537.36 (KHTML, like Gecko; compatible; ClaudeBot/1.0; +claudebot@anthropic.com)"
216.73.216.164 - - [28/Aug/2026:13:43:26 +0200] "GET /wp-includes/Requests/src/Exception/Http/ HTTP/1.1" 200 6715 "-" "Mozilla/5.0 AppleWebKit/537.36 (KHTML, like Gecko; compatible; ClaudeBot/1.0; +claudebot@anthropic.com)"
40.77.167.7 - - [28/Aug/2026:13:43:28 +0200] "POST /.well-known/shopify/monorail/unstable/produce_batch HTTP/1.1" 404 - "https://ctoptogo.org/gouvernance/" "Mozilla/5.0 AppleWebKit/537.36 (KHTML, like Gecko; compatible; bingbot/2.0; +http://www.bing.com/bingbot.htm) Chrome/136.0.0.0 Safari/537.36 AppleWebKit/537.36 (KHTML, like Gecko; compatible; bingbot/2.0; +http://www.bing.com/bingbot.htm) Chrome/116.0.1938.76 Safari/537.36"
40.77.167.7 - - [28/Aug/2026:13:43:28 +0200] "POST /.well-known/shopify/monorail/unstable/produce_batch HTTP/1.1" 404 - "https://ctoptogo.org/gouvernance/" "Mozilla/5.0 AppleWebKit/537.36 (KHTML, like Gecko; compatible; bingbot/2.0; +http://www.bing.com/bingbot.htm) Chrome/136.0.0.0 Safari/537.36 AppleWebKit/537.36 (KHTML, like Gecko; compatible; bingbot/2.0; +http://www.bing.com/bingbot.htm) Chrome/116.0.1938.76 Safari/537.36"
40.77.167.7 - - [28/Aug/2026:13:43:29 +0200] "POST /.well-known/shopify/monorail/unstable/produce_batch HTTP/1.1" 404 - "https://ctoptogo.org/gouvernance/" "Mozilla/5.0 AppleWebKit/537.36 (KHTML, like Gecko; compatible; bingbot/2.0; +http://www.bing.com/bingbot.htm) Chrome/136.0.0.0 Safari/537.36 AppleWebKit/537.36 (KHTML, like Gecko; compatible; bingbot/2.0; +http://www.bing.com/bingbot.htm) Chrome/116.0.1938.76 Safari/537.36"
40.77.167.7 - - [28/Aug/2026:13:43:29 +0200] "POST /.well-known/shopify/monorail/unstable/produce_batch HTTP/1.1" 404 - "https://ctoptogo.org/gouvernance/" "Mozilla/5.0 AppleWebKit/537.36 (KHTML, like Gecko; compatible; bingbot/2.0; +http://www.bing.com/bingbot.htm) Chrome/136.0.0.0 Safari/537.36 AppleWebKit/537.36 (KHTML, like Gecko; compatible; bingbot/2.0; +http://www.bing.com/bingbot.htm) Chrome/116.0.1938.76 Safari/537.36"
40.77.167.7 - - [28/Aug/2026:13:43:29 +0200] "POST /.well-known/shopify/monorail/unstable/produce_batch HTTP/1.1" 404 - "https://ctoptogo.org/gouvernance/" "Mozilla/5.0 AppleWebKit/537.36 (KHTML, like Gecko; compatible; bingbot/2.0; +http://www.bing.com/bingbot.htm) Chrome/136.0.0.0 Safari/537.36 AppleWebKit/537.36 (KHTML, like Gecko; compatible; bingbot/2.0; +http://www.bing.com/bingbot.htm) Chrome/116.0.1938.76 Safari/537.36"
40.77.167.7 - - [28/Aug/2026:13:43:29 +0200] "POST /.well-known/shopify/monorail/unstable/produce_batch HTTP/1.1" 404 - "https://ctoptogo.org/gouvernance/" "Mozilla/5.0 AppleWebKit/537.36 (KHTML, like Gecko; compatible; bingbot/2.0; +http://www.bing.com/bingbot.htm) Chrome/136.0.0.0 Safari/537.36 AppleWebKit/537.36 (KHTML, like Gecko; compatible; bingbot/2.0; +http://www.bing.com/bingbot.htm) Chrome/116.0.1938.76 Safari/537.36"
40.77.167.7 - - [28/Aug/2026:13:43:29 +0200] "POST /.well-known/shopify/monorail/unstable/produce_batch HTTP/1.1" 404 - "https://ctoptogo.org/gouvernance/" "Mozilla/5.0 AppleWebKit/537.36 (KHTML, like Gecko; compatible; bingbot/2.0; +http://www.bing.com/bingbot.htm) Chrome/136.0.0.0 Safari/537.36 AppleWebKit/537.36 (KHTML, like Gecko; compatible; bingbot/2.0; +http://www.bing.com/bingbot.htm) Chrome/116.0.1938.76 Safari/537.36"
40.77.167.7 - - [28/Aug/2026:13:43:29 +0200] "POST /.well-known/shopify/monorail/unstable/produce_batch HTTP/1.1" 404 - "https://ctoptogo.org/gouvernance/" "Mozilla/5.0 AppleWebKit/537.36 (KHTML, like Gecko; compatible; bingbot/2.0; +http://www.bing.com/bingbot.htm) Chrome/136.0.0.0 Safari/537.36 AppleWebKit/537.36 (KHTML, like Gecko; compatible; bingbot/2.0; +http://www.bing.com/bingbot.htm) Chrome/116.0.1938.76 Safari/537.36"
109.234.162.247 - - [28/Aug/2026:13:43:30 +0200] "POST /wp-cron.php?doing_wp_cron=1787917409.9968628883361816406250 HTTP/1.1" 200 - "-" "SBh6LWLhufGe"
34.66.93.9 - - [28/Aug/2026:13:43:28 +0200] "GET / HTTP/1.1" 200 416338 "-" "Mozilla/5.0 (X11; Linux x86_64) AppleWebKit/537.36 (KHTML, like Gecko) Chrome/124.0 Safari/537.36"
40.77.167.7 - - [28/Aug/2026:13:43:30 +0200] "POST /.well-known/shopify/monorail/unstable/produce_batch HTTP/1.1" 404 - "https://ctoptogo.org/gouvernance/" "Mozilla/5.0 AppleWebKit/537.36 (KHTML, like Gecko; compatible; bingbot/2.0; +http://www.bing.com/bingbot.htm) Chrome/136.0.0.0 Safari/537.36 AppleWebKit/537.36 (KHTML, like Gecko; compatible; bingbot/2.0; +http://www.bing.com/bingbot.htm) Chrome/116.0.1938.76 Safari/537.36"
40.77.179.38 - - [28/Aug/2026:13:43:30 +0200] "POST /.well-known/shopify/monorail/unstable/produce_batch HTTP/1.1" 404 - "https://ctoptogo.org/gouvernance/" "Mozilla/5.0 AppleWebKit/537.36 (KHTML, like Gecko; compatible; bingbot/2.0; +http://www.bing.com/bingbot.htm) Chrome/136.0.0.0 Safari/537.36"
40.77.179.38 - - [28/Aug/2026:13:43:30 +0200] "POST /.well-known/shopify/monorail/unstable/produce_batch HTTP/1.1" 404 - "https://ctoptogo.org/gouvernance/" "Mozilla/5.0 AppleWebKit/537.36 (KHTML, like Gecko; compatible; bingbot/2.0; +http://www.bing.com/bingbot.htm) Chrome/136.0.0.0 Safari/537.36"
40.77.167.7 - - [28/Aug/2026:13:43:30 +0200] "POST /.well-known/shopify/monorail/unstable/produce_batch HTTP/1.1" 404 - "https://ctoptogo.org/gouvernance/" "Mozilla/5.0 AppleWebKit/537.36 (KHTML, like Gecko; compatible; bingbot/2.0; +http://www.bing.com/bingbot.htm) Chrome/136.0.0.0 Safari/537.36 AppleWebKit/537.36 (KHTML, like Gecko; compatible; bingbot/2.0; +http://www.bing.com/bingbot.htm) Chrome/116.0.1938.76 Safari/537.36"
40.77.179.38 - - [28/Aug/2026:13:43:30 +0200] "POST /.well-known/shopify/monorail/unstable/produce_batch HTTP/1.1" 404 - "https://ctoptogo.org/gouvernance/" "Mozilla/5.0 AppleWebKit/537.36 (KHTML, like Gecko; compatible; bingbot/2.0; +http://www.bing.com/bingbot.htm) Chrome/136.0.0.0 Safari/537.36"
40.77.167.7 - - [28/Aug/2026:13:43:30 +0200] "POST /.well-known/shopify/monorail/unstable/produce_batch HTTP/1.1" 404 - "https://ctoptogo.org/gouvernance/" "Mozilla/5.0 AppleWebKit/537.36 (KHTML, like Gecko; compatible; bingbot/2.0; +http://www.bing.com/bingbot.htm) Chrome/136.0.0.0 Safari/537.36 AppleWebKit/537.36 (KHTML, like Gecko; compatible; bingbot/2.0; +http://www.bing.com/bingbot.htm) Chrome/116.0.1938.76 Safari/537.36"
40.77.179.38 - - [28/Aug/2026:13:43:30 +0200] "POST /.well-known/shopify/monorail/unstable/produce_batch HTTP/1.1" 404 - "https://ctoptogo.org/gouvernance/" "Mozilla/5.0 AppleWebKit/537.36 (KHTML, like Gecko; compatible; bingbot/2.0; +http://www.bing.com/bingbot.htm) Chrome/136.0.0.0 Safari/537.36"
40.77.167.7 - - [28/Aug/2026:13:43:30 +0200] "POST /.well-known/shopify/monorail/unstable/produce_batch HTTP/1.1" 404 - "https://ctoptogo.org/gouvernance/" "Mozilla/5.0 AppleWebKit/537.36 (KHTML, like Gecko; compatible; bingbot/2.0; +http://www.bing.com/bingbot.htm) Chrome/136.0.0.0 Safari/537.36 AppleWebKit/537.36 (KHTML, like Gecko; compatible; bingbot/2.0; +http://www.bing.com/bingbot.htm) Chrome/116.0.1938.76 Safari/537.36"
40.77.179.38 - - [28/Aug/2026:13:43:30 +0200] "POST /.well-known/shopify/monorail/unstable/produce_batch HTTP/1.1" 404 - "https://ctoptogo.org/gouvernance/" "Mozilla/5.0 AppleWebKit/537.36 (KHTML, like Gecko; compatible; bingbot/2.0; +http://www.bing.com/bingbot.htm) Chrome/136.0.0.0 Safari/537.36"
40.77.167.7 - - [28/Aug/2026:13:43:30 +0200] "POST /.well-known/shopify/monorail/unstable/produce_batch HTTP/1.1" 404 - "https://ctoptogo.org/gouvernance/" "Mozilla/5.0 AppleWebKit/537.36 (KHTML, like Gecko; compatible; bingbot/2.0; +http://www.bing.com/bingbot.htm) Chrome/136.0.0.0 Safari/537.36 AppleWebKit/537.36 (KHTML, like Gecko; compatible; bingbot/2.0; +http://www.bing.com/bingbot.htm) Chrome/116.0.1938.76 Safari/537.36"
40.77.179.38 - - [28/Aug/2026:13:43:30 +0200] "POST /.well-known/shopify/monorail/unstable/produce_batch HTTP/1.1" 404 - "https://ctoptogo.org/gouvernance/" "Mozilla/5.0 AppleWebKit/537.36 (KHTML, like Gecko; compatible; bingbot/2.0; +http://www.bing.com/bingbot.htm) Chrome/136.0.0.0 Safari/537.36"
40.77.167.7 - - [28/Aug/2026:13:43:30 +0200] "POST /.well-known/shopify/monorail/unstable/produce_batch HTTP/1.1" 404 - "https://ctoptogo.org/gouvernance/" "Mozilla/5.0 AppleWebKit/537.36 (KHTML, like Gecko; compatible; bingbot/2.0; +http://www.bing.com/bingbot.htm) Chrome/136.0.0.0 Safari/537.36 AppleWebKit/537.36 (KHTML, like Gecko; compatible; bingbot/2.0; +http://www.bing.com/bingbot.htm) Chrome/116.0.1938.76 Safari/537.36"
40.77.179.38 - - [28/Aug/2026:13:43:30 +0200] "POST /cdn-cgi/rum? HTTP/1.1" 404 - "https://ctoptogo.org/gouvernance/" "Mozilla/5.0 AppleWebKit/537.36 (KHTML, like Gecko; compatible; bingbot/2.0; +http://www.bing.com/bingbot.htm) Chrome/136.0.0.0 Safari/537.36"
40.77.179.38 - - [28/Aug/2026:13:43:30 +0200] "POST /.well-known/shopify/monorail/unstable/produce_batch HTTP/1.1" 404 - "https://ctoptogo.org/gouvernance/" "Mozilla/5.0 AppleWebKit/537.36 (KHTML, like Gecko; compatible; bingbot/2.0; +http://www.bing.com/bingbot.htm) Chrome/136.0.0.0 Safari/537.36"
40.77.167.7 - - [28/Aug/2026:13:43:30 +0200] "POST /.well-known/shopify/monorail/unstable/produce_batch HTTP/1.1" 404 - "https://ctoptogo.org/gouvernance/" "Mozilla/5.0 AppleWebKit/537.36 (KHTML, like Gecko; compatible; bingbot/2.0; +http://www.bing.com/bingbot.htm) Chrome/136.0.0.0 Safari/537.36 AppleWebKit/537.36 (KHTML, like Gecko; compatible; bingbot/2.0; +http://www.bing.com/bingbot.htm) Chrome/116.0.1938.76 Safari/537.36"
40.77.179.38 - - [28/Aug/2026:13:43:30 +0200] "POST /.well-known/shopify/monorail/unstable/produce_batch HTTP/1.1" 404 - "https://ctoptogo.org/gouvernance/" "Mozilla/5.0 AppleWebKit/537.36 (KHTML, like Gecko; compatible; bingbot/2.0; +http://www.bing.com/bingbot.htm) Chrome/136.0.0.0 Safari/537.36"
40.77.179.38 - - [28/Aug/2026:13:43:30 +0200] "POST /.well-known/shopify/monorail/unstable/produce_batch HTTP/1.1" 404 - "https://ctoptogo.org/gouvernance/" "Mozilla/5.0 AppleWebKit/537.36 (KHTML, like Gecko; compatible; bingbot/2.0; +http://www.bing.com/bingbot.htm) Chrome/136.0.0.0 Safari/537.36"
40.77.179.38 - - [28/Aug/2026:13:43:33 +0200] "POST /cdn-cgi/rum? HTTP/1.1" 404 - "https://ctoptogo.org/gouvernance/" "Mozilla/5.0 (Windows NT 10.0; Win64; x64) AppleWebKit/537.36 (KHTML, like Gecko) HeadlessChrome/146.0.7680.165 Safari/537.36"
40.77.179.38 - - [28/Aug/2026:13:43:33 +0200] "POST /.well-known/shopify/monorail/v1/produce HTTP/1.1" 404 - "https://ctoptogo.org/gouvernance/" "Mozilla/5.0 (Windows NT 10.0; Win64; x64) AppleWebKit/537.36 (KHTML, like Gecko) HeadlessChrome/146.0.7680.165 Safari/537.36"
216.73.216.164 - - [28/Aug/2026:13:43:59 +0200] "GET /wp-includes/Requests/src/Utility/CaseInsensitiveDictionary.php HTTP/1.1" 200 - "-" "Mozilla/5.0 AppleWebKit/537.36 (KHTML, like Gecko; compatible; ClaudeBot/1.0; +claudebot@anthropic.com)"
216.73.216.164 - - [28/Aug/2026:13:43:59 +0200] "GET /wp-includes/Requests/src/Utility/InputValidator.php HTTP/1.1" 200 - "-" "Mozilla/5.0 AppleWebKit/537.36 (KHTML, like Gecko; compatible; ClaudeBot/1.0; +claudebot@anthropic.com)"
216.73.216.164 - - [28/Aug/2026:13:44:00 +0200] "GET /wp-includes/Requests/src/Utility/FilteredIterator.php HTTP/1.1" 200 - "-" "Mozilla/5.0 AppleWebKit/537.36 (KHTML, like Gecko; compatible; ClaudeBot/1.0; +claudebot@anthropic.com)"
216.73.216.164 - - [28/Aug/2026:13:44:00 +0200] "GET /wp-includes/Requests/src/Proxy/Http.php HTTP/1.1" 500 - "-" "Mozilla/5.0 AppleWebKit/537.36 (KHTML, like Gecko; compatible; ClaudeBot/1.0; +claudebot@anthropic.com)"
9.129.58.46 - - [28/Aug/2026:13:44:03 +0200] "GET /product/cafe-moulu/ HTTP/1.1" 404 - "-" "Mozilla/5.0 AppleWebKit/537.36 (KHTML, like Gecko); compatible; ChatGPT-User/1.0; +https://openai.com/bot"
216.73.216.164 - - [28/Aug/2026:13:44:44 +0200] "GET /wp-includes/js/jquery/ui/effect-explode.js HTTP/1.1" 200 2924 "-" "Mozilla/5.0 AppleWebKit/537.36 (KHTML, like Gecko; compatible; ClaudeBot/1.0; +claudebot@anthropic.com)"
216.73.216.164 - - [28/Aug/2026:13:44:44 +0200] "GET /wp-includes/Requests/src/Cookie/Jar.php HTTP/1.1" 200 - "-" "Mozilla/5.0 AppleWebKit/537.36 (KHTML, like Gecko; compatible; ClaudeBot/1.0; +claudebot@anthropic.com)"
216.73.216.164 - - [28/Aug/2026:13:44:45 +0200] "GET /wp-includes/Requests/src/Transport/Curl.php HTTP/1.1" 500 - "-" "Mozilla/5.0 AppleWebKit/537.36 (KHTML, like Gecko; compatible; ClaudeBot/1.0; +claudebot@anthropic.com)"
216.73.216.164 - - [28/Aug/2026:13:44:45 +0200] "GET /wp-includes/Requests/src/Transport/Fsockopen.php HTTP/1.1" 500 - "-" "Mozilla/5.0 AppleWebKit/537.36 (KHTML, like Gecko; compatible; ClaudeBot/1.0; +claudebot@anthropic.com)"
216.73.216.164 - - [28/Aug/2026:13:44:53 +0200] "GET /wp-includes/rest-api/endpoints/class-wp-rest-terms-controller.php HTTP/1.1" 500 - "-" "Mozilla/5.0 AppleWebKit/537.36 (KHTML, like Gecko; compatible; ClaudeBot/1.0; +claudebot@anthropic.com)"
216.73.216.164 - - [28/Aug/2026:13:44:53 +0200] "GET /wp-includes/css/dist/patterns/style-rtl.css HTTP/1.1" 200 1988 "-" "Mozilla/5.0 AppleWebKit/537.36 (KHTML, like Gecko; compatible; ClaudeBot/1.0; +claudebot@anthropic.com)"
216.73.216.164 - - [28/Aug/2026:13:44:53 +0200] "GET /wp-includes/js/jquery/ui/effect.js HTTP/1.1" 200 24613 "-" "Mozilla/5.0 AppleWebKit/537.36 (KHTML, like Gecko; compatible; ClaudeBot/1.0; +claudebot@anthropic.com)"
216.73.216.164 - - [28/Aug/2026:13:44:54 +0200] "GET /wp-includes/js/jquery/ui/button.js HTTP/1.1" 200 11706 "-" "Mozilla/5.0 AppleWebKit/537.36 (KHTML, like Gecko; compatible; ClaudeBot/1.0; +claudebot@anthropic.com)"
57.141.20.28 - - [28/Aug/2026:13:44:54 +0200] "GET /products/33176257457 HTTP/1.1" 404 - "-" "Mozilla/5.0 (Windows NT 10.0; Win64; x64) AppleWebKit/537.36 (KHTML, like Gecko) Chrome/145.0.0.0 Safari/537.36 (compatible; meta-externalagent/1.1 (+https://developers.facebook.com/docs/sharing/webmasters/crawler))"
216.73.216.164 - - [28/Aug/2026:13:45:22 +0200] "GET /wp-includes/rest-api/endpoints/class-wp-rest-settings-controller.php HTTP/1.1" 500 - "-" "Mozilla/5.0 AppleWebKit/537.36 (KHTML, like Gecko; compatible; ClaudeBot/1.0; +claudebot@anthropic.com)"
216.73.216.164 - - [28/Aug/2026:13:45:22 +0200] "GET /wp-includes/js/jquery/ui/progressbar.js HTTP/1.1" 200 4239 "-" "Mozilla/5.0 AppleWebKit/537.36 (KHTML, like Gecko; compatible; ClaudeBot/1.0; +claudebot@anthropic.com)"
216.73.216.164 - - [28/Aug/2026:13:45:22 +0200] "GET /wp-includes/js/jquery/ui/selectable.js HTTP/1.1" 200 8129 "-" "Mozilla/5.0 AppleWebKit/537.36 (KHTML, like Gecko; compatible; ClaudeBot/1.0; +claudebot@anthropic.com)"
216.73.216.164 - - [28/Aug/2026:13:45:23 +0200] "GET /wp-includes/rest-api/endpoints/class-wp-rest-blocks-controller.php HTTP/1.1" 500 - "-" "Mozilla/5.0 AppleWebKit/537.36 (KHTML, like Gecko; compatible; ClaudeBot/1.0; +claudebot@anthropic.com)"
216.73.216.164 - - [28/Aug/2026:13:45:27 +0200] "GET /wp-includes/rest-api/endpoints/class-wp-rest-navigation-fallback-controller.php HTTP/1.1" 500 - "-" "Mozilla/5.0 AppleWebKit/537.36 (KHTML, like Gecko; compatible; ClaudeBot/1.0; +claudebot@anthropic.com)"
216.73.216.164 - - [28/Aug/2026:13:45:27 +0200] "GET /wp-includes/rest-api/endpoints/class-wp-rest-attachments-controller.php HTTP/1.1" 500 - "-" "Mozilla/5.0 AppleWebKit/537.36 (KHTML, like Gecko; compatible; ClaudeBot/1.0; +claudebot@anthropic.com)"
216.73.216.164 - - [28/Aug/2026:13:45:27 +0200] "GET /wp-includes/rest-api/fields/class-wp-rest-meta-fields.php HTTP/1.1" 200 - "-" "Mozilla/5.0 AppleWebKit/537.36 (KHTML, like Gecko; compatible; ClaudeBot/1.0; +claudebot@anthropic.com)"
216.73.216.164 - - [28/Aug/2026:13:45:28 +0200] "GET /wp-includes/rest-api/endpoints/class-wp-rest-post-types-controller.php HTTP/1.1" 500 - "-" "Mozilla/5.0 AppleWebKit/537.36 (KHTML, like Gecko; compatible; ClaudeBot/1.0; +claudebot@anthropic.com)"
216.73.216.164 - - [28/Aug/2026:13:45:40 +0200] "GET /wp-includes/js/jquery/ui/effect-explode.min.js HTTP/1.1" 200 1122 "-" "Mozilla/5.0 AppleWebKit/537.36 (KHTML, like Gecko; compatible; ClaudeBot/1.0; +claudebot@anthropic.com)"
216.73.216.164 - - [28/Aug/2026:13:45:40 +0200] "GET /wp-includes/js/jquery/ui/selectmenu.js HTTP/1.1" 200 16346 "-" "Mozilla/5.0 AppleWebKit/537.36 (KHTML, like Gecko; compatible; ClaudeBot/1.0; +claudebot@anthropic.com)"
216.73.216.164 - - [28/Aug/2026:13:45:40 +0200] "GET /wp-includes/js/jquery/ui/sortable.js HTTP/1.1" 200 47641 "-" "Mozilla/5.0 AppleWebKit/537.36 (KHTML, like Gecko; compatible; ClaudeBot/1.0; +claudebot@anthropic.com)"
216.73.216.164 - - [28/Aug/2026:13:45:40 +0200] "GET /wp-includes/rest-api/endpoints/class-wp-rest-widget-types-controller.php HTTP/1.1" 500 - "-" "Mozilla/5.0 AppleWebKit/537.36 (KHTML, like Gecko; compatible; ClaudeBot/1.0; +claudebot@anthropic.com)"
57.141.20.62 - - [28/Aug/2026:13:46:01 +0200] "GET /products/5e6694001209 HTTP/1.1" 404 - "-" "Mozilla/5.0 (Macintosh; Intel Mac OS X 10_15_7) AppleWebKit/537.36 (KHTML, like Gecko) Chrome/145.0.0.0 Safari/537.36 (compatible; meta-externalagent/1.1 (+https://developers.facebook.com/docs/sharing/webmasters/crawler))"
216.73.216.164 - - [28/Aug/2026:13:46:02 +0200] "GET /wp-includes/js/jquery/ui/tooltip.js HTTP/1.1" 200 14476 "-" "Mozilla/5.0 AppleWebKit/537.36 (KHTML, like Gecko; compatible; ClaudeBot/1.0; +claudebot@anthropic.com)"
216.73.216.164 - - [28/Aug/2026:13:46:02 +0200] "GET /wp-includes/js/jquery/ui/menu.js HTTP/1.1" 200 18960 "-" "Mozilla/5.0 AppleWebKit/537.36 (KHTML, like Gecko; compatible; ClaudeBot/1.0; +claudebot@anthropic.com)"
216.73.216.164 - - [28/Aug/2026:13:46:02 +0200] "GET /wp-includes/js/jquery/ui/controlgroup.js HTTP/1.1" 200 8626 "-" "Mozilla/5.0 AppleWebKit/537.36 (KHTML, like Gecko; compatible; ClaudeBot/1.0; +claudebot@anthropic.com)"
216.73.216.164 - - [28/Aug/2026:13:46:03 +0200] "GET /wp-includes/js/jquery/ui/effect-transfer.js HTTP/1.1" 200 888 "-" "Mozilla/5.0 AppleWebKit/537.36 (KHTML, like Gecko; compatible; ClaudeBot/1.0; +claudebot@anthropic.com)"
216.73.216.164 - - [28/Aug/2026:13:46:29 +0200] "GET /wp-includes/rest-api/endpoints/class-wp-rest-block-directory-controller.php HTTP/1.1" 500 - "-" "Mozilla/5.0 AppleWebKit/537.36 (KHTML, like Gecko; compatible; ClaudeBot/1.0; +claudebot@anthropic.com)"
216.73.216.164 - - [28/Aug/2026:13:46:30 +0200] "GET /wp-includes/js/jquery/ui/effect-scale.js HTTP/1.1" 200 1373 "-" "Mozilla/5.0 AppleWebKit/537.36 (KHTML, like Gecko; compatible; ClaudeBot/1.0; +claudebot@anthropic.com)"
216.73.216.164 - - [28/Aug/2026:13:46:30 +0200] "GET /wp-includes/js/jquery/ui/mouse.js HTTP/1.1" 200 6227 "-" "Mozilla/5.0 AppleWebKit/537.36 (KHTML, like Gecko; compatible; ClaudeBot/1.0; +claudebot@anthropic.com)"
216.73.216.164 - - [28/Aug/2026:13:46:31 +0200] "GET /wp-includes/js/jquery/ui/core.js HTTP/1.1" 200 49888 "-" "Mozilla/5.0 AppleWebKit/537.36 (KHTML, like Gecko; compatible; ClaudeBot/1.0; +claudebot@anthropic.com)"
216.73.216.164 - - [28/Aug/2026:13:46:43 +0200] "GET /wp-includes/js/jquery/ui/draggable.js HTTP/1.1" 200 35546 "-" "Mozilla/5.0 AppleWebKit/537.36 (KHTML, like Gecko; compatible; ClaudeBot/1.0; +claudebot@anthropic.com)"
216.73.216.164 - - [28/Aug/2026:13:46:43 +0200] "GET /wp-includes/js/jquery/ui/button.min.js HTTP/1.1" 200 6154 "-" "Mozilla/5.0 AppleWebKit/537.36 (KHTML, like Gecko; compatible; ClaudeBot/1.0; +claudebot@anthropic.com)"
216.73.216.164 - - [28/Aug/2026:13:46:44 +0200] "GET /wp-includes/rest-api/endpoints/class-wp-rest-menus-controller.php HTTP/1.1" 500 - "-" "Mozilla/5.0 AppleWebKit/537.36 (KHTML, like Gecko; compatible; ClaudeBot/1.0; +claudebot@anthropic.com)"
216.73.216.164 - - [28/Aug/2026:13:46:44 +0200] "GET /wp-includes/js/jquery/ui/effect-drop.js HTTP/1.1" 200 1595 "-" "Mozilla/5.0 AppleWebKit/537.36 (KHTML, like Gecko; compatible; ClaudeBot/1.0; +claudebot@anthropic.com)"
216.73.216.164 - - [28/Aug/2026:13:47:06 +0200] "GET /wp-includes/js/jquery/ui/progressbar.min.js HTTP/1.1" 200 2558 "-" "Mozilla/5.0 AppleWebKit/537.36 (KHTML, like Gecko; compatible; ClaudeBot/1.0; +claudebot@anthropic.com)"
216.73.216.164 - - [28/Aug/2026:13:47:06 +0200] "GET /wp-includes/js/jquery/ui/selectable.min.js HTTP/1.1" 200 4506 "-" "Mozilla/5.0 AppleWebKit/537.36 (KHTML, like Gecko; compatible; ClaudeBot/1.0; +claudebot@anthropic.com)"
216.73.216.164 - - [28/Aug/2026:13:47:07 +0200] "GET /wp-includes/js/jquery/ui/effect.min.js HTTP/1.1" 200 10332 "-" "Mozilla/5.0 AppleWebKit/537.36 (KHTML, like Gecko; compatible; ClaudeBot/1.0; +claudebot@anthropic.com)"
216.73.216.164 - - [28/Aug/2026:13:47:07 +0200] "GET /wp-includes/js/jquery/ui/effect-puff.js HTTP/1.1" 200 995 "-" "Mozilla/5.0 AppleWebKit/537.36 (KHTML, like Gecko; compatible; ClaudeBot/1.0; +claudebot@anthropic.com)"
57.141.20.71 - - [28/Aug/2026:13:47:08 +0200] "GET /products/9896c3323838 HTTP/1.1" 404 - "-" "Mozilla/5.0 (Macintosh; Intel Mac OS X 10_15_7) AppleWebKit/537.36 (KHTML, like Gecko) Chrome/145.0.0.0 Safari/537.36 (compatible; meta-externalagent/1.1 (+https://developers.facebook.com/docs/sharing/webmasters/crawler))"
216.73.216.164 - - [28/Aug/2026:13:47:21 +0200] "GET /wp-includes/js/jquery/ui/datepicker.js HTTP/1.1" 200 82523 "-" "Mozilla/5.0 AppleWebKit/537.36 (KHTML, like Gecko; compatible; ClaudeBot/1.0; +claudebot@anthropic.com)"
216.73.216.164 - - [28/Aug/2026:13:47:21 +0200] "GET /wp-includes/js/jquery/ui/effect-shake.js HTTP/1.1" 200 1884 "-" "Mozilla/5.0 AppleWebKit/537.36 (KHTML, like Gecko; compatible; ClaudeBot/1.0; +claudebot@anthropic.com)"
216.73.216.164 - - [28/Aug/2026:13:47:21 +0200] "GET /wp-includes/js/jquery/ui/droppable.js HTTP/1.1" 200 12899 "-" "Mozilla/5.0 AppleWebKit/537.36 (KHTML, like Gecko; compatible; ClaudeBot/1.0; +claudebot@anthropic.com)"
