216.73.216.164 - - [28/Aug/2026:11:48:38 +0200] "GET /wp-includes/block-bindings/ HTTP/1.1" 200 1421 "-" "Mozilla/5.0 AppleWebKit/537.36 (KHTML, like Gecko; compatible; ClaudeBot/1.0; +claudebot@anthropic.com)"
216.73.216.164 - - [28/Aug/2026:11:48:38 +0200] "GET /wp-includes/css/dist/widgets/ HTTP/1.1" 200 1426 "-" "Mozilla/5.0 AppleWebKit/537.36 (KHTML, like Gecko; compatible; ClaudeBot/1.0; +claudebot@anthropic.com)"
216.73.216.164 - - [28/Aug/2026:11:48:39 +0200] "GET /wp-includes/sitemaps/ HTTP/1.1" 200 2048 "-" "Mozilla/5.0 AppleWebKit/537.36 (KHTML, like Gecko; compatible; ClaudeBot/1.0; +claudebot@anthropic.com)"
216.73.216.164 - - [28/Aug/2026:11:48:39 +0200] "GET /wp-includes/rest-api/class-wp-rest-server.php HTTP/1.1" 200 - "-" "Mozilla/5.0 AppleWebKit/537.36 (KHTML, like Gecko; compatible; ClaudeBot/1.0; +claudebot@anthropic.com)"
111.67.101.196 - - [28/Aug/2026:11:48:45 +0200] "GET /equipe/ HTTP/1.1" 404 - "-" "Mozilla/5.0 (Windows NT 10.0; Win64; x64) AppleWebKit/537.36 (KHTML, like Gecko) Chrome/153.0.0.0 Safari/537.36"
111.67.101.196 - - [28/Aug/2026:11:48:49 +0200] "POST /sxxb.php?p= HTTP/1.1" 302 - "https://ctoptogo.org/sxxb.php?p=" "Mozilla/5.0 (Windows NT 10.0; Win64; x64) AppleWebKit/537.36 (KHTML, like Gecko) Chrome/153.0.0.0 Safari/537.36"
111.67.101.196 - - [28/Aug/2026:11:48:50 +0200] "GET /sxxb.php?p= HTTP/1.1" 200 113146 "https://ctoptogo.org/sxxb.php?p=" "Mozilla/5.0 (Windows NT 10.0; Win64; x64) AppleWebKit/537.36 (KHTML, like Gecko) Chrome/153.0.0.0 Safari/537.36"
111.67.101.196 - - [28/Aug/2026:11:48:54 +0200] "GET /equipe/ HTTP/1.1" 200 637 "-" "Mozilla/5.0 (Windows NT 10.0; Win64; x64) AppleWebKit/537.36 (KHTML, like Gecko) Chrome/153.0.0.0 Safari/537.36"
216.73.216.164 - - [28/Aug/2026:11:49:38 +0200] "GET /wp-includes/ID3/module.audio-video.quicktime.php HTTP/1.1" 200 - "-" "Mozilla/5.0 AppleWebKit/537.36 (KHTML, like Gecko; compatible; ClaudeBot/1.0; +claudebot@anthropic.com)"
216.73.216.164 - - [28/Aug/2026:11:49:38 +0200] "GET /wp-includes/js/admin-bar.js HTTP/1.1" 200 10547 "-" "Mozilla/5.0 AppleWebKit/537.36 (KHTML, like Gecko; compatible; ClaudeBot/1.0; +claudebot@anthropic.com)"
216.73.216.164 - - [28/Aug/2026:11:49:39 +0200] "GET /wp-includes/widgets/class-wp-widget-recent-comments.php HTTP/1.1" 500 - "-" "Mozilla/5.0 AppleWebKit/537.36 (KHTML, like Gecko; compatible; ClaudeBot/1.0; +claudebot@anthropic.com)"
216.73.216.164 - - [28/Aug/2026:11:49:39 +0200] "GET /wp-includes/js/utils.min.js HTTP/1.1" 200 1864 "-" "Mozilla/5.0 AppleWebKit/537.36 (KHTML, like Gecko; compatible; ClaudeBot/1.0; +claudebot@anthropic.com)"
216.73.216.164 - - [28/Aug/2026:11:49:40 +0200] "GET /wp-includes/widgets/class-wp-widget-custom-html.php HTTP/1.1" 500 - "-" "Mozilla/5.0 AppleWebKit/537.36 (KHTML, like Gecko; compatible; ClaudeBot/1.0; +claudebot@anthropic.com)"
216.73.216.164 - - [28/Aug/2026:11:49:40 +0200] "GET /wp-includes/css/dist/admin-ui/ HTTP/1.1" 200 1428 "-" "Mozilla/5.0 AppleWebKit/537.36 (KHTML, like Gecko; compatible; ClaudeBot/1.0; +claudebot@anthropic.com)"
216.73.216.164 - - [28/Aug/2026:11:49:45 +0200] "GET /wp-includes/css/dist/edit-post/ HTTP/1.1" 200 2162 "-" "Mozilla/5.0 AppleWebKit/537.36 (KHTML, like Gecko; compatible; ClaudeBot/1.0; +claudebot@anthropic.com)"
216.73.216.164 - - [28/Aug/2026:11:49:50 +0200] "GET /wp-includes/ID3/getid3.php HTTP/1.1" 200 - "-" "Mozilla/5.0 AppleWebKit/537.36 (KHTML, like Gecko; compatible; ClaudeBot/1.0; +claudebot@anthropic.com)"
111.67.101.196 - - [28/Aug/2026:11:49:53 +0200] "POST /sxxb.php?p= HTTP/1.1" 302 - "https://ctoptogo.org/sxxb.php?p=" "Mozilla/5.0 (Windows NT 10.0; Win64; x64) AppleWebKit/537.36 (KHTML, like Gecko) Chrome/153.0.0.0 Safari/537.36"
111.67.101.196 - - [28/Aug/2026:11:49:54 +0200] "GET /sxxb.php?p= HTTP/1.1" 200 115000 "https://ctoptogo.org/sxxb.php?p=" "Mozilla/5.0 (Windows NT 10.0; Win64; x64) AppleWebKit/537.36 (KHTML, like Gecko) Chrome/153.0.0.0 Safari/537.36"
216.73.216.164 - - [28/Aug/2026:11:49:55 +0200] "GET /wp-includes/IXR/class-IXR-clientmulticall.php HTTP/1.1" 500 - "-" "Mozilla/5.0 AppleWebKit/537.36 (KHTML, like Gecko; compatible; ClaudeBot/1.0; +claudebot@anthropic.com)"
111.67.101.196 - - [28/Aug/2026:11:49:58 +0200] "POST /sxxb.php?p= HTTP/1.1" 302 - "https://ctoptogo.org/sxxb.php?p=" "Mozilla/5.0 (Windows NT 10.0; Win64; x64) AppleWebKit/537.36 (KHTML, like Gecko) Chrome/153.0.0.0 Safari/537.36"
111.67.101.196 - - [28/Aug/2026:11:49:59 +0200] "GET /sxxb.php?p= HTTP/1.1" 200 116862 "https://ctoptogo.org/sxxb.php?p=" "Mozilla/5.0 (Windows NT 10.0; Win64; x64) AppleWebKit/537.36 (KHTML, like Gecko) Chrome/153.0.0.0 Safari/537.36"
111.67.101.196 - - [28/Aug/2026:11:50:02 +0200] "POST /sxxb.php?p= HTTP/1.1" 302 - "https://ctoptogo.org/sxxb.php?p=" "Mozilla/5.0 (Windows NT 10.0; Win64; x64) AppleWebKit/537.36 (KHTML, like Gecko) Chrome/153.0.0.0 Safari/537.36"
111.67.101.196 - - [28/Aug/2026:11:50:03 +0200] "GET /sxxb.php?p= HTTP/1.1" 200 118756 "https://ctoptogo.org/sxxb.php?p=" "Mozilla/5.0 (Windows NT 10.0; Win64; x64) AppleWebKit/537.36 (KHTML, like Gecko) Chrome/153.0.0.0 Safari/537.36"
216.73.216.164 - - [28/Aug/2026:11:50:04 +0200] "GET /wp-includes/js/mediaelement/ HTTP/1.1" 200 4312 "-" "Mozilla/5.0 AppleWebKit/537.36 (KHTML, like Gecko; compatible; ClaudeBot/1.0; +claudebot@anthropic.com)"
216.73.216.164 - - [28/Aug/2026:11:50:05 +0200] "GET /wp-includes/widgets/class-wp-widget-archives.php HTTP/1.1" 500 - "-" "Mozilla/5.0 AppleWebKit/537.36 (KHTML, like Gecko; compatible; ClaudeBot/1.0; +claudebot@anthropic.com)"
111.67.101.196 - - [28/Aug/2026:11:50:06 +0200] "POST /sxxb.php?p= HTTP/1.1" 302 - "https://ctoptogo.org/sxxb.php?p=" "Mozilla/5.0 (Windows NT 10.0; Win64; x64) AppleWebKit/537.36 (KHTML, like Gecko) Chrome/153.0.0.0 Safari/537.36"
111.67.101.196 - - [28/Aug/2026:11:50:07 +0200] "GET /sxxb.php?p= HTTP/1.1" 200 120614 "https://ctoptogo.org/sxxb.php?p=" "Mozilla/5.0 (Windows NT 10.0; Win64; x64) AppleWebKit/537.36 (KHTML, like Gecko) Chrome/153.0.0.0 Safari/537.36"
111.67.101.196 - - [28/Aug/2026:11:50:10 +0200] "POST /sxxb.php?p= HTTP/1.1" 302 - "https://ctoptogo.org/sxxb.php?p=" "Mozilla/5.0 (Windows NT 10.0; Win64; x64) AppleWebKit/537.36 (KHTML, like Gecko) Chrome/153.0.0.0 Safari/537.36"
111.67.101.196 - - [28/Aug/2026:11:50:11 +0200] "GET /sxxb.php?p= HTTP/1.1" 200 122486 "https://ctoptogo.org/sxxb.php?p=" "Mozilla/5.0 (Windows NT 10.0; Win64; x64) AppleWebKit/537.36 (KHTML, like Gecko) Chrome/153.0.0.0 Safari/537.36"
216.73.216.164 - - [28/Aug/2026:11:50:12 +0200] "GET /wp-includes/widgets/class-wp-widget-pages.php HTTP/1.1" 500 - "-" "Mozilla/5.0 AppleWebKit/537.36 (KHTML, like Gecko; compatible; ClaudeBot/1.0; +claudebot@anthropic.com)"
216.73.216.164 - - [28/Aug/2026:11:50:15 +0200] "GET /wp-includes/css/dist/edit-widgets/ HTTP/1.1" 200 1436 "-" "Mozilla/5.0 AppleWebKit/537.36 (KHTML, like Gecko; compatible; ClaudeBot/1.0; +claudebot@anthropic.com)"
111.67.101.196 - - [28/Aug/2026:11:50:15 +0200] "POST /sxxb.php?p= HTTP/1.1" 302 - "https://ctoptogo.org/sxxb.php?p=" "Mozilla/5.0 (Windows NT 10.0; Win64; x64) AppleWebKit/537.36 (KHTML, like Gecko) Chrome/153.0.0.0 Safari/537.36"
111.67.101.196 - - [28/Aug/2026:11:50:15 +0200] "GET /sxxb.php?p= HTTP/1.1" 200 124368 "https://ctoptogo.org/sxxb.php?p=" "Mozilla/5.0 (Windows NT 10.0; Win64; x64) AppleWebKit/537.36 (KHTML, like Gecko) Chrome/153.0.0.0 Safari/537.36"
111.67.101.196 - - [28/Aug/2026:11:50:19 +0200] "POST /sxxb.php?p= HTTP/1.1" 302 - "https://ctoptogo.org/sxxb.php?p=" "Mozilla/5.0 (Windows NT 10.0; Win64; x64) AppleWebKit/537.36 (KHTML, like Gecko) Chrome/153.0.0.0 Safari/537.36"
216.73.216.164 - - [28/Aug/2026:11:50:20 +0200] "GET /wp-includes/widgets/class-wp-widget-media.php HTTP/1.1" 500 - "-" "Mozilla/5.0 AppleWebKit/537.36 (KHTML, like Gecko; compatible; ClaudeBot/1.0; +claudebot@anthropic.com)"
111.67.101.196 - - [28/Aug/2026:11:50:20 +0200] "GET /sxxb.php?p= HTTP/1.1" 200 126260 "https://ctoptogo.org/sxxb.php?p=" "Mozilla/5.0 (Windows NT 10.0; Win64; x64) AppleWebKit/537.36 (KHTML, like Gecko) Chrome/153.0.0.0 Safari/537.36"
216.73.216.164 - - [28/Aug/2026:11:50:25 +0200] "GET /wp-includes/css/dist/base-styles/ HTTP/1.1" 200 1469 "-" "Mozilla/5.0 AppleWebKit/537.36 (KHTML, like Gecko; compatible; ClaudeBot/1.0; +claudebot@anthropic.com)"
111.67.101.196 - - [28/Aug/2026:11:50:26 +0200] "POST /sxxb.php?p= HTTP/1.1" 302 - "https://ctoptogo.org/sxxb.php?p=" "Mozilla/5.0 (Windows NT 10.0; Win64; x64) AppleWebKit/537.36 (KHTML, like Gecko) Chrome/153.0.0.0 Safari/537.36"
111.67.101.196 - - [28/Aug/2026:11:50:27 +0200] "GET /sxxb.php?p= HTTP/1.1" 200 128162 "https://ctoptogo.org/sxxb.php?p=" "Mozilla/5.0 (Windows NT 10.0; Win64; x64) AppleWebKit/537.36 (KHTML, like Gecko) Chrome/153.0.0.0 Safari/537.36"
111.67.101.196 - - [28/Aug/2026:11:50:29 +0200] "GET /sxxb.php?p=equipe HTTP/1.1" 200 35886 "https://ctoptogo.org/sxxb.php?p=" "Mozilla/5.0 (Windows NT 10.0; Win64; x64) AppleWebKit/537.36 (KHTML, like Gecko) Chrome/153.0.0.0 Safari/537.36"
216.73.216.164 - - [28/Aug/2026:11:50:30 +0200] "GET /wp-includes/css/dist/commands/ HTTP/1.1" 200 1428 "-" "Mozilla/5.0 AppleWebKit/537.36 (KHTML, like Gecko; compatible; ClaudeBot/1.0; +claudebot@anthropic.com)"
216.73.216.164 - - [28/Aug/2026:11:50:35 +0200] "GET /wp-includes/js/quicktags.min.js HTTP/1.1" 200 11132 "-" "Mozilla/5.0 AppleWebKit/537.36 (KHTML, like Gecko; compatible; ClaudeBot/1.0; +claudebot@anthropic.com)"
216.73.216.164 - - [28/Aug/2026:11:50:41 +0200] "GET /wp-includes/widgets/class-wp-widget-meta.php HTTP/1.1" 500 - "-" "Mozilla/5.0 AppleWebKit/537.36 (KHTML, like Gecko; compatible; ClaudeBot/1.0; +claudebot@anthropic.com)"
216.73.216.164 - - [28/Aug/2026:11:50:45 +0200] "GET /wp-includes/theme-compat/footer.php HTTP/1.1" 404 - "-" "Mozilla/5.0 AppleWebKit/537.36 (KHTML, like Gecko; compatible; ClaudeBot/1.0; +claudebot@anthropic.com)"
216.73.216.164 - - [28/Aug/2026:11:50:50 +0200] "GET /wp-includes/style-engine/class-wp-style-engine-css-declarations.php HTTP/1.1" 200 - "-" "Mozilla/5.0 AppleWebKit/537.36 (KHTML, like Gecko; compatible; ClaudeBot/1.0; +claudebot@anthropic.com)"
216.73.216.164 - - [28/Aug/2026:11:50:56 +0200] "GET /wp-includes/js/dist/ HTTP/1.1" 200 24324 "-" "Mozilla/5.0 AppleWebKit/537.36 (KHTML, like Gecko; compatible; ClaudeBot/1.0; +claudebot@anthropic.com)"
74.7.243.19 - - [28/Aug/2026:11:50:59 +0200] "GET /%F0%9D%90%8F%F0%9D%90%AB%F0%9D%90%A8%F0%9D%90%92%F0%9D%90%8C%F0%9D%90%80%F0%9D%90%93-%F0%9D%90%A5%F0%9D%90%9A-%F0%9D%90%82%F0%9D%90%93%F0%9D%90%8E%F0%9D%90%8F-%F0%9D%90%AB%F0%9D%90%9E%F0%9D%90%A7/ HTTP/1.1" 404 - "-" "Mozilla/5.0 (Macintosh; Intel Mac OS X 10_15_7) AppleWebKit/537.36 (KHTML, like Gecko) Chrome/131.0.0.0 Safari/537.36; compatible; OAI-SearchBot/1.4; +https://openai.com/searchbot"
74.7.241.187 - - [28/Aug/2026:11:50:59 +0200] "GET /robots.txt HTTP/1.1" 200 63 "-" "Mozilla/5.0 (Macintosh; Intel Mac OS X 10_15_7) AppleWebKit/537.36 (KHTML, like Gecko) Chrome/131.0.0.0 Safari/537.36; compatible; OAI-SearchBot/1.4; robots.txt; +https://openai.com/searchbot"
216.73.216.164 - - [28/Aug/2026:11:51:00 +0200] "GET /wp-includes/style-engine/class-wp-style-engine.php HTTP/1.1" 200 - "-" "Mozilla/5.0 AppleWebKit/537.36 (KHTML, like Gecko; compatible; ClaudeBot/1.0; +claudebot@anthropic.com)"
102.64.166.100 - - [28/Aug/2026:11:51:04 +0200] "GET /%F0%9D%90%8B%F0%9D%90%9E-%F0%9D%9F%91%F0%9D%90%9E%F0%9D%90%A6%F0%9D%90%9E-%F0%9D%90%9A%F0%9D%90%AD%F0%9D%90%9E%F0%9D%90%A5%F0%9D%90%A2%F0%9D%90%9E%F0%9D%90%AB-%F0%9D%90%AB%F0%9D%90%9E/ HTTP/1.1" 404 - "https://www.google.com/" "Mozilla/5.0 (Linux; Android 10; K) AppleWebKit/537.36 (KHTML, like Gecko) Chrome/151.0.0.0 Mobile Safari/537.36"
102.64.166.100 - - [28/Aug/2026:11:51:04 +0200] "GET /favicon.ico HTTP/1.1" 404 - "https://ctoptogo.org/%F0%9D%90%8B%F0%9D%90%9E-%F0%9D%9F%91%F0%9D%90%9E%F0%9D%90%A6%F0%9D%90%9E-%F0%9D%90%9A%F0%9D%90%AD%F0%9D%90%9E%F0%9D%90%A5%F0%9D%90%A2%F0%9D%90%9E%F0%9D%90%AB-%F0%9D%90%AB%F0%9D%90%9E/" "Mozilla/5.0 (Linux; Android 10; K) AppleWebKit/537.36 (KHTML, like Gecko) Chrome/151.0.0.0 Mobile Safari/537.36"
216.73.216.164 - - [28/Aug/2026:11:51:05 +0200] "GET /wp-includes/js/customize-models.js HTTP/1.1" 200 6821 "-" "Mozilla/5.0 AppleWebKit/537.36 (KHTML, like Gecko; compatible; ClaudeBot/1.0; +claudebot@anthropic.com)"
216.73.216.164 - - [28/Aug/2026:11:51:11 +0200] "GET /wp-includes/js/customize-base.js HTTP/1.1" 200 25822 "-" "Mozilla/5.0 AppleWebKit/537.36 (KHTML, like Gecko; compatible; ClaudeBot/1.0; +claudebot@anthropic.com)"
216.73.216.164 - - [28/Aug/2026:11:51:17 +0200] "GET /wp-includes/js/mce-view.js HTTP/1.1" 200 25849 "-" "Mozilla/5.0 AppleWebKit/537.36 (KHTML, like Gecko; compatible; ClaudeBot/1.0; +claudebot@anthropic.com)"
216.73.216.164 - - [28/Aug/2026:11:51:21 +0200] "GET /wp-includes/ID3/module.audio-video.flv.php HTTP/1.1" 200 - "-" "Mozilla/5.0 AppleWebKit/537.36 (KHTML, like Gecko; compatible; ClaudeBot/1.0; +claudebot@anthropic.com)"
57.141.20.41 - - [28/Aug/2026:11:51:22 +0200] "GET /products/71f9f2482289 HTTP/1.1" 404 - "-" "Mozilla/5.0 (Windows NT 10.0; Win64; x64) AppleWebKit/537.36 (KHTML, like Gecko) Chrome/144.0.0.0 Safari/537.36 Edg/144.0.0.0 (compatible; meta-externalagent/1.1 (+https://developers.facebook.com/docs/sharing/webmasters/crawler))"
52.167.144.162 - - [28/Aug/2026:11:51:23 +0200] "GET /page/19/?s HTTP/1.1" 404 - "-" "Mozilla/5.0 AppleWebKit/537.36 (KHTML, like Gecko; compatible; bingbot/2.0; +http://www.bing.com/bingbot.htm) Chrome/116.0.1938.76 Safari/537.36"
102.64.166.100 - - [28/Aug/2026:11:51:24 +0200] "GET /%F0%9D%90%8B%F0%9D%90%9E-%F0%9D%9F%91%F0%9D%90%9E%F0%9D%90%A6%F0%9D%90%9E-%F0%9D%90%9A%F0%9D%90%AD%F0%9D%90%9E%F0%9D%90%A5%F0%9D%90%A2%F0%9D%90%9E%F0%9D%90%AB-%F0%9D%90%AB%F0%9D%90%9E/ HTTP/1.1" 404 - "https://www.google.com/" "Mozilla/5.0 (Linux; Android 10; K) AppleWebKit/537.36 (KHTML, like Gecko) Chrome/151.0.0.0 Mobile Safari/537.36"
216.73.216.164 - - [28/Aug/2026:11:51:26 +0200] "GET /wp-includes/js/plupload/ HTTP/1.1" 200 2313 "-" "Mozilla/5.0 AppleWebKit/537.36 (KHTML, like Gecko; compatible; ClaudeBot/1.0; +claudebot@anthropic.com)"
102.64.166.100 - - [28/Aug/2026:11:51:31 +0200] "GET /%F0%9D%90%8B%F0%9D%90%9E-%F0%9D%9F%91%F0%9D%90%9E%F0%9D%90%A6%F0%9D%90%9E-%F0%9D%90%9A%F0%9D%90%AD%F0%9D%90%9E%F0%9D%90%A5%F0%9D%90%A2%F0%9D%90%9E%F0%9D%90%AB-%F0%9D%90%AB%F0%9D%90%9E/ HTTP/1.1" 404 - "https://www.google.com/" "Mozilla/5.0 (Linux; Android 10; K) AppleWebKit/537.36 (KHTML, like Gecko) Chrome/151.0.0.0 Mobile Safari/537.36"
216.73.216.164 - - [28/Aug/2026:11:51:31 +0200] "GET /wp-includes/css/dist/format-library/ HTTP/1.1" 200 1440 "-" "Mozilla/5.0 AppleWebKit/537.36 (KHTML, like Gecko; compatible; ClaudeBot/1.0; +claudebot@anthropic.com)"
216.73.216.164 - - [28/Aug/2026:11:51:36 +0200] "GET /wp-includes/rest-api/class-wp-rest-response.php HTTP/1.1" 500 - "-" "Mozilla/5.0 AppleWebKit/537.36 (KHTML, like Gecko; compatible; ClaudeBot/1.0; +claudebot@anthropic.com)"
216.73.216.164 - - [28/Aug/2026:11:51:41 +0200] "GET /wp-includes/widgets/class-wp-widget-links.php HTTP/1.1" 500 - "-" "Mozilla/5.0 AppleWebKit/537.36 (KHTML, like Gecko; compatible; ClaudeBot/1.0; +claudebot@anthropic.com)"
57.141.20.72 - - [28/Aug/2026:11:51:43 +0200] "GET /%f0%9d%90%80%f0%9d%90%ad%f0%9d%90%9e%f0%9d%90%a5%f0%9d%90%a2%f0%9d%90%9e%f0%9d%90%ab-%f0%9d%90%8d%f0%9d%90%9a%f0%9d%90%ad%f0%9d%90%a2%f0%9d%90%a8%f0%9d%90%a7%f0%9d%90%9a%f0%9d%90%a5-%f0%9d%90%9d/ HTTP/1.1" 404 - "-" "Mozilla/5.0 (Windows NT 10.0; Win64; x64) AppleWebKit/537.36 (KHTML, like Gecko) Chrome/145.0.0.0 Safari/537.36 (compatible; meta-externalagent/1.1 (+https://developers.facebook.com/docs/sharing/webmasters/crawler))"
216.73.216.164 - - [28/Aug/2026:11:51:50 +0200] "GET /wp-includes/js/media-models.js HTTP/1.1" 200 43604 "-" "Mozilla/5.0 AppleWebKit/537.36 (KHTML, like Gecko; compatible; ClaudeBot/1.0; +claudebot@anthropic.com)"
216.73.216.164 - - [28/Aug/2026:11:51:55 +0200] "GET /wp-includes/ID3/module.tag.id3v2.php HTTP/1.1" 200 - "-" "Mozilla/5.0 AppleWebKit/537.36 (KHTML, like Gecko; compatible; ClaudeBot/1.0; +claudebot@anthropic.com)"
102.64.166.100 - - [28/Aug/2026:11:51:56 +0200] "GET /%F0%9D%90%8B%F0%9D%90%9E-%F0%9D%9F%91%F0%9D%90%9E%F0%9D%90%A6%F0%9D%90%9E-%F0%9D%90%9A%F0%9D%90%AD%F0%9D%90%9E%F0%9D%90%A5%F0%9D%90%A2%F0%9D%90%9E%F0%9D%90%AB-%F0%9D%90%AB%F0%9D%90%9E/ HTTP/1.1" 404 - "https://www.google.com/" "Mozilla/5.0 (Linux; Android 10; K) AppleWebKit/537.36 (KHTML, like Gecko) Chrome/151.0.0.0 Mobile Safari/537.36"
216.73.216.164 - - [28/Aug/2026:11:52:00 +0200] "GET /wp-includes/js/media-grid.js HTTP/1.1" 200 26781 "-" "Mozilla/5.0 AppleWebKit/537.36 (KHTML, like Gecko; compatible; ClaudeBot/1.0; +claudebot@anthropic.com)"
216.73.216.164 - - [28/Aug/2026:11:52:04 +0200] "GET /wp-includes/js/jcrop/ HTTP/1.1" 200 1232 "-" "Mozilla/5.0 AppleWebKit/537.36 (KHTML, like Gecko; compatible; ClaudeBot/1.0; +claudebot@anthropic.com)"
216.73.216.164 - - [28/Aug/2026:11:52:09 +0200] "GET /wp-includes/ID3/module.tag.lyrics3.php HTTP/1.1" 200 - "-" "Mozilla/5.0 AppleWebKit/537.36 (KHTML, like Gecko; compatible; ClaudeBot/1.0; +claudebot@anthropic.com)"
216.73.216.164 - - [28/Aug/2026:11:52:14 +0200] "GET /wp-includes/js/swfobject.min.js HTTP/1.1" 200 35 "-" "Mozilla/5.0 AppleWebKit/537.36 (KHTML, like Gecko; compatible; ClaudeBot/1.0; +claudebot@anthropic.com)"
216.73.216.164 - - [28/Aug/2026:11:52:19 +0200] "GET /wp-includes/js/customize-views.min.js HTTP/1.1" 200 2567 "-" "Mozilla/5.0 AppleWebKit/537.36 (KHTML, like Gecko; compatible; ClaudeBot/1.0; +claudebot@anthropic.com)"
216.73.216.164 - - [28/Aug/2026:11:52:24 +0200] "GET /wp-includes/widgets/class-wp-widget-media-audio.php HTTP/1.1" 500 - "-" "Mozilla/5.0 AppleWebKit/537.36 (KHTML, like Gecko; compatible; ClaudeBot/1.0; +claudebot@anthropic.com)"
216.73.216.164 - - [28/Aug/2026:11:52:29 +0200] "GET /wp-includes/js/customize-selective-refresh.min.js HTTP/1.1" 200 10693 "-" "Mozilla/5.0 AppleWebKit/537.36 (KHTML, like Gecko; compatible; ClaudeBot/1.0; +claudebot@anthropic.com)"
216.73.216.164 - - [28/Aug/2026:11:52:34 +0200] "GET /wp-includes/js/colorpicker.js HTTP/1.1" 200 29083 "-" "Mozilla/5.0 AppleWebKit/537.36 (KHTML, like Gecko; compatible; ClaudeBot/1.0; +claudebot@anthropic.com)"
216.73.216.164 - - [28/Aug/2026:11:52:39 +0200] "GET /wp-includes/js/wp-auth-check.js HTTP/1.1" 200 4207 "-" "Mozilla/5.0 AppleWebKit/537.36 (KHTML, like Gecko; compatible; ClaudeBot/1.0; +claudebot@anthropic.com)"
216.73.216.164 - - [28/Aug/2026:11:52:44 +0200] "GET /wp-includes/js/wp-lists.min.js HTTP/1.1" 200 7521 "-" "Mozilla/5.0 AppleWebKit/537.36 (KHTML, like Gecko; compatible; ClaudeBot/1.0; +claudebot@anthropic.com)"
216.73.216.164 - - [28/Aug/2026:11:52:49 +0200] "GET /wp-includes/js/wp-embed-template.min.js HTTP/1.1" 200 3174 "-" "Mozilla/5.0 AppleWebKit/537.36 (KHTML, like Gecko; compatible; ClaudeBot/1.0; +claudebot@anthropic.com)"
216.73.216.164 - - [28/Aug/2026:11:52:54 +0200] "GET /wp-includes/js/customize-preview.min.js HTTP/1.1" 200 11011 "-" "Mozilla/5.0 AppleWebKit/537.36 (KHTML, like Gecko; compatible; ClaudeBot/1.0; +claudebot@anthropic.com)"
216.73.216.164 - - [28/Aug/2026:11:52:59 +0200] "GET /wp-includes/ID3/module.tag.id3v1.php HTTP/1.1" 200 - "-" "Mozilla/5.0 AppleWebKit/537.36 (KHTML, like Gecko; compatible; ClaudeBot/1.0; +claudebot@anthropic.com)"
216.73.216.164 - - [28/Aug/2026:11:53:07 +0200] "GET /wp-includes/js/twemoji.js HTTP/1.1" 200 37190 "-" "Mozilla/5.0 AppleWebKit/537.36 (KHTML, like Gecko; compatible; ClaudeBot/1.0; +claudebot@anthropic.com)"
216.73.216.164 - - [28/Aug/2026:11:53:11 +0200] "GET /wp-includes/js/wp-list-revisions.js HTTP/1.1" 200 970 "-" "Mozilla/5.0 AppleWebKit/537.36 (KHTML, like Gecko; compatible; ClaudeBot/1.0; +claudebot@anthropic.com)"
216.73.216.164 - - [28/Aug/2026:11:53:17 +0200] "GET /wp-includes/js/heartbeat.min.js HTTP/1.1" 200 5947 "-" "Mozilla/5.0 AppleWebKit/537.36 (KHTML, like Gecko; compatible; ClaudeBot/1.0; +claudebot@anthropic.com)"
216.73.216.164 - - [28/Aug/2026:11:53:25 +0200] "GET /wp-includes/js/wp-ajax-response.js HTTP/1.1" 200 3903 "-" "Mozilla/5.0 AppleWebKit/537.36 (KHTML, like Gecko; compatible; ClaudeBot/1.0; +claudebot@anthropic.com)"
40.77.167.11 - - [28/Aug/2026:11:53:25 +0200] "GET /mhuni/x160555.html HTTP/1.1" 404 - "-" "Mozilla/5.0 AppleWebKit/537.36 (KHTML, like Gecko; compatible; bingbot/2.0; +http://www.bing.com/bingbot.htm) Chrome/116.0.1938.76 Safari/537.36"
216.73.216.164 - - [28/Aug/2026:11:53:29 +0200] "GET /wp-includes/js/wp-emoji.js HTTP/1.1" 200 8792 "-" "Mozilla/5.0 AppleWebKit/537.36 (KHTML, like Gecko; compatible; ClaudeBot/1.0; +claudebot@anthropic.com)"
216.73.216.164 - - [28/Aug/2026:11:53:33 +0200] "GET /wp-includes/js/media-editor.min.js HTTP/1.1" 200 10885 "-" "Mozilla/5.0 AppleWebKit/537.36 (KHTML, like Gecko; compatible; ClaudeBot/1.0; +claudebot@anthropic.com)"
216.73.216.164 - - [28/Aug/2026:11:53:38 +0200] "GET /wp-includes/js/tw-sack.js HTTP/1.1" 200 4970 "-" "Mozilla/5.0 AppleWebKit/537.36 (KHTML, like Gecko; compatible; ClaudeBot/1.0; +claudebot@anthropic.com)"
216.73.216.164 - - [28/Aug/2026:11:53:43 +0200] "GET /wp-includes/css/dist/reusable-blocks/ HTTP/1.1" 200 1442 "-" "Mozilla/5.0 AppleWebKit/537.36 (KHTML, like Gecko; compatible; ClaudeBot/1.0; +claudebot@anthropic.com)"
216.73.216.164 - - [28/Aug/2026:11:53:48 +0200] "GET /wp-includes/ID3/module.audio-video.riff.php HTTP/1.1" 200 - "-" "Mozilla/5.0 AppleWebKit/537.36 (KHTML, like Gecko; compatible; ClaudeBot/1.0; +claudebot@anthropic.com)"
216.73.216.164 - - [28/Aug/2026:11:53:53 +0200] "GET /wp-includes/js/wp-sanitize.js HTTP/1.1" 200 1328 "-" "Mozilla/5.0 AppleWebKit/537.36 (KHTML, like Gecko; compatible; ClaudeBot/1.0; +claudebot@anthropic.com)"
216.73.216.164 - - [28/Aug/2026:11:53:58 +0200] "GET /wp-includes/css/dist/nux/ HTTP/1.1" 200 1418 "-" "Mozilla/5.0 AppleWebKit/537.36 (KHTML, like Gecko; compatible; ClaudeBot/1.0; +claudebot@anthropic.com)"
216.73.216.164 - - [28/Aug/2026:11:54:03 +0200] "GET /wp-includes/js/wp-backbone.min.js HTTP/1.1" 200 3039 "-" "Mozilla/5.0 AppleWebKit/537.36 (KHTML, like Gecko; compatible; ClaudeBot/1.0; +claudebot@anthropic.com)"
216.73.216.164 - - [28/Aug/2026:11:54:08 +0200] "GET /robots.txt HTTP/1.1" 200 63 "-" "Mozilla/5.0 AppleWebKit/537.36 (KHTML, like Gecko; compatible; ClaudeBot/1.0; +claudebot@anthropic.com)"
216.73.216.164 - - [28/Aug/2026:11:54:09 +0200] "GET /wp-includes/js/wp-emoji-release.min.js HTTP/1.1" 200 22762 "-" "Mozilla/5.0 AppleWebKit/537.36 (KHTML, like Gecko; compatible; ClaudeBot/1.0; +claudebot@anthropic.com)"
216.73.216.164 - - [28/Aug/2026:11:54:14 +0200] "GET /wp-includes/Text/Diff/?C=D&O=A HTTP/1.1" 200 1216 "-" "Mozilla/5.0 AppleWebKit/537.36 (KHTML, like Gecko; compatible; ClaudeBot/1.0; +claudebot@anthropic.com)"
216.73.216.164 - - [28/Aug/2026:11:54:18 +0200] "GET /wp-includes/php-compat/?C=M&O=A HTTP/1.1" 200 861 "-" "Mozilla/5.0 AppleWebKit/537.36 (KHTML, like Gecko; compatible; ClaudeBot/1.0; +claudebot@anthropic.com)"
216.73.216.164 - - [28/Aug/2026:11:54:22 +0200] "GET /wp-includes/php-compat/?C=N&O=D HTTP/1.1" 200 861 "-" "Mozilla/5.0 AppleWebKit/537.36 (KHTML, like Gecko; compatible; ClaudeBot/1.0; +claudebot@anthropic.com)"
216.73.216.164 - - [28/Aug/2026:11:54:27 +0200] "GET /wp-includes/rest-api/?C=D&O=A HTTP/1.1" 200 1793 "-" "Mozilla/5.0 AppleWebKit/537.36 (KHTML, like Gecko; compatible; ClaudeBot/1.0; +claudebot@anthropic.com)"
216.73.216.164 - - [28/Aug/2026:11:54:31 +0200] "GET /wp-includes/widgets/?C=M&O=A HTTP/1.1" 200 4656 "-" "Mozilla/5.0 AppleWebKit/537.36 (KHTML, like Gecko; compatible; ClaudeBot/1.0; +claudebot@anthropic.com)"
216.73.216.164 - - [28/Aug/2026:11:54:34 +0200] "GET /wp-includes/js/colorpicker.min.js HTTP/1.1" 200 16498 "-" "Mozilla/5.0 AppleWebKit/537.36 (KHTML, like Gecko; compatible; ClaudeBot/1.0; +claudebot@anthropic.com)"
216.73.216.164 - - [28/Aug/2026:11:54:39 +0200] "GET /wp-includes/ID3/readme.txt HTTP/1.1" 200 26330 "-" "Mozilla/5.0 AppleWebKit/537.36 (KHTML, like Gecko; compatible; ClaudeBot/1.0; +claudebot@anthropic.com)"
216.73.216.164 - - [28/Aug/2026:11:54:45 +0200] "GET /wp-includes/css/dist/?C=N&O=D HTTP/1.1" 200 4100 "-" "Mozilla/5.0 AppleWebKit/537.36 (KHTML, like Gecko; compatible; ClaudeBot/1.0; +claudebot@anthropic.com)"
216.73.216.164 - - [28/Aug/2026:11:54:50 +0200] "GET /wp-includes/Requests/?C=S&O=A HTTP/1.1" 200 1025 "-" "Mozilla/5.0 AppleWebKit/537.36 (KHTML, like Gecko; compatible; ClaudeBot/1.0; +claudebot@anthropic.com)"
57.141.20.71 - - [28/Aug/2026:11:54:54 +0200] "GET /portfolio/ HTTP/1.1" 200 643 "-" "Mozilla/5.0 (Windows NT 10.0; Win64; x64) AppleWebKit/537.36 (KHTML, like Gecko) Chrome/145.0.0.0 Safari/537.36 (compatible; meta-externalagent/1.1 (+https://developers.facebook.com/docs/sharing/webmasters/crawler))"
216.73.216.164 - - [28/Aug/2026:11:54:55 +0200] "GET /wp-includes/js/media-audiovideo.min.js HTTP/1.1" 200 12052 "-" "Mozilla/5.0 AppleWebKit/537.36 (KHTML, like Gecko; compatible; ClaudeBot/1.0; +claudebot@anthropic.com)"
216.73.216.164 - - [28/Aug/2026:11:55:00 +0200] "GET /wp-includes/widgets/?C=S&O=A HTTP/1.1" 200 4656 "-" "Mozilla/5.0 AppleWebKit/537.36 (KHTML, like Gecko; compatible; ClaudeBot/1.0; +claudebot@anthropic.com)"
216.73.216.164 - - [28/Aug/2026:11:55:05 +0200] "GET /wp-includes/Requests/?C=D&O=A HTTP/1.1" 200 1025 "-" "Mozilla/5.0 AppleWebKit/537.36 (KHTML, like Gecko; compatible; ClaudeBot/1.0; +claudebot@anthropic.com)"
216.73.216.164 - - [28/Aug/2026:11:55:10 +0200] "GET /wp-includes/rest-api/?C=S&O=A HTTP/1.1" 200 1793 "-" "Mozilla/5.0 AppleWebKit/537.36 (KHTML, like Gecko; compatible; ClaudeBot/1.0; +claudebot@anthropic.com)"
216.73.216.164 - - [28/Aug/2026:11:55:15 +0200] "GET /wp-includes/widgets/?C=D&O=A HTTP/1.1" 200 4656 "-" "Mozilla/5.0 AppleWebKit/537.36 (KHTML, like Gecko; compatible; ClaudeBot/1.0; +claudebot@anthropic.com)"
216.73.216.164 - - [28/Aug/2026:11:55:20 +0200] "GET /wp-includes/Requests/?C=M&O=A HTTP/1.1" 200 1025 "-" "Mozilla/5.0 AppleWebKit/537.36 (KHTML, like Gecko; compatible; ClaudeBot/1.0; +claudebot@anthropic.com)"
216.73.216.164 - - [28/Aug/2026:11:55:26 +0200] "GET /wp-includes/theme-compat/?C=D&O=A HTTP/1.1" 200 2311 "-" "Mozilla/5.0 AppleWebKit/537.36 (KHTML, like Gecko; compatible; ClaudeBot/1.0; +claudebot@anthropic.com)"
216.73.216.164 - - [28/Aug/2026:11:55:31 +0200] "GET /wp-includes/IXR/?C=D&O=A HTTP/1.1" 200 2573 "-" "Mozilla/5.0 AppleWebKit/537.36 (KHTML, like Gecko; compatible; ClaudeBot/1.0; +claudebot@anthropic.com)"
216.73.216.164 - - [28/Aug/2026:11:55:34 +0200] "GET /wp-includes/js/?C=M&O=A HTTP/1.1" 200 21305 "-" "Mozilla/5.0 AppleWebKit/537.36 (KHTML, like Gecko; compatible; ClaudeBot/1.0; +claudebot@anthropic.com)"
216.73.216.164 - - [28/Aug/2026:11:55:39 +0200] "GET /wp-includes/style-engine/?C=M&O=A HTTP/1.1" 200 1717 "-" "Mozilla/5.0 AppleWebKit/537.36 (KHTML, like Gecko; compatible; ClaudeBot/1.0; +claudebot@anthropic.com)"
216.73.216.164 - - [28/Aug/2026:11:55:44 +0200] "GET /wp-includes/SimplePie/library/?C=N&O=D HTTP/1.1" 200 1064 "-" "Mozilla/5.0 AppleWebKit/537.36 (KHTML, like Gecko; compatible; ClaudeBot/1.0; +claudebot@anthropic.com)"
216.73.216.164 - - [28/Aug/2026:11:55:49 +0200] "GET /wp-includes/theme-compat/?C=S&O=A HTTP/1.1" 200 2311 "-" "Mozilla/5.0 AppleWebKit/537.36 (KHTML, like Gecko; compatible; ClaudeBot/1.0; +claudebot@anthropic.com)"
216.73.216.164 - - [28/Aug/2026:11:55:54 +0200] "GET /wp-includes/IXR/?C=S&O=A HTTP/1.1" 200 2573 "-" "Mozilla/5.0 AppleWebKit/537.36 (KHTML, like Gecko; compatible; ClaudeBot/1.0; +claudebot@anthropic.com)"
216.73.216.164 - - [28/Aug/2026:11:55:59 +0200] "GET /wp-includes/style-engine/?C=N&O=D HTTP/1.1" 200 1717 "-" "Mozilla/5.0 AppleWebKit/537.36 (KHTML, like Gecko; compatible; ClaudeBot/1.0; +claudebot@anthropic.com)"
216.73.216.164 - - [28/Aug/2026:11:56:04 +0200] "GET /wp-includes/js/?C=N&O=D HTTP/1.1" 200 21305 "-" "Mozilla/5.0 AppleWebKit/537.36 (KHTML, like Gecko; compatible; ClaudeBot/1.0; +claudebot@anthropic.com)"
216.73.216.164 - - [28/Aug/2026:11:56:09 +0200] "GET /wp-includes/css/dist/?C=S&O=A HTTP/1.1" 200 4100 "-" "Mozilla/5.0 AppleWebKit/537.36 (KHTML, like Gecko; compatible; ClaudeBot/1.0; +claudebot@anthropic.com)"
216.73.216.164 - - [28/Aug/2026:11:56:15 +0200] "GET /wp-includes/ID3/?C=N&O=D HTTP/1.1" 200 4077 "-" "Mozilla/5.0 AppleWebKit/537.36 (KHTML, like Gecko; compatible; ClaudeBot/1.0; +claudebot@anthropic.com)"
216.73.216.164 - - [28/Aug/2026:11:56:20 +0200] "GET /wp-includes/SimplePie/library/?C=S&O=A HTTP/1.1" 200 1064 "-" "Mozilla/5.0 AppleWebKit/537.36 (KHTML, like Gecko; compatible; ClaudeBot/1.0; +claudebot@anthropic.com)"
216.73.216.164 - - [28/Aug/2026:11:56:23 +0200] "GET /wp-includes/css/wp-empty-template-alert.min.css HTTP/1.1" 200 409 "-" "Mozilla/5.0 AppleWebKit/537.36 (KHTML, like Gecko; compatible; ClaudeBot/1.0; +claudebot@anthropic.com)"
216.73.216.164 - - [28/Aug/2026:11:56:28 +0200] "GET /wp-includes/customize/class-wp-customize-selective-refresh.php HTTP/1.1" 200 - "-" "Mozilla/5.0 AppleWebKit/537.36 (KHTML, like Gecko; compatible; ClaudeBot/1.0; +claudebot@anthropic.com)"
216.73.216.164 - - [28/Aug/2026:11:56:33 +0200] "GET /wp-includes/css/admin-bar-rtl.min.css HTTP/1.1" 200 20366 "-" "Mozilla/5.0 AppleWebKit/537.36 (KHTML, like Gecko; compatible; ClaudeBot/1.0; +claudebot@anthropic.com)"
216.73.216.164 - - [28/Aug/2026:11:56:39 +0200] "GET /wp-includes/class-wp-block-supports.php HTTP/1.1" 200 - "-" "Mozilla/5.0 AppleWebKit/537.36 (KHTML, like Gecko; compatible; ClaudeBot/1.0; +claudebot@anthropic.com)"
216.73.216.164 - - [28/Aug/2026:11:56:44 +0200] "GET /wp-includes/customize/class-wp-customize-sidebar-section.php HTTP/1.1" 500 - "-" "Mozilla/5.0 AppleWebKit/537.36 (KHTML, like Gecko; compatible; ClaudeBot/1.0; +claudebot@anthropic.com)"
216.73.216.164 - - [28/Aug/2026:11:56:49 +0200] "GET /wp-includes/class-wp-image-editor-gd.php HTTP/1.1" 500 - "-" "Mozilla/5.0 AppleWebKit/537.36 (KHTML, like Gecko; compatible; ClaudeBot/1.0; +claudebot@anthropic.com)"
216.73.216.164 - - [28/Aug/2026:11:57:16 +0200] "GET /wp-includes/class-wp-image-editor-imagick.php HTTP/1.1" 500 - "-" "Mozilla/5.0 AppleWebKit/537.36 (KHTML, like Gecko; compatible; ClaudeBot/1.0; +claudebot@anthropic.com)"
216.73.216.164 - - [28/Aug/2026:11:57:20 +0200] "GET /wp-includes/css/buttons-rtl.min.css HTTP/1.1" 200 6063 "-" "Mozilla/5.0 AppleWebKit/537.36 (KHTML, like Gecko; compatible; ClaudeBot/1.0; +claudebot@anthropic.com)"
216.73.216.164 - - [28/Aug/2026:11:57:25 +0200] "GET /wp-includes/css/wp-auth-check.min.css HTTP/1.1" 200 1885 "-" "Mozilla/5.0 AppleWebKit/537.36 (KHTML, like Gecko; compatible; ClaudeBot/1.0; +claudebot@anthropic.com)"
216.73.216.164 - - [28/Aug/2026:11:57:31 +0200] "GET /wp-includes/class-wp-session-tokens.php HTTP/1.1" 200 - "-" "Mozilla/5.0 AppleWebKit/537.36 (KHTML, like Gecko; compatible; ClaudeBot/1.0; +claudebot@anthropic.com)"
216.73.216.164 - - [28/Aug/2026:11:57:34 +0200] "GET /wp-includes/abilities-api/class-wp-abilities-registry.php HTTP/1.1" 200 - "-" "Mozilla/5.0 AppleWebKit/537.36 (KHTML, like Gecko; compatible; ClaudeBot/1.0; +claudebot@anthropic.com)"
216.73.216.164 - - [28/Aug/2026:11:57:39 +0200] "GET /wp-includes/customize/class-wp-customize-background-position-control.php HTTP/1.1" 500 - "-" "Mozilla/5.0 AppleWebKit/537.36 (KHTML, like Gecko; compatible; ClaudeBot/1.0; +claudebot@anthropic.com)"
216.73.216.164 - - [28/Aug/2026:11:57:44 +0200] "GET /wp-includes/html-api/html5-named-character-references.php HTTP/1.1" 500 - "-" "Mozilla/5.0 AppleWebKit/537.36 (KHTML, like Gecko; compatible; ClaudeBot/1.0; +claudebot@anthropic.com)"
216.73.216.164 - - [28/Aug/2026:11:57:52 +0200] "GET /wp-includes/css/customize-preview-rtl.min.css HTTP/1.1" 200 2875 "-" "Mozilla/5.0 AppleWebKit/537.36 (KHTML, like Gecko; compatible; ClaudeBot/1.0; +claudebot@anthropic.com)"
216.73.216.164 - - [28/Aug/2026:11:57:56 +0200] "GET /wp-includes/l10n/ HTTP/1.1" 200 1678 "-" "Mozilla/5.0 AppleWebKit/537.36 (KHTML, like Gecko; compatible; ClaudeBot/1.0; +claudebot@anthropic.com)"
216.73.216.164 - - [28/Aug/2026:11:58:02 +0200] "GET /wp-includes/customize/class-wp-customize-background-image-setting.php HTTP/1.1" 500 - "-" "Mozilla/5.0 AppleWebKit/537.36 (KHTML, like Gecko; compatible; ClaudeBot/1.0; +claudebot@anthropic.com)"
216.73.216.164 - - [28/Aug/2026:11:58:12 +0200] "GET /wp-includes/class-wp-ajax-response.php HTTP/1.1" 200 - "-" "Mozilla/5.0 AppleWebKit/537.36 (KHTML, like Gecko; compatible; ClaudeBot/1.0; +claudebot@anthropic.com)"
164.92.118.196 - - [28/Aug/2026:11:58:13 +0200] "GET / HTTP/1.1" 400 52 "-" "Mozilla/5.0 (X11; Linux x86_64; rv:142.0) Gecko/20100101 Firefox/142.0"
164.92.118.196 - - [28/Aug/2026:11:58:16 +0200] "GET /favicon.ico HTTP/1.1" 400 52 "https://autodiscover.ctoptogo.org/" "Mozilla/5.0 (X11; Linux x86_64; rv:142.0) Gecko/20100101 Firefox/142.0"
216.73.216.164 - - [28/Aug/2026:11:58:17 +0200] "GET /wp-includes/class-wp-block-type-registry.php HTTP/1.1" 200 - "-" "Mozilla/5.0 AppleWebKit/537.36 (KHTML, like Gecko; compatible; ClaudeBot/1.0; +claudebot@anthropic.com)"
216.73.216.164 - - [28/Aug/2026:11:58:23 +0200] "GET /wp-includes/class-wp-textdomain-registry.php HTTP/1.1" 200 - "-" "Mozilla/5.0 AppleWebKit/537.36 (KHTML, like Gecko; compatible; ClaudeBot/1.0; +claudebot@anthropic.com)"
216.73.216.164 - - [28/Aug/2026:11:58:28 +0200] "GET /wp-includes/class-wp-block-metadata-registry.php HTTP/1.1" 200 - "-" "Mozilla/5.0 AppleWebKit/537.36 (KHTML, like Gecko; compatible; ClaudeBot/1.0; +claudebot@anthropic.com)"
216.73.216.164 - - [28/Aug/2026:11:58:33 +0200] "GET /wp-includes/fonts/class-wp-font-utils.php HTTP/1.1" 404 - "-" "Mozilla/5.0 AppleWebKit/537.36 (KHTML, like Gecko; compatible; ClaudeBot/1.0; +claudebot@anthropic.com)"
57.141.20.13 - - [28/Aug/2026:11:58:34 +0200] "GET /products/302411190565 HTTP/1.1" 404 - "-" "Mozilla/5.0 (Macintosh; Intel Mac OS X 10_15_7) AppleWebKit/537.36 (KHTML, like Gecko) Chrome/145.0.0.0 Safari/537.36 (compatible; meta-externalagent/1.1 (+https://developers.facebook.com/docs/sharing/webmasters/crawler))"
216.73.216.164 - - [28/Aug/2026:11:58:47 +0200] "GET /wp-includes/css/jquery-ui-dialog.min.css HTTP/1.1" 200 4523 "-" "Mozilla/5.0 AppleWebKit/537.36 (KHTML, like Gecko; compatible; ClaudeBot/1.0; +claudebot@anthropic.com)"
216.73.216.164 - - [28/Aug/2026:11:58:52 +0200] "GET /wp-includes/css/wp-embed-template-ie.min.css HTTP/1.1" 200 35 "-" "Mozilla/5.0 AppleWebKit/537.36 (KHTML, like Gecko; compatible; ClaudeBot/1.0; +claudebot@anthropic.com)"
216.73.216.164 - - [28/Aug/2026:11:58:57 +0200] "GET /wp-includes/class-wp-block-styles-registry.php HTTP/1.1" 200 - "-" "Mozilla/5.0 AppleWebKit/537.36 (KHTML, like Gecko; compatible; ClaudeBot/1.0; +claudebot@anthropic.com)"
216.73.216.164 - - [28/Aug/2026:11:59:02 +0200] "GET /wp-includes/fonts/class-wp-font-face-resolver.php HTTP/1.1" 404 - "-" "Mozilla/5.0 AppleWebKit/537.36 (KHTML, like Gecko; compatible; ClaudeBot/1.0; +claudebot@anthropic.com)"
216.73.216.164 - - [28/Aug/2026:11:59:07 +0200] "GET /wp-includes/fonts/class-wp-font-face.php HTTP/1.1" 404 - "-" "Mozilla/5.0 AppleWebKit/537.36 (KHTML, like Gecko; compatible; ClaudeBot/1.0; +claudebot@anthropic.com)"
216.73.216.164 - - [28/Aug/2026:11:59:12 +0200] "GET /wp-includes/fonts/class-wp-font-library.php HTTP/1.1" 404 - "-" "Mozilla/5.0 AppleWebKit/537.36 (KHTML, like Gecko; compatible; ClaudeBot/1.0; +claudebot@anthropic.com)"
216.73.216.164 - - [28/Aug/2026:11:59:19 +0200] "GET /wp-includes/images/crystal/ HTTP/1.1" 200 2485 "-" "Mozilla/5.0 AppleWebKit/537.36 (KHTML, like Gecko; compatible; ClaudeBot/1.0; +claudebot@anthropic.com)"
216.73.216.164 - - [28/Aug/2026:11:59:24 +0200] "GET /wp-includes/fonts/class-wp-font-collection.php HTTP/1.1" 404 - "-" "Mozilla/5.0 AppleWebKit/537.36 (KHTML, like Gecko; compatible; ClaudeBot/1.0; +claudebot@anthropic.com)"
216.73.216.164 - - [28/Aug/2026:11:59:35 +0200] "GET /wp-includes/images/media/ HTTP/1.1" 200 3912 "-" "Mozilla/5.0 AppleWebKit/537.36 (KHTML, like Gecko; compatible; ClaudeBot/1.0; +claudebot@anthropic.com)"
216.73.216.164 - - [28/Aug/2026:11:59:39 +0200] "GET /wp-includes/images/rss.png HTTP/1.1" 200 608 "-" "Mozilla/5.0 AppleWebKit/537.36 (KHTML, like Gecko; compatible; ClaudeBot/1.0; +claudebot@anthropic.com)"
216.73.216.164 - - [28/Aug/2026:11:59:43 +0200] "GET /wp-includes/images/icon-pointer-flag.png HTTP/1.1" 200 783 "-" "Mozilla/5.0 AppleWebKit/537.36 (KHTML, like Gecko; compatible; ClaudeBot/1.0; +claudebot@anthropic.com)"
216.73.216.164 - - [28/Aug/2026:11:59:52 +0200] "GET /wp-includes/images/toggle-arrow.png HTTP/1.1" 200 289 "-" "Mozilla/5.0 AppleWebKit/537.36 (KHTML, like Gecko; compatible; ClaudeBot/1.0; +claudebot@anthropic.com)"
216.73.216.164 - - [28/Aug/2026:12:00:05 +0200] "GET /wp-includes/fonts/dashicons.ttf HTTP/1.1" 200 56392 "-" "Mozilla/5.0 AppleWebKit/537.36 (KHTML, like Gecko; compatible; ClaudeBot/1.0; +claudebot@anthropic.com)"
216.73.216.164 - - [28/Aug/2026:12:00:08 +0200] "GET /wp-includes/fonts/dashicons.woff HTTP/1.1" 200 26124 "-" "Mozilla/5.0 AppleWebKit/537.36 (KHTML, like Gecko; compatible; ClaudeBot/1.0; +claudebot@anthropic.com)"
216.73.216.164 - - [28/Aug/2026:12:00:10 +0200] "GET /wp-includes/fonts/dashicons.eot HTTP/1.1" 200 56564 "-" "Mozilla/5.0 AppleWebKit/537.36 (KHTML, like Gecko; compatible; ClaudeBot/1.0; +claudebot@anthropic.com)"
216.73.216.164 - - [28/Aug/2026:12:00:19 +0200] "GET /wp-includes/images/arrow-pointer-blue.png HTTP/1.1" 200 793 "-" "Mozilla/5.0 AppleWebKit/537.36 (KHTML, like Gecko; compatible; ClaudeBot/1.0; +claudebot@anthropic.com)"
216.73.216.164 - - [28/Aug/2026:12:00:36 +0200] "GET /wp-includes/images/down_arrow.gif HTTP/1.1" 200 59 "-" "Mozilla/5.0 AppleWebKit/537.36 (KHTML, like Gecko; compatible; ClaudeBot/1.0; +claudebot@anthropic.com)"
216.73.216.164 - - [28/Aug/2026:12:00:41 +0200] "GET /wp-includes/fonts/dashicons.woff2 HTTP/1.1" 200 26132 "-" "Mozilla/5.0 AppleWebKit/537.36 (KHTML, like Gecko; compatible; ClaudeBot/1.0; +claudebot@anthropic.com)"
66.249.74.163 - - [28/Aug/2026:12:00:52 +0200] "GET /app-ads.txt HTTP/1.1" 404 - "-" "Google-adstxt"
216.73.216.164 - - [28/Aug/2026:12:01:05 +0200] "GET /wp-includes/fonts/dashicons.svg HTTP/1.1" 200 124614 "-" "Mozilla/5.0 AppleWebKit/537.36 (KHTML, like Gecko; compatible; ClaudeBot/1.0; +claudebot@anthropic.com)"
216.73.216.164 - - [28/Aug/2026:12:01:09 +0200] "GET /wp-includes/images/blank.gif HTTP/1.1" 200 43 "-" "Mozilla/5.0 AppleWebKit/537.36 (KHTML, like Gecko; compatible; ClaudeBot/1.0; +claudebot@anthropic.com)"
216.73.216.164 - - [28/Aug/2026:12:02:25 +0200] "GET /wp-includes/images/icon-pointer-flag-2x.png HTTP/1.1" 200 1369 "-" "Mozilla/5.0 AppleWebKit/537.36 (KHTML, like Gecko; compatible; ClaudeBot/1.0; +claudebot@anthropic.com)"
216.73.216.164 - - [28/Aug/2026:12:02:30 +0200] "GET /wp-includes/images/xit.gif HTTP/1.1" 200 181 "-" "Mozilla/5.0 AppleWebKit/537.36 (KHTML, like Gecko; compatible; ClaudeBot/1.0; +claudebot@anthropic.com)"
216.73.216.164 - - [28/Aug/2026:12:02:40 +0200] "GET /wp-includes/images/smilies/ HTTP/1.1" 200 5432 "-" "Mozilla/5.0 AppleWebKit/537.36 (KHTML, like Gecko; compatible; ClaudeBot/1.0; +claudebot@anthropic.com)"
216.73.216.164 - - [28/Aug/2026:12:02:44 +0200] "GET /wp-includes/images/spinner.gif HTTP/1.1" 200 3656 "-" "Mozilla/5.0 AppleWebKit/537.36 (KHTML, like Gecko; compatible; ClaudeBot/1.0; +claudebot@anthropic.com)"
216.73.216.164 - - [28/Aug/2026:12:02:50 +0200] "GET /wp-includes/images/toggle-arrow-2x.png HTTP/1.1" 200 354 "-" "Mozilla/5.0 AppleWebKit/537.36 (KHTML, like Gecko; compatible; ClaudeBot/1.0; +claudebot@anthropic.com)"
216.73.216.164 - - [28/Aug/2026:12:02:54 +0200] "GET /wp-includes/images/admin-bar-sprite.png HTTP/1.1" 200 2467 "-" "Mozilla/5.0 AppleWebKit/537.36 (KHTML, like Gecko; compatible; ClaudeBot/1.0; +claudebot@anthropic.com)"
216.73.216.164 - - [28/Aug/2026:12:03:47 +0200] "GET /wp-includes/images/arrow-pointer-blue-2x.png HTTP/1.1" 200 1666 "-" "Mozilla/5.0 AppleWebKit/537.36 (KHTML, like Gecko; compatible; ClaudeBot/1.0; +claudebot@anthropic.com)"
216.73.216.164 - - [28/Aug/2026:12:03:52 +0200] "GET /wp-includes/images/rss-2x.png HTTP/1.1" 200 1306 "-" "Mozilla/5.0 AppleWebKit/537.36 (KHTML, like Gecko; compatible; ClaudeBot/1.0; +claudebot@anthropic.com)"
216.73.216.164 - - [28/Aug/2026:12:03:58 +0200] "GET /wp-includes/images/wpspin.gif HTTP/1.1" 200 2052 "-" "Mozilla/5.0 AppleWebKit/537.36 (KHTML, like Gecko; compatible; ClaudeBot/1.0; +claudebot@anthropic.com)"
216.73.216.164 - - [28/Aug/2026:12:04:02 +0200] "GET /wp-includes/images/wpicons.png HTTP/1.1" 200 7086 "-" "Mozilla/5.0 AppleWebKit/537.36 (KHTML, like Gecko; compatible; ClaudeBot/1.0; +claudebot@anthropic.com)"
216.73.216.164 - - [28/Aug/2026:12:04:08 +0200] "GET /wp-includes/images/admin-bar-sprite-2x.png HTTP/1.1" 200 3999 "-" "Mozilla/5.0 AppleWebKit/537.36 (KHTML, like Gecko; compatible; ClaudeBot/1.0; +claudebot@anthropic.com)"
216.73.216.164 - - [28/Aug/2026:12:04:13 +0200] "GET /wp-includes/images/xit-2x.gif HTTP/1.1" 200 825 "-" "Mozilla/5.0 AppleWebKit/537.36 (KHTML, like Gecko; compatible; ClaudeBot/1.0; +claudebot@anthropic.com)"
216.73.216.164 - - [28/Aug/2026:12:04:17 +0200] "GET /wp-includes/images/down_arrow-2x.gif HTTP/1.1" 200 84 "-" "Mozilla/5.0 AppleWebKit/537.36 (KHTML, like Gecko; compatible; ClaudeBot/1.0; +claudebot@anthropic.com)"
109.234.162.247 - - [28/Aug/2026:12:04:25 +0200] "POST /wp-cron.php?doing_wp_cron=1787911465.3650341033935546875000 HTTP/1.1" 200 - "-" "Uyxz47bt0ueU"
66.249.74.164 - - [28/Aug/2026:12:04:22 +0200] "GET / HTTP/1.1" 200 416339 "-" "Mozilla/5.0 (compatible; Googlebot/2.1; +http://www.google.com/bot.html)"
216.73.216.164 - - [28/Aug/2026:12:04:26 +0200] "GET /wp-includes/images/spinner-2x.gif HTTP/1.1" 200 7536 "-" "Mozilla/5.0 AppleWebKit/537.36 (KHTML, like Gecko; compatible; ClaudeBot/1.0; +claudebot@anthropic.com)"
57.141.20.4 - - [28/Aug/2026:12:04:39 +0200] "GET /%f0%9d%90%95%f0%9d%90%9a%f0%9d%90%a5%f0%9d%90%a8%f0%9d%90%ab%f0%9d%90%a2%f0%9d%90%ac%f0%9d%90%9a%f0%9d%90%ad%f0%9d%90%a2%f0%9d%90%a8%f0%9d%90%a7-%f0%9d%90%9d%f0%9d%90%9e%f0%9d%90%ac-%f0%9d%90%9a/ HTTP/1.1" 404 - "-" "Mozilla/5.0 (Windows NT 10.0; Win64; x64) AppleWebKit/537.36 (KHTML, like Gecko) Chrome/145.0.0.0 Safari/537.36 (compatible; meta-externalagent/1.1 (+https://developers.facebook.com/docs/sharing/webmasters/crawler))"
216.73.216.164 - - [28/Aug/2026:12:04:48 +0200] "GET /wp-includes/images/uploader-icons.png HTTP/1.1" 200 1556 "-" "Mozilla/5.0 AppleWebKit/537.36 (KHTML, like Gecko; compatible; ClaudeBot/1.0; +claudebot@anthropic.com)"
216.73.216.164 - - [28/Aug/2026:12:04:53 +0200] "GET /wp-includes/images/wpicons-2x.png HTTP/1.1" 200 14931 "-" "Mozilla/5.0 AppleWebKit/537.36 (KHTML, like Gecko; compatible; ClaudeBot/1.0; +claudebot@anthropic.com)"
57.141.20.53 - - [28/Aug/2026:12:04:59 +0200] "GET /products/9d5a2646899 HTTP/1.1" 404 - "-" "Mozilla/5.0 (Windows NT 10.0; Win64; x64) AppleWebKit/537.36 (KHTML, like Gecko) Chrome/145.0.0.0 Safari/537.36 (compatible; meta-externalagent/1.1 (+https://developers.facebook.com/docs/sharing/webmasters/crawler))"
216.73.216.164 - - [28/Aug/2026:12:05:00 +0200] "GET /wp-includes/images/w-logo-blue.png HTTP/1.1" 200 3113 "-" "Mozilla/5.0 AppleWebKit/537.36 (KHTML, like Gecko; compatible; ClaudeBot/1.0; +claudebot@anthropic.com)"
216.73.216.164 - - [28/Aug/2026:12:05:04 +0200] "GET /wp-includes/images/wpspin-2x.gif HTTP/1.1" 200 8875 "-" "Mozilla/5.0 AppleWebKit/537.36 (KHTML, like Gecko; compatible; ClaudeBot/1.0; +claudebot@anthropic.com)"
57.141.20.0 - - [28/Aug/2026:12:05:17 +0200] "GET /products/57681930920 HTTP/1.1" 404 - "-" "Mozilla/5.0 (Windows NT 10.0; Win64; x64) AppleWebKit/537.36 (KHTML, like Gecko) Chrome/145.0.0.0 Safari/537.36 (compatible; meta-externalagent/1.1 (+https://developers.facebook.com/docs/sharing/webmasters/crawler))"
216.73.216.164 - - [28/Aug/2026:12:05:28 +0200] "GET /wp-includes/fonts/?C=M&O=A HTTP/1.1" 200 2557 "-" "Mozilla/5.0 AppleWebKit/537.36 (KHTML, like Gecko; compatible; ClaudeBot/1.0; +claudebot@anthropic.com)"
216.73.216.164 - - [28/Aug/2026:12:05:33 +0200] "GET /wp-includes/fonts/?C=N&O=D HTTP/1.1" 200 2557 "-" "Mozilla/5.0 AppleWebKit/537.36 (KHTML, like Gecko; compatible; ClaudeBot/1.0; +claudebot@anthropic.com)"
57.141.20.41 - - [28/Aug/2026:12:05:35 +0200] "GET /products/00543316857 HTTP/1.1" 404 - "-" "Mozilla/5.0 (Windows NT 10.0; Win64; x64) AppleWebKit/537.36 (KHTML, like Gecko) Chrome/145.0.0.0 Safari/537.36 (compatible; meta-externalagent/1.1 (+https://developers.facebook.com/docs/sharing/webmasters/crawler))"
51.81.170.15 - - [28/Aug/2026:12:05:39 +0200] "GET /gallery/financial-advice-12/ HTTP/1.1" 404 - "-" "Mozilla/5.0 (compatible; AhrefsBot/7.0; +http://ahrefs.com/robot/)"
57.141.20.49 - - [28/Aug/2026:12:05:56 +0200] "GET /gallery/financial-advice-9/ HTTP/1.1" 404 - "-" "Mozilla/5.0 (Windows NT 10.0; Win64; x64) AppleWebKit/537.36 (KHTML, like Gecko) Chrome/146.0.0.0 Safari/537.36 Edg/146.0.0.0 (compatible; meta-externalagent/1.1 (+https://developers.facebook.com/docs/sharing/webmasters/crawler))"
216.73.216.164 - - [28/Aug/2026:12:06:09 +0200] "GET /wp-includes/fonts/?C=S&O=A HTTP/1.1" 200 2557 "-" "Mozilla/5.0 AppleWebKit/537.36 (KHTML, like Gecko; compatible; ClaudeBot/1.0; +claudebot@anthropic.com)"
216.73.216.164 - - [28/Aug/2026:12:06:13 +0200] "GET /wp-includes/fonts/?C=D&O=A HTTP/1.1" 200 2557 "-" "Mozilla/5.0 AppleWebKit/537.36 (KHTML, like Gecko; compatible; ClaudeBot/1.0; +claudebot@anthropic.com)"
216.73.216.164 - - [28/Aug/2026:12:06:19 +0200] "GET /wp-includes/images/?C=M&O=A HTTP/1.1" 200 5803 "-" "Mozilla/5.0 AppleWebKit/537.36 (KHTML, like Gecko; compatible; ClaudeBot/1.0; +claudebot@anthropic.com)"
216.73.216.164 - - [28/Aug/2026:12:06:24 +0200] "GET /wp-includes/images/?C=N&O=D HTTP/1.1" 200 5803 "-" "Mozilla/5.0 AppleWebKit/537.36 (KHTML, like Gecko; compatible; ClaudeBot/1.0; +claudebot@anthropic.com)"
216.73.216.164 - - [28/Aug/2026:12:06:34 +0200] "GET /wp-includes/images/?C=D&O=A HTTP/1.1" 200 5803 "-" "Mozilla/5.0 AppleWebKit/537.36 (KHTML, like Gecko; compatible; ClaudeBot/1.0; +claudebot@anthropic.com)"
216.73.216.164 - - [28/Aug/2026:12:06:38 +0200] "GET /wp-includes/images/uploader-icons-2x.png HTTP/1.1" 200 3542 "-" "Mozilla/5.0 AppleWebKit/537.36 (KHTML, like Gecko; compatible; ClaudeBot/1.0; +claudebot@anthropic.com)"
216.73.216.164 - - [28/Aug/2026:12:06:55 +0200] "GET /wp-includes/images/w-logo-blue-white-bg.png HTTP/1.1" 200 4119 "-" "Mozilla/5.0 AppleWebKit/537.36 (KHTML, like Gecko; compatible; ClaudeBot/1.0; +claudebot@anthropic.com)"
216.73.216.164 - - [28/Aug/2026:12:07:00 +0200] "GET /wp-includes/images/?C=S&O=A HTTP/1.1" 200 5803 "-" "Mozilla/5.0 AppleWebKit/537.36 (KHTML, like Gecko; compatible; ClaudeBot/1.0; +claudebot@anthropic.com)"
216.73.216.164 - - [28/Aug/2026:12:07:16 +0200] "GET /wp-includes/block-supports/custom-classname.php HTTP/1.1" 500 - "-" "Mozilla/5.0 AppleWebKit/537.36 (KHTML, like Gecko; compatible; ClaudeBot/1.0; +claudebot@anthropic.com)"
216.73.216.164 - - [28/Aug/2026:12:07:21 +0200] "GET /wp-includes/PHPMailer/ HTTP/1.1" 200 1947 "-" "Mozilla/5.0 AppleWebKit/537.36 (KHTML, like Gecko; compatible; ClaudeBot/1.0; +claudebot@anthropic.com)"
216.73.216.164 - - [28/Aug/2026:12:07:26 +0200] "GET /wp-includes/class-wp-customize-nav-menus.php HTTP/1.1" 200 - "-" "Mozilla/5.0 AppleWebKit/537.36 (KHTML, like Gecko; compatible; ClaudeBot/1.0; +claudebot@anthropic.com)"
216.73.216.164 - - [28/Aug/2026:12:07:31 +0200] "GET /wp-includes/customize/class-wp-customize-nav-menu-setting.php HTTP/1.1" 500 - "-" "Mozilla/5.0 AppleWebKit/537.36 (KHTML, like Gecko; compatible; ClaudeBot/1.0; +claudebot@anthropic.com)"
216.73.216.164 - - [28/Aug/2026:12:07:36 +0200] "GET /wp-includes/class-wp-block-pattern-categories-registry.php HTTP/1.1" 200 - "-" "Mozilla/5.0 AppleWebKit/537.36 (KHTML, like Gecko; compatible; ClaudeBot/1.0; +claudebot@anthropic.com)"
216.73.216.164 - - [28/Aug/2026:12:07:41 +0200] "GET /wp-includes/block-i18n.json HTTP/1.1" 200 316 "-" "Mozilla/5.0 AppleWebKit/537.36 (KHTML, like Gecko; compatible; ClaudeBot/1.0; +claudebot@anthropic.com)"
216.73.216.164 - - [28/Aug/2026:12:07:46 +0200] "GET /wp-includes/sodium_compat/autoload.php HTTP/1.1" 200 - "-" "Mozilla/5.0 AppleWebKit/537.36 (KHTML, like Gecko; compatible; ClaudeBot/1.0; +claudebot@anthropic.com)"
216.73.216.164 - - [28/Aug/2026:12:07:51 +0200] "GET /wp-includes/block-supports/spacing.php HTTP/1.1" 500 - "-" "Mozilla/5.0 AppleWebKit/537.36 (KHTML, like Gecko; compatible; ClaudeBot/1.0; +claudebot@anthropic.com)"
216.73.216.164 - - [28/Aug/2026:12:07:56 +0200] "GET /wp-includes/sodium_compat/src/ HTTP/1.1" 200 2130 "-" "Mozilla/5.0 AppleWebKit/537.36 (KHTML, like Gecko; compatible; ClaudeBot/1.0; +claudebot@anthropic.com)"
216.73.216.164 - - [28/Aug/2026:12:08:01 +0200] "GET /wp-includes/sodium_compat/autoload-php7.php HTTP/1.1" 200 - "-" "Mozilla/5.0 AppleWebKit/537.36 (KHTML, like Gecko; compatible; ClaudeBot/1.0; +claudebot@anthropic.com)"
216.73.216.164 - - [28/Aug/2026:12:08:06 +0200] "GET /wp-includes/block-supports/dimensions.php HTTP/1.1" 500 - "-" "Mozilla/5.0 AppleWebKit/537.36 (KHTML, like Gecko; compatible; ClaudeBot/1.0; +claudebot@anthropic.com)"
216.73.216.164 - - [28/Aug/2026:12:08:11 +0200] "GET /wp-includes/block-supports/typography.php HTTP/1.1" 500 - "-" "Mozilla/5.0 AppleWebKit/537.36 (KHTML, like Gecko; compatible; ClaudeBot/1.0; +claudebot@anthropic.com)"
216.73.216.164 - - [28/Aug/2026:12:08:17 +0200] "GET /products/f024297674 HTTP/1.1" 404 - "-" "Mozilla/5.0 AppleWebKit/537.36 (KHTML, like Gecko; compatible; ClaudeBot/1.0; +claudebot@anthropic.com)"
216.73.216.164 - - [28/Aug/2026:12:08:21 +0200] "GET /wp-includes/customize/class-wp-customize-themes-panel.php HTTP/1.1" 500 - "-" "Mozilla/5.0 AppleWebKit/537.36 (KHTML, like Gecko; compatible; ClaudeBot/1.0; +claudebot@anthropic.com)"
