74.7.230.53 - - [28/Aug/2026:17:17:43 +0200] "GET /robots.txt HTTP/1.1" 200 113 "-" "Mozilla/5.0 (Macintosh; Intel Mac OS X 10_15_7) AppleWebKit/537.36 (KHTML, like Gecko) Chrome/131.0.0.0 Safari/537.36; compatible; OAI-SearchBot/1.4; robots.txt; +https://openai.com/searchbot"
74.7.230.31 - - [28/Aug/2026:17:17:44 +0200] "GET /robots.txt HTTP/1.1" 200 113 "-" "Mozilla/5.0 (Macintosh; Intel Mac OS X 10_15_7) AppleWebKit/537.36 (KHTML, like Gecko) Chrome/131.0.0.0 Safari/537.36; compatible; OAI-SearchBot/1.4; robots.txt; +https://openai.com/searchbot"
51.81.163.63 - - [28/Aug/2026:17:17:46 +0200] "GET /tag/koudjolou-dogo/ HTTP/1.1" 404 - "-" "Mozilla/5.0 (compatible; AhrefsBot/7.0; +http://ahrefs.com/robot/)"
51.81.165.220 - - [28/Aug/2026:17:17:53 +0200] "GET /tag/elections-legislatives-et-regionales-du-29-avril-2024/ HTTP/1.1" 404 - "-" "Mozilla/5.0 (compatible; AhrefsBot/7.0; +http://ahrefs.com/robot/)"
51.81.163.77 - - [28/Aug/2026:17:18:00 +0200] "GET /tag/jubile-dor/ HTTP/1.1" 404 - "-" "Mozilla/5.0 (compatible; AhrefsBot/7.0; +http://ahrefs.com/robot/)"
51.81.165.212 - - [28/Aug/2026:17:18:08 +0200] "GET /tag/ecm/ HTTP/1.1" 404 - "-" "Mozilla/5.0 (compatible; AhrefsBot/7.0; +http://ahrefs.com/robot/)"
51.81.163.57 - - [28/Aug/2026:17:18:15 +0200] "GET /tag/mort-domar-b/ HTTP/1.1" 404 - "-" "Mozilla/5.0 (compatible; AhrefsBot/7.0; +http://ahrefs.com/robot/)"
51.81.164.194 - - [28/Aug/2026:17:18:23 +0200] "GET /tag/didier-cruz/ HTTP/1.1" 404 - "-" "Mozilla/5.0 (compatible; AhrefsBot/7.0; +http://ahrefs.com/robot/)"
51.81.163.18 - - [28/Aug/2026:17:18:30 +0200] "GET /tag/examen/ HTTP/1.1" 404 - "-" "Mozilla/5.0 (compatible; AhrefsBot/7.0; +http://ahrefs.com/robot/)"
51.81.164.158 - - [28/Aug/2026:17:18:40 +0200] "GET /tag/premier-tour/ HTTP/1.1" 404 - "-" "Mozilla/5.0 (compatible; AhrefsBot/7.0; +http://ahrefs.com/robot/)"
51.81.169.204 - - [28/Aug/2026:17:18:44 +0200] "GET /tag/revision/ HTTP/1.1" 404 - "-" "Mozilla/5.0 (compatible; AhrefsBot/7.0; +http://ahrefs.com/robot/)"
51.81.169.119 - - [28/Aug/2026:17:18:52 +0200] "GET /tag/prix-international-des-droits-de-lhomme-2021-2022/ HTTP/1.1" 404 - "-" "Mozilla/5.0 (compatible; AhrefsBot/7.0; +http://ahrefs.com/robot/)"
51.81.169.192 - - [28/Aug/2026:17:19:00 +0200] "GET /tag/resultats-provisoire/ HTTP/1.1" 404 - "-" "Mozilla/5.0 (compatible; AhrefsBot/7.0; +http://ahrefs.com/robot/)"
51.81.169.115 - - [28/Aug/2026:17:19:06 +0200] "GET /tag/women/ HTTP/1.1" 404 - "-" "Mozilla/5.0 (compatible; AhrefsBot/7.0; +http://ahrefs.com/robot/)"
104.23.168.90 - - [28/Aug/2026:17:19:06 +0200] "GET / HTTP/1.1" 401 36 "-" "Mozilla/4.0 (compatible; MSIE 7.0; Windows NT 6.1; Win64; x64; Trident/7.0; .NET CLR 2.0.50727; SLCC2; .NET CLR 3.5.30729; .NET CLR 3.0.30729; Media Center PC 6.0; .NET4.0C; .NET4.0E; Tablet PC 2.0)"
104.23.168.90 - - [28/Aug/2026:17:19:07 +0200] "GET /.env HTTP/1.1" 401 36 "-" "Mozilla/4.0 (compatible; MSIE 7.0; Windows NT 6.1; Win64; x64; Trident/7.0; .NET CLR 2.0.50727; SLCC2; .NET CLR 3.5.30729; .NET CLR 3.0.30729; Media Center PC 6.0; .NET4.0C; .NET4.0E; Tablet PC 2.0)"
104.23.168.90 - - [28/Aug/2026:17:19:07 +0200] "GET /api/.env HTTP/1.1" 401 36 "-" "Mozilla/4.0 (compatible; MSIE 7.0; Windows NT 6.1; Win64; x64; Trident/7.0; .NET CLR 2.0.50727; SLCC2; .NET CLR 3.5.30729; .NET CLR 3.0.30729; Media Center PC 6.0; .NET4.0C; .NET4.0E; Tablet PC 2.0)"
172.70.46.126 - - [28/Aug/2026:17:19:07 +0200] "GET / HTTP/1.1" 200 880 "-" "Mozilla/5.0(Windows; U; Windows NT 7.0; rv:1.9.2) Gecko/20100101 Firefox/3.6"
172.71.183.106 - - [28/Aug/2026:17:19:07 +0200] "GET / HTTP/1.1" 400 52 "-" "Mozilla/5.0 (X11; U; Linux i686; fr; rv:1.9.0.10) Gecko/2009042708 Fedora/3.0.10-1.fc10 Firefox/3.0.10"
104.23.168.90 - - [28/Aug/2026:17:19:07 +0200] "GET /backend/.env HTTP/1.1" 401 36 "-" "Mozilla/4.0 (compatible; MSIE 7.0; Windows NT 6.1; Win64; x64; Trident/7.0; .NET CLR 2.0.50727; SLCC2; .NET CLR 3.5.30729; .NET CLR 3.0.30729; Media Center PC 6.0; .NET4.0C; .NET4.0E; Tablet PC 2.0)"
104.23.168.90 - - [28/Aug/2026:17:19:07 +0200] "GET /phpinfo.php HTTP/1.1" 401 36 "-" "Mozilla/4.0 (compatible; MSIE 7.0; Windows NT 6.1; Win64; x64; Trident/7.0; .NET CLR 2.0.50727; SLCC2; .NET CLR 3.5.30729; .NET CLR 3.0.30729; Media Center PC 6.0; .NET4.0C; .NET4.0E; Tablet PC 2.0)"
172.70.46.126 - - [28/Aug/2026:17:19:07 +0200] "GET /.env HTTP/1.1" 200 880 "-" "Mozilla/5.0(Windows; U; Windows NT 7.0; rv:1.9.2) Gecko/20100101 Firefox/3.6"
172.71.183.106 - - [28/Aug/2026:17:19:07 +0200] "GET /.env HTTP/1.1" 400 52 "-" "Mozilla/5.0 (X11; U; Linux i686; fr; rv:1.9.0.10) Gecko/2009042708 Fedora/3.0.10-1.fc10 Firefox/3.0.10"
104.23.168.90 - - [28/Aug/2026:17:19:07 +0200] "GET /admin/.env HTTP/1.1" 401 36 "-" "Mozilla/4.0 (compatible; MSIE 7.0; Windows NT 6.1; Win64; x64; Trident/7.0; .NET CLR 2.0.50727; SLCC2; .NET CLR 3.5.30729; .NET CLR 3.0.30729; Media Center PC 6.0; .NET4.0C; .NET4.0E; Tablet PC 2.0)"
172.71.183.106 - - [28/Aug/2026:17:19:07 +0200] "GET /api/.env HTTP/1.1" 400 52 "-" "Mozilla/5.0 (X11; U; Linux i686; fr; rv:1.9.0.10) Gecko/2009042708 Fedora/3.0.10-1.fc10 Firefox/3.0.10"
172.70.46.126 - - [28/Aug/2026:17:19:07 +0200] "GET /api/.env HTTP/1.1" 200 880 "-" "Mozilla/5.0(Windows; U; Windows NT 7.0; rv:1.9.2) Gecko/20100101 Firefox/3.6"
104.23.168.90 - - [28/Aug/2026:17:19:07 +0200] "GET /phpinfo/ HTTP/1.1" 401 36 "-" "Mozilla/4.0 (compatible; MSIE 7.0; Windows NT 6.1; Win64; x64; Trident/7.0; .NET CLR 2.0.50727; SLCC2; .NET CLR 3.5.30729; .NET CLR 3.0.30729; Media Center PC 6.0; .NET4.0C; .NET4.0E; Tablet PC 2.0)"
172.71.183.106 - - [28/Aug/2026:17:19:07 +0200] "GET /backend/.env HTTP/1.1" 400 52 "-" "Mozilla/5.0 (X11; U; Linux i686; fr; rv:1.9.0.10) Gecko/2009042708 Fedora/3.0.10-1.fc10 Firefox/3.0.10"
172.70.46.126 - - [28/Aug/2026:17:19:07 +0200] "GET /backend/.env HTTP/1.1" 200 880 "-" "Mozilla/5.0(Windows; U; Windows NT 7.0; rv:1.9.2) Gecko/20100101 Firefox/3.6"
104.23.168.90 - - [28/Aug/2026:17:19:07 +0200] "GET /laravel/.env HTTP/1.1" 401 36 "-" "Mozilla/4.0 (compatible; MSIE 7.0; Windows NT 6.1; Win64; x64; Trident/7.0; .NET CLR 2.0.50727; SLCC2; .NET CLR 3.5.30729; .NET CLR 3.0.30729; Media Center PC 6.0; .NET4.0C; .NET4.0E; Tablet PC 2.0)"
172.71.183.106 - - [28/Aug/2026:17:19:08 +0200] "GET /phpinfo.php HTTP/1.1" 400 52 "-" "Mozilla/5.0 (X11; U; Linux i686; fr; rv:1.9.0.10) Gecko/2009042708 Fedora/3.0.10-1.fc10 Firefox/3.0.10"
172.70.46.126 - - [28/Aug/2026:17:19:08 +0200] "GET /phpinfo.php HTTP/1.1" 200 880 "-" "Mozilla/5.0(Windows; U; Windows NT 7.0; rv:1.9.2) Gecko/20100101 Firefox/3.6"
104.23.168.90 - - [28/Aug/2026:17:19:08 +0200] "GET /core/.env HTTP/1.1" 401 36 "-" "Mozilla/4.0 (compatible; MSIE 7.0; Windows NT 6.1; Win64; x64; Trident/7.0; .NET CLR 2.0.50727; SLCC2; .NET CLR 3.5.30729; .NET CLR 3.0.30729; Media Center PC 6.0; .NET4.0C; .NET4.0E; Tablet PC 2.0)"
104.23.168.90 - - [28/Aug/2026:17:19:08 +0200] "GET /test HTTP/1.1" 401 36 "-" "Mozilla/4.0 (compatible; MSIE 7.0; Windows NT 6.1; Win64; x64; Trident/7.0; .NET CLR 2.0.50727; SLCC2; .NET CLR 3.5.30729; .NET CLR 3.0.30729; Media Center PC 6.0; .NET4.0C; .NET4.0E; Tablet PC 2.0)"
172.70.46.126 - - [28/Aug/2026:17:19:08 +0200] "GET /admin/.env HTTP/1.1" 200 880 "-" "Mozilla/5.0(Windows; U; Windows NT 7.0; rv:1.9.2) Gecko/20100101 Firefox/3.6"
104.23.168.90 - - [28/Aug/2026:17:19:08 +0200] "GET /.env.example HTTP/1.1" 401 36 "-" "Mozilla/4.0 (compatible; MSIE 7.0; Windows NT 6.1; Win64; x64; Trident/7.0; .NET CLR 2.0.50727; SLCC2; .NET CLR 3.5.30729; .NET CLR 3.0.30729; Media Center PC 6.0; .NET4.0C; .NET4.0E; Tablet PC 2.0)"
172.71.183.106 - - [28/Aug/2026:17:19:08 +0200] "GET /admin/.env HTTP/1.1" 400 52 "-" "Mozilla/5.0 (X11; U; Linux i686; fr; rv:1.9.0.10) Gecko/2009042708 Fedora/3.0.10-1.fc10 Firefox/3.0.10"
104.23.168.90 - - [28/Aug/2026:17:19:08 +0200] "GET /app/.env HTTP/1.1" 401 36 "-" "Mozilla/4.0 (compatible; MSIE 7.0; Windows NT 6.1; Win64; x64; Trident/7.0; .NET CLR 2.0.50727; SLCC2; .NET CLR 3.5.30729; .NET CLR 3.0.30729; Media Center PC 6.0; .NET4.0C; .NET4.0E; Tablet PC 2.0)"
172.70.46.126 - - [28/Aug/2026:17:19:08 +0200] "GET /phpinfo/ HTTP/1.1" 200 880 "-" "Mozilla/5.0(Windows; U; Windows NT 7.0; rv:1.9.2) Gecko/20100101 Firefox/3.6"
172.71.183.106 - - [28/Aug/2026:17:19:08 +0200] "GET /phpinfo/ HTTP/1.1" 400 52 "-" "Mozilla/5.0 (X11; U; Linux i686; fr; rv:1.9.0.10) Gecko/2009042708 Fedora/3.0.10-1.fc10 Firefox/3.0.10"
104.23.168.90 - - [28/Aug/2026:17:19:08 +0200] "GET /dev/.env HTTP/1.1" 401 36 "-" "Mozilla/4.0 (compatible; MSIE 7.0; Windows NT 6.1; Win64; x64; Trident/7.0; .NET CLR 2.0.50727; SLCC2; .NET CLR 3.5.30729; .NET CLR 3.0.30729; Media Center PC 6.0; .NET4.0C; .NET4.0E; Tablet PC 2.0)"
104.23.168.90 - - [28/Aug/2026:17:19:08 +0200] "GET /?phpinfo=-1 HTTP/1.1" 401 36 "-" "Mozilla/4.0 (compatible; MSIE 7.0; Windows NT 6.1; Win64; x64; Trident/7.0; .NET CLR 2.0.50727; SLCC2; .NET CLR 3.5.30729; .NET CLR 3.0.30729; Media Center PC 6.0; .NET4.0C; .NET4.0E; Tablet PC 2.0)"
172.70.46.126 - - [28/Aug/2026:17:19:08 +0200] "GET /laravel/.env HTTP/1.1" 200 880 "-" "Mozilla/5.0(Windows; U; Windows NT 7.0; rv:1.9.2) Gecko/20100101 Firefox/3.6"
172.71.183.106 - - [28/Aug/2026:17:19:08 +0200] "GET /laravel/.env HTTP/1.1" 400 52 "-" "Mozilla/5.0 (X11; U; Linux i686; fr; rv:1.9.0.10) Gecko/2009042708 Fedora/3.0.10-1.fc10 Firefox/3.0.10"
104.23.168.90 - - [28/Aug/2026:17:19:08 +0200] "GET /server/.env HTTP/1.1" 401 36 "-" "Mozilla/4.0 (compatible; MSIE 7.0; Windows NT 6.1; Win64; x64; Trident/7.0; .NET CLR 2.0.50727; SLCC2; .NET CLR 3.5.30729; .NET CLR 3.0.30729; Media Center PC 6.0; .NET4.0C; .NET4.0E; Tablet PC 2.0)"
172.70.46.126 - - [28/Aug/2026:17:19:08 +0200] "GET /core/.env HTTP/1.1" 200 880 "-" "Mozilla/5.0(Windows; U; Windows NT 7.0; rv:1.9.2) Gecko/20100101 Firefox/3.6"
104.23.168.90 - - [28/Aug/2026:17:19:08 +0200] "GET /.env.save HTTP/1.1" 401 36 "-" "Mozilla/4.0 (compatible; MSIE 7.0; Windows NT 6.1; Win64; x64; Trident/7.0; .NET CLR 2.0.50727; SLCC2; .NET CLR 3.5.30729; .NET CLR 3.0.30729; Media Center PC 6.0; .NET4.0C; .NET4.0E; Tablet PC 2.0)"
172.71.183.106 - - [28/Aug/2026:17:19:08 +0200] "GET /core/.env HTTP/1.1" 400 52 "-" "Mozilla/5.0 (X11; U; Linux i686; fr; rv:1.9.0.10) Gecko/2009042708 Fedora/3.0.10-1.fc10 Firefox/3.0.10"
104.23.168.90 - - [28/Aug/2026:17:19:08 +0200] "GET /info/ HTTP/1.1" 401 36 "-" "Mozilla/4.0 (compatible; MSIE 7.0; Windows NT 6.1; Win64; x64; Trident/7.0; .NET CLR 2.0.50727; SLCC2; .NET CLR 3.5.30729; .NET CLR 3.0.30729; Media Center PC 6.0; .NET4.0C; .NET4.0E; Tablet PC 2.0)"
172.70.46.126 - - [28/Aug/2026:17:19:08 +0200] "GET /test HTTP/1.1" 200 880 "-" "Mozilla/5.0(Windows; U; Windows NT 7.0; rv:1.9.2) Gecko/20100101 Firefox/3.6"
104.23.168.90 - - [28/Aug/2026:17:19:08 +0200] "GET /staging/.env HTTP/1.1" 401 36 "-" "Mozilla/4.0 (compatible; MSIE 7.0; Windows NT 6.1; Win64; x64; Trident/7.0; .NET CLR 2.0.50727; SLCC2; .NET CLR 3.5.30729; .NET CLR 3.0.30729; Media Center PC 6.0; .NET4.0C; .NET4.0E; Tablet PC 2.0)"
172.71.183.106 - - [28/Aug/2026:17:19:08 +0200] "GET /test HTTP/1.1" 400 52 "-" "Mozilla/5.0 (X11; U; Linux i686; fr; rv:1.9.0.10) Gecko/2009042708 Fedora/3.0.10-1.fc10 Firefox/3.0.10"
104.23.168.90 - - [28/Aug/2026:17:19:08 +0200] "GET /WEB-INF/web.xml HTTP/1.1" 401 36 "-" "Mozilla/4.0 (compatible; MSIE 7.0; Windows NT 6.1; Win64; x64; Trident/7.0; .NET CLR 2.0.50727; SLCC2; .NET CLR 3.5.30729; .NET CLR 3.0.30729; Media Center PC 6.0; .NET4.0C; .NET4.0E; Tablet PC 2.0)"
172.70.46.126 - - [28/Aug/2026:17:19:08 +0200] "GET /.env.example HTTP/1.1" 200 880 "-" "Mozilla/5.0(Windows; U; Windows NT 7.0; rv:1.9.2) Gecko/20100101 Firefox/3.6"
172.71.183.106 - - [28/Aug/2026:17:19:08 +0200] "GET /.env.example HTTP/1.1" 400 52 "-" "Mozilla/5.0 (X11; U; Linux i686; fr; rv:1.9.0.10) Gecko/2009042708 Fedora/3.0.10-1.fc10 Firefox/3.0.10"
104.23.168.90 - - [28/Aug/2026:17:19:08 +0200] "GET /.env.production HTTP/1.1" 401 36 "-" "Mozilla/4.0 (compatible; MSIE 7.0; Windows NT 6.1; Win64; x64; Trident/7.0; .NET CLR 2.0.50727; SLCC2; .NET CLR 3.5.30729; .NET CLR 3.0.30729; Media Center PC 6.0; .NET4.0C; .NET4.0E; Tablet PC 2.0)"
172.70.46.126 - - [28/Aug/2026:17:19:08 +0200] "GET /app/.env HTTP/1.1" 200 880 "-" "Mozilla/5.0(Windows; U; Windows NT 7.0; rv:1.9.2) Gecko/20100101 Firefox/3.6"
104.23.168.90 - - [28/Aug/2026:17:19:08 +0200] "GET /.gitlab-ci.yml HTTP/1.1" 401 36 "-" "Mozilla/4.0 (compatible; MSIE 7.0; Windows NT 6.1; Win64; x64; Trident/7.0; .NET CLR 2.0.50727; SLCC2; .NET CLR 3.5.30729; .NET CLR 3.0.30729; Media Center PC 6.0; .NET4.0C; .NET4.0E; Tablet PC 2.0)"
172.71.183.106 - - [28/Aug/2026:17:19:08 +0200] "GET /app/.env HTTP/1.1" 400 52 "-" "Mozilla/5.0 (X11; U; Linux i686; fr; rv:1.9.0.10) Gecko/2009042708 Fedora/3.0.10-1.fc10 Firefox/3.0.10"
172.70.46.126 - - [28/Aug/2026:17:19:08 +0200] "GET /dev/.env HTTP/1.1" 200 880 "-" "Mozilla/5.0(Windows; U; Windows NT 7.0; rv:1.9.2) Gecko/20100101 Firefox/3.6"
104.23.168.90 - - [28/Aug/2026:17:19:09 +0200] "GET /deploy.sh HTTP/1.1" 401 36 "-" "Mozilla/4.0 (compatible; MSIE 7.0; Windows NT 6.1; Win64; x64; Trident/7.0; .NET CLR 2.0.50727; SLCC2; .NET CLR 3.5.30729; .NET CLR 3.0.30729; Media Center PC 6.0; .NET4.0C; .NET4.0E; Tablet PC 2.0)"
172.71.183.106 - - [28/Aug/2026:17:19:09 +0200] "GET /dev/.env HTTP/1.1" 400 52 "-" "Mozilla/5.0 (X11; U; Linux i686; fr; rv:1.9.0.10) Gecko/2009042708 Fedora/3.0.10-1.fc10 Firefox/3.0.10"
172.70.46.126 - - [28/Aug/2026:17:19:09 +0200] "GET /?phpinfo=-1 HTTP/1.1" 200 880 "-" "Mozilla/5.0(Windows; U; Windows NT 7.0; rv:1.9.2) Gecko/20100101 Firefox/3.6"
104.23.168.90 - - [28/Aug/2026:17:19:09 +0200] "GET /source/.env HTTP/1.1" 401 36 "-" "Mozilla/4.0 (compatible; MSIE 7.0; Windows NT 6.1; Win64; x64; Trident/7.0; .NET CLR 2.0.50727; SLCC2; .NET CLR 3.5.30729; .NET CLR 3.0.30729; Media Center PC 6.0; .NET4.0C; .NET4.0E; Tablet PC 2.0)"
172.71.183.106 - - [28/Aug/2026:17:19:09 +0200] "GET /?phpinfo=-1 HTTP/1.1" 400 52 "-" "Mozilla/5.0 (X11; U; Linux i686; fr; rv:1.9.0.10) Gecko/2009042708 Fedora/3.0.10-1.fc10 Firefox/3.0.10"
104.23.168.90 - - [28/Aug/2026:17:19:09 +0200] "GET /config.env HTTP/1.1" 401 36 "-" "Mozilla/4.0 (compatible; MSIE 7.0; Windows NT 6.1; Win64; x64; Trident/7.0; .NET CLR 2.0.50727; SLCC2; .NET CLR 3.5.30729; .NET CLR 3.0.30729; Media Center PC 6.0; .NET4.0C; .NET4.0E; Tablet PC 2.0)"
172.70.46.126 - - [28/Aug/2026:17:19:09 +0200] "GET /server/.env HTTP/1.1" 200 880 "-" "Mozilla/5.0(Windows; U; Windows NT 7.0; rv:1.9.2) Gecko/20100101 Firefox/3.6"
172.71.183.106 - - [28/Aug/2026:17:19:09 +0200] "GET /server/.env HTTP/1.1" 400 52 "-" "Mozilla/5.0 (X11; U; Linux i686; fr; rv:1.9.0.10) Gecko/2009042708 Fedora/3.0.10-1.fc10 Firefox/3.0.10"
104.23.168.90 - - [28/Aug/2026:17:19:09 +0200] "GET /framework/.env HTTP/1.1" 401 36 "-" "Mozilla/4.0 (compatible; MSIE 7.0; Windows NT 6.1; Win64; x64; Trident/7.0; .NET CLR 2.0.50727; SLCC2; .NET CLR 3.5.30729; .NET CLR 3.0.30729; Media Center PC 6.0; .NET4.0C; .NET4.0E; Tablet PC 2.0)"
172.70.46.126 - - [28/Aug/2026:17:19:09 +0200] "GET /.env.save HTTP/1.1" 200 880 "-" "Mozilla/5.0(Windows; U; Windows NT 7.0; rv:1.9.2) Gecko/20100101 Firefox/3.6"
104.23.168.90 - - [28/Aug/2026:17:19:09 +0200] "GET /ikiwiki/.env HTTP/1.1" 401 36 "-" "Mozilla/4.0 (compatible; MSIE 7.0; Windows NT 6.1; Win64; x64; Trident/7.0; .NET CLR 2.0.50727; SLCC2; .NET CLR 3.5.30729; .NET CLR 3.0.30729; Media Center PC 6.0; .NET4.0C; .NET4.0E; Tablet PC 2.0)"
172.71.183.106 - - [28/Aug/2026:17:19:09 +0200] "GET /.env.save HTTP/1.1" 400 52 "-" "Mozilla/5.0 (X11; U; Linux i686; fr; rv:1.9.0.10) Gecko/2009042708 Fedora/3.0.10-1.fc10 Firefox/3.0.10"
104.23.168.90 - - [28/Aug/2026:17:19:09 +0200] "GET /config.inc.php HTTP/1.1" 401 36 "-" "Mozilla/4.0 (compatible; MSIE 7.0; Windows NT 6.1; Win64; x64; Trident/7.0; .NET CLR 2.0.50727; SLCC2; .NET CLR 3.5.30729; .NET CLR 3.0.30729; Media Center PC 6.0; .NET4.0C; .NET4.0E; Tablet PC 2.0)"
172.71.183.106 - - [28/Aug/2026:17:19:09 +0200] "GET /info/ HTTP/1.1" 400 52 "-" "Mozilla/5.0 (X11; U; Linux i686; fr; rv:1.9.0.10) Gecko/2009042708 Fedora/3.0.10-1.fc10 Firefox/3.0.10"
104.23.168.90 - - [28/Aug/2026:17:19:09 +0200] "GET /system/.env HTTP/1.1" 401 36 "-" "Mozilla/4.0 (compatible; MSIE 7.0; Windows NT 6.1; Win64; x64; Trident/7.0; .NET CLR 2.0.50727; SLCC2; .NET CLR 3.5.30729; .NET CLR 3.0.30729; Media Center PC 6.0; .NET4.0C; .NET4.0E; Tablet PC 2.0)"
172.70.46.126 - - [28/Aug/2026:17:19:09 +0200] "GET /info/ HTTP/1.1" 200 880 "-" "Mozilla/5.0(Windows; U; Windows NT 7.0; rv:1.9.2) Gecko/20100101 Firefox/3.6"
172.71.183.106 - - [28/Aug/2026:17:19:09 +0200] "GET /staging/.env HTTP/1.1" 400 52 "-" "Mozilla/5.0 (X11; U; Linux i686; fr; rv:1.9.0.10) Gecko/2009042708 Fedora/3.0.10-1.fc10 Firefox/3.0.10"
104.23.168.90 - - [28/Aug/2026:17:19:09 +0200] "GET /test/ HTTP/1.1" 401 36 "-" "Mozilla/4.0 (compatible; MSIE 7.0; Windows NT 6.1; Win64; x64; Trident/7.0; .NET CLR 2.0.50727; SLCC2; .NET CLR 3.5.30729; .NET CLR 3.0.30729; Media Center PC 6.0; .NET4.0C; .NET4.0E; Tablet PC 2.0)"
172.70.46.126 - - [28/Aug/2026:17:19:09 +0200] "GET /staging/.env HTTP/1.1" 200 880 "-" "Mozilla/5.0(Windows; U; Windows NT 7.0; rv:1.9.2) Gecko/20100101 Firefox/3.6"
172.71.183.106 - - [28/Aug/2026:17:19:09 +0200] "GET /WEB-INF/web.xml HTTP/1.1" 400 52 "-" "Mozilla/5.0 (X11; U; Linux i686; fr; rv:1.9.0.10) Gecko/2009042708 Fedora/3.0.10-1.fc10 Firefox/3.0.10"
104.23.168.90 - - [28/Aug/2026:17:19:09 +0200] "GET /.env.dev HTTP/1.1" 401 36 "-" "Mozilla/4.0 (compatible; MSIE 7.0; Windows NT 6.1; Win64; x64; Trident/7.0; .NET CLR 2.0.50727; SLCC2; .NET CLR 3.5.30729; .NET CLR 3.0.30729; Media Center PC 6.0; .NET4.0C; .NET4.0E; Tablet PC 2.0)"
172.70.46.126 - - [28/Aug/2026:17:19:09 +0200] "GET /WEB-INF/web.xml HTTP/1.1" 200 880 "-" "Mozilla/5.0(Windows; U; Windows NT 7.0; rv:1.9.2) Gecko/20100101 Firefox/3.6"
104.23.168.90 - - [28/Aug/2026:17:19:09 +0200] "GET /.env.sample HTTP/1.1" 401 36 "-" "Mozilla/4.0 (compatible; MSIE 7.0; Windows NT 6.1; Win64; x64; Trident/7.0; .NET CLR 2.0.50727; SLCC2; .NET CLR 3.5.30729; .NET CLR 3.0.30729; Media Center PC 6.0; .NET4.0C; .NET4.0E; Tablet PC 2.0)"
104.23.168.90 - - [28/Aug/2026:17:19:09 +0200] "GET /app_dev.php/_profiler/open?file=app/config/parameters.yml HTTP/1.1" 401 36 "-" "Mozilla/4.0 (compatible; MSIE 7.0; Windows NT 6.1; Win64; x64; Trident/7.0; .NET CLR 2.0.50727; SLCC2; .NET CLR 3.5.30729; .NET CLR 3.0.30729; Media Center PC 6.0; .NET4.0C; .NET4.0E; Tablet PC 2.0)"
172.71.183.106 - - [28/Aug/2026:17:19:09 +0200] "GET /.env.production HTTP/1.1" 400 52 "-" "Mozilla/5.0 (X11; U; Linux i686; fr; rv:1.9.0.10) Gecko/2009042708 Fedora/3.0.10-1.fc10 Firefox/3.0.10"
104.23.168.90 - - [28/Aug/2026:17:19:09 +0200] "GET /wp-content/mysql.sql HTTP/1.1" 401 36 "-" "Mozilla/4.0 (compatible; MSIE 7.0; Windows NT 6.1; Win64; x64; Trident/7.0; .NET CLR 2.0.50727; SLCC2; .NET CLR 3.5.30729; .NET CLR 3.0.30729; Media Center PC 6.0; .NET4.0C; .NET4.0E; Tablet PC 2.0)"
172.70.46.126 - - [28/Aug/2026:17:19:09 +0200] "GET /.env.production HTTP/1.1" 200 880 "-" "Mozilla/5.0(Windows; U; Windows NT 7.0; rv:1.9.2) Gecko/20100101 Firefox/3.6"
172.71.183.106 - - [28/Aug/2026:17:19:09 +0200] "GET /.gitlab-ci.yml HTTP/1.1" 400 52 "-" "Mozilla/5.0 (X11; U; Linux i686; fr; rv:1.9.0.10) Gecko/2009042708 Fedora/3.0.10-1.fc10 Firefox/3.0.10"
104.23.168.90 - - [28/Aug/2026:17:19:09 +0200] "GET /.env.dev.local HTTP/1.1" 401 36 "-" "Mozilla/4.0 (compatible; MSIE 7.0; Windows NT 6.1; Win64; x64; Trident/7.0; .NET CLR 2.0.50727; SLCC2; .NET CLR 3.5.30729; .NET CLR 3.0.30729; Media Center PC 6.0; .NET4.0C; .NET4.0E; Tablet PC 2.0)"
172.70.46.126 - - [28/Aug/2026:17:19:09 +0200] "GET /.gitlab-ci.yml HTTP/1.1" 200 880 "-" "Mozilla/5.0(Windows; U; Windows NT 7.0; rv:1.9.2) Gecko/20100101 Firefox/3.6"
104.23.168.90 - - [28/Aug/2026:17:19:09 +0200] "GET /php-info.php HTTP/1.1" 401 36 "-" "Mozilla/4.0 (compatible; MSIE 7.0; Windows NT 6.1; Win64; x64; Trident/7.0; .NET CLR 2.0.50727; SLCC2; .NET CLR 3.5.30729; .NET CLR 3.0.30729; Media Center PC 6.0; .NET4.0C; .NET4.0E; Tablet PC 2.0)"
172.71.183.106 - - [28/Aug/2026:17:19:09 +0200] "GET /deploy.sh HTTP/1.1" 400 52 "-" "Mozilla/5.0 (X11; U; Linux i686; fr; rv:1.9.0.10) Gecko/2009042708 Fedora/3.0.10-1.fc10 Firefox/3.0.10"
104.23.168.90 - - [28/Aug/2026:17:19:09 +0200] "GET /.env.prod HTTP/1.1" 401 36 "-" "Mozilla/4.0 (compatible; MSIE 7.0; Windows NT 6.1; Win64; x64; Trident/7.0; .NET CLR 2.0.50727; SLCC2; .NET CLR 3.5.30729; .NET CLR 3.0.30729; Media Center PC 6.0; .NET4.0C; .NET4.0E; Tablet PC 2.0)"
172.70.46.126 - - [28/Aug/2026:17:19:09 +0200] "GET /deploy.sh HTTP/1.1" 200 880 "-" "Mozilla/5.0(Windows; U; Windows NT 7.0; rv:1.9.2) Gecko/20100101 Firefox/3.6"
172.71.183.106 - - [28/Aug/2026:17:19:09 +0200] "GET /source/.env HTTP/1.1" 400 52 "-" "Mozilla/5.0 (X11; U; Linux i686; fr; rv:1.9.0.10) Gecko/2009042708 Fedora/3.0.10-1.fc10 Firefox/3.0.10"
104.23.168.90 - - [28/Aug/2026:17:19:09 +0200] "GET /.env.stage HTTP/1.1" 401 36 "-" "Mozilla/4.0 (compatible; MSIE 7.0; Windows NT 6.1; Win64; x64; Trident/7.0; .NET CLR 2.0.50727; SLCC2; .NET CLR 3.5.30729; .NET CLR 3.0.30729; Media Center PC 6.0; .NET4.0C; .NET4.0E; Tablet PC 2.0)"
172.70.46.126 - - [28/Aug/2026:17:19:09 +0200] "GET /source/.env HTTP/1.1" 200 880 "-" "Mozilla/5.0(Windows; U; Windows NT 7.0; rv:1.9.2) Gecko/20100101 Firefox/3.6"
104.23.168.90 - - [28/Aug/2026:17:19:10 +0200] "GET /info.php.bak HTTP/1.1" 401 36 "-" "Mozilla/4.0 (compatible; MSIE 7.0; Windows NT 6.1; Win64; x64; Trident/7.0; .NET CLR 2.0.50727; SLCC2; .NET CLR 3.5.30729; .NET CLR 3.0.30729; Media Center PC 6.0; .NET4.0C; .NET4.0E; Tablet PC 2.0)"
172.71.183.106 - - [28/Aug/2026:17:19:10 +0200] "GET /config.env HTTP/1.1" 400 52 "-" "Mozilla/5.0 (X11; U; Linux i686; fr; rv:1.9.0.10) Gecko/2009042708 Fedora/3.0.10-1.fc10 Firefox/3.0.10"
104.23.168.90 - - [28/Aug/2026:17:19:10 +0200] "GET /phpinfo.php.bak HTTP/1.1" 401 36 "-" "Mozilla/4.0 (compatible; MSIE 7.0; Windows NT 6.1; Win64; x64; Trident/7.0; .NET CLR 2.0.50727; SLCC2; .NET CLR 3.5.30729; .NET CLR 3.0.30729; Media Center PC 6.0; .NET4.0C; .NET4.0E; Tablet PC 2.0)"
172.70.46.126 - - [28/Aug/2026:17:19:10 +0200] "GET /config.env HTTP/1.1" 200 880 "-" "Mozilla/5.0(Windows; U; Windows NT 7.0; rv:1.9.2) Gecko/20100101 Firefox/3.6"
172.71.183.106 - - [28/Aug/2026:17:19:10 +0200] "GET /framework/.env HTTP/1.1" 400 52 "-" "Mozilla/5.0 (X11; U; Linux i686; fr; rv:1.9.0.10) Gecko/2009042708 Fedora/3.0.10-1.fc10 Firefox/3.0.10"
104.23.168.90 - - [28/Aug/2026:17:19:10 +0200] "GET /.aws/credentials HTTP/1.1" 401 36 "-" "Mozilla/4.0 (compatible; MSIE 7.0; Windows NT 6.1; Win64; x64; Trident/7.0; .NET CLR 2.0.50727; SLCC2; .NET CLR 3.5.30729; .NET CLR 3.0.30729; Media Center PC 6.0; .NET4.0C; .NET4.0E; Tablet PC 2.0)"
172.70.46.126 - - [28/Aug/2026:17:19:10 +0200] "GET /framework/.env HTTP/1.1" 200 880 "-" "Mozilla/5.0(Windows; U; Windows NT 7.0; rv:1.9.2) Gecko/20100101 Firefox/3.6"
104.23.168.90 - - [28/Aug/2026:17:19:10 +0200] "GET /info.txt HTTP/1.1" 401 36 "-" "Mozilla/4.0 (compatible; MSIE 7.0; Windows NT 6.1; Win64; x64; Trident/7.0; .NET CLR 2.0.50727; SLCC2; .NET CLR 3.5.30729; .NET CLR 3.0.30729; Media Center PC 6.0; .NET4.0C; .NET4.0E; Tablet PC 2.0)"
172.71.183.106 - - [28/Aug/2026:17:19:10 +0200] "GET /ikiwiki/.env HTTP/1.1" 400 52 "-" "Mozilla/5.0 (X11; U; Linux i686; fr; rv:1.9.0.10) Gecko/2009042708 Fedora/3.0.10-1.fc10 Firefox/3.0.10"
104.23.168.90 - - [28/Aug/2026:17:19:10 +0200] "GET /env/.env HTTP/1.1" 401 36 "-" "Mozilla/4.0 (compatible; MSIE 7.0; Windows NT 6.1; Win64; x64; Trident/7.0; .NET CLR 2.0.50727; SLCC2; .NET CLR 3.5.30729; .NET CLR 3.0.30729; Media Center PC 6.0; .NET4.0C; .NET4.0E; Tablet PC 2.0)"
172.70.46.126 - - [28/Aug/2026:17:19:10 +0200] "GET /ikiwiki/.env HTTP/1.1" 200 880 "-" "Mozilla/5.0(Windows; U; Windows NT 7.0; rv:1.9.2) Gecko/20100101 Firefox/3.6"
172.71.183.106 - - [28/Aug/2026:17:19:10 +0200] "GET /config.inc.php HTTP/1.1" 400 52 "-" "Mozilla/5.0 (X11; U; Linux i686; fr; rv:1.9.0.10) Gecko/2009042708 Fedora/3.0.10-1.fc10 Firefox/3.0.10"
104.23.168.90 - - [28/Aug/2026:17:19:10 +0200] "GET /config.json HTTP/1.1" 401 36 "-" "Mozilla/4.0 (compatible; MSIE 7.0; Windows NT 6.1; Win64; x64; Trident/7.0; .NET CLR 2.0.50727; SLCC2; .NET CLR 3.5.30729; .NET CLR 3.0.30729; Media Center PC 6.0; .NET4.0C; .NET4.0E; Tablet PC 2.0)"
172.70.46.126 - - [28/Aug/2026:17:19:10 +0200] "GET /config.inc.php HTTP/1.1" 200 880 "-" "Mozilla/5.0(Windows; U; Windows NT 7.0; rv:1.9.2) Gecko/20100101 Firefox/3.6"
104.23.168.90 - - [28/Aug/2026:17:19:10 +0200] "GET /src/.env HTTP/1.1" 401 36 "-" "Mozilla/4.0 (compatible; MSIE 7.0; Windows NT 6.1; Win64; x64; Trident/7.0; .NET CLR 2.0.50727; SLCC2; .NET CLR 3.5.30729; .NET CLR 3.0.30729; Media Center PC 6.0; .NET4.0C; .NET4.0E; Tablet PC 2.0)"
172.71.183.106 - - [28/Aug/2026:17:19:10 +0200] "GET /system/.env HTTP/1.1" 400 52 "-" "Mozilla/5.0 (X11; U; Linux i686; fr; rv:1.9.0.10) Gecko/2009042708 Fedora/3.0.10-1.fc10 Firefox/3.0.10"
104.23.168.90 - - [28/Aug/2026:17:19:10 +0200] "GET /.env_copy HTTP/1.1" 401 36 "-" "Mozilla/4.0 (compatible; MSIE 7.0; Windows NT 6.1; Win64; x64; Trident/7.0; .NET CLR 2.0.50727; SLCC2; .NET CLR 3.5.30729; .NET CLR 3.0.30729; Media Center PC 6.0; .NET4.0C; .NET4.0E; Tablet PC 2.0)"
172.70.46.126 - - [28/Aug/2026:17:19:10 +0200] "GET /system/.env HTTP/1.1" 200 880 "-" "Mozilla/5.0(Windows; U; Windows NT 7.0; rv:1.9.2) Gecko/20100101 Firefox/3.6"
172.71.183.106 - - [28/Aug/2026:17:19:10 +0200] "GET /test/ HTTP/1.1" 400 52 "-" "Mozilla/5.0 (X11; U; Linux i686; fr; rv:1.9.0.10) Gecko/2009042708 Fedora/3.0.10-1.fc10 Firefox/3.0.10"
104.23.168.90 - - [28/Aug/2026:17:19:10 +0200] "GET /config/app.php HTTP/1.1" 401 36 "-" "Mozilla/4.0 (compatible; MSIE 7.0; Windows NT 6.1; Win64; x64; Trident/7.0; .NET CLR 2.0.50727; SLCC2; .NET CLR 3.5.30729; .NET CLR 3.0.30729; Media Center PC 6.0; .NET4.0C; .NET4.0E; Tablet PC 2.0)"
172.70.46.126 - - [28/Aug/2026:17:19:10 +0200] "GET /test/ HTTP/1.1" 200 880 "-" "Mozilla/5.0(Windows; U; Windows NT 7.0; rv:1.9.2) Gecko/20100101 Firefox/3.6"
104.23.168.90 - - [28/Aug/2026:17:19:10 +0200] "GET /vendor/phpunit/phpunit/src/Util/PHP/eval-stdin.php HTTP/1.1" 401 36 "-" "Mozilla/4.0 (compatible; MSIE 7.0; Windows NT 6.1; Win64; x64; Trident/7.0; .NET CLR 2.0.50727; SLCC2; .NET CLR 3.5.30729; .NET CLR 3.0.30729; Media Center PC 6.0; .NET4.0C; .NET4.0E; Tablet PC 2.0)"
172.71.183.106 - - [28/Aug/2026:17:19:10 +0200] "GET /.env.dev HTTP/1.1" 400 52 "-" "Mozilla/5.0 (X11; U; Linux i686; fr; rv:1.9.0.10) Gecko/2009042708 Fedora/3.0.10-1.fc10 Firefox/3.0.10"
104.23.168.90 - - [28/Aug/2026:17:19:10 +0200] "GET /env.example HTTP/1.1" 401 36 "-" "Mozilla/4.0 (compatible; MSIE 7.0; Windows NT 6.1; Win64; x64; Trident/7.0; .NET CLR 2.0.50727; SLCC2; .NET CLR 3.5.30729; .NET CLR 3.0.30729; Media Center PC 6.0; .NET4.0C; .NET4.0E; Tablet PC 2.0)"
172.71.183.106 - - [28/Aug/2026:17:19:10 +0200] "GET /.env.sample HTTP/1.1" 400 52 "-" "Mozilla/5.0 (X11; U; Linux i686; fr; rv:1.9.0.10) Gecko/2009042708 Fedora/3.0.10-1.fc10 Firefox/3.0.10"
104.23.168.90 - - [28/Aug/2026:17:19:10 +0200] "GET /web/.env HTTP/1.1" 401 36 "-" "Mozilla/4.0 (compatible; MSIE 7.0; Windows NT 6.1; Win64; x64; Trident/7.0; .NET CLR 2.0.50727; SLCC2; .NET CLR 3.5.30729; .NET CLR 3.0.30729; Media Center PC 6.0; .NET4.0C; .NET4.0E; Tablet PC 2.0)"
172.70.46.126 - - [28/Aug/2026:17:19:10 +0200] "GET /.env.dev HTTP/1.1" 200 880 "-" "Mozilla/5.0(Windows; U; Windows NT 7.0; rv:1.9.2) Gecko/20100101 Firefox/3.6"
104.23.168.90 - - [28/Aug/2026:17:19:10 +0200] "GET /phpinfo.php3 HTTP/1.1" 401 36 "-" "Mozilla/4.0 (compatible; MSIE 7.0; Windows NT 6.1; Win64; x64; Trident/7.0; .NET CLR 2.0.50727; SLCC2; .NET CLR 3.5.30729; .NET CLR 3.0.30729; Media Center PC 6.0; .NET4.0C; .NET4.0E; Tablet PC 2.0)"
172.71.183.106 - - [28/Aug/2026:17:19:10 +0200] "GET /app_dev.php/_profiler/open?file=app/config/parameters.yml HTTP/1.1" 400 52 "-" "Mozilla/5.0 (X11; U; Linux i686; fr; rv:1.9.0.10) Gecko/2009042708 Fedora/3.0.10-1.fc10 Firefox/3.0.10"
172.70.46.126 - - [28/Aug/2026:17:19:10 +0200] "GET /.env.sample HTTP/1.1" 200 880 "-" "Mozilla/5.0(Windows; U; Windows NT 7.0; rv:1.9.2) Gecko/20100101 Firefox/3.6"
104.23.168.90 - - [28/Aug/2026:17:19:10 +0200] "GET /env HTTP/1.1" 401 36 "-" "Mozilla/4.0 (compatible; MSIE 7.0; Windows NT 6.1; Win64; x64; Trident/7.0; .NET CLR 2.0.50727; SLCC2; .NET CLR 3.5.30729; .NET CLR 3.0.30729; Media Center PC 6.0; .NET4.0C; .NET4.0E; Tablet PC 2.0)"
172.71.183.106 - - [28/Aug/2026:17:19:10 +0200] "GET /wp-content/mysql.sql HTTP/1.1" 400 52 "-" "Mozilla/5.0 (X11; U; Linux i686; fr; rv:1.9.0.10) Gecko/2009042708 Fedora/3.0.10-1.fc10 Firefox/3.0.10"
104.23.168.90 - - [28/Aug/2026:17:19:10 +0200] "GET /.bashrc HTTP/1.1" 401 36 "-" "Mozilla/4.0 (compatible; MSIE 7.0; Windows NT 6.1; Win64; x64; Trident/7.0; .NET CLR 2.0.50727; SLCC2; .NET CLR 3.5.30729; .NET CLR 3.0.30729; Media Center PC 6.0; .NET4.0C; .NET4.0E; Tablet PC 2.0)"
172.70.46.126 - - [28/Aug/2026:17:19:10 +0200] "GET /app_dev.php/_profiler/open?file=app/config/parameters.yml HTTP/1.1" 200 880 "-" "Mozilla/5.0(Windows; U; Windows NT 7.0; rv:1.9.2) Gecko/20100101 Firefox/3.6"
172.71.183.106 - - [28/Aug/2026:17:19:10 +0200] "GET /.env.dev.local HTTP/1.1" 400 52 "-" "Mozilla/5.0 (X11; U; Linux i686; fr; rv:1.9.0.10) Gecko/2009042708 Fedora/3.0.10-1.fc10 Firefox/3.0.10"
104.23.168.90 - - [28/Aug/2026:17:19:10 +0200] "GET /.envrc HTTP/1.1" 401 36 "-" "Mozilla/4.0 (compatible; MSIE 7.0; Windows NT 6.1; Win64; x64; Trident/7.0; .NET CLR 2.0.50727; SLCC2; .NET CLR 3.5.30729; .NET CLR 3.0.30729; Media Center PC 6.0; .NET4.0C; .NET4.0E; Tablet PC 2.0)"
172.70.46.126 - - [28/Aug/2026:17:19:10 +0200] "GET /wp-content/mysql.sql HTTP/1.1" 200 880 "-" "Mozilla/5.0(Windows; U; Windows NT 7.0; rv:1.9.2) Gecko/20100101 Firefox/3.6"
172.71.183.106 - - [28/Aug/2026:17:19:11 +0200] "GET /php-info.php HTTP/1.1" 400 52 "-" "Mozilla/5.0 (X11; U; Linux i686; fr; rv:1.9.0.10) Gecko/2009042708 Fedora/3.0.10-1.fc10 Firefox/3.0.10"
172.70.46.126 - - [28/Aug/2026:17:19:11 +0200] "GET /.env.dev.local HTTP/1.1" 200 880 "-" "Mozilla/5.0(Windows; U; Windows NT 7.0; rv:1.9.2) Gecko/20100101 Firefox/3.6"
172.71.183.106 - - [28/Aug/2026:17:19:11 +0200] "GET /.env.prod HTTP/1.1" 400 52 "-" "Mozilla/5.0 (X11; U; Linux i686; fr; rv:1.9.0.10) Gecko/2009042708 Fedora/3.0.10-1.fc10 Firefox/3.0.10"
172.70.46.126 - - [28/Aug/2026:17:19:11 +0200] "GET /php-info.php HTTP/1.1" 200 880 "-" "Mozilla/5.0(Windows; U; Windows NT 7.0; rv:1.9.2) Gecko/20100101 Firefox/3.6"
172.71.183.106 - - [28/Aug/2026:17:19:11 +0200] "GET /.env.stage HTTP/1.1" 400 52 "-" "Mozilla/5.0 (X11; U; Linux i686; fr; rv:1.9.0.10) Gecko/2009042708 Fedora/3.0.10-1.fc10 Firefox/3.0.10"
172.70.46.126 - - [28/Aug/2026:17:19:11 +0200] "GET /.env.prod HTTP/1.1" 200 880 "-" "Mozilla/5.0(Windows; U; Windows NT 7.0; rv:1.9.2) Gecko/20100101 Firefox/3.6"
172.71.183.106 - - [28/Aug/2026:17:19:11 +0200] "GET /info.php.bak HTTP/1.1" 400 52 "-" "Mozilla/5.0 (X11; U; Linux i686; fr; rv:1.9.0.10) Gecko/2009042708 Fedora/3.0.10-1.fc10 Firefox/3.0.10"
172.71.183.106 - - [28/Aug/2026:17:19:11 +0200] "GET /phpinfo.php.bak HTTP/1.1" 400 52 "-" "Mozilla/5.0 (X11; U; Linux i686; fr; rv:1.9.0.10) Gecko/2009042708 Fedora/3.0.10-1.fc10 Firefox/3.0.10"
172.70.46.126 - - [28/Aug/2026:17:19:11 +0200] "GET /.env.stage HTTP/1.1" 200 880 "-" "Mozilla/5.0(Windows; U; Windows NT 7.0; rv:1.9.2) Gecko/20100101 Firefox/3.6"
172.71.183.106 - - [28/Aug/2026:17:19:11 +0200] "GET /.aws/credentials HTTP/1.1" 400 52 "-" "Mozilla/5.0 (X11; U; Linux i686; fr; rv:1.9.0.10) Gecko/2009042708 Fedora/3.0.10-1.fc10 Firefox/3.0.10"
172.70.46.126 - - [28/Aug/2026:17:19:11 +0200] "GET /info.php.bak HTTP/1.1" 200 880 "-" "Mozilla/5.0(Windows; U; Windows NT 7.0; rv:1.9.2) Gecko/20100101 Firefox/3.6"
172.70.46.126 - - [28/Aug/2026:17:19:11 +0200] "GET /phpinfo.php.bak HTTP/1.1" 200 880 "-" "Mozilla/5.0(Windows; U; Windows NT 7.0; rv:1.9.2) Gecko/20100101 Firefox/3.6"
172.71.183.106 - - [28/Aug/2026:17:19:11 +0200] "GET /info.txt HTTP/1.1" 400 52 "-" "Mozilla/5.0 (X11; U; Linux i686; fr; rv:1.9.0.10) Gecko/2009042708 Fedora/3.0.10-1.fc10 Firefox/3.0.10"
172.70.46.126 - - [28/Aug/2026:17:19:11 +0200] "GET /.aws/credentials HTTP/1.1" 200 880 "-" "Mozilla/5.0(Windows; U; Windows NT 7.0; rv:1.9.2) Gecko/20100101 Firefox/3.6"
172.71.183.106 - - [28/Aug/2026:17:19:11 +0200] "GET /env/.env HTTP/1.1" 400 52 "-" "Mozilla/5.0 (X11; U; Linux i686; fr; rv:1.9.0.10) Gecko/2009042708 Fedora/3.0.10-1.fc10 Firefox/3.0.10"
172.70.46.126 - - [28/Aug/2026:17:19:12 +0200] "GET /info.txt HTTP/1.1" 200 880 "-" "Mozilla/5.0(Windows; U; Windows NT 7.0; rv:1.9.2) Gecko/20100101 Firefox/3.6"
172.71.183.106 - - [28/Aug/2026:17:19:12 +0200] "GET /config.json HTTP/1.1" 400 52 "-" "Mozilla/5.0 (X11; U; Linux i686; fr; rv:1.9.0.10) Gecko/2009042708 Fedora/3.0.10-1.fc10 Firefox/3.0.10"
172.70.46.126 - - [28/Aug/2026:17:19:12 +0200] "GET /env/.env HTTP/1.1" 200 880 "-" "Mozilla/5.0(Windows; U; Windows NT 7.0; rv:1.9.2) Gecko/20100101 Firefox/3.6"
172.71.183.106 - - [28/Aug/2026:17:19:12 +0200] "GET /src/.env HTTP/1.1" 400 52 "-" "Mozilla/5.0 (X11; U; Linux i686; fr; rv:1.9.0.10) Gecko/2009042708 Fedora/3.0.10-1.fc10 Firefox/3.0.10"
172.70.46.126 - - [28/Aug/2026:17:19:12 +0200] "GET /config.json HTTP/1.1" 200 880 "-" "Mozilla/5.0(Windows; U; Windows NT 7.0; rv:1.9.2) Gecko/20100101 Firefox/3.6"
172.71.183.106 - - [28/Aug/2026:17:19:12 +0200] "GET /.env_copy HTTP/1.1" 400 52 "-" "Mozilla/5.0 (X11; U; Linux i686; fr; rv:1.9.0.10) Gecko/2009042708 Fedora/3.0.10-1.fc10 Firefox/3.0.10"
172.70.46.126 - - [28/Aug/2026:17:19:12 +0200] "GET /src/.env HTTP/1.1" 200 880 "-" "Mozilla/5.0(Windows; U; Windows NT 7.0; rv:1.9.2) Gecko/20100101 Firefox/3.6"
172.71.183.106 - - [28/Aug/2026:17:19:12 +0200] "GET /config/app.php HTTP/1.1" 400 52 "-" "Mozilla/5.0 (X11; U; Linux i686; fr; rv:1.9.0.10) Gecko/2009042708 Fedora/3.0.10-1.fc10 Firefox/3.0.10"
172.70.46.126 - - [28/Aug/2026:17:19:12 +0200] "GET /.env_copy HTTP/1.1" 200 880 "-" "Mozilla/5.0(Windows; U; Windows NT 7.0; rv:1.9.2) Gecko/20100101 Firefox/3.6"
172.71.183.106 - - [28/Aug/2026:17:19:13 +0200] "GET /vendor/phpunit/phpunit/src/Util/PHP/eval-stdin.php HTTP/1.1" 400 52 "-" "Mozilla/5.0 (X11; U; Linux i686; fr; rv:1.9.0.10) Gecko/2009042708 Fedora/3.0.10-1.fc10 Firefox/3.0.10"
172.70.46.126 - - [28/Aug/2026:17:19:13 +0200] "GET /config/app.php HTTP/1.1" 200 880 "-" "Mozilla/5.0(Windows; U; Windows NT 7.0; rv:1.9.2) Gecko/20100101 Firefox/3.6"
172.71.183.106 - - [28/Aug/2026:17:19:13 +0200] "GET /env.example HTTP/1.1" 400 52 "-" "Mozilla/5.0 (X11; U; Linux i686; fr; rv:1.9.0.10) Gecko/2009042708 Fedora/3.0.10-1.fc10 Firefox/3.0.10"
172.71.183.106 - - [28/Aug/2026:17:19:13 +0200] "GET /web/.env HTTP/1.1" 400 52 "-" "Mozilla/5.0 (X11; U; Linux i686; fr; rv:1.9.0.10) Gecko/2009042708 Fedora/3.0.10-1.fc10 Firefox/3.0.10"
172.70.46.126 - - [28/Aug/2026:17:19:13 +0200] "GET /vendor/phpunit/phpunit/src/Util/PHP/eval-stdin.php HTTP/1.1" 200 880 "-" "Mozilla/5.0(Windows; U; Windows NT 7.0; rv:1.9.2) Gecko/20100101 Firefox/3.6"
172.71.183.106 - - [28/Aug/2026:17:19:13 +0200] "GET /phpinfo.php3 HTTP/1.1" 400 52 "-" "Mozilla/5.0 (X11; U; Linux i686; fr; rv:1.9.0.10) Gecko/2009042708 Fedora/3.0.10-1.fc10 Firefox/3.0.10"
172.70.46.126 - - [28/Aug/2026:17:19:13 +0200] "GET /env.example HTTP/1.1" 200 880 "-" "Mozilla/5.0(Windows; U; Windows NT 7.0; rv:1.9.2) Gecko/20100101 Firefox/3.6"
172.70.46.126 - - [28/Aug/2026:17:19:13 +0200] "GET /web/.env HTTP/1.1" 200 880 "-" "Mozilla/5.0(Windows; U; Windows NT 7.0; rv:1.9.2) Gecko/20100101 Firefox/3.6"
172.71.183.106 - - [28/Aug/2026:17:19:13 +0200] "GET /env HTTP/1.1" 400 52 "-" "Mozilla/5.0 (X11; U; Linux i686; fr; rv:1.9.0.10) Gecko/2009042708 Fedora/3.0.10-1.fc10 Firefox/3.0.10"
172.70.46.126 - - [28/Aug/2026:17:19:13 +0200] "GET /phpinfo.php3 HTTP/1.1" 200 880 "-" "Mozilla/5.0(Windows; U; Windows NT 7.0; rv:1.9.2) Gecko/20100101 Firefox/3.6"
172.71.183.106 - - [28/Aug/2026:17:19:13 +0200] "GET /.bashrc HTTP/1.1" 400 52 "-" "Mozilla/5.0 (X11; U; Linux i686; fr; rv:1.9.0.10) Gecko/2009042708 Fedora/3.0.10-1.fc10 Firefox/3.0.10"
172.70.46.126 - - [28/Aug/2026:17:19:13 +0200] "GET /env HTTP/1.1" 200 880 "-" "Mozilla/5.0(Windows; U; Windows NT 7.0; rv:1.9.2) Gecko/20100101 Firefox/3.6"
172.71.183.106 - - [28/Aug/2026:17:19:13 +0200] "GET /.envrc HTTP/1.1" 400 52 "-" "Mozilla/5.0 (X11; U; Linux i686; fr; rv:1.9.0.10) Gecko/2009042708 Fedora/3.0.10-1.fc10 Firefox/3.0.10"
172.70.46.126 - - [28/Aug/2026:17:19:13 +0200] "GET /.bashrc HTTP/1.1" 200 880 "-" "Mozilla/5.0(Windows; U; Windows NT 7.0; rv:1.9.2) Gecko/20100101 Firefox/3.6"
172.70.46.126 - - [28/Aug/2026:17:19:13 +0200] "GET /.envrc HTTP/1.1" 200 880 "-" "Mozilla/5.0(Windows; U; Windows NT 7.0; rv:1.9.2) Gecko/20100101 Firefox/3.6"
51.81.164.194 - - [28/Aug/2026:17:19:14 +0200] "GET /tag/communique-du-net-au-togo/ HTTP/1.1" 404 - "-" "Mozilla/5.0 (compatible; AhrefsBot/7.0; +http://ahrefs.com/robot/)"
51.81.163.49 - - [28/Aug/2026:17:19:20 +0200] "GET /tag/presidentielle-2020/ HTTP/1.1" 404 - "-" "Mozilla/5.0 (compatible; AhrefsBot/7.0; +http://ahrefs.com/robot/)"
51.81.163.19 - - [28/Aug/2026:17:19:27 +0200] "GET /tag/parlementaires-uemoa/ HTTP/1.1" 404 - "-" "Mozilla/5.0 (compatible; AhrefsBot/7.0; +http://ahrefs.com/robot/)"
51.81.163.53 - - [28/Aug/2026:17:19:36 +0200] "GET /tag/innovation/ HTTP/1.1" 404 - "-" "Mozilla/5.0 (compatible; AhrefsBot/7.0; +http://ahrefs.com/robot/)"
51.81.169.199 - - [28/Aug/2026:17:19:43 +0200] "GET /tag/faure-gnassingbe-elu/ HTTP/1.1" 404 - "-" "Mozilla/5.0 (compatible; AhrefsBot/7.0; +http://ahrefs.com/robot/)"
51.81.169.205 - - [28/Aug/2026:17:19:50 +0200] "GET /tag/le-soudan-suspendu-par-lunion-africaine/ HTTP/1.1" 404 - "-" "Mozilla/5.0 (compatible; AhrefsBot/7.0; +http://ahrefs.com/robot/)"
51.81.164.192 - - [28/Aug/2026:17:19:57 +0200] "GET /tag/decembre-prochain/ HTTP/1.1" 404 - "-" "Mozilla/5.0 (compatible; AhrefsBot/7.0; +http://ahrefs.com/robot/)"
51.81.165.217 - - [28/Aug/2026:17:20:04 +0200] "GET /tag/b-a-t-i-r/ HTTP/1.1" 404 - "-" "Mozilla/5.0 (compatible; AhrefsBot/7.0; +http://ahrefs.com/robot/)"
51.81.165.95 - - [28/Aug/2026:17:20:12 +0200] "GET /tag/parti-politique/ HTTP/1.1" 404 - "-" "Mozilla/5.0 (compatible; AhrefsBot/7.0; +http://ahrefs.com/robot/)"
51.81.169.127 - - [28/Aug/2026:17:20:19 +0200] "GET /tag/epe-ekpe-2020/ HTTP/1.1" 404 - "-" "Mozilla/5.0 (compatible; AhrefsBot/7.0; +http://ahrefs.com/robot/)"
51.81.163.61 - - [28/Aug/2026:17:20:26 +0200] "GET /tag/joel-tchedre/ HTTP/1.1" 404 - "-" "Mozilla/5.0 (compatible; AhrefsBot/7.0; +http://ahrefs.com/robot/)"
51.81.170.5 - - [28/Aug/2026:17:20:34 +0200] "GET /tag/conseil-des-ministres-du-20-mars-2019-au-togo/ HTTP/1.1" 404 - "-" "Mozilla/5.0 (compatible; AhrefsBot/7.0; +http://ahrefs.com/robot/)"
51.81.169.126 - - [28/Aug/2026:17:20:42 +0200] "GET /tag/conseil-des-ministres-du-7-aout-2019-au-togo/ HTTP/1.1" 404 - "-" "Mozilla/5.0 (compatible; AhrefsBot/7.0; +http://ahrefs.com/robot/)"
40.77.167.121 - - [28/Aug/2026:17:20:43 +0200] "GET /experrection294-40m8u7v35.html HTTP/1.1" 404 - "-" "Mozilla/5.0 AppleWebKit/537.36 (KHTML, like Gecko; compatible; bingbot/2.0; +http://www.bing.com/bingbot.htm) Chrome/116.0.1938.76 Safari/537.36"
51.81.164.153 - - [28/Aug/2026:17:20:48 +0200] "GET /tag/journee-mondiale-du-velo/ HTTP/1.1" 404 - "-" "Mozilla/5.0 (compatible; AhrefsBot/7.0; +http://ahrefs.com/robot/)"
51.81.165.88 - - [28/Aug/2026:17:20:55 +0200] "GET /tag/qualite/ HTTP/1.1" 404 - "-" "Mozilla/5.0 (compatible; AhrefsBot/7.0; +http://ahrefs.com/robot/)"
51.81.169.197 - - [28/Aug/2026:17:21:03 +0200] "GET /tag/youssouf-ouattara/ HTTP/1.1" 404 - "-" "Mozilla/5.0 (compatible; AhrefsBot/7.0; +http://ahrefs.com/robot/)"
51.81.169.203 - - [28/Aug/2026:17:21:10 +0200] "GET /tag/securite-renforcee-a-la-foire/ HTTP/1.1" 404 - "-" "Mozilla/5.0 (compatible; AhrefsBot/7.0; +http://ahrefs.com/robot/)"
51.81.164.206 - - [28/Aug/2026:17:21:18 +0200] "GET /tag/mercure/ HTTP/1.1" 404 - "-" "Mozilla/5.0 (compatible; AhrefsBot/7.0; +http://ahrefs.com/robot/)"
51.81.163.55 - - [28/Aug/2026:17:21:26 +0200] "GET /tag/conseil-des-ministres-du-06-fevrier-2019-au-togo/ HTTP/1.1" 404 - "-" "Mozilla/5.0 (compatible; AhrefsBot/7.0; +http://ahrefs.com/robot/)"
51.81.170.6 - - [28/Aug/2026:17:21:32 +0200] "GET /tag/administration-de-proximite/ HTTP/1.1" 404 - "-" "Mozilla/5.0 (compatible; AhrefsBot/7.0; +http://ahrefs.com/robot/)"
51.81.169.193 - - [28/Aug/2026:17:21:40 +0200] "GET /tag/cssd/ HTTP/1.1" 404 - "-" "Mozilla/5.0 (compatible; AhrefsBot/7.0; +http://ahrefs.com/robot/)"
51.81.164.144 - - [28/Aug/2026:17:21:47 +0200] "GET /tag/festival-de-films-emergence/ HTTP/1.1" 404 - "-" "Mozilla/5.0 (compatible; AhrefsBot/7.0; +http://ahrefs.com/robot/)"
51.81.163.20 - - [28/Aug/2026:17:21:54 +0200] "GET /tag/semences-certifiees/ HTTP/1.1" 404 - "-" "Mozilla/5.0 (compatible; AhrefsBot/7.0; +http://ahrefs.com/robot/)"
51.81.163.77 - - [28/Aug/2026:17:22:02 +0200] "GET /tag/journees/ HTTP/1.1" 404 - "-" "Mozilla/5.0 (compatible; AhrefsBot/7.0; +http://ahrefs.com/robot/)"
51.81.163.26 - - [28/Aug/2026:17:22:09 +0200] "GET /tag/kamgpu-info/ HTTP/1.1" 404 - "-" "Mozilla/5.0 (compatible; AhrefsBot/7.0; +http://ahrefs.com/robot/)"
51.81.169.201 - - [28/Aug/2026:17:22:17 +0200] "GET /tag/nouveau-president-de-lotm/ HTTP/1.1" 404 - "-" "Mozilla/5.0 (compatible; AhrefsBot/7.0; +http://ahrefs.com/robot/)"
51.81.163.51 - - [28/Aug/2026:17:22:23 +0200] "GET /tag/13e-somment-des-presidentes-de-parlement-a-vienne/ HTTP/1.1" 404 - "-" "Mozilla/5.0 (compatible; AhrefsBot/7.0; +http://ahrefs.com/robot/)"
51.81.165.81 - - [28/Aug/2026:17:22:31 +0200] "GET /tag/ably-bidamon/ HTTP/1.1" 404 - "-" "Mozilla/5.0 (compatible; AhrefsBot/7.0; +http://ahrefs.com/robot/)"
51.81.163.73 - - [28/Aug/2026:17:22:39 +0200] "GET /tag/sergio/ HTTP/1.1" 404 - "-" "Mozilla/5.0 (compatible; AhrefsBot/7.0; +http://ahrefs.com/robot/)"
51.81.163.67 - - [28/Aug/2026:17:22:46 +0200] "GET /tag/interview-fabrice-petchezi/ HTTP/1.1" 404 - "-" "Mozilla/5.0 (compatible; AhrefsBot/7.0; +http://ahrefs.com/robot/)"
51.81.164.202 - - [28/Aug/2026:17:22:53 +0200] "GET /tag/operation-keligou-2/ HTTP/1.1" 404 - "-" "Mozilla/5.0 (compatible; AhrefsBot/7.0; +http://ahrefs.com/robot/)"
51.81.163.20 - - [28/Aug/2026:17:23:01 +0200] "GET /tag/calixte-madjoulba/ HTTP/1.1" 404 - "-" "Mozilla/5.0 (compatible; AhrefsBot/7.0; +http://ahrefs.com/robot/)"
51.81.169.200 - - [28/Aug/2026:17:23:08 +0200] "GET /tag/fake-news-a-lere-de-lia/ HTTP/1.1" 404 - "-" "Mozilla/5.0 (compatible; AhrefsBot/7.0; +http://ahrefs.com/robot/)"
51.81.164.157 - - [28/Aug/2026:17:23:15 +0200] "GET /tag/aodption-reforme-du-cadre-juridique-et-fiscal/ HTTP/1.1" 404 - "-" "Mozilla/5.0 (compatible; AhrefsBot/7.0; +http://ahrefs.com/robot/)"
51.81.163.79 - - [28/Aug/2026:17:23:22 +0200] "GET /tag/can-total-energies-2023/ HTTP/1.1" 404 - "-" "Mozilla/5.0 (compatible; AhrefsBot/7.0; +http://ahrefs.com/robot/)"
51.81.170.12 - - [28/Aug/2026:17:23:30 +0200] "GET /tag/rentree-scolaire-2018-2029/ HTTP/1.1" 404 - "-" "Mozilla/5.0 (compatible; AhrefsBot/7.0; +http://ahrefs.com/robot/)"
51.81.164.197 - - [28/Aug/2026:17:23:37 +0200] "GET /tag/operateurs/ HTTP/1.1" 404 - "-" "Mozilla/5.0 (compatible; AhrefsBot/7.0; +http://ahrefs.com/robot/)"
51.81.169.200 - - [28/Aug/2026:17:23:49 +0200] "GET /tag/islamabad/ HTTP/1.1" 404 - "-" "Mozilla/5.0 (compatible; AhrefsBot/7.0; +http://ahrefs.com/robot/)"
51.81.169.119 - - [28/Aug/2026:17:24:07 +0200] "GET /tag/pakistan/ HTTP/1.1" 404 - "-" "Mozilla/5.0 (compatible; AhrefsBot/7.0; +http://ahrefs.com/robot/)"
51.81.163.24 - - [28/Aug/2026:17:24:23 +0200] "GET /tag/cotecna/ HTTP/1.1" 404 - "-" "Mozilla/5.0 (compatible; AhrefsBot/7.0; +http://ahrefs.com/robot/)"
51.81.164.206 - - [28/Aug/2026:17:24:39 +0200] "GET /tag/innovations-de-la-19e-fil/ HTTP/1.1" 404 - "-" "Mozilla/5.0 (compatible; AhrefsBot/7.0; +http://ahrefs.com/robot/)"
51.81.169.204 - - [28/Aug/2026:17:24:58 +0200] "GET /tag/sita/ HTTP/1.1" 404 - "-" "Mozilla/5.0 (compatible; AhrefsBot/7.0; +http://ahrefs.com/robot/)"
52.167.144.230 - - [28/Aug/2026:17:25:07 +0200] "GET /carpocapsa3l-1cdi5pkw5.html HTTP/1.1" 404 - "-" "Mozilla/5.0 AppleWebKit/537.36 (KHTML, like Gecko; compatible; bingbot/2.0; +http://www.bing.com/bingbot.htm) Chrome/116.0.1938.76 Safari/537.36"
51.81.163.68 - - [28/Aug/2026:17:25:16 +0200] "GET /tag/festival-des-loisirs/ HTTP/1.1" 404 - "-" "Mozilla/5.0 (compatible; AhrefsBot/7.0; +http://ahrefs.com/robot/)"
51.81.164.150 - - [28/Aug/2026:17:25:35 +0200] "GET /tag/gf2d/ HTTP/1.1" 404 - "-" "Mozilla/5.0 (compatible; AhrefsBot/7.0; +http://ahrefs.com/robot/)"
51.81.163.31 - - [28/Aug/2026:17:25:53 +0200] "GET /tag/couple/ HTTP/1.1" 404 - "-" "Mozilla/5.0 (compatible; AhrefsBot/7.0; +http://ahrefs.com/robot/)"
51.81.165.218 - - [28/Aug/2026:17:26:10 +0200] "GET /tag/vindicte-populaire/ HTTP/1.1" 404 - "-" "Mozilla/5.0 (compatible; AhrefsBot/7.0; +http://ahrefs.com/robot/)"
51.81.163.76 - - [28/Aug/2026:17:26:25 +0200] "GET /tag/sport-togo/ HTTP/1.1" 404 - "-" "Mozilla/5.0 (compatible; AhrefsBot/7.0; +http://ahrefs.com/robot/)"
52.167.144.230 - - [28/Aug/2026:17:26:28 +0200] "GET /gestion-des-crises-dans-la-sous-region-faure-gnassingbe-imprime-la-marque-de-sa-diplomatie/ HTTP/1.1" 404 - "-" "Mozilla/5.0 AppleWebKit/537.36 (KHTML, like Gecko; compatible; bingbot/2.0; +http://www.bing.com/bingbot.htm) Chrome/116.0.1938.76 Safari/537.36"
40.77.167.71 - - [28/Aug/2026:17:26:34 +0200] "GET /body2ek-044f7hiw4.html HTTP/1.1" 404 - "-" "Mozilla/5.0 AppleWebKit/537.36 (KHTML, like Gecko; compatible; bingbot/2.0; +http://www.bing.com/bingbot.htm) Chrome/116.0.1938.76 Safari/537.36"
51.81.163.25 - - [28/Aug/2026:17:26:38 +0200] "GET /tag/voleur-de-poule/ HTTP/1.1" 404 - "-" "Mozilla/5.0 (compatible; AhrefsBot/7.0; +http://ahrefs.com/robot/)"
51.81.169.198 - - [28/Aug/2026:17:26:54 +0200] "GET /tag/hommes-de-medias/ HTTP/1.1" 404 - "-" "Mozilla/5.0 (compatible; AhrefsBot/7.0; +http://ahrefs.com/robot/)"
51.81.163.78 - - [28/Aug/2026:17:27:12 +0200] "GET /tag/femme/ HTTP/1.1" 404 - "-" "Mozilla/5.0 (compatible; AhrefsBot/7.0; +http://ahrefs.com/robot/)"
51.81.170.9 - - [28/Aug/2026:17:27:30 +0200] "GET /tag/met-a-nu/ HTTP/1.1" 404 - "-" "Mozilla/5.0 (compatible; AhrefsBot/7.0; +http://ahrefs.com/robot/)"
51.81.163.48 - - [28/Aug/2026:17:27:49 +0200] "GET /tag/adoption-projet-de-loi-de-finances-rectificative-2025/ HTTP/1.1" 404 - "-" "Mozilla/5.0 (compatible; AhrefsBot/7.0; +http://ahrefs.com/robot/)"
51.81.169.118 - - [28/Aug/2026:17:28:09 +0200] "GET /tag/grande-quinzaine-commerciale/ HTTP/1.1" 404 - "-" "Mozilla/5.0 (compatible; AhrefsBot/7.0; +http://ahrefs.com/robot/)"
51.81.165.89 - - [28/Aug/2026:17:28:27 +0200] "GET /tag/40e-edition/ HTTP/1.1" 404 - "-" "Mozilla/5.0 (compatible; AhrefsBot/7.0; +http://ahrefs.com/robot/)"
2a03:2880:f814:34:: - - [28/Aug/2026:17:28:45 +0200] "GET /cetef-lancement-de-lagenda-artistique-et-culturel-2026/ HTTP/1.1" 404 - "-" "Mozilla/5.0 (Macintosh; Intel Mac OS X 10_15_7) AppleWebKit/537.36 (KHTML, like Gecko) Chrome/145.0.0.0 Safari/537.36 (compatible; meta-webindexer/1.1 (+https://developers.facebook.com/docs/sharing/webmasters/crawler))"
51.81.165.220 - - [28/Aug/2026:17:28:45 +0200] "GET /tag/travaux-en-commission/ HTTP/1.1" 404 - "-" "Mozilla/5.0 (compatible; AhrefsBot/7.0; +http://ahrefs.com/robot/)"
51.81.163.16 - - [28/Aug/2026:17:29:04 +0200] "GET /tag/projet-de-loi-de-finances-2026/ HTTP/1.1" 404 - "-" "Mozilla/5.0 (compatible; AhrefsBot/7.0; +http://ahrefs.com/robot/)"
51.81.165.89 - - [28/Aug/2026:17:29:22 +0200] "GET /category/environnement/ HTTP/1.1" 404 - "-" "Mozilla/5.0 (compatible; AhrefsBot/7.0; +http://ahrefs.com/robot/)"
51.81.163.65 - - [28/Aug/2026:17:29:38 +0200] "GET /tag/expo-osaka-2025/ HTTP/1.1" 404 - "-" "Mozilla/5.0 (compatible; AhrefsBot/7.0; +http://ahrefs.com/robot/)"
51.81.169.205 - - [28/Aug/2026:17:29:52 +0200] "GET /tag/conseil-des-ministres-du-13-fevrier-2019-au-togo/ HTTP/1.1" 404 - "-" "Mozilla/5.0 (compatible; AhrefsBot/7.0; +http://ahrefs.com/robot/)"
51.81.164.192 - - [28/Aug/2026:17:30:07 +0200] "GET /tag/boukpessi/ HTTP/1.1" 404 - "-" "Mozilla/5.0 (compatible; AhrefsBot/7.0; +http://ahrefs.com/robot/)"
51.81.164.203 - - [28/Aug/2026:17:30:24 +0200] "GET /tag/tournee-parlementaire/ HTTP/1.1" 404 - "-" "Mozilla/5.0 (compatible; AhrefsBot/7.0; +http://ahrefs.com/robot/)"
51.81.169.197 - - [28/Aug/2026:17:30:41 +0200] "GET /tag/new-world/ HTTP/1.1" 404 - "-" "Mozilla/5.0 (compatible; AhrefsBot/7.0; +http://ahrefs.com/robot/)"
51.81.169.204 - - [28/Aug/2026:17:30:57 +0200] "GET /tag/lacs-bas-mono/ HTTP/1.1" 404 - "-" "Mozilla/5.0 (compatible; AhrefsBot/7.0; +http://ahrefs.com/robot/)"
51.81.163.69 - - [28/Aug/2026:17:31:11 +0200] "GET /tag/uefa-champions-league/ HTTP/1.1" 404 - "-" "Mozilla/5.0 (compatible; AhrefsBot/7.0; +http://ahrefs.com/robot/)"
51.81.164.148 - - [28/Aug/2026:17:31:27 +0200] "GET /tag/sylvain-outchantcha/ HTTP/1.1" 404 - "-" "Mozilla/5.0 (compatible; AhrefsBot/7.0; +http://ahrefs.com/robot/)"
51.81.164.154 - - [28/Aug/2026:17:31:42 +0200] "GET /tag/pont-de-zebe/ HTTP/1.1" 404 - "-" "Mozilla/5.0 (compatible; AhrefsBot/7.0; +http://ahrefs.com/robot/)"
51.81.170.12 - - [28/Aug/2026:17:31:58 +0200] "GET /tag/braquage/ HTTP/1.1" 404 - "-" "Mozilla/5.0 (compatible; AhrefsBot/7.0; +http://ahrefs.com/robot/)"
51.81.169.192 - - [28/Aug/2026:17:32:17 +0200] "GET /tag/atitso-kodzovi/ HTTP/1.1" 404 - "-" "Mozilla/5.0 (compatible; AhrefsBot/7.0; +http://ahrefs.com/robot/)"
51.81.169.203 - - [28/Aug/2026:17:32:35 +0200] "GET /tag/technologie-togo/ HTTP/1.1" 404 - "-" "Mozilla/5.0 (compatible; AhrefsBot/7.0; +http://ahrefs.com/robot/)"
51.81.164.149 - - [28/Aug/2026:17:32:51 +0200] "GET /tag/poignarde/ HTTP/1.1" 404 - "-" "Mozilla/5.0 (compatible; AhrefsBot/7.0; +http://ahrefs.com/robot/)"
