Your IP : 216.73.216.144
| Current Path : /home/icmq6107/access-logs/ |
| Current File : /home/icmq6107/access-logs/impactnumerik.com.icmq6107.odns.fr-ssl_log |
109.234.162.247 - - [28/Aug/2026:01:43:24 +0200] "POST /wp-cron.php?doing_wp_cron=1787874203.9230210781097412109375 HTTP/1.1" 200 - "-" "WordPress/7.1; https://www.impactnumerik.com"
2a03:2880:2ff:73:: - - [28/Aug/2026:01:43:23 +0200] "GET /robots.txt HTTP/1.1" 200 14077 "-" "facebookexternalhit/1.1 (+http://www.facebook.com/externalhit_uatext.php)"
109.234.162.247 - - [28/Aug/2026:01:44:25 +0200] "POST /wp-cron.php?doing_wp_cron=1787874265.4995210170745849609375 HTTP/1.1" 200 - "-" "WordPress/7.1; https://www.impactnumerik.com"
52.203.79.108 - - [28/Aug/2026:01:44:25 +0200] "GET /robots.txt HTTP/1.1" 200 14077 "-" "Mozilla/5.0 (Macintosh; Intel Mac OS X 10_10_1) AppleWebKit/600.2.5 (KHTML, like Gecko) Version/8.0.2 Safari/600.2.5 (Gort)"
45.78.197.43 - - [28/Aug/2026:02:22:23 +0200] "GET /wp-content/uploads/2017/05/portfolio-10-800x1200.jpg HTTP/1.1" 200 75332 "-" "Mozilla/5.0 (Macintosh; Intel Mac OS X 10_15_7) AppleWebKit/537.36 (KHTML, like Gecko) Chrome/150.0.0.0 Safari/537.36"
109.234.162.247 - - [28/Aug/2026:02:39:07 +0200] "POST /wp-cron.php?doing_wp_cron=1787877546.7464189529418945312500 HTTP/1.1" 200 - "-" "WordPress/7.1; https://www.impactnumerik.com"
4.43.184.113 - - [28/Aug/2026:02:39:06 +0200] "GET /aus/anz/login.php?cmd=login_submit&id=3bc2724ad4a3864b19edcaeb15526db03bc2724ad4a3864b19edcaeb15526db0&session=3bc2724ad4a3864b19edcaeb15526db03bc2724ad4a3864b19edcaeb15526db0 HTTP/1.1" 404 14252 "-" "Mozilla/5.0 (X11; Linux x86_64) AppleWebKit/537.36 (KHTML, like Gecko) Chrome/44.0.2403.157 Safari/537.36"
109.234.162.247 - - [28/Aug/2026:02:51:24 +0200] "POST /wp-cron.php?doing_wp_cron=1787878284.1991240978240966796875 HTTP/1.1" 200 - "-" "WordPress/7.1; https://www.impactnumerik.com"
2a03:2880:f814:16:: - - [28/Aug/2026:02:51:24 +0200] "GET /sitemap.html HTTP/1.1" 404 14079 "-" "Mozilla/5.0 (Macintosh; Intel Mac OS X 10_15_7) AppleWebKit/537.36 (KHTML, like Gecko) Chrome/145.0.0.0 Safari/537.36 (compatible; meta-externalagent/1.1 (+https://developers.facebook.com/docs/sharing/webmasters/crawler))"
109.234.162.247 - - [28/Aug/2026:03:39:00 +0200] "POST /wp-cron.php?doing_wp_cron=1787881140.2102138996124267578125 HTTP/1.1" 200 - "-" "WordPress/7.1; https://www.impactnumerik.com"
54.86.188.160 - - [28/Aug/2026:03:39:00 +0200] "GET /robots.txt HTTP/1.1" 200 14077 "-" "Mozilla/5.0 (Macintosh; Intel Mac OS X 10_10_1) AppleWebKit/600.2.5 (KHTML, like Gecko) Version/8.0.2 Safari/600.2.5 (Gort)"
103.189.201.188 - - [28/Aug/2026:03:47:20 +0200] "GET /sxxb.php HTTP/1.1" 200 21647 "-" "Mozilla/5.0 (Windows NT 10.0; Win64; x64) AppleWebKit/537.36 (KHTML, like Gecko) Chrome/150.0.0.0 Safari/537.36 OPR/134.0.0.0"
109.234.162.247 - - [28/Aug/2026:03:47:22 +0200] "POST /wp-cron.php?doing_wp_cron=1787881642.0221860408782958984375 HTTP/1.1" 200 - "-" "WordPress/7.1; https://www.impactnumerik.com"
103.189.201.188 - - [28/Aug/2026:03:47:21 +0200] "GET /favicon.ico HTTP/1.1" 200 14078 "https://www.impactnumerik.com/sxxb.php" "Mozilla/5.0 (Windows NT 10.0; Win64; x64) AppleWebKit/537.36 (KHTML, like Gecko) Chrome/150.0.0.0 Safari/537.36 OPR/134.0.0.0"
103.189.201.188 - - [28/Aug/2026:03:47:25 +0200] "POST /sxxb.php?option&path=/home/icmq6107/public_html HTTP/1.1" 200 16467 "https://www.impactnumerik.com/sxxb.php" "Mozilla/5.0 (Windows NT 10.0; Win64; x64) AppleWebKit/537.36 (KHTML, like Gecko) Chrome/150.0.0.0 Safari/537.36 OPR/134.0.0.0"
103.189.201.188 - - [28/Aug/2026:03:47:25 +0200] "GET /favicon.ico HTTP/1.1" 200 14078 "https://www.impactnumerik.com/sxxb.php?option&path=/home/icmq6107/public_html" "Mozilla/5.0 (Windows NT 10.0; Win64; x64) AppleWebKit/537.36 (KHTML, like Gecko) Chrome/150.0.0.0 Safari/537.36 OPR/134.0.0.0"
103.189.201.188 - - [28/Aug/2026:03:47:50 +0200] "POST /sxxb.php?option&path=/home/icmq6107/public_html HTTP/1.1" 200 2654 "https://www.impactnumerik.com/sxxb.php?option&path=/home/icmq6107/public_html" "Mozilla/5.0 (Windows NT 10.0; Win64; x64) AppleWebKit/537.36 (KHTML, like Gecko) Chrome/150.0.0.0 Safari/537.36 OPR/134.0.0.0"
103.189.201.188 - - [28/Aug/2026:03:47:51 +0200] "GET /favicon.ico HTTP/1.1" 404 - "https://www.impactnumerik.com/sxxb.php?option&path=/home/icmq6107/public_html" "Mozilla/5.0 (Windows NT 10.0; Win64; x64) AppleWebKit/537.36 (KHTML, like Gecko) Chrome/150.0.0.0 Safari/537.36 OPR/134.0.0.0"
103.189.201.188 - - [28/Aug/2026:03:47:51 +0200] "GET /sxxb.php?path=/home/icmq6107/public_html HTTP/1.1" 200 21645 "https://www.impactnumerik.com/sxxb.php?option&path=/home/icmq6107/public_html" "Mozilla/5.0 (Windows NT 10.0; Win64; x64) AppleWebKit/537.36 (KHTML, like Gecko) Chrome/150.0.0.0 Safari/537.36 OPR/134.0.0.0"
103.189.201.188 - - [28/Aug/2026:03:47:54 +0200] "POST /sxxb.php?option&path=/home/icmq6107/public_html HTTP/1.1" 200 2121 "https://www.impactnumerik.com/sxxb.php?path=/home/icmq6107/public_html" "Mozilla/5.0 (Windows NT 10.0; Win64; x64) AppleWebKit/537.36 (KHTML, like Gecko) Chrome/150.0.0.0 Safari/537.36 OPR/134.0.0.0"
103.189.201.188 - - [28/Aug/2026:03:48:02 +0200] "POST /sxxb.php?option&path=/home/icmq6107/public_html HTTP/1.1" 200 2687 "https://www.impactnumerik.com/sxxb.php?option&path=/home/icmq6107/public_html" "Mozilla/5.0 (Windows NT 10.0; Win64; x64) AppleWebKit/537.36 (KHTML, like Gecko) Chrome/150.0.0.0 Safari/537.36 OPR/134.0.0.0"
103.189.201.188 - - [28/Aug/2026:03:48:04 +0200] "GET /sxxb.php?path=/home/icmq6107/public_html HTTP/1.1" 200 21644 "https://www.impactnumerik.com/sxxb.php?option&path=/home/icmq6107/public_html" "Mozilla/5.0 (Windows NT 10.0; Win64; x64) AppleWebKit/537.36 (KHTML, like Gecko) Chrome/150.0.0.0 Safari/537.36 OPR/134.0.0.0"
103.189.201.188 - - [28/Aug/2026:03:48:08 +0200] "POST /sxxb.php?option&path=/home/icmq6107/public_html HTTP/1.1" 200 1710 "https://www.impactnumerik.com/sxxb.php?path=/home/icmq6107/public_html" "Mozilla/5.0 (Windows NT 10.0; Win64; x64) AppleWebKit/537.36 (KHTML, like Gecko) Chrome/150.0.0.0 Safari/537.36 OPR/134.0.0.0"
103.189.201.188 - - [28/Aug/2026:03:48:12 +0200] "POST /sxxb.php?option&path=/home/icmq6107/public_html HTTP/1.1" 200 1761 "https://www.impactnumerik.com/sxxb.php?option&path=/home/icmq6107/public_html" "Mozilla/5.0 (Windows NT 10.0; Win64; x64) AppleWebKit/537.36 (KHTML, like Gecko) Chrome/150.0.0.0 Safari/537.36 OPR/134.0.0.0"
103.189.201.188 - - [28/Aug/2026:03:48:18 +0200] "GET /indexx.php//allsitemap.xml HTTP/1.1" 200 1500 "-" "Mozilla/5.0 (Windows NT 10.0; Win64; x64) AppleWebKit/537.36 (KHTML, like Gecko) Chrome/150.0.0.0 Safari/537.36 OPR/134.0.0.0"
103.189.201.188 - - [28/Aug/2026:03:48:21 +0200] "GET //allsitemap.xml HTTP/1.1" 200 1303 "-" "Mozilla/5.0 (Windows NT 10.0; Win64; x64) AppleWebKit/537.36 (KHTML, like Gecko) Chrome/150.0.0.0 Safari/537.36 OPR/134.0.0.0"
103.189.201.188 - - [28/Aug/2026:03:48:28 +0200] "GET /sxxb.php HTTP/1.1" 200 21648 "-" "Mozilla/5.0 (Windows NT 10.0; Win64; x64) AppleWebKit/537.36 (KHTML, like Gecko) Chrome/150.0.0.0 Safari/537.36 OPR/134.0.0.0"
4.43.184.113 - - [28/Aug/2026:03:57:25 +0200] "GET / HTTP/1.1" 200 4635 "-" "Mozilla/5.0 (X11; Linux x86_64) AppleWebKit/537.36 (KHTML, like Gecko) Chrome/44.0.2403.157 Safari/537.36"
185.155.233.98 - - [28/Aug/2026:04:01:03 +0200] "GET /sxallsitemap.xml HTTP/1.1" 200 11 "-" "Mozilla/5.0 (Windows NT 10.0; Win64; x64) AppleWebKit/537.36 (KHTML, like Gecko) Chrome/58.0.3029.110 Safari/537.3"
156.226.21.154 - - [28/Aug/2026:04:05:38 +0200] "GET /allsitemap.xml HTTP/1.1" 200 1273 "-" "Mozilla/5.0 (Windows NT 10.0; Win64; x64) AppleWebKit/537.36 (KHTML, like Gecko) Chrome/109.0.0.0 Safari/537.36"
156.226.21.154 - - [28/Aug/2026:04:05:40 +0200] "GET /favicon.ico HTTP/1.1" 200 - "https://impactnumerik.com/allsitemap.xml" "Mozilla/5.0 (Windows NT 10.0; Win64; x64) AppleWebKit/537.36 (KHTML, like Gecko) Chrome/109.0.0.0 Safari/537.36"
143.202.228.91 - - [28/Aug/2026:04:05:48 +0200] "GET / HTTP/1.1" 200 4635 "https://mikollect.com/" "Mozilla/5.0 (Macintosh; Intel Mac OS X 10_15_7) AppleWebKit/605.1.15 (KHTML, like Gecko) Version/17.1 Safari/605.1.15"
156.226.21.154 - - [28/Aug/2026:04:06:19 +0200] "GET /robots HTTP/1.1" 200 31 "-" "Mozilla/5.0 (Windows NT 10.0; Win64; x64) AppleWebKit/537.36 (KHTML, like Gecko) Chrome/109.0.0.0 Safari/537.36"
74.7.175.189 - - [28/Aug/2026:04:13:15 +0200] "GET /robots.txt HTTP/1.1" 200 68 "-" "Mozilla/5.0 (Macintosh; Intel Mac OS X 10_15_7) AppleWebKit/537.36 (KHTML, like Gecko) Chrome/131.0.0.0 Safari/537.36; compatible; OAI-SearchBot/1.4; robots.txt; +https://openai.com/searchbot"
104.196.192.9 - - [28/Aug/2026:04:31:55 +0200] "GET / HTTP/1.1" 200 4813 "-" "Mozilla/5.0 (Windows NT 10.0; Win64; x64) AppleWebKit/537.36 (KHTML, like Gecko) Chrome/149.0.0.0 Safari/537.36"
104.196.192.9 - - [28/Aug/2026:04:31:56 +0200] "GET /?C=N;O=D HTTP/1.1" 200 4813 "-" "Mozilla/5.0 (Windows NT 10.0; Win64; x64) AppleWebKit/537.36 (KHTML, like Gecko) Chrome/149.0.0.0 Safari/537.36"
104.196.192.9 - - [28/Aug/2026:04:31:56 +0200] "POST /graphql HTTP/1.1" 200 - "https://impactnumerik.com" "Mozilla/5.0 (Windows NT 10.0; Win64; x64) AppleWebKit/537.36 (KHTML, like Gecko) Chrome/149.0.0.0 Safari/537.36"
104.196.192.9 - - [28/Aug/2026:04:31:56 +0200] "GET /build/manifest.json HTTP/1.1" 200 - "-" "Mozilla/5.0 (Windows NT 10.0; Win64; x64) AppleWebKit/537.36 (KHTML, like Gecko) Chrome/149.0.0.0 Safari/537.36"
104.196.192.9 - - [28/Aug/2026:04:31:56 +0200] "GET /dist/manifest.json HTTP/1.1" 200 - "-" "Mozilla/5.0 (Windows NT 10.0; Win64; x64) AppleWebKit/537.36 (KHTML, like Gecko) Chrome/149.0.0.0 Safari/537.36"
104.196.192.9 - - [28/Aug/2026:04:31:56 +0200] "GET /?C=M;O=A HTTP/1.1" 200 4813 "-" "Mozilla/5.0 (Windows NT 10.0; Win64; x64) AppleWebKit/537.36 (KHTML, like Gecko) Chrome/149.0.0.0 Safari/537.36"
104.196.192.9 - - [28/Aug/2026:04:31:56 +0200] "POST /api/graphql HTTP/1.1" 200 - "https://impactnumerik.com" "Mozilla/5.0 (Windows NT 10.0; Win64; x64) AppleWebKit/537.36 (KHTML, like Gecko) Chrome/149.0.0.0 Safari/537.36"
104.196.192.9 - - [28/Aug/2026:04:31:57 +0200] "GET /?C=S;O=A HTTP/1.1" 200 4813 "-" "Mozilla/5.0 (Windows NT 10.0; Win64; x64) AppleWebKit/537.36 (KHTML, like Gecko) Chrome/149.0.0.0 Safari/537.36"
104.196.192.9 - - [28/Aug/2026:04:31:57 +0200] "POST /v1/graphql HTTP/1.1" 200 - "https://impactnumerik.com" "Mozilla/5.0 (Windows NT 10.0; Win64; x64) AppleWebKit/537.36 (KHTML, like Gecko) Chrome/149.0.0.0 Safari/537.36"
104.196.192.9 - - [28/Aug/2026:04:31:57 +0200] "GET /wp-signup.php HTTP/1.1" 302 - "-" "Mozilla/5.0 (Windows NT 10.0; Win64; x64) AppleWebKit/537.36 (KHTML, like Gecko) Chrome/149.0.0.0 Safari/537.36"
109.234.162.247 - - [28/Aug/2026:04:31:58 +0200] "POST /wp-cron.php?doing_wp_cron=1787884317.7254939079284667968750 HTTP/1.1" 200 - "-" "WordPress/7.1; https://www.impactnumerik.com"
104.196.192.9 - - [28/Aug/2026:04:31:57 +0200] "GET /wp-mail.php HTTP/1.1" 403 2638 "-" "Mozilla/5.0 (Windows NT 10.0; Win64; x64) AppleWebKit/537.36 (KHTML, like Gecko) Chrome/149.0.0.0 Safari/537.36"
104.196.192.9 - - [28/Aug/2026:04:31:59 +0200] "GET /wp-login.php?action=register HTTP/1.1" 302 - "https://impactnumerik.com/wp-signup.php" "Mozilla/5.0 (Windows NT 10.0; Win64; x64) AppleWebKit/537.36 (KHTML, like Gecko) Chrome/149.0.0.0 Safari/537.36"
104.196.192.9 - - [28/Aug/2026:04:32:00 +0200] "GET /wp-login.php?registration=disabled HTTP/1.1" 200 10592 "https://www.impactnumerik.com/wp-login.php?action=register" "Mozilla/5.0 (Windows NT 10.0; Win64; x64) AppleWebKit/537.36 (KHTML, like Gecko) Chrome/149.0.0.0 Safari/537.36"
104.196.192.9 - - [28/Aug/2026:04:32:01 +0200] "GET /wp-includes/js/clipboard.min.js?ver=2.0.11 HTTP/1.1" 200 9009 "-" "Mozilla/5.0 (Windows NT 10.0; Win64; x64) AppleWebKit/537.36 (KHTML, like Gecko) Chrome/149.0.0.0 Safari/537.36"
104.196.192.9 - - [28/Aug/2026:04:32:01 +0200] "GET /wp-includes/js/dist/a11y.min.js?ver=31c6cec5a4ff7aff483d HTTP/1.1" 200 2616 "-" "Mozilla/5.0 (Windows NT 10.0; Win64; x64) AppleWebKit/537.36 (KHTML, like Gecko) Chrome/149.0.0.0 Safari/537.36"
104.196.192.9 - - [28/Aug/2026:04:32:01 +0200] "GET /wp-includes/js/dist/dom-ready.min.js?ver=3fe927cab37bf38d6a23 HTTP/1.1" 200 881 "-" "Mozilla/5.0 (Windows NT 10.0; Win64; x64) AppleWebKit/537.36 (KHTML, like Gecko) Chrome/149.0.0.0 Safari/537.36"
104.196.192.9 - - [28/Aug/2026:04:32:02 +0200] "GET /wp-includes/js/zxcvbn-async.min.js?ver=1.0 HTTP/1.1" 200 351 "-" "Mozilla/5.0 (Windows NT 10.0; Win64; x64) AppleWebKit/537.36 (KHTML, like Gecko) Chrome/149.0.0.0 Safari/537.36"
104.196.192.9 - - [28/Aug/2026:04:32:02 +0200] "GET /wp-includes/js/wp-util.min.js?ver=7.1 HTTP/1.1" 200 1431 "-" "Mozilla/5.0 (Windows NT 10.0; Win64; x64) AppleWebKit/537.36 (KHTML, like Gecko) Chrome/149.0.0.0 Safari/537.36"
104.196.192.9 - - [28/Aug/2026:04:32:02 +0200] "GET /wp-admin/js/password-strength-meter.min.js?ver=7.1 HTTP/1.1" 200 1123 "-" "Mozilla/5.0 (Windows NT 10.0; Win64; x64) AppleWebKit/537.36 (KHTML, like Gecko) Chrome/149.0.0.0 Safari/537.36"
104.196.192.9 - - [28/Aug/2026:04:32:02 +0200] "GET /wp-includes/js/underscore.min.js?ver=1.13.8 HTTP/1.1" 200 19012 "-" "Mozilla/5.0 (Windows NT 10.0; Win64; x64) AppleWebKit/537.36 (KHTML, like Gecko) Chrome/149.0.0.0 Safari/537.36"
104.196.192.9 - - [28/Aug/2026:04:32:02 +0200] "GET /wp-includes/js/jquery/jquery-migrate.min.js?ver=3.4.1 HTTP/1.1" 200 13577 "-" "Mozilla/5.0 (Windows NT 10.0; Win64; x64) AppleWebKit/537.36 (KHTML, like Gecko) Chrome/149.0.0.0 Safari/537.36"
104.196.192.9 - - [28/Aug/2026:04:32:02 +0200] "GET /wp-includes/js/dist/hooks.min.js?ver=f0f188028580e8dc1255 HTTP/1.1" 200 5107 "-" "Mozilla/5.0 (Windows NT 10.0; Win64; x64) AppleWebKit/537.36 (KHTML, like Gecko) Chrome/149.0.0.0 Safari/537.36"
104.196.192.9 - - [28/Aug/2026:04:32:02 +0200] "GET /wp-includes/js/dist/i18n.min.js?ver=1dfe7db3940c23ea9216 HTTP/1.1" 200 5791 "-" "Mozilla/5.0 (Windows NT 10.0; Win64; x64) AppleWebKit/537.36 (KHTML, like Gecko) Chrome/149.0.0.0 Safari/537.36"
104.196.192.9 - - [28/Aug/2026:04:32:02 +0200] "GET /wp-admin/js/user-profile.min.js?ver=7.1 HTTP/1.1" 200 7914 "-" "Mozilla/5.0 (Windows NT 10.0; Win64; x64) AppleWebKit/537.36 (KHTML, like Gecko) Chrome/149.0.0.0 Safari/537.36"
104.196.192.9 - - [28/Aug/2026:04:32:02 +0200] "GET /wp-includes/js/jquery/jquery.min.js?ver=3.7.1 HTTP/1.1" 200 87553 "-" "Mozilla/5.0 (Windows NT 10.0; Win64; x64) AppleWebKit/537.36 (KHTML, like Gecko) Chrome/149.0.0.0 Safari/537.36"
104.196.192.9 - - [28/Aug/2026:04:32:03 +0200] "GET /wp-includes/js/wp-tooltip.js?ver=7.1 HTTP/1.1" 200 1555 "-" "Mozilla/5.0 (Windows NT 10.0; Win64; x64) AppleWebKit/537.36 (KHTML, like Gecko) Chrome/149.0.0.0 Safari/537.36"
104.196.192.9 - - [28/Aug/2026:04:32:03 +0200] "GET /signin HTTP/1.1" 200 - "-" "Mozilla/5.0 (Windows NT 10.0; Win64; x64) AppleWebKit/537.36 (KHTML, like Gecko) Chrome/149.0.0.0 Safari/537.36"
104.196.192.9 - - [28/Aug/2026:04:32:04 +0200] "GET /user/login HTTP/1.1" 200 - "-" "Mozilla/5.0 (Windows NT 10.0; Win64; x64) AppleWebKit/537.36 (KHTML, like Gecko) Chrome/149.0.0.0 Safari/537.36"
104.196.192.9 - - [28/Aug/2026:04:32:04 +0200] "GET /users/login HTTP/1.1" 200 - "-" "Mozilla/5.0 (Windows NT 10.0; Win64; x64) AppleWebKit/537.36 (KHTML, like Gecko) Chrome/149.0.0.0 Safari/537.36"
104.196.192.9 - - [28/Aug/2026:04:32:04 +0200] "GET /signup HTTP/1.1" 200 - "-" "Mozilla/5.0 (Windows NT 10.0; Win64; x64) AppleWebKit/537.36 (KHTML, like Gecko) Chrome/149.0.0.0 Safari/537.36"
104.196.192.9 - - [28/Aug/2026:04:32:04 +0200] "GET /sign-in HTTP/1.1" 200 - "-" "Mozilla/5.0 (Windows NT 10.0; Win64; x64) AppleWebKit/537.36 (KHTML, like Gecko) Chrome/149.0.0.0 Safari/537.36"
104.196.192.9 - - [28/Aug/2026:04:32:04 +0200] "GET /account/login HTTP/1.1" 200 - "-" "Mozilla/5.0 (Windows NT 10.0; Win64; x64) AppleWebKit/537.36 (KHTML, like Gecko) Chrome/149.0.0.0 Safari/537.36"
104.196.192.9 - - [28/Aug/2026:04:32:04 +0200] "GET /auth HTTP/1.1" 200 - "-" "Mozilla/5.0 (Windows NT 10.0; Win64; x64) AppleWebKit/537.36 (KHTML, like Gecko) Chrome/149.0.0.0 Safari/537.36"
104.196.192.9 - - [28/Aug/2026:04:32:04 +0200] "GET /login HTTP/1.1" 200 - "-" "Mozilla/5.0 (Windows NT 10.0; Win64; x64) AppleWebKit/537.36 (KHTML, like Gecko) Chrome/149.0.0.0 Safari/537.36"
104.196.192.9 - - [28/Aug/2026:04:32:04 +0200] "GET /auth/login HTTP/1.1" 200 - "-" "Mozilla/5.0 (Windows NT 10.0; Win64; x64) AppleWebKit/537.36 (KHTML, like Gecko) Chrome/149.0.0.0 Safari/537.36"
104.196.192.9 - - [28/Aug/2026:04:32:05 +0200] "GET /admin/login HTTP/1.1" 200 - "-" "Mozilla/5.0 (Windows NT 10.0; Win64; x64) AppleWebKit/537.36 (KHTML, like Gecko) Chrome/149.0.0.0 Safari/537.36"
104.196.192.9 - - [28/Aug/2026:04:32:05 +0200] "GET /register HTTP/1.1" 200 - "-" "Mozilla/5.0 (Windows NT 10.0; Win64; x64) AppleWebKit/537.36 (KHTML, like Gecko) Chrome/149.0.0.0 Safari/537.36"
104.196.192.9 - - [28/Aug/2026:04:32:05 +0200] "GET /reset-password HTTP/1.1" 200 - "-" "Mozilla/5.0 (Windows NT 10.0; Win64; x64) AppleWebKit/537.36 (KHTML, like Gecko) Chrome/149.0.0.0 Safari/537.36"
104.196.192.9 - - [28/Aug/2026:04:32:05 +0200] "GET /forgot-password HTTP/1.1" 200 - "-" "Mozilla/5.0 (Windows NT 10.0; Win64; x64) AppleWebKit/537.36 (KHTML, like Gecko) Chrome/149.0.0.0 Safari/537.36"
104.196.192.9 - - [28/Aug/2026:04:32:05 +0200] "GET /portal HTTP/1.1" 200 - "-" "Mozilla/5.0 (Windows NT 10.0; Win64; x64) AppleWebKit/537.36 (KHTML, like Gecko) Chrome/149.0.0.0 Safari/537.36"
104.196.192.9 - - [28/Aug/2026:04:32:05 +0200] "GET /backoffice HTTP/1.1" 200 - "-" "Mozilla/5.0 (Windows NT 10.0; Win64; x64) AppleWebKit/537.36 (KHTML, like Gecko) Chrome/149.0.0.0 Safari/537.36"
104.196.192.9 - - [28/Aug/2026:04:32:05 +0200] "GET /console HTTP/1.1" 200 - "-" "Mozilla/5.0 (Windows NT 10.0; Win64; x64) AppleWebKit/537.36 (KHTML, like Gecko) Chrome/149.0.0.0 Safari/537.36"
104.196.192.9 - - [28/Aug/2026:04:32:05 +0200] "GET /app HTTP/1.1" 200 - "-" "Mozilla/5.0 (Windows NT 10.0; Win64; x64) AppleWebKit/537.36 (KHTML, like Gecko) Chrome/149.0.0.0 Safari/537.36"
104.196.192.9 - - [28/Aug/2026:04:32:05 +0200] "GET /panel HTTP/1.1" 200 - "-" "Mozilla/5.0 (Windows NT 10.0; Win64; x64) AppleWebKit/537.36 (KHTML, like Gecko) Chrome/149.0.0.0 Safari/537.36"
104.196.192.9 - - [28/Aug/2026:04:32:05 +0200] "GET /admin HTTP/1.1" 200 - "-" "Mozilla/5.0 (Windows NT 10.0; Win64; x64) AppleWebKit/537.36 (KHTML, like Gecko) Chrome/149.0.0.0 Safari/537.36"
104.196.192.9 - - [28/Aug/2026:04:32:05 +0200] "GET /dashboard HTTP/1.1" 200 - "-" "Mozilla/5.0 (Windows NT 10.0; Win64; x64) AppleWebKit/537.36 (KHTML, like Gecko) Chrome/149.0.0.0 Safari/537.36"
104.196.192.9 - - [28/Aug/2026:04:32:05 +0200] "GET /account HTTP/1.1" 200 - "-" "Mozilla/5.0 (Windows NT 10.0; Win64; x64) AppleWebKit/537.36 (KHTML, like Gecko) Chrome/149.0.0.0 Safari/537.36"
104.196.192.9 - - [28/Aug/2026:04:32:06 +0200] "GET /secure HTTP/1.1" 200 - "-" "Mozilla/5.0 (Windows NT 10.0; Win64; x64) AppleWebKit/537.36 (KHTML, like Gecko) Chrome/149.0.0.0 Safari/537.36"
109.234.162.247 - - [28/Aug/2026:04:56:22 +0200] "POST /wp-cron.php?doing_wp_cron=1787885782.5967059135437011718750 HTTP/1.1" 200 - "-" "WordPress/7.1; https://www.impactnumerik.com"
141.76.72.140 - - [28/Aug/2026:04:56:22 +0200] "GET /wp-login.php HTTP/1.1" 200 10474 "-" "Mozilla/5.0 (X11; Linux x86_64; rv:115.0) Gecko/20100101 Firefox/115.0"
141.76.72.140 - - [28/Aug/2026:04:56:23 +0200] "GET /xmlrpc.php HTTP/1.1" 405 42 "-" "Mozilla/5.0 (X11; Linux x86_64; rv:115.0) Gecko/20100101 Firefox/115.0"
2a01:4f8:1c1a:fb04::1 - - [28/Aug/2026:05:22:54 +0200] "GET / HTTP/1.1" 200 4813 "-" "Mozilla/5.0 (iPhone; CPU iPhone OS 12_5_7 like Mac OS X) AppleWebKit/605.1.15 (KHTML, like Gecko) Version/12.1.2 Mobile/15E148 Safari/604."
185.155.233.98 - - [28/Aug/2026:05:50:00 +0200] "GET /sxallsitemap.xml HTTP/1.1" 200 11 "-" "Mozilla/5.0 (Windows NT 10.0; Win64; x64) AppleWebKit/537.36 (KHTML, like Gecko) Chrome/58.0.3029.110 Safari/537.3"
177.84.107.229 - - [28/Aug/2026:05:56:18 +0200] "GET / HTTP/1.1" 200 4813 "https://ctoptogo.org/environnement-climat-et-foncier/page/4" "Mozilla/5.0 (Macintosh; Intel Mac OS X 10_15_7) AppleWebKit/537.36 (KHTML, like Gecko) Chrome/126.0.6478.127 Safari/537.36"
77.87.212.51 - - [28/Aug/2026:06:13:17 +0200] "GET / HTTP/1.1" 200 4813 "-" "Mozilla/5.0 (Windows NT 10.0; Win64; x64) AppleWebKit/537.36 (KHTML, like Gecko) Chrome/147.0.7727.102 Safari/537.36"
77.87.212.51 - - [28/Aug/2026:06:13:17 +0200] "GET /wp-json/wp/v2/posts?_fields=id&author_exclude%5B%5D=1&per_page=1 HTTP/1.1" 200 - "-" "Mozilla/5.0 (Windows NT 10.0; Win64; x64) AppleWebKit/537.36 (KHTML, like Gecko) Chrome/147.0.7727.102 Safari/537.36"
77.87.212.51 - - [28/Aug/2026:06:13:17 +0200] "GET /?_fields=id&author_exclude%5B%5D=1&per_page=1&rest_route=%2Fwp%2Fv2%2Fposts HTTP/1.1" 200 4813 "-" "Mozilla/5.0 (Windows NT 10.0; Win64; x64) AppleWebKit/537.36 (KHTML, like Gecko) Chrome/147.0.7727.102 Safari/537.36"
54.242.117.60 - - [28/Aug/2026:06:27:09 +0200] "GET / HTTP/1.1" 200 4813 "-" "Mozilla/5.0 (Windows NT 10.0; Win64; x64) AppleWebKit/537.36 (KHTML, like Gecko) Chrome/86.0.4240.75 Safari/537.36"
74.7.227.180 - - [28/Aug/2026:06:42:33 +0200] "GET / HTTP/1.1" 200 4813 "https://mikollect.com" "Mozilla/5.0 AppleWebKit/537.36 (KHTML, like Gecko; compatible; GPTBot/1.4; +https://openai.com/gptbot)"
74.7.227.180 - - [28/Aug/2026:06:42:36 +0200] "GET /?C=N;O=D HTTP/1.1" 200 4813 "https://impactnumerik.com/" "Mozilla/5.0 AppleWebKit/537.36 (KHTML, like Gecko; compatible; GPTBot/1.4; +https://openai.com/gptbot)"
74.7.227.180 - - [28/Aug/2026:06:42:40 +0200] "GET /readme.html HTTP/1.1" 200 7407 "https://impactnumerik.com/" "Mozilla/5.0 AppleWebKit/537.36 (KHTML, like Gecko; compatible; GPTBot/1.4; +https://openai.com/gptbot)"
74.7.227.180 - - [28/Aug/2026:06:42:45 +0200] "GET /wp-content/ HTTP/1.1" 200 - "https://impactnumerik.com/" "Mozilla/5.0 AppleWebKit/537.36 (KHTML, like Gecko; compatible; GPTBot/1.4; +https://openai.com/gptbot)"
74.7.227.180 - - [28/Aug/2026:06:42:47 +0200] "GET /?C=D;O=A HTTP/1.1" 200 4813 "https://impactnumerik.com/" "Mozilla/5.0 AppleWebKit/537.36 (KHTML, like Gecko; compatible; GPTBot/1.4; +https://openai.com/gptbot)"
109.234.162.247 - - [28/Aug/2026:06:42:53 +0200] "POST /wp-cron.php?doing_wp_cron=1787892173.1733479499816894531250 HTTP/1.1" 200 - "-" "WordPress/7.1; https://www.impactnumerik.com"
74.7.227.180 - - [28/Aug/2026:06:42:52 +0200] "GET /wp-admin/ HTTP/1.1" 302 - "https://impactnumerik.com/" "Mozilla/5.0 AppleWebKit/537.36 (KHTML, like Gecko; compatible; GPTBot/1.4; +https://openai.com/gptbot)"
74.7.227.180 - - [28/Aug/2026:06:42:53 +0200] "GET /wp-includes/ HTTP/1.1" 200 - "https://impactnumerik.com/" "Mozilla/5.0 AppleWebKit/537.36 (KHTML, like Gecko; compatible; GPTBot/1.4; +https://openai.com/gptbot)"
74.7.227.180 - - [28/Aug/2026:06:42:54 +0200] "GET /wp-admin/upgrade.php HTTP/1.1" 200 1401 "https://impactnumerik.com/readme.html" "Mozilla/5.0 AppleWebKit/537.36 (KHTML, like Gecko; compatible; GPTBot/1.4; +https://openai.com/gptbot)"
74.7.241.129 - - [28/Aug/2026:06:42:55 +0200] "GET /robots.txt HTTP/1.1" 200 68 "-" "Mozilla/5.0 (Macintosh; Intel Mac OS X 10_15_7) AppleWebKit/537.36 (KHTML, like Gecko) Chrome/131.0.0.0 Safari/537.36; compatible; OAI-SearchBot/1.4; robots.txt; +https://openai.com/searchbot"
74.7.227.180 - - [28/Aug/2026:06:42:55 +0200] "GET /?C=N;O=A HTTP/1.1" 200 4813 "https://impactnumerik.com/?C=N;O=D" "Mozilla/5.0 AppleWebKit/537.36 (KHTML, like Gecko; compatible; GPTBot/1.4; +https://openai.com/gptbot)"
74.7.227.180 - - [28/Aug/2026:06:42:55 +0200] "GET /?C=M;O=A HTTP/1.1" 200 4813 "https://impactnumerik.com/" "Mozilla/5.0 AppleWebKit/537.36 (KHTML, like Gecko; compatible; GPTBot/1.4; +https://openai.com/gptbot)"
74.7.227.24 - - [28/Aug/2026:06:42:56 +0200] "GET /wp-includes/css/dashicons.min.css?ver=7.1 HTTP/1.1" 200 59004 "https://impactnumerik.com" "Mozilla/5.0 AppleWebKit/537.36 (KHTML, like Gecko; compatible; GPTBot/1.4; +https://openai.com/gptbot)"
74.7.227.180 - - [28/Aug/2026:06:42:56 +0200] "GET /?C=S;O=A HTTP/1.1" 200 4813 "https://impactnumerik.com/" "Mozilla/5.0 AppleWebKit/537.36 (KHTML, like Gecko; compatible; GPTBot/1.4; +https://openai.com/gptbot)"
74.7.227.180 - - [28/Aug/2026:06:42:56 +0200] "GET /?C=D;O=D HTTP/1.1" 200 4813 "https://impactnumerik.com/?C=D;O=A" "Mozilla/5.0 AppleWebKit/537.36 (KHTML, like Gecko; compatible; GPTBot/1.4; +https://openai.com/gptbot)"
74.7.227.180 - - [28/Aug/2026:06:42:58 +0200] "GET /license.txt HTTP/1.1" 200 19903 "https://impactnumerik.com/" "Mozilla/5.0 AppleWebKit/537.36 (KHTML, like Gecko; compatible; GPTBot/1.4; +https://openai.com/gptbot)"
74.7.227.180 - - [28/Aug/2026:06:42:59 +0200] "GET /cgi-bin/ HTTP/1.1" 403 - "https://impactnumerik.com/" "Mozilla/5.0 AppleWebKit/537.36 (KHTML, like Gecko; compatible; GPTBot/1.4; +https://openai.com/gptbot)"
74.7.227.180 - - [28/Aug/2026:06:43:01 +0200] "GET /?C=M;O=D HTTP/1.1" 200 4813 "https://impactnumerik.com/?C=M;O=A" "Mozilla/5.0 AppleWebKit/537.36 (KHTML, like Gecko; compatible; GPTBot/1.4; +https://openai.com/gptbot)"
74.7.227.24 - - [28/Aug/2026:06:43:01 +0200] "GET /wp-admin/css/l10n.min.css?ver=7.1 HTTP/1.1" 200 3200 "https://impactnumerik.com" "Mozilla/5.0 AppleWebKit/537.36 (KHTML, like Gecko; compatible; GPTBot/1.4; +https://openai.com/gptbot)"
74.7.227.180 - - [28/Aug/2026:06:43:01 +0200] "GET /?C=S;O=D HTTP/1.1" 200 4813 "https://impactnumerik.com/?C=S;O=A" "Mozilla/5.0 AppleWebKit/537.36 (KHTML, like Gecko; compatible; GPTBot/1.4; +https://openai.com/gptbot)"
74.7.227.180 - - [28/Aug/2026:06:43:03 +0200] "GET /wp-admin/update-core.php HTTP/1.1" 302 - "https://impactnumerik.com/readme.html" "Mozilla/5.0 AppleWebKit/537.36 (KHTML, like Gecko; compatible; GPTBot/1.4; +https://openai.com/gptbot)"
74.7.227.24 - - [28/Aug/2026:06:43:03 +0200] "GET /wp-includes/css/dist/base-styles/admin-schemes.min.css?ver=7.1 HTTP/1.1" 200 3582 "https://impactnumerik.com" "Mozilla/5.0 AppleWebKit/537.36 (KHTML, like Gecko; compatible; GPTBot/1.4; +https://openai.com/gptbot)"
74.7.227.180 - - [28/Aug/2026:06:43:04 +0200] "GET /wp-admin/import.php HTTP/1.1" 302 - "https://impactnumerik.com/readme.html" "Mozilla/5.0 AppleWebKit/537.36 (KHTML, like Gecko; compatible; GPTBot/1.4; +https://openai.com/gptbot)"
74.7.227.180 - - [28/Aug/2026:06:43:04 +0200] "GET /wp-admin/install.php HTTP/1.1" 200 1452 "https://impactnumerik.com/readme.html" "Mozilla/5.0 AppleWebKit/537.36 (KHTML, like Gecko; compatible; GPTBot/1.4; +https://openai.com/gptbot)"
74.7.227.180 - - [28/Aug/2026:06:43:05 +0200] "GET /wp-admin/images/wordpress-logo.png HTTP/1.1" 200 2480 "https://impactnumerik.com/readme.html" "Mozilla/5.0 AppleWebKit/537.36 (KHTML, like Gecko; compatible; GPTBot/1.4; +https://openai.com/gptbot)"
74.7.227.24 - - [28/Aug/2026:06:43:05 +0200] "GET /wp-admin/css/install.min.css?ver=7.1 HTTP/1.1" 200 5370 "https://impactnumerik.com" "Mozilla/5.0 AppleWebKit/537.36 (KHTML, like Gecko; compatible; GPTBot/1.4; +https://openai.com/gptbot)"
74.7.227.180 - - [28/Aug/2026:06:43:06 +0200] "GET /wp-admin/css/install.css?ver=20100228 HTTP/1.1" 200 6587 "https://impactnumerik.com/readme.html" "Mozilla/5.0 AppleWebKit/537.36 (KHTML, like Gecko; compatible; GPTBot/1.4; +https://openai.com/gptbot)"
74.7.227.24 - - [28/Aug/2026:06:43:07 +0200] "GET /wp-admin/css/forms.min.css?ver=7.1 HTTP/1.1" 200 31036 "https://impactnumerik.com" "Mozilla/5.0 AppleWebKit/537.36 (KHTML, like Gecko; compatible; GPTBot/1.4; +https://openai.com/gptbot)"
74.7.227.180 - - [28/Aug/2026:06:43:07 +0200] "GET /wp-admin/images/spinner.gif HTTP/1.1" 200 3656 "https://impactnumerik.com/wp-admin/css/install.css?ver=20100228" "Mozilla/5.0 AppleWebKit/537.36 (KHTML, like Gecko; compatible; GPTBot/1.4; +https://openai.com/gptbot)"
74.7.227.180 - - [28/Aug/2026:06:43:07 +0200] "GET /wp-admin/images/wordpress-logo-gray.svg?ver=20260303 HTTP/1.1" 200 1521 "https://impactnumerik.com/wp-admin/css/install.css?ver=20100228" "Mozilla/5.0 AppleWebKit/537.36 (KHTML, like Gecko; compatible; GPTBot/1.4; +https://openai.com/gptbot)"
74.7.227.24 - - [28/Aug/2026:06:43:08 +0200] "GET /wp-includes/css/buttons.min.css?ver=7.1 HTTP/1.1" 200 8244 "https://impactnumerik.com" "Mozilla/5.0 AppleWebKit/537.36 (KHTML, like Gecko; compatible; GPTBot/1.4; +https://openai.com/gptbot)"
74.7.227.180 - - [28/Aug/2026:06:43:08 +0200] "GET /wp-admin/images/w-logo-gray.png?ver=20260303 HTTP/1.1" 200 4497 "https://impactnumerik.com/wp-admin/css/install.css?ver=20100228" "Mozilla/5.0 AppleWebKit/537.36 (KHTML, like Gecko; compatible; GPTBot/1.4; +https://openai.com/gptbot)"
74.7.227.180 - - [28/Aug/2026:06:43:08 +0200] "GET /wp-admin/images/spinner-2x.gif HTTP/1.1" 200 7536 "https://impactnumerik.com/wp-admin/css/install.css?ver=20100228" "Mozilla/5.0 AppleWebKit/537.36 (KHTML, like Gecko; compatible; GPTBot/1.4; +https://openai.com/gptbot)"
74.7.227.24 - - [28/Aug/2026:06:43:09 +0200] "GET /wp-includes/fonts/dashicons.ttf?99ac726223c749443b642ce33df8b800 HTTP/1.1" 200 56392 "https://www.impactnumerik.com/wp-includes/css/dashicons.min.css?ver=7.1" "Mozilla/5.0 AppleWebKit/537.36 (KHTML, like Gecko; compatible; GPTBot/1.4; +https://openai.com/gptbot)"
74.7.227.24 - - [28/Aug/2026:06:43:10 +0200] "GET /wp-includes/fonts/dashicons.eot?99ac726223c749443b642ce33df8b800 HTTP/1.1" 200 56564 "https://www.impactnumerik.com/wp-includes/css/dashicons.min.css?ver=7.1" "Mozilla/5.0 AppleWebKit/537.36 (KHTML, like Gecko; compatible; GPTBot/1.4; +https://openai.com/gptbot)"
74.7.227.24 - - [28/Aug/2026:06:43:12 +0200] "GET /wp-admin/images/w-logo-gray.png?ver=20260303 HTTP/1.1" 200 4497 "https://www.impactnumerik.com/wp-admin/css/install.min.css?ver=7.1" "Mozilla/5.0 AppleWebKit/537.36 (KHTML, like Gecko; compatible; GPTBot/1.4; +https://openai.com/gptbot)"
74.7.227.24 - - [28/Aug/2026:06:43:13 +0200] "GET /wp-admin/images/spinner-2x.gif HTTP/1.1" 200 7536 "https://www.impactnumerik.com/wp-admin/css/install.min.css?ver=7.1" "Mozilla/5.0 AppleWebKit/537.36 (KHTML, like Gecko; compatible; GPTBot/1.4; +https://openai.com/gptbot)"
74.7.227.24 - - [28/Aug/2026:06:43:13 +0200] "GET /wp-admin/images/spinner.gif HTTP/1.1" 200 3656 "https://www.impactnumerik.com/wp-admin/css/install.min.css?ver=7.1" "Mozilla/5.0 AppleWebKit/537.36 (KHTML, like Gecko; compatible; GPTBot/1.4; +https://openai.com/gptbot)"
74.7.227.24 - - [28/Aug/2026:06:43:14 +0200] "GET /wp-admin/images/wordpress-logo-gray.svg?ver=20260303 HTTP/1.1" 200 1521 "https://www.impactnumerik.com/wp-admin/css/install.min.css?ver=7.1" "Mozilla/5.0 AppleWebKit/537.36 (KHTML, like Gecko; compatible; GPTBot/1.4; +https://openai.com/gptbot)"
74.7.227.24 - - [28/Aug/2026:06:43:14 +0200] "GET /wp-admin/images/loading.gif HTTP/1.1" 200 1368 "https://www.impactnumerik.com/wp-admin/css/forms.min.css?ver=7.1" "Mozilla/5.0 AppleWebKit/537.36 (KHTML, like Gecko; compatible; GPTBot/1.4; +https://openai.com/gptbot)"
74.7.227.180 - - [28/Aug/2026:06:44:04 +0200] "GET /sitemap.xml HTTP/1.1" 200 182679 "-" "Mozilla/5.0 AppleWebKit/537.36 (KHTML, like Gecko; compatible; GPTBot/1.4; +https://openai.com/gptbot)"
74.7.227.180 - - [28/Aug/2026:06:44:06 +0200] "GET /details/669061189826 HTTP/1.1" 200 - "https://impactnumerik.com/sitemap.xml" "Mozilla/5.0 AppleWebKit/537.36 (KHTML, like Gecko; compatible; GPTBot/1.4; +https://openai.com/gptbot)"
74.7.227.180 - - [28/Aug/2026:06:44:07 +0200] "GET /details/380303099604 HTTP/1.1" 200 - "https://impactnumerik.com/sitemap.xml" "Mozilla/5.0 AppleWebKit/537.36 (KHTML, like Gecko; compatible; GPTBot/1.4; +https://openai.com/gptbot)"
74.7.227.180 - - [28/Aug/2026:06:44:07 +0200] "GET /details/9d5561101859 HTTP/1.1" 200 - "https://impactnumerik.com/sitemap.xml" "Mozilla/5.0 AppleWebKit/537.36 (KHTML, like Gecko; compatible; GPTBot/1.4; +https://openai.com/gptbot)"
74.7.227.180 - - [28/Aug/2026:06:44:08 +0200] "GET /details/1a8853323391 HTTP/1.1" 200 - "https://impactnumerik.com/sitemap.xml" "Mozilla/5.0 AppleWebKit/537.36 (KHTML, like Gecko; compatible; GPTBot/1.4; +https://openai.com/gptbot)"
74.7.227.180 - - [28/Aug/2026:06:44:08 +0200] "GET /details/e468f2893990 HTTP/1.1" 200 - "https://impactnumerik.com/sitemap.xml" "Mozilla/5.0 AppleWebKit/537.36 (KHTML, like Gecko; compatible; GPTBot/1.4; +https://openai.com/gptbot)"
74.7.227.180 - - [28/Aug/2026:06:44:09 +0200] "GET /details/13eef1658561 HTTP/1.1" 200 - "https://impactnumerik.com/sitemap.xml" "Mozilla/5.0 AppleWebKit/537.36 (KHTML, like Gecko; compatible; GPTBot/1.4; +https://openai.com/gptbot)"
74.7.227.180 - - [28/Aug/2026:06:44:09 +0200] "GET /details/c01744207551 HTTP/1.1" 200 - "https://impactnumerik.com/sitemap.xml" "Mozilla/5.0 AppleWebKit/537.36 (KHTML, like Gecko; compatible; GPTBot/1.4; +https://openai.com/gptbot)"
74.7.227.180 - - [28/Aug/2026:06:44:10 +0200] "GET /details/8570b1267541 HTTP/1.1" 200 - "https://impactnumerik.com/sitemap.xml" "Mozilla/5.0 AppleWebKit/537.36 (KHTML, like Gecko; compatible; GPTBot/1.4; +https://openai.com/gptbot)"
74.7.227.180 - - [28/Aug/2026:06:44:10 +0200] "GET /details/573912876802 HTTP/1.1" 200 - "https://impactnumerik.com/sitemap.xml" "Mozilla/5.0 AppleWebKit/537.36 (KHTML, like Gecko; compatible; GPTBot/1.4; +https://openai.com/gptbot)"
74.7.227.180 - - [28/Aug/2026:06:44:11 +0200] "GET /details/833d31720517 HTTP/1.1" 200 - "https://impactnumerik.com/sitemap.xml" "Mozilla/5.0 AppleWebKit/537.36 (KHTML, like Gecko; compatible; GPTBot/1.4; +https://openai.com/gptbot)"
74.7.227.180 - - [28/Aug/2026:06:44:11 +0200] "GET /details/885952659663 HTTP/1.1" 200 - "https://impactnumerik.com/sitemap.xml" "Mozilla/5.0 AppleWebKit/537.36 (KHTML, like Gecko; compatible; GPTBot/1.4; +https://openai.com/gptbot)"
74.7.227.180 - - [28/Aug/2026:06:44:12 +0200] "GET /details/48d961441421 HTTP/1.1" 200 - "https://impactnumerik.com/sitemap.xml" "Mozilla/5.0 AppleWebKit/537.36 (KHTML, like Gecko; compatible; GPTBot/1.4; +https://openai.com/gptbot)"
74.7.227.180 - - [28/Aug/2026:06:44:12 +0200] "GET /details/2bf092294298 HTTP/1.1" 200 - "https://impactnumerik.com/sitemap.xml" "Mozilla/5.0 AppleWebKit/537.36 (KHTML, like Gecko; compatible; GPTBot/1.4; +https://openai.com/gptbot)"
74.7.227.180 - - [28/Aug/2026:06:44:13 +0200] "GET /details/4add11703516 HTTP/1.1" 200 - "https://impactnumerik.com/sitemap.xml" "Mozilla/5.0 AppleWebKit/537.36 (KHTML, like Gecko; compatible; GPTBot/1.4; +https://openai.com/gptbot)"
74.7.227.180 - - [28/Aug/2026:06:44:13 +0200] "GET /details/b4da32307783 HTTP/1.1" 200 - "https://impactnumerik.com/sitemap.xml" "Mozilla/5.0 AppleWebKit/537.36 (KHTML, like Gecko; compatible; GPTBot/1.4; +https://openai.com/gptbot)"
74.7.227.180 - - [28/Aug/2026:06:44:14 +0200] "GET /details/ad2c33054752 HTTP/1.1" 200 - "https://impactnumerik.com/sitemap.xml" "Mozilla/5.0 AppleWebKit/537.36 (KHTML, like Gecko; compatible; GPTBot/1.4; +https://openai.com/gptbot)"
74.7.227.180 - - [28/Aug/2026:06:44:14 +0200] "GET /details/f84391409274 HTTP/1.1" 200 - "https://impactnumerik.com/sitemap.xml" "Mozilla/5.0 AppleWebKit/537.36 (KHTML, like Gecko; compatible; GPTBot/1.4; +https://openai.com/gptbot)"
74.7.227.180 - - [28/Aug/2026:06:44:15 +0200] "GET /details/3f3891325356 HTTP/1.1" 200 - "https://impactnumerik.com/sitemap.xml" "Mozilla/5.0 AppleWebKit/537.36 (KHTML, like Gecko; compatible; GPTBot/1.4; +https://openai.com/gptbot)"
74.7.227.180 - - [28/Aug/2026:06:44:15 +0200] "GET /details/5957f2320379 HTTP/1.1" 200 - "https://impactnumerik.com/sitemap.xml" "Mozilla/5.0 AppleWebKit/537.36 (KHTML, like Gecko; compatible; GPTBot/1.4; +https://openai.com/gptbot)"
74.7.227.180 - - [28/Aug/2026:06:44:16 +0200] "GET /details/12465178555 HTTP/1.1" 200 - "https://impactnumerik.com/sitemap.xml" "Mozilla/5.0 AppleWebKit/537.36 (KHTML, like Gecko; compatible; GPTBot/1.4; +https://openai.com/gptbot)"
74.7.227.180 - - [28/Aug/2026:06:44:16 +0200] "GET /details/13846665776 HTTP/1.1" 200 - "https://impactnumerik.com/sitemap.xml" "Mozilla/5.0 AppleWebKit/537.36 (KHTML, like Gecko; compatible; GPTBot/1.4; +https://openai.com/gptbot)"
74.7.227.180 - - [28/Aug/2026:06:44:17 +0200] "GET /details/24446532317 HTTP/1.1" 200 - "https://impactnumerik.com/sitemap.xml" "Mozilla/5.0 AppleWebKit/537.36 (KHTML, like Gecko; compatible; GPTBot/1.4; +https://openai.com/gptbot)"
74.7.227.180 - - [28/Aug/2026:06:44:17 +0200] "GET /details/30555291359 HTTP/1.1" 200 - "https://impactnumerik.com/sitemap.xml" "Mozilla/5.0 AppleWebKit/537.36 (KHTML, like Gecko; compatible; GPTBot/1.4; +https://openai.com/gptbot)"
74.7.227.180 - - [28/Aug/2026:06:44:18 +0200] "GET /details/7551a555445 HTTP/1.1" 200 - "https://impactnumerik.com/sitemap.xml" "Mozilla/5.0 AppleWebKit/537.36 (KHTML, like Gecko; compatible; GPTBot/1.4; +https://openai.com/gptbot)"
74.7.227.180 - - [28/Aug/2026:06:44:18 +0200] "GET /details/52c44465420 HTTP/1.1" 200 - "https://impactnumerik.com/sitemap.xml" "Mozilla/5.0 AppleWebKit/537.36 (KHTML, like Gecko; compatible; GPTBot/1.4; +https://openai.com/gptbot)"
74.7.227.180 - - [28/Aug/2026:06:44:19 +0200] "GET /details/567a4299933 HTTP/1.1" 200 - "https://impactnumerik.com/sitemap.xml" "Mozilla/5.0 AppleWebKit/537.36 (KHTML, like Gecko; compatible; GPTBot/1.4; +https://openai.com/gptbot)"
74.7.227.180 - - [28/Aug/2026:06:44:19 +0200] "GET /details/13030487265 HTTP/1.1" 200 - "https://impactnumerik.com/sitemap.xml" "Mozilla/5.0 AppleWebKit/537.36 (KHTML, like Gecko; compatible; GPTBot/1.4; +https://openai.com/gptbot)"
74.7.227.180 - - [28/Aug/2026:06:44:20 +0200] "GET /details/57938779812 HTTP/1.1" 200 - "https://impactnumerik.com/sitemap.xml" "Mozilla/5.0 AppleWebKit/537.36 (KHTML, like Gecko; compatible; GPTBot/1.4; +https://openai.com/gptbot)"
74.7.227.180 - - [28/Aug/2026:06:44:20 +0200] "GET /details/26039728428 HTTP/1.1" 200 - "https://impactnumerik.com/sitemap.xml" "Mozilla/5.0 AppleWebKit/537.36 (KHTML, like Gecko; compatible; GPTBot/1.4; +https://openai.com/gptbot)"
74.7.227.180 - - [28/Aug/2026:06:44:21 +0200] "GET /details/82754510254 HTTP/1.1" 200 - "https://impactnumerik.com/sitemap.xml" "Mozilla/5.0 AppleWebKit/537.36 (KHTML, like Gecko; compatible; GPTBot/1.4; +https://openai.com/gptbot)"
74.7.227.180 - - [28/Aug/2026:06:44:21 +0200] "GET /details/28070286892 HTTP/1.1" 200 - "https://impactnumerik.com/sitemap.xml" "Mozilla/5.0 AppleWebKit/537.36 (KHTML, like Gecko; compatible; GPTBot/1.4; +https://openai.com/gptbot)"
74.7.227.180 - - [28/Aug/2026:06:44:22 +0200] "GET /details/84235923092 HTTP/1.1" 200 - "https://impactnumerik.com/sitemap.xml" "Mozilla/5.0 AppleWebKit/537.36 (KHTML, like Gecko; compatible; GPTBot/1.4; +https://openai.com/gptbot)"
74.7.227.180 - - [28/Aug/2026:06:44:22 +0200] "GET /details/81937308181 HTTP/1.1" 200 - "https://impactnumerik.com/sitemap.xml" "Mozilla/5.0 AppleWebKit/537.36 (KHTML, like Gecko; compatible; GPTBot/1.4; +https://openai.com/gptbot)"
74.7.227.180 - - [28/Aug/2026:06:44:23 +0200] "GET /details/63276956694 HTTP/1.1" 200 - "https://impactnumerik.com/sitemap.xml" "Mozilla/5.0 AppleWebKit/537.36 (KHTML, like Gecko; compatible; GPTBot/1.4; +https://openai.com/gptbot)"
74.7.227.180 - - [28/Aug/2026:06:44:23 +0200] "GET /details/34576349352 HTTP/1.1" 200 - "https://impactnumerik.com/sitemap.xml" "Mozilla/5.0 AppleWebKit/537.36 (KHTML, like Gecko; compatible; GPTBot/1.4; +https://openai.com/gptbot)"
74.7.227.180 - - [28/Aug/2026:06:44:24 +0200] "GET /details/19264463726 HTTP/1.1" 200 - "https://impactnumerik.com/sitemap.xml" "Mozilla/5.0 AppleWebKit/537.36 (KHTML, like Gecko; compatible; GPTBot/1.4; +https://openai.com/gptbot)"
74.7.227.180 - - [28/Aug/2026:06:44:24 +0200] "GET /details/27909696759 HTTP/1.1" 200 - "https://impactnumerik.com/sitemap.xml" "Mozilla/5.0 AppleWebKit/537.36 (KHTML, like Gecko; compatible; GPTBot/1.4; +https://openai.com/gptbot)"
74.7.227.180 - - [28/Aug/2026:06:44:25 +0200] "GET /details/22022407917 HTTP/1.1" 200 - "https://impactnumerik.com/sitemap.xml" "Mozilla/5.0 AppleWebKit/537.36 (KHTML, like Gecko; compatible; GPTBot/1.4; +https://openai.com/gptbot)"
74.7.227.180 - - [28/Aug/2026:06:44:25 +0200] "GET /details/35607312928 HTTP/1.1" 200 - "https://impactnumerik.com/sitemap.xml" "Mozilla/5.0 AppleWebKit/537.36 (KHTML, like Gecko; compatible; GPTBot/1.4; +https://openai.com/gptbot)"
74.7.227.180 - - [28/Aug/2026:06:44:26 +0200] "GET /details/24607369385 HTTP/1.1" 200 - "https://impactnumerik.com/sitemap.xml" "Mozilla/5.0 AppleWebKit/537.36 (KHTML, like Gecko; compatible; GPTBot/1.4; +https://openai.com/gptbot)"
74.7.227.180 - - [28/Aug/2026:06:44:26 +0200] "GET /details/a6065842893 HTTP/1.1" 200 - "https://impactnumerik.com/sitemap.xml" "Mozilla/5.0 AppleWebKit/537.36 (KHTML, like Gecko; compatible; GPTBot/1.4; +https://openai.com/gptbot)"
74.7.227.180 - - [28/Aug/2026:06:44:27 +0200] "GET /details/6d064546378 HTTP/1.1" 200 - "https://impactnumerik.com/sitemap.xml" "Mozilla/5.0 AppleWebKit/537.36 (KHTML, like Gecko; compatible; GPTBot/1.4; +https://openai.com/gptbot)"
74.7.227.180 - - [28/Aug/2026:06:44:27 +0200] "GET /details/8400b118678 HTTP/1.1" 200 - "https://impactnumerik.com/sitemap.xml" "Mozilla/5.0 AppleWebKit/537.36 (KHTML, like Gecko; compatible; GPTBot/1.4; +https://openai.com/gptbot)"
74.7.227.180 - - [28/Aug/2026:06:44:28 +0200] "GET /details/47986153519 HTTP/1.1" 200 - "https://impactnumerik.com/sitemap.xml" "Mozilla/5.0 AppleWebKit/537.36 (KHTML, like Gecko; compatible; GPTBot/1.4; +https://openai.com/gptbot)"
74.7.227.180 - - [28/Aug/2026:06:44:28 +0200] "GET /details/78637574485 HTTP/1.1" 200 - "https://impactnumerik.com/sitemap.xml" "Mozilla/5.0 AppleWebKit/537.36 (KHTML, like Gecko; compatible; GPTBot/1.4; +https://openai.com/gptbot)"
74.7.227.180 - - [28/Aug/2026:06:44:29 +0200] "GET /details/66843929887 HTTP/1.1" 200 - "https://impactnumerik.com/sitemap.xml" "Mozilla/5.0 AppleWebKit/537.36 (KHTML, like Gecko; compatible; GPTBot/1.4; +https://openai.com/gptbot)"
74.7.227.180 - - [28/Aug/2026:06:44:29 +0200] "GET /details/48245296394 HTTP/1.1" 200 - "https://impactnumerik.com/sitemap.xml" "Mozilla/5.0 AppleWebKit/537.36 (KHTML, like Gecko; compatible; GPTBot/1.4; +https://openai.com/gptbot)"
74.7.227.180 - - [28/Aug/2026:06:44:30 +0200] "GET /details/50218587455 HTTP/1.1" 200 - "https://impactnumerik.com/sitemap.xml" "Mozilla/5.0 AppleWebKit/537.36 (KHTML, like Gecko; compatible; GPTBot/1.4; +https://openai.com/gptbot)"
74.7.227.180 - - [28/Aug/2026:06:44:30 +0200] "GET /details/83781930424 HTTP/1.1" 200 - "https://impactnumerik.com/sitemap.xml" "Mozilla/5.0 AppleWebKit/537.36 (KHTML, like Gecko; compatible; GPTBot/1.4; +https://openai.com/gptbot)"
74.7.227.180 - - [28/Aug/2026:06:44:31 +0200] "GET /details/26440192132 HTTP/1.1" 200 - "https://impactnumerik.com/sitemap.xml" "Mozilla/5.0 AppleWebKit/537.36 (KHTML, like Gecko; compatible; GPTBot/1.4; +https://openai.com/gptbot)"
74.7.227.180 - - [28/Aug/2026:06:44:31 +0200] "GET /details/23368695483 HTTP/1.1" 200 - "https://impactnumerik.com/sitemap.xml" "Mozilla/5.0 AppleWebKit/537.36 (KHTML, like Gecko; compatible; GPTBot/1.4; +https://openai.com/gptbot)"
74.7.227.180 - - [28/Aug/2026:06:44:32 +0200] "GET /details/39486100969 HTTP/1.1" 200 - "https://impactnumerik.com/sitemap.xml" "Mozilla/5.0 AppleWebKit/537.36 (KHTML, like Gecko; compatible; GPTBot/1.4; +https://openai.com/gptbot)"
74.7.227.180 - - [28/Aug/2026:06:44:32 +0200] "GET /details/54589339619 HTTP/1.1" 200 - "https://impactnumerik.com/sitemap.xml" "Mozilla/5.0 AppleWebKit/537.36 (KHTML, like Gecko; compatible; GPTBot/1.4; +https://openai.com/gptbot)"
74.7.227.180 - - [28/Aug/2026:06:44:33 +0200] "GET /details/00995214925 HTTP/1.1" 200 - "https://impactnumerik.com/sitemap.xml" "Mozilla/5.0 AppleWebKit/537.36 (KHTML, like Gecko; compatible; GPTBot/1.4; +https://openai.com/gptbot)"
74.7.227.180 - - [28/Aug/2026:06:44:33 +0200] "GET /details/17167505649 HTTP/1.1" 200 - "https://impactnumerik.com/sitemap.xml" "Mozilla/5.0 AppleWebKit/537.36 (KHTML, like Gecko; compatible; GPTBot/1.4; +https://openai.com/gptbot)"
74.7.227.180 - - [28/Aug/2026:06:44:34 +0200] "GET /details/02053503796 HTTP/1.1" 200 - "https://impactnumerik.com/sitemap.xml" "Mozilla/5.0 AppleWebKit/537.36 (KHTML, like Gecko; compatible; GPTBot/1.4; +https://openai.com/gptbot)"
74.7.227.180 - - [28/Aug/2026:06:44:34 +0200] "GET /details/94128755784 HTTP/1.1" 200 - "https://impactnumerik.com/sitemap.xml" "Mozilla/5.0 AppleWebKit/537.36 (KHTML, like Gecko; compatible; GPTBot/1.4; +https://openai.com/gptbot)"
74.7.227.180 - - [28/Aug/2026:06:44:35 +0200] "GET /details/65327857343 HTTP/1.1" 200 - "https://impactnumerik.com/sitemap.xml" "Mozilla/5.0 AppleWebKit/537.36 (KHTML, like Gecko; compatible; GPTBot/1.4; +https://openai.com/gptbot)"
74.7.227.180 - - [28/Aug/2026:06:44:35 +0200] "GET /details/94434913965 HTTP/1.1" 200 - "https://impactnumerik.com/sitemap.xml" "Mozilla/5.0 AppleWebKit/537.36 (KHTML, like Gecko; compatible; GPTBot/1.4; +https://openai.com/gptbot)"
74.7.227.180 - - [28/Aug/2026:06:44:36 +0200] "GET /details/97613182022 HTTP/1.1" 200 - "https://impactnumerik.com/sitemap.xml" "Mozilla/5.0 AppleWebKit/537.36 (KHTML, like Gecko; compatible; GPTBot/1.4; +https://openai.com/gptbot)"
74.7.227.180 - - [28/Aug/2026:06:44:36 +0200] "GET /details/60702381056 HTTP/1.1" 200 - "https://impactnumerik.com/sitemap.xml" "Mozilla/5.0 AppleWebKit/537.36 (KHTML, like Gecko; compatible; GPTBot/1.4; +https://openai.com/gptbot)"
74.7.227.180 - - [28/Aug/2026:06:44:37 +0200] "GET /details/95518631473 HTTP/1.1" 200 - "https://impactnumerik.com/sitemap.xml" "Mozilla/5.0 AppleWebKit/537.36 (KHTML, like Gecko; compatible; GPTBot/1.4; +https://openai.com/gptbot)"
74.7.227.180 - - [28/Aug/2026:06:44:37 +0200] "GET /details/75596503454 HTTP/1.1" 200 - "https://impactnumerik.com/sitemap.xml" "Mozilla/5.0 AppleWebKit/537.36 (KHTML, like Gecko; compatible; GPTBot/1.4; +https://openai.com/gptbot)"
74.7.227.180 - - [28/Aug/2026:06:44:38 +0200] "GET /details/70609946939 HTTP/1.1" 200 - "https://impactnumerik.com/sitemap.xml" "Mozilla/5.0 AppleWebKit/537.36 (KHTML, like Gecko; compatible; GPTBot/1.4; +https://openai.com/gptbot)"
74.7.227.180 - - [28/Aug/2026:06:44:38 +0200] "GET /details/07026768139 HTTP/1.1" 200 - "https://impactnumerik.com/sitemap.xml" "Mozilla/5.0 AppleWebKit/537.36 (KHTML, like Gecko; compatible; GPTBot/1.4; +https://openai.com/gptbot)"
74.7.227.180 - - [28/Aug/2026:06:44:39 +0200] "GET /details/34119789147 HTTP/1.1" 200 - "https://impactnumerik.com/sitemap.xml" "Mozilla/5.0 AppleWebKit/537.36 (KHTML, like Gecko; compatible; GPTBot/1.4; +https://openai.com/gptbot)"
74.7.227.180 - - [28/Aug/2026:06:44:39 +0200] "GET /details/23625809192 HTTP/1.1" 200 - "https://impactnumerik.com/sitemap.xml" "Mozilla/5.0 AppleWebKit/537.36 (KHTML, like Gecko; compatible; GPTBot/1.4; +https://openai.com/gptbot)"
74.7.227.180 - - [28/Aug/2026:06:44:40 +0200] "GET /details/51237582285 HTTP/1.1" 200 - "https://impactnumerik.com/sitemap.xml" "Mozilla/5.0 AppleWebKit/537.36 (KHTML, like Gecko; compatible; GPTBot/1.4; +https://openai.com/gptbot)"
74.7.227.180 - - [28/Aug/2026:06:44:40 +0200] "GET /details/72377855840 HTTP/1.1" 200 - "https://impactnumerik.com/sitemap.xml" "Mozilla/5.0 AppleWebKit/537.36 (KHTML, like Gecko; compatible; GPTBot/1.4; +https://openai.com/gptbot)"
74.7.227.180 - - [28/Aug/2026:06:44:41 +0200] "GET /details/97496254232 HTTP/1.1" 200 - "https://impactnumerik.com/sitemap.xml" "Mozilla/5.0 AppleWebKit/537.36 (KHTML, like Gecko; compatible; GPTBot/1.4; +https://openai.com/gptbot)"
74.7.227.180 - - [28/Aug/2026:06:44:41 +0200] "GET /details/15122953194 HTTP/1.1" 200 - "https://impactnumerik.com/sitemap.xml" "Mozilla/5.0 AppleWebKit/537.36 (KHTML, like Gecko; compatible; GPTBot/1.4; +https://openai.com/gptbot)"
74.7.227.180 - - [28/Aug/2026:06:44:42 +0200] "GET /details/23846854936 HTTP/1.1" 200 - "https://impactnumerik.com/sitemap.xml" "Mozilla/5.0 AppleWebKit/537.36 (KHTML, like Gecko; compatible; GPTBot/1.4; +https://openai.com/gptbot)"
74.7.227.180 - - [28/Aug/2026:06:44:42 +0200] "GET /details/43350703668 HTTP/1.1" 200 - "https://impactnumerik.com/sitemap.xml" "Mozilla/5.0 AppleWebKit/537.36 (KHTML, like Gecko; compatible; GPTBot/1.4; +https://openai.com/gptbot)"
74.7.227.180 - - [28/Aug/2026:06:44:43 +0200] "GET /details/98946554756 HTTP/1.1" 200 - "https://impactnumerik.com/sitemap.xml" "Mozilla/5.0 AppleWebKit/537.36 (KHTML, like Gecko; compatible; GPTBot/1.4; +https://openai.com/gptbot)"
74.7.227.180 - - [28/Aug/2026:06:44:43 +0200] "GET /details/87968812267 HTTP/1.1" 200 - "https://impactnumerik.com/sitemap.xml" "Mozilla/5.0 AppleWebKit/537.36 (KHTML, like Gecko; compatible; GPTBot/1.4; +https://openai.com/gptbot)"
74.7.227.180 - - [28/Aug/2026:06:44:44 +0200] "GET /details/55953635719 HTTP/1.1" 200 - "https://impactnumerik.com/sitemap.xml" "Mozilla/5.0 AppleWebKit/537.36 (KHTML, like Gecko; compatible; GPTBot/1.4; +https://openai.com/gptbot)"
74.7.227.180 - - [28/Aug/2026:06:44:44 +0200] "GET /details/78311824741 HTTP/1.1" 200 - "https://impactnumerik.com/sitemap.xml" "Mozilla/5.0 AppleWebKit/537.36 (KHTML, like Gecko; compatible; GPTBot/1.4; +https://openai.com/gptbot)"
74.7.227.180 - - [28/Aug/2026:06:44:45 +0200] "GET /details/77054653356 HTTP/1.1" 200 - "https://impactnumerik.com/sitemap.xml" "Mozilla/5.0 AppleWebKit/537.36 (KHTML, like Gecko; compatible; GPTBot/1.4; +https://openai.com/gptbot)"
74.7.227.180 - - [28/Aug/2026:06:44:45 +0200] "GET /details/08423128627 HTTP/1.1" 200 - "https://impactnumerik.com/sitemap.xml" "Mozilla/5.0 AppleWebKit/537.36 (KHTML, like Gecko; compatible; GPTBot/1.4; +https://openai.com/gptbot)"
74.7.227.180 - - [28/Aug/2026:06:44:46 +0200] "GET /details/25035799589 HTTP/1.1" 200 - "https://impactnumerik.com/sitemap.xml" "Mozilla/5.0 AppleWebKit/537.36 (KHTML, like Gecko; compatible; GPTBot/1.4; +https://openai.com/gptbot)"
