66.249.65.13 - - [28/Aug/2026:06:42:18 +0200] "GET /dp/2eced5752418143 HTTP/1.1" 200 190133 "-" "Mozilla/5.0 (Linux; Android 6.0.1; Nexus 5X Build/MMB29P) AppleWebKit/537.36 (KHTML, like Gecko) Chrome/151.0.7922.173 Mobile Safari/537.36 (compatible; Googlebot/2.1; +http://www.google.com/bot.html)"
66.249.65.13 - - [28/Aug/2026:06:42:59 +0200] "GET /dp/5d91e5064045715 HTTP/1.1" 200 184482 "-" "Mozilla/5.0 (Linux; Android 6.0.1; Nexus 5X Build/MMB29P) AppleWebKit/537.36 (KHTML, like Gecko) Chrome/151.0.7922.173 Mobile Safari/537.36 (compatible; GoogleOther)"
196.171.30.130 - - [28/Aug/2026:06:43:05 +0200] "GET /actualites/ HTTP/1.1" 200 - "https://www.ucrm-togo.tg/" "Mozilla/5.0 (Linux; Android 13; SM-S901B) AppleWebKit/537.36 (KHTML, like Gecko) Chrome/112.0.0.0 Mobile Safari/537.36"
180.191.137.85 - - [28/Aug/2026:06:43:21 +0200] "GET /urcm-mag-1-ttc/?share=twitter HTTP/1.1" 200 - "https://www.ucrm-togo.tg" "Mozilla/5.0 (Windows NT 10.0; Win64; x64) AppleWebKit/537.36 (KHTML, like Gecko) Chrome/144.0.0.0 Safari/537.36"
41.78.138.40 - - [28/Aug/2026:06:43:34 +0200] "GET / HTTP/1.1" 200 5206 "-" "Mozilla/5.0 (Windows NT 10.0; Win64; x64) AppleWebKit/537.36 (KHTML, like Gecko) Chrome/151.0.0.0 Safari/537.36"
102.64.147.140 - - [28/Aug/2026:06:43:36 +0200] "GET / HTTP/1.1" 200 5206 "-" "Mozilla/5.0 (Windows NT 10.0; Win64; x64) AppleWebKit/537.36 (KHTML, like Gecko) Chrome/151.0.0.0 Safari/537.36"
102.64.147.140 - - [28/Aug/2026:06:43:36 +0200] "GET /favicon.ico HTTP/1.1" 200 - "https://www.ucrm-togo.tg/" "Mozilla/5.0 (Windows NT 10.0; Win64; x64) AppleWebKit/537.36 (KHTML, like Gecko) Chrome/151.0.0.0 Safari/537.36"
66.249.65.12 - - [28/Aug/2026:06:43:54 +0200] "GET /dp/391789b42116613 HTTP/1.1" 200 180060 "-" "Mozilla/5.0 (Linux; Android 6.0.1; Nexus 5X Build/MMB29P) AppleWebKit/537.36 (KHTML, like Gecko) Chrome/151.0.7922.173 Mobile Safari/537.36 (compatible; GoogleOther)"
66.249.65.12 - - [28/Aug/2026:06:44:03 +0200] "GET /dp/0469026c1744899 HTTP/1.1" 200 181979 "-" "Mozilla/5.0 (Linux; Android 6.0.1; Nexus 5X Build/MMB29P) AppleWebKit/537.36 (KHTML, like Gecko) Chrome/151.0.7922.173 Mobile Safari/537.36 (compatible; Googlebot/2.1; +http://www.google.com/bot.html)"
66.249.65.12 - - [28/Aug/2026:06:44:18 +0200] "GET /dp/4eec7f544107444 HTTP/1.1" 200 186895 "-" "Mozilla/5.0 (Linux; Android 6.0.1; Nexus 5X Build/MMB29P) AppleWebKit/537.36 (KHTML, like Gecko) Chrome/151.0.7922.173 Mobile Safari/537.36 (compatible; GoogleOther)"
66.249.65.12 - - [28/Aug/2026:06:44:23 +0200] "GET /dp/214102952548186 HTTP/1.1" 200 186418 "-" "Mozilla/5.0 (Linux; Android 6.0.1; Nexus 5X Build/MMB29P) AppleWebKit/537.36 (KHTML, like Gecko) Chrome/151.0.7922.173 Mobile Safari/537.36 (compatible; GoogleOther)"
66.249.65.12 - - [28/Aug/2026:06:44:28 +0200] "GET /dp/e6353edb1227962 HTTP/1.1" 200 187354 "-" "Mozilla/5.0 (Linux; Android 6.0.1; Nexus 5X Build/MMB29P) AppleWebKit/537.36 (KHTML, like Gecko) Chrome/151.0.7922.173 Mobile Safari/537.36 (compatible; GoogleOther)"
66.249.65.12 - - [28/Aug/2026:06:44:35 +0200] "GET /dp/f15446412402172 HTTP/1.1" 200 186072 "-" "Mozilla/5.0 (Linux; Android 6.0.1; Nexus 5X Build/MMB29P) AppleWebKit/537.36 (KHTML, like Gecko) Chrome/151.0.7922.173 Mobile Safari/537.36 (compatible; GoogleOther)"
66.249.65.12 - - [28/Aug/2026:06:44:39 +0200] "GET /dp/072e958e2997800 HTTP/1.1" 200 186213 "-" "Mozilla/5.0 (Linux; Android 6.0.1; Nexus 5X Build/MMB29P) AppleWebKit/537.36 (KHTML, like Gecko) Chrome/151.0.7922.173 Mobile Safari/537.36 (compatible; GoogleOther)"
66.249.65.12 - - [28/Aug/2026:06:44:41 +0200] "GET /dp/136ee200621484 HTTP/1.1" 200 185470 "-" "Mozilla/5.0 (Linux; Android 6.0.1; Nexus 5X Build/MMB29P) AppleWebKit/537.36 (KHTML, like Gecko) Chrome/151.0.7922.173 Mobile Safari/537.36 (compatible; GoogleOther)"
66.249.65.12 - - [28/Aug/2026:06:44:44 +0200] "GET /dp/c58d3de91368742 HTTP/1.1" 200 181572 "-" "Mozilla/5.0 (Linux; Android 6.0.1; Nexus 5X Build/MMB29P) AppleWebKit/537.36 (KHTML, like Gecko) Chrome/151.0.7922.173 Mobile Safari/537.36 (compatible; GoogleOther)"
66.249.65.12 - - [28/Aug/2026:06:44:48 +0200] "GET /dp/12e2d2263209938 HTTP/1.1" 200 179669 "-" "Mozilla/5.0 (Linux; Android 6.0.1; Nexus 5X Build/MMB29P) AppleWebKit/537.36 (KHTML, like Gecko) Chrome/151.0.7922.173 Mobile Safari/537.36 (compatible; GoogleOther)"
66.249.65.12 - - [28/Aug/2026:06:44:51 +0200] "GET /dp/1f11a4223685260 HTTP/1.1" 200 184923 "-" "Mozilla/5.0 (Linux; Android 6.0.1; Nexus 5X Build/MMB29P) AppleWebKit/537.36 (KHTML, like Gecko) Chrome/151.0.7922.173 Mobile Safari/537.36 (compatible; GoogleOther)"
66.249.65.13 - - [28/Aug/2026:06:44:53 +0200] "GET /dp/12afc2b63698686 HTTP/1.1" 200 184765 "-" "Mozilla/5.0 (Linux; Android 6.0.1; Nexus 5X Build/MMB29P) AppleWebKit/537.36 (KHTML, like Gecko) Chrome/151.0.7922.173 Mobile Safari/537.36 (compatible; Googlebot/2.1; +http://www.google.com/bot.html)"
66.249.65.13 - - [28/Aug/2026:06:44:53 +0200] "GET /dp/057531293817740 HTTP/1.1" 200 177904 "-" "Mozilla/5.0 (Linux; Android 6.0.1; Nexus 5X Build/MMB29P) AppleWebKit/537.36 (KHTML, like Gecko) Chrome/151.0.7922.173 Mobile Safari/537.36 (compatible; GoogleOther)"
66.249.65.12 - - [28/Aug/2026:06:44:55 +0200] "GET /dp/da60b27a1639537 HTTP/1.1" 200 188661 "-" "Mozilla/5.0 (Linux; Android 6.0.1; Nexus 5X Build/MMB29P) AppleWebKit/537.36 (KHTML, like Gecko) Chrome/151.0.7922.173 Mobile Safari/537.36 (compatible; GoogleOther)"
66.249.65.13 - - [28/Aug/2026:06:45:08 +0200] "GET /dp/8c9e863f616538 HTTP/1.1" 200 187240 "-" "Mozilla/5.0 (Linux; Android 6.0.1; Nexus 5X Build/MMB29P) AppleWebKit/537.36 (KHTML, like Gecko) Chrome/151.0.7922.173 Mobile Safari/537.36 (compatible; GoogleOther)"
66.249.65.13 - - [28/Aug/2026:06:45:13 +0200] "GET /dp/2702f2833329727 HTTP/1.1" 200 179525 "-" "Mozilla/5.0 (Linux; Android 6.0.1; Nexus 5X Build/MMB29P) AppleWebKit/537.36 (KHTML, like Gecko) Chrome/151.0.7922.173 Mobile Safari/537.36 (compatible; GoogleOther)"
102.64.220.139 - - [28/Aug/2026:06:45:16 +0200] "GET /crm-dagl/ HTTP/1.1" 200 - "https://www.google.com/" "Mozilla/5.0 (Linux; Android 10; K) AppleWebKit/537.36 (KHTML, like Gecko) Chrome/151.0.0.0 Mobile Safari/537.36"
102.64.220.139 - - [28/Aug/2026:06:45:16 +0200] "GET /favicon.ico HTTP/1.1" 200 - "https://www.ucrm-togo.tg/crm-dagl/" "Mozilla/5.0 (Linux; Android 10; K) AppleWebKit/537.36 (KHTML, like Gecko) Chrome/151.0.0.0 Mobile Safari/537.36"
66.249.65.12 - - [28/Aug/2026:06:45:18 +0200] "GET /dp/3411c3401923917 HTTP/1.1" 200 183162 "-" "Mozilla/5.0 (Linux; Android 6.0.1; Nexus 5X Build/MMB29P) AppleWebKit/537.36 (KHTML, like Gecko) Chrome/151.0.7922.173 Mobile Safari/537.36 (compatible; GoogleOther)"
66.249.65.12 - - [28/Aug/2026:06:45:19 +0200] "GET /dp/927b5ecd1188854 HTTP/1.1" 200 186901 "-" "Mozilla/5.0 (Linux; Android 6.0.1; Nexus 5X Build/MMB29P) AppleWebKit/537.36 (KHTML, like Gecko) Chrome/151.0.7922.173 Mobile Safari/537.36 (compatible; GoogleOther)"
66.249.65.12 - - [28/Aug/2026:06:45:21 +0200] "GET /dp/ef6b27a980153 HTTP/1.1" 200 186564 "-" "Mozilla/5.0 (Linux; Android 6.0.1; Nexus 5X Build/MMB29P) AppleWebKit/537.36 (KHTML, like Gecko) Chrome/151.0.7922.173 Mobile Safari/537.36 (compatible; GoogleOther)"
66.249.65.12 - - [28/Aug/2026:06:45:23 +0200] "GET /dp/e156dbb01102413 HTTP/1.1" 200 179654 "-" "Mozilla/5.0 (Linux; Android 6.0.1; Nexus 5X Build/MMB29P) AppleWebKit/537.36 (KHTML, like Gecko) Chrome/151.0.7922.173 Mobile Safari/537.36 (compatible; GoogleOther)"
66.249.65.12 - - [28/Aug/2026:06:45:25 +0200] "GET /dp/003572e01444997 HTTP/1.1" 200 186362 "-" "Mozilla/5.0 (Linux; Android 6.0.1; Nexus 5X Build/MMB29P) AppleWebKit/537.36 (KHTML, like Gecko) Chrome/151.0.7922.173 Mobile Safari/537.36 (compatible; GoogleOther)"
104.253.164.238 - - [28/Aug/2026:06:45:28 +0200] "GET / HTTP/1.1" 200 5206 "-" "Mozilla/5.0 (Linux; Android 14; Pixel 8 Pro) AppleWebKit/537.36 (KHTML, like Gecko) Chrome/148.0.0.0 Mobile Safari/537.36"
66.249.65.12 - - [28/Aug/2026:06:45:27 +0200] "GET /dp/59267ee73826596 HTTP/1.1" 200 184338 "-" "Mozilla/5.0 (Linux; Android 6.0.1; Nexus 5X Build/MMB29P) AppleWebKit/537.36 (KHTML, like Gecko) Chrome/151.0.7922.173 Mobile Safari/537.36 (compatible; GoogleOther)"
66.249.65.12 - - [28/Aug/2026:06:45:29 +0200] "GET /dp/a54e90482291939 HTTP/1.1" 200 185397 "-" "Mozilla/5.0 (Linux; Android 6.0.1; Nexus 5X Build/MMB29P) AppleWebKit/537.36 (KHTML, like Gecko) Chrome/151.0.7922.173 Mobile Safari/537.36 (compatible; GoogleOther)"
102.64.220.139 - - [28/Aug/2026:06:45:30 +0200] "GET /crm-region-maritime/ HTTP/1.1" 200 - "https://www.google.com/" "Mozilla/5.0 (Linux; Android 10; K) AppleWebKit/537.36 (KHTML, like Gecko) Chrome/151.0.0.0 Mobile Safari/537.36"
102.64.220.139 - - [28/Aug/2026:06:45:31 +0200] "GET /favicon.ico HTTP/1.1" 200 - "https://www.ucrm-togo.tg/crm-region-maritime/" "Mozilla/5.0 (Linux; Android 10; K) AppleWebKit/537.36 (KHTML, like Gecko) Chrome/151.0.0.0 Mobile Safari/537.36"
66.249.65.12 - - [28/Aug/2026:06:45:31 +0200] "GET /dp/4c7d7a842084157 HTTP/1.1" 200 184476 "-" "Mozilla/5.0 (Linux; Android 6.0.1; Nexus 5X Build/MMB29P) AppleWebKit/537.36 (KHTML, like Gecko) Chrome/151.0.7922.173 Mobile Safari/537.36 (compatible; GoogleOther)"
66.249.65.12 - - [28/Aug/2026:06:45:33 +0200] "GET /dp/200054211425063 HTTP/1.1" 200 183119 "-" "Mozilla/5.0 (Linux; Android 6.0.1; Nexus 5X Build/MMB29P) AppleWebKit/537.36 (KHTML, like Gecko) Chrome/151.0.7922.173 Mobile Safari/537.36 (compatible; GoogleOther)"
66.249.65.13 - - [28/Aug/2026:06:45:36 +0200] "GET /dp/126362f1221765 HTTP/1.1" 200 187228 "-" "Mozilla/5.0 (Linux; Android 6.0.1; Nexus 5X Build/MMB29P) AppleWebKit/537.36 (KHTML, like Gecko) Chrome/151.0.7922.173 Mobile Safari/537.36 (compatible; GoogleOther)"
102.64.220.139 - - [28/Aug/2026:06:45:37 +0200] "GET /crm-region-de-la-kara/ HTTP/1.1" 200 - "https://www.google.com/" "Mozilla/5.0 (Linux; Android 10; K) AppleWebKit/537.36 (KHTML, like Gecko) Chrome/151.0.0.0 Mobile Safari/537.36"
102.64.220.139 - - [28/Aug/2026:06:45:37 +0200] "GET /favicon.ico HTTP/1.1" 200 - "https://www.ucrm-togo.tg/crm-region-de-la-kara/" "Mozilla/5.0 (Linux; Android 10; K) AppleWebKit/537.36 (KHTML, like Gecko) Chrome/151.0.0.0 Mobile Safari/537.36"
66.249.65.12 - - [28/Aug/2026:06:45:38 +0200] "GET /dp/fc15622b517886 HTTP/1.1" 200 188624 "-" "Mozilla/5.0 (Linux; Android 6.0.1; Nexus 5X Build/MMB29P) AppleWebKit/537.36 (KHTML, like Gecko) Chrome/151.0.7922.173 Mobile Safari/537.36 (compatible; GoogleOther)"
66.249.65.13 - - [28/Aug/2026:06:45:42 +0200] "GET /dp/193c2ad13705901 HTTP/1.1" 200 183398 "-" "Mozilla/5.0 (Linux; Android 6.0.1; Nexus 5X Build/MMB29P) AppleWebKit/537.36 (KHTML, like Gecko) Chrome/151.0.7922.173 Mobile Safari/537.36 (compatible; GoogleOther)"
66.249.65.13 - - [28/Aug/2026:06:45:48 +0200] "GET /dp/70432f922450357 HTTP/1.1" 200 185777 "-" "Mozilla/5.0 (Linux; Android 6.0.1; Nexus 5X Build/MMB29P) AppleWebKit/537.36 (KHTML, like Gecko) Chrome/151.0.7922.173 Mobile Safari/537.36 (compatible; GoogleOther)"
66.249.65.13 - - [28/Aug/2026:06:45:50 +0200] "GET /dp/16b554804051560 HTTP/1.1" 200 183936 "-" "Mozilla/5.0 (Linux; Android 6.0.1; Nexus 5X Build/MMB29P) AppleWebKit/537.36 (KHTML, like Gecko) Chrome/151.0.7922.173 Mobile Safari/537.36 (compatible; GoogleOther)"
66.249.65.12 - - [28/Aug/2026:06:45:52 +0200] "GET /dp/0066626c1363672 HTTP/1.1" 200 179204 "-" "Mozilla/5.0 (Linux; Android 6.0.1; Nexus 5X Build/MMB29P) AppleWebKit/537.36 (KHTML, like Gecko) Chrome/151.0.7922.173 Mobile Safari/537.36 (compatible; GoogleOther)"
66.249.65.12 - - [28/Aug/2026:06:45:54 +0200] "GET /dp/6262a0f8115298 HTTP/1.1" 200 182026 "-" "Mozilla/5.0 (Linux; Android 6.0.1; Nexus 5X Build/MMB29P) AppleWebKit/537.36 (KHTML, like Gecko) Chrome/151.0.7922.173 Mobile Safari/537.36 (compatible; GoogleOther)"
66.249.65.12 - - [28/Aug/2026:06:45:58 +0200] "GET /dp/0b7dc32f761389 HTTP/1.1" 200 183940 "-" "Mozilla/5.0 (Linux; Android 6.0.1; Nexus 5X Build/MMB29P) AppleWebKit/537.36 (KHTML, like Gecko) Chrome/151.0.7922.173 Mobile Safari/537.36 (compatible; GoogleOther)"
85.208.96.205 - - [28/Aug/2026:06:46:12 +0200] "GET /la-cpm-tchamba-opte-pour-un-partage-dinformation-avec-la-base-dans-le-cadre-des-jat/ HTTP/1.1" 200 - "-" "Mozilla/5.0 (compatible; SemrushBot/7~bl; +http://www.semrush.com/bot.html)"
66.249.65.14 - - [28/Aug/2026:06:46:20 +0200] "GET /dp/4a2702733944265 HTTP/1.1" 200 179706 "-" "Mozilla/5.0 (Linux; Android 6.0.1; Nexus 5X Build/MMB29P) AppleWebKit/537.36 (KHTML, like Gecko) Chrome/151.0.7922.173 Mobile Safari/537.36 (compatible; GoogleOther)"
102.64.220.139 - - [28/Aug/2026:06:46:24 +0200] "GET /crm-dagl/ HTTP/1.1" 200 - "https://www.google.com/" "Mozilla/5.0 (Linux; Android 10; K) AppleWebKit/537.36 (KHTML, like Gecko) Chrome/151.0.0.0 Mobile Safari/537.36"
102.64.220.139 - - [28/Aug/2026:06:46:24 +0200] "GET /favicon.ico HTTP/1.1" 200 - "https://www.ucrm-togo.tg/crm-dagl/" "Mozilla/5.0 (Linux; Android 10; K) AppleWebKit/537.36 (KHTML, like Gecko) Chrome/151.0.0.0 Mobile Safari/537.36"
66.249.65.12 - - [28/Aug/2026:06:46:31 +0200] "GET /dp/488e127e1220599 HTTP/1.1" 200 188450 "-" "Mozilla/5.0 (Linux; Android 6.0.1; Nexus 5X Build/MMB29P) AppleWebKit/537.36 (KHTML, like Gecko) Chrome/151.0.7922.173 Mobile Safari/537.36 (compatible; GoogleOther)"
66.249.65.12 - - [28/Aug/2026:06:46:36 +0200] "GET /dp/513067d41226338 HTTP/1.1" 200 188018 "-" "Mozilla/5.0 (Linux; Android 6.0.1; Nexus 5X Build/MMB29P) AppleWebKit/537.36 (KHTML, like Gecko) Chrome/151.0.7922.173 Mobile Safari/537.36 (compatible; GoogleOther)"
66.249.65.12 - - [28/Aug/2026:06:46:38 +0200] "GET /dp/29f11d81477412 HTTP/1.1" 200 184843 "-" "Mozilla/5.0 (Linux; Android 6.0.1; Nexus 5X Build/MMB29P) AppleWebKit/537.36 (KHTML, like Gecko) Chrome/151.0.7922.173 Mobile Safari/537.36 (compatible; GoogleOther)"
185.191.171.15 - - [28/Aug/2026:06:46:40 +0200] "GET /mme-le-premier-ministre-et-les-artisans-font-du-sport/ HTTP/1.1" 200 - "-" "Mozilla/5.0 (compatible; SemrushBot/7~bl; +http://www.semrush.com/bot.html)"
66.249.65.12 - - [28/Aug/2026:06:46:42 +0200] "GET /dp/0e72f4564325036 HTTP/1.1" 200 179164 "-" "Mozilla/5.0 (Linux; Android 6.0.1; Nexus 5X Build/MMB29P) AppleWebKit/537.36 (KHTML, like Gecko) Chrome/151.0.7922.173 Mobile Safari/537.36 (compatible; GoogleOther)"
66.249.65.12 - - [28/Aug/2026:06:46:44 +0200] "GET /dp/778f7794932998 HTTP/1.1" 200 183118 "-" "Mozilla/5.0 (Linux; Android 6.0.1; Nexus 5X Build/MMB29P) AppleWebKit/537.36 (KHTML, like Gecko) Chrome/151.0.7922.173 Mobile Safari/537.36 (compatible; GoogleOther)"
66.249.65.12 - - [28/Aug/2026:06:46:46 +0200] "GET /dp/bb249f74199894 HTTP/1.1" 200 186573 "-" "Mozilla/5.0 (Linux; Android 6.0.1; Nexus 5X Build/MMB29P) AppleWebKit/537.36 (KHTML, like Gecko) Chrome/151.0.7922.173 Mobile Safari/537.36 (compatible; GoogleOther)"
185.191.171.14 - - [28/Aug/2026:06:46:47 +0200] "GET /rencontre-de-mme-le-gouverneur-du-district-autonome-du-grand-lome-avec-les-responsables-des-artisans/ HTTP/1.1" 200 - "-" "Mozilla/5.0 (compatible; SemrushBot/7~bl; +http://www.semrush.com/bot.html)"
66.249.65.12 - - [28/Aug/2026:06:46:48 +0200] "GET /dp/57e56951614727 HTTP/1.1" 200 184938 "-" "Mozilla/5.0 (Linux; Android 6.0.1; Nexus 5X Build/MMB29P) AppleWebKit/537.36 (KHTML, like Gecko) Chrome/151.0.7922.173 Mobile Safari/537.36 (compatible; GoogleOther)"
66.249.65.12 - - [28/Aug/2026:06:46:50 +0200] "GET /dp/0094c3132603664 HTTP/1.1" 200 189613 "-" "Mozilla/5.0 (Linux; Android 6.0.1; Nexus 5X Build/MMB29P) AppleWebKit/537.36 (KHTML, like Gecko) Chrome/151.0.7922.173 Mobile Safari/537.36 (compatible; GoogleOther)"
66.249.65.12 - - [28/Aug/2026:06:46:52 +0200] "GET /dp/4c35b2ab2872028 HTTP/1.1" 200 187324 "-" "Mozilla/5.0 (Linux; Android 6.0.1; Nexus 5X Build/MMB29P) AppleWebKit/537.36 (KHTML, like Gecko) Chrome/151.0.7922.173 Mobile Safari/537.36 (compatible; GoogleOther)"
66.249.65.12 - - [28/Aug/2026:06:46:54 +0200] "GET /dp/9e76d4924086180 HTTP/1.1" 200 180701 "-" "Mozilla/5.0 (Linux; Android 6.0.1; Nexus 5X Build/MMB29P) AppleWebKit/537.36 (KHTML, like Gecko) Chrome/151.0.7922.173 Mobile Safari/537.36 (compatible; GoogleOther)"
66.249.65.12 - - [28/Aug/2026:06:46:56 +0200] "GET /dp/7109f3693274200 HTTP/1.1" 200 186494 "-" "Mozilla/5.0 (Linux; Android 6.0.1; Nexus 5X Build/MMB29P) AppleWebKit/537.36 (KHTML, like Gecko) Chrome/151.0.7922.173 Mobile Safari/537.36 (compatible; GoogleOther)"
66.249.65.12 - - [28/Aug/2026:06:46:58 +0200] "GET /dp/849790611715273 HTTP/1.1" 200 183411 "-" "Mozilla/5.0 (Linux; Android 6.0.1; Nexus 5X Build/MMB29P) AppleWebKit/537.36 (KHTML, like Gecko) Chrome/151.0.7922.173 Mobile Safari/537.36 (compatible; GoogleOther)"
66.249.65.12 - - [28/Aug/2026:06:47:00 +0200] "GET /dp/448a805f2338541 HTTP/1.1" 200 183557 "-" "Mozilla/5.0 (Linux; Android 6.0.1; Nexus 5X Build/MMB29P) AppleWebKit/537.36 (KHTML, like Gecko) Chrome/151.0.7922.173 Mobile Safari/537.36 (compatible; GoogleOther)"
66.249.65.12 - - [28/Aug/2026:06:47:02 +0200] "GET /dp/387cafb82740554 HTTP/1.1" 200 183237 "-" "Mozilla/5.0 (Linux; Android 6.0.1; Nexus 5X Build/MMB29P) AppleWebKit/537.36 (KHTML, like Gecko) Chrome/151.0.7922.173 Mobile Safari/537.36 (compatible; GoogleOther)"
185.99.29.55 - - [28/Aug/2026:06:47:03 +0200] "GET /?C=M%3BO=A HTTP/1.1" 200 5206 "-" "Mozilla/5.0 (iPhone; CPU iPhone OS 18_4 like Mac OS X) AppleWebKit/605.1.15 (KHTML, like Gecko) CriOS/151.0.0.0 Mobile/15E148 Safari/604.1"
66.249.65.12 - - [28/Aug/2026:06:47:05 +0200] "GET /dp/6d88b73d1048914 HTTP/1.1" 200 186004 "-" "Mozilla/5.0 (Linux; Android 6.0.1; Nexus 5X Build/MMB29P) AppleWebKit/537.36 (KHTML, like Gecko) Chrome/151.0.7922.173 Mobile Safari/537.36 (compatible; GoogleOther)"
66.249.65.12 - - [28/Aug/2026:06:47:28 +0200] "GET /dp/ef6b27a980153 HTTP/1.1" 200 186564 "-" "Mozilla/5.0 (Linux; Android 6.0.1; Nexus 5X Build/MMB29P) AppleWebKit/537.36 (KHTML, like Gecko) Chrome/151.0.7922.173 Mobile Safari/537.36 (compatible; Googlebot/2.1; +http://www.google.com/bot.html)"
80.248.76.3 - - [28/Aug/2026:06:47:35 +0200] "GET /?C=N%3BO=D HTTP/1.1" 200 5206 "-" "Mozilla/5.0 (Windows NT 10.0; Win64; x64) AppleWebKit/537.36 (KHTML, like Gecko) Chrome/151.0.0.0 Safari/537.36"
66.249.65.12 - - [28/Aug/2026:06:47:48 +0200] "GET /dp/c153981e569637 HTTP/1.1" 200 186150 "-" "Mozilla/5.0 (Linux; Android 6.0.1; Nexus 5X Build/MMB29P) AppleWebKit/537.36 (KHTML, like Gecko) Chrome/151.0.7922.173 Mobile Safari/537.36 (compatible; GoogleOther)"
66.249.65.12 - - [28/Aug/2026:06:47:54 +0200] "GET /dp/145463023500113 HTTP/1.1" 200 189009 "-" "Mozilla/5.0 (Linux; Android 6.0.1; Nexus 5X Build/MMB29P) AppleWebKit/537.36 (KHTML, like Gecko) Chrome/151.0.7922.173 Mobile Safari/537.36 (compatible; GoogleOther)"
66.249.65.12 - - [28/Aug/2026:06:47:59 +0200] "GET /dp/5a8238e7961783 HTTP/1.1" 200 194338 "-" "Mozilla/5.0 (Linux; Android 6.0.1; Nexus 5X Build/MMB29P) AppleWebKit/537.36 (KHTML, like Gecko) Chrome/151.0.7922.173 Mobile Safari/537.36 (compatible; GoogleOther)"
66.249.65.12 - - [28/Aug/2026:06:48:10 +0200] "GET /dp/a46282d91159368 HTTP/1.1" 200 184901 "-" "Mozilla/5.0 (Linux; Android 6.0.1; Nexus 5X Build/MMB29P) AppleWebKit/537.36 (KHTML, like Gecko) Chrome/151.0.7922.173 Mobile Safari/537.36 (compatible; GoogleOther)"
66.249.65.12 - - [28/Aug/2026:06:48:13 +0200] "GET /dp/f55a3c8a923231 HTTP/1.1" 200 192018 "-" "Mozilla/5.0 (Linux; Android 6.0.1; Nexus 5X Build/MMB29P) AppleWebKit/537.36 (KHTML, like Gecko) Chrome/151.0.7922.173 Mobile Safari/537.36 (compatible; GoogleOther)"
66.249.65.12 - - [28/Aug/2026:06:48:17 +0200] "GET /dp/d14ae6043921826 HTTP/1.1" 200 178123 "-" "Mozilla/5.0 (Linux; Android 6.0.1; Nexus 5X Build/MMB29P) AppleWebKit/537.36 (KHTML, like Gecko) Chrome/151.0.7922.173 Mobile Safari/537.36 (compatible; GoogleOther)"
66.249.65.12 - - [28/Aug/2026:06:48:22 +0200] "GET /dp/70b3c52b2978834 HTTP/1.1" 200 181319 "-" "Mozilla/5.0 (Linux; Android 6.0.1; Nexus 5X Build/MMB29P) AppleWebKit/537.36 (KHTML, like Gecko) Chrome/151.0.7922.173 Mobile Safari/537.36 (compatible; GoogleOther)"
66.249.65.12 - - [28/Aug/2026:06:48:23 +0200] "GET /dp/136ee200621484 HTTP/1.1" 200 185470 "-" "Mozilla/5.0 (Linux; Android 6.0.1; Nexus 5X Build/MMB29P) AppleWebKit/537.36 (KHTML, like Gecko) Chrome/151.0.7922.173 Mobile Safari/537.36 (compatible; Googlebot/2.1; +http://www.google.com/bot.html)"
66.249.65.13 - - [28/Aug/2026:06:48:44 +0200] "GET /dp/345746073211116 HTTP/1.1" 200 181194 "-" "Mozilla/5.0 (Linux; Android 6.0.1; Nexus 5X Build/MMB29P) AppleWebKit/537.36 (KHTML, like Gecko) Chrome/151.0.7922.173 Mobile Safari/537.36 (compatible; GoogleOther)"
66.249.65.13 - - [28/Aug/2026:06:48:48 +0200] "GET /dp/1c9f121a2661347 HTTP/1.1" 200 190850 "-" "Mozilla/5.0 (Linux; Android 6.0.1; Nexus 5X Build/MMB29P) AppleWebKit/537.36 (KHTML, like Gecko) Chrome/151.0.7922.173 Mobile Safari/537.36 (compatible; GoogleOther)"
66.249.65.12 - - [28/Aug/2026:06:48:52 +0200] "GET /dp/7784c0243473111 HTTP/1.1" 200 179517 "-" "Mozilla/5.0 (Linux; Android 6.0.1; Nexus 5X Build/MMB29P) AppleWebKit/537.36 (KHTML, like Gecko) Chrome/151.0.7922.173 Mobile Safari/537.36 (compatible; GoogleOther)"
66.249.65.12 - - [28/Aug/2026:06:48:55 +0200] "GET /dp/c42b14781828298 HTTP/1.1" 200 188099 "-" "Mozilla/5.0 (Linux; Android 6.0.1; Nexus 5X Build/MMB29P) AppleWebKit/537.36 (KHTML, like Gecko) Chrome/151.0.7922.173 Mobile Safari/537.36 (compatible; GoogleOther)"
20.125.163.80 - - [28/Aug/2026:06:49:00 +0200] "GET /dp/059f85fc6374 HTTP/1.1" 200 183784 "-" "Mozilla/5.0 AppleWebKit/537.36 (KHTML, like Gecko; compatible; bingbot/2.0; +http://www.bing.com/bingbot.htm) Chrome/116.0.1938.76 Safari/537.36"
66.249.65.12 - - [28/Aug/2026:06:49:02 +0200] "GET /dp/1e59d624175555 HTTP/1.1" 200 179380 "-" "Mozilla/5.0 (Linux; Android 6.0.1; Nexus 5X Build/MMB29P) AppleWebKit/537.36 (KHTML, like Gecko) Chrome/151.0.7922.173 Mobile Safari/537.36 (compatible; GoogleOther)"
155.254.42.217 - - [28/Aug/2026:06:49:28 +0200] "GET /?C=S%3BO=A HTTP/1.1" 200 5206 "-" "Mozilla/5.0 (Linux; Android 15; CPH2653) AppleWebKit/537.36 (KHTML, like Gecko) Chrome/149.0.0.0 Mobile Safari/537.36"
66.249.65.12 - - [28/Aug/2026:06:49:32 +0200] "GET /dp/764517974387609 HTTP/1.1" 200 179811 "-" "Mozilla/5.0 (Linux; Android 6.0.1; Nexus 5X Build/MMB29P) AppleWebKit/537.36 (KHTML, like Gecko) Chrome/151.0.7922.173 Mobile Safari/537.36 (compatible; GoogleOther)"
66.249.65.12 - - [28/Aug/2026:06:49:35 +0200] "GET /dp/578061671986542 HTTP/1.1" 200 185539 "-" "Mozilla/5.0 (Linux; Android 6.0.1; Nexus 5X Build/MMB29P) AppleWebKit/537.36 (KHTML, like Gecko) Chrome/151.0.7922.173 Mobile Safari/537.36 (compatible; GoogleOther)"
66.249.65.12 - - [28/Aug/2026:06:49:42 +0200] "GET /dp/8024b279246886 HTTP/1.1" 200 185407 "-" "Mozilla/5.0 (Linux; Android 6.0.1; Nexus 5X Build/MMB29P) AppleWebKit/537.36 (KHTML, like Gecko) Chrome/151.0.7922.173 Mobile Safari/537.36 (compatible; GoogleOther)"
66.249.65.12 - - [28/Aug/2026:06:49:46 +0200] "GET /dp/763f6b23676187 HTTP/1.1" 200 186163 "-" "Mozilla/5.0 (Linux; Android 6.0.1; Nexus 5X Build/MMB29P) AppleWebKit/537.36 (KHTML, like Gecko) Chrome/151.0.7922.173 Mobile Safari/537.36 (compatible; GoogleOther)"
66.249.65.12 - - [28/Aug/2026:06:49:51 +0200] "GET /dp/195709e1929816 HTTP/1.1" 200 192045 "-" "Mozilla/5.0 (Linux; Android 6.0.1; Nexus 5X Build/MMB29P) AppleWebKit/537.36 (KHTML, like Gecko) Chrome/151.0.7922.173 Mobile Safari/537.36 (compatible; GoogleOther)"
66.249.65.12 - - [28/Aug/2026:06:49:51 +0200] "GET /dp/8c9e863f616538 HTTP/1.1" 200 187240 "-" "Mozilla/5.0 (Linux; Android 6.0.1; Nexus 5X Build/MMB29P) AppleWebKit/537.36 (KHTML, like Gecko) Chrome/151.0.7922.173 Mobile Safari/537.36 (compatible; Googlebot/2.1; +http://www.google.com/bot.html)"
66.249.65.12 - - [28/Aug/2026:06:49:53 +0200] "GET /dp/c0244da52173214 HTTP/1.1" 200 182422 "-" "Mozilla/5.0 (Linux; Android 6.0.1; Nexus 5X Build/MMB29P) AppleWebKit/537.36 (KHTML, like Gecko) Chrome/151.0.7922.173 Mobile Safari/537.36 (compatible; GoogleOther)"
66.249.65.12 - - [28/Aug/2026:06:49:57 +0200] "GET /dp/1015c3263451387 HTTP/1.1" 200 181811 "-" "Mozilla/5.0 (Linux; Android 6.0.1; Nexus 5X Build/MMB29P) AppleWebKit/537.36 (KHTML, like Gecko) Chrome/151.0.7922.173 Mobile Safari/537.36 (compatible; GoogleOther)"
66.249.65.12 - - [28/Aug/2026:06:49:58 +0200] "GET /cdn-cgi/scripts/5c5dd728/cloudflare-static/email-decode.min.js HTTP/1.1" 200 187913 "https://www.ucrm-togo.tg/dp/195709e1929816" "Mozilla/5.0 (Linux; Android 6.0.1; Nexus 5X Build/MMB29P) AppleWebKit/537.36 (KHTML, like Gecko) Chrome/151.0.7922.173 Mobile Safari/537.36 (compatible; GoogleOther)"
66.249.65.12 - - [28/Aug/2026:06:50:06 +0200] "GET /dp/f4579dda658757 HTTP/1.1" 200 188530 "-" "Mozilla/5.0 (Linux; Android 6.0.1; Nexus 5X Build/MMB29P) AppleWebKit/537.36 (KHTML, like Gecko) Chrome/151.0.7922.173 Mobile Safari/537.36 (compatible; GoogleOther)"
66.249.65.13 - - [28/Aug/2026:06:50:08 +0200] "GET /dp/d68259a42235940 HTTP/1.1" 200 188573 "-" "Mozilla/5.0 (Linux; Android 6.0.1; Nexus 5X Build/MMB29P) AppleWebKit/537.36 (KHTML, like Gecko) Chrome/151.0.7922.173 Mobile Safari/537.36 (compatible; GoogleOther)"
66.249.65.13 - - [28/Aug/2026:06:50:10 +0200] "GET /dp/454e9b9c3583846 HTTP/1.1" 200 182168 "-" "Mozilla/5.0 (Linux; Android 6.0.1; Nexus 5X Build/MMB29P) AppleWebKit/537.36 (KHTML, like Gecko) Chrome/151.0.7922.173 Mobile Safari/537.36 (compatible; GoogleOther)"
57.141.20.14 - - [28/Aug/2026:06:50:11 +0200] "GET /tag/pagdsp/ HTTP/1.1" 200 - "-" "Mozilla/5.0 (Windows NT 10.0; Win64; x64) AppleWebKit/537.36 (KHTML, like Gecko) Chrome/145.0.0.0 Safari/537.36 (compatible; meta-externalagent/1.1 (+https://developers.facebook.com/docs/sharing/webmasters/crawler))"
66.249.65.12 - - [28/Aug/2026:06:50:12 +0200] "GET /dp/8e0227801377938 HTTP/1.1" 200 179431 "-" "Mozilla/5.0 (Linux; Android 6.0.1; Nexus 5X Build/MMB29P) AppleWebKit/537.36 (KHTML, like Gecko) Chrome/151.0.7922.173 Mobile Safari/537.36 (compatible; GoogleOther)"
66.249.65.12 - - [28/Aug/2026:06:50:14 +0200] "GET /dp/3052bcb43498034 HTTP/1.1" 200 182922 "-" "Mozilla/5.0 (Linux; Android 6.0.1; Nexus 5X Build/MMB29P) AppleWebKit/537.36 (KHTML, like Gecko) Chrome/151.0.7922.173 Mobile Safari/537.36 (compatible; GoogleOther)"
66.249.65.12 - - [28/Aug/2026:06:50:16 +0200] "GET /dp/5c4197434079587 HTTP/1.1" 200 187234 "-" "Mozilla/5.0 (Linux; Android 6.0.1; Nexus 5X Build/MMB29P) AppleWebKit/537.36 (KHTML, like Gecko) Chrome/151.0.7922.173 Mobile Safari/537.36 (compatible; GoogleOther)"
66.249.65.12 - - [28/Aug/2026:06:50:18 +0200] "GET /dp/70ed10f73143029 HTTP/1.1" 200 184096 "-" "Mozilla/5.0 (Linux; Android 6.0.1; Nexus 5X Build/MMB29P) AppleWebKit/537.36 (KHTML, like Gecko) Chrome/151.0.7922.173 Mobile Safari/537.36 (compatible; GoogleOther)"
66.249.65.12 - - [28/Aug/2026:06:50:20 +0200] "GET /dp/5667a5c0946457 HTTP/1.1" 200 187870 "-" "Mozilla/5.0 (Linux; Android 6.0.1; Nexus 5X Build/MMB29P) AppleWebKit/537.36 (KHTML, like Gecko) Chrome/151.0.7922.173 Mobile Safari/537.36 (compatible; GoogleOther)"
66.249.65.12 - - [28/Aug/2026:06:50:22 +0200] "GET /dp/883e0ddc4266668 HTTP/1.1" 200 181893 "-" "Mozilla/5.0 (Linux; Android 6.0.1; Nexus 5X Build/MMB29P) AppleWebKit/537.36 (KHTML, like Gecko) Chrome/151.0.7922.173 Mobile Safari/537.36 (compatible; GoogleOther)"
66.249.65.12 - - [28/Aug/2026:06:50:24 +0200] "GET /dp/965c84312647475 HTTP/1.1" 200 188035 "-" "Mozilla/5.0 (Linux; Android 6.0.1; Nexus 5X Build/MMB29P) AppleWebKit/537.36 (KHTML, like Gecko) Chrome/151.0.7922.173 Mobile Safari/537.36 (compatible; GoogleOther)"
66.249.65.12 - - [28/Aug/2026:06:50:26 +0200] "GET /dp/988049b24211541 HTTP/1.1" 200 179421 "-" "Mozilla/5.0 (Linux; Android 6.0.1; Nexus 5X Build/MMB29P) AppleWebKit/537.36 (KHTML, like Gecko) Chrome/151.0.7922.173 Mobile Safari/537.36 (compatible; GoogleOther)"
66.249.65.12 - - [28/Aug/2026:06:50:28 +0200] "GET /dp/556449931364276 HTTP/1.1" 200 187286 "-" "Mozilla/5.0 (Linux; Android 6.0.1; Nexus 5X Build/MMB29P) AppleWebKit/537.36 (KHTML, like Gecko) Chrome/151.0.7922.173 Mobile Safari/537.36 (compatible; GoogleOther)"
66.249.65.13 - - [28/Aug/2026:06:50:30 +0200] "GET /dp/d8fd16e52781657 HTTP/1.1" 200 180113 "-" "Mozilla/5.0 (Linux; Android 6.0.1; Nexus 5X Build/MMB29P) AppleWebKit/537.36 (KHTML, like Gecko) Chrome/151.0.7922.173 Mobile Safari/537.36 (compatible; GoogleOther)"
66.249.65.13 - - [28/Aug/2026:06:50:32 +0200] "GET /dp/d0020b5a774533 HTTP/1.1" 200 186397 "-" "Mozilla/5.0 (Linux; Android 6.0.1; Nexus 5X Build/MMB29P) AppleWebKit/537.36 (KHTML, like Gecko) Chrome/151.0.7922.173 Mobile Safari/537.36 (compatible; GoogleOther)"
85.208.96.203 - - [28/Aug/2026:06:50:33 +0200] "GET /la-crm-plateaux-nest-pas-du-reste/ HTTP/1.1" 200 - "-" "Mozilla/5.0 (compatible; SemrushBot/7~bl; +http://www.semrush.com/bot.html)"
66.249.65.13 - - [28/Aug/2026:06:50:34 +0200] "GET /dp/0b027843266310 HTTP/1.1" 200 185440 "-" "Mozilla/5.0 (Linux; Android 6.0.1; Nexus 5X Build/MMB29P) AppleWebKit/537.36 (KHTML, like Gecko) Chrome/151.0.7922.173 Mobile Safari/537.36 (compatible; GoogleOther)"
66.249.65.13 - - [28/Aug/2026:06:50:42 +0200] "GET /dp/666a12f7156518 HTTP/1.1" 200 180219 "-" "Mozilla/5.0 (Linux; Android 6.0.1; Nexus 5X Build/MMB29P) AppleWebKit/537.36 (KHTML, like Gecko) Chrome/151.0.7922.173 Mobile Safari/537.36 (compatible; GoogleOther)"
66.249.65.12 - - [28/Aug/2026:06:50:44 +0200] "GET /dp/7c866da8762574 HTTP/1.1" 200 182342 "-" "Mozilla/5.0 (Linux; Android 6.0.1; Nexus 5X Build/MMB29P) AppleWebKit/537.36 (KHTML, like Gecko) Chrome/151.0.7922.173 Mobile Safari/537.36 (compatible; GoogleOther)"
85.208.96.202 - - [28/Aug/2026:06:50:49 +0200] "GET /sensibilisation-des-artisans-de-la-prefecture-de-vo/ HTTP/1.1" 200 - "-" "Mozilla/5.0 (compatible; SemrushBot/7~bl; +http://www.semrush.com/bot.html)"
185.191.171.14 - - [28/Aug/2026:06:50:52 +0200] "GET /le-miato-cest-aussi-des-panels-et-des-communications/ HTTP/1.1" 200 - "-" "Mozilla/5.0 (compatible; SemrushBot/7~bl; +http://www.semrush.com/bot.html)"
108.94.42.9 - - [28/Aug/2026:06:51:10 +0200] "GET /effervescence-des-jat-vogan-netait-pas-du-reste/ HTTP/1.1" 200 - "https://www.ucrm-togo.tg" "Mozilla/5.0 (Windows NT 10.0; Win64; x64) AppleWebKit/537.36 (KHTML, like Gecko) Chrome/144.0.0.0 Safari/537.36"
156.38.87.138 - - [28/Aug/2026:06:51:16 +0200] "GET / HTTP/1.1" 200 5206 "-" "Mozilla/5.0 (iPhone; CPU iPhone OS 17_6_1 like Mac OS X) AppleWebKit/605.1.15 (KHTML, like Gecko) FxiOS/133.4  Mobile/15E148 Safari/605.1.15"
66.249.65.13 - - [28/Aug/2026:06:51:19 +0200] "GET /dp/173120241323484 HTTP/1.1" 200 182639 "-" "Mozilla/5.0 (Linux; Android 6.0.1; Nexus 5X Build/MMB29P) AppleWebKit/537.36 (KHTML, like Gecko) Chrome/151.0.7922.173 Mobile Safari/537.36 (compatible; GoogleOther)"
66.249.65.12 - - [28/Aug/2026:06:51:23 +0200] "GET /dp/126362f1221765 HTTP/1.1" 200 187228 "-" "Mozilla/5.0 (Linux; Android 6.0.1; Nexus 5X Build/MMB29P) AppleWebKit/537.36 (KHTML, like Gecko) Chrome/151.0.7922.173 Mobile Safari/537.36 (compatible; Googlebot/2.1; +http://www.google.com/bot.html)"
66.249.65.13 - - [28/Aug/2026:06:51:23 +0200] "GET /dp/e560df3b4418721 HTTP/1.1" 200 182641 "-" "Mozilla/5.0 (Linux; Android 6.0.1; Nexus 5X Build/MMB29P) AppleWebKit/537.36 (KHTML, like Gecko) Chrome/151.0.7922.173 Mobile Safari/537.36 (compatible; GoogleOther)"
138.117.251.165 - - [28/Aug/2026:06:51:24 +0200] "GET / HTTP/1.1" 200 5206 "-" "Mozilla/5.0 (iPhone; CPU iPhone OS 17_4 like Mac OS X) AppleWebKit/605.1.15 (KHTML, like Gecko) EdgiOS/122.0.2365.99 Version/17.0 Mobile/15E148 Safari/604.1"
196.187.155.43 - - [28/Aug/2026:06:51:37 +0200] "GET /a-sokode-les-jat-riment-toujours-avec-un-defile-de-mode/?share=reddit HTTP/1.1" 200 - "https://www.ucrm-togo.tg" "Mozilla/5.0 (Windows NT 10.0; Win64; x64) AppleWebKit/537.36 (KHTML, like Gecko) Chrome/145.0.0.0 Safari/537.36"
66.249.65.12 - - [28/Aug/2026:06:51:55 +0200] "GET /dp/099db39b3237301 HTTP/1.1" 200 182779 "-" "Mozilla/5.0 (Linux; Android 6.0.1; Nexus 5X Build/MMB29P) AppleWebKit/537.36 (KHTML, like Gecko) Chrome/151.0.7922.173 Mobile Safari/537.36 (compatible; GoogleOther)"
40.77.167.29 - - [28/Aug/2026:06:51:59 +0200] "GET /deroulement-de-lexamen-cfa-dans-la-region-maritime/ HTTP/1.1" 200 185843 "-" "Mozilla/5.0 AppleWebKit/537.36 (KHTML, like Gecko; compatible; bingbot/2.0; +http://www.bing.com/bingbot.htm) Chrome/116.0.1938.76 Safari/537.36"
66.249.65.13 - - [28/Aug/2026:06:52:00 +0200] "GET /dp/621180ff1273661 HTTP/1.1" 200 191543 "-" "Mozilla/5.0 (Linux; Android 6.0.1; Nexus 5X Build/MMB29P) AppleWebKit/537.36 (KHTML, like Gecko) Chrome/151.0.7922.173 Mobile Safari/537.36 (compatible; GoogleOther)"
66.249.65.13 - - [28/Aug/2026:06:52:08 +0200] "GET /dp/0785a6f3714849 HTTP/1.1" 200 179570 "-" "Mozilla/5.0 (Linux; Android 6.0.1; Nexus 5X Build/MMB29P) AppleWebKit/537.36 (KHTML, like Gecko) Chrome/151.0.7922.173 Mobile Safari/537.36 (compatible; GoogleOther)"
66.249.65.12 - - [28/Aug/2026:06:52:12 +0200] "GET /dp/2e01084a927307 HTTP/1.1" 200 191517 "-" "Mozilla/5.0 (Linux; Android 6.0.1; Nexus 5X Build/MMB29P) AppleWebKit/537.36 (KHTML, like Gecko) Chrome/151.0.7922.173 Mobile Safari/537.36 (compatible; GoogleOther)"
66.249.65.12 - - [28/Aug/2026:06:52:18 +0200] "GET /dp/758351d14117553 HTTP/1.1" 200 184843 "-" "Mozilla/5.0 (Linux; Android 6.0.1; Nexus 5X Build/MMB29P) AppleWebKit/537.36 (KHTML, like Gecko) Chrome/151.0.7922.173 Mobile Safari/537.36 (compatible; GoogleOther)"
66.249.65.12 - - [28/Aug/2026:06:52:20 +0200] "GET /dp/049d8f8d1643164 HTTP/1.1" 200 186536 "-" "Mozilla/5.0 (Linux; Android 6.0.1; Nexus 5X Build/MMB29P) AppleWebKit/537.36 (KHTML, like Gecko) Chrome/151.0.7922.173 Mobile Safari/537.36 (compatible; GoogleOther)"
66.249.65.12 - - [28/Aug/2026:06:52:22 +0200] "GET /dp/6649c4473255423 HTTP/1.1" 200 181034 "-" "Mozilla/5.0 (Linux; Android 6.0.1; Nexus 5X Build/MMB29P) AppleWebKit/537.36 (KHTML, like Gecko) Chrome/151.0.7922.173 Mobile Safari/537.36 (compatible; GoogleOther)"
185.191.171.16 - - [28/Aug/2026:06:52:31 +0200] "GET /18-corporations-de-metiers-sur-le-site-de-miato/ HTTP/1.1" 200 - "-" "Mozilla/5.0 (compatible; SemrushBot/7~bl; +http://www.semrush.com/bot.html)"
14.248.76.118 - - [28/Aug/2026:06:52:31 +0200] "GET /kara-tournee-de-sensibilisation-a-la-strategie-de-mobilisation-des-ressources-internes-dans-la-chambre-regionale-de-metiers/?share=telegram HTTP/1.1" 200 - "https://www.ucrm-togo.tg" "Mozilla/5.0 (Windows NT 10.0; Win64; x64) AppleWebKit/537.36 (KHTML, like Gecko) Chrome/142.0.0.0 Safari/537.36"
40.77.167.79 - - [28/Aug/2026:06:52:31 +0200] "GET /dp/cd4e612b229226 HTTP/1.1" 200 187145 "-" "Mozilla/5.0 AppleWebKit/537.36 (KHTML, like Gecko; compatible; bingbot/2.0; +http://www.bing.com/bingbot.htm) Chrome/116.0.1938.76 Safari/537.36"
40.77.167.79 - - [28/Aug/2026:06:52:32 +0200] "GET /dp/4f5526742418643 HTTP/1.1" 200 184862 "-" "Mozilla/5.0 AppleWebKit/537.36 (KHTML, like Gecko; compatible; bingbot/2.0; +http://www.bing.com/bingbot.htm) Chrome/116.0.1938.76 Safari/537.36"
40.77.167.79 - - [28/Aug/2026:06:52:33 +0200] "GET /dp/b714e359292291 HTTP/1.1" 200 192759 "-" "Mozilla/5.0 AppleWebKit/537.36 (KHTML, like Gecko; compatible; bingbot/2.0; +http://www.bing.com/bingbot.htm) Chrome/116.0.1938.76 Safari/537.36"
40.77.167.79 - - [28/Aug/2026:06:52:33 +0200] "GET /dp/855b0ef71686789 HTTP/1.1" 200 184021 "-" "Mozilla/5.0 AppleWebKit/537.36 (KHTML, like Gecko; compatible; bingbot/2.0; +http://www.bing.com/bingbot.htm) Chrome/116.0.1938.76 Safari/537.36"
40.77.167.79 - - [28/Aug/2026:06:52:34 +0200] "GET /dp/2349ce0f4351344 HTTP/1.1" 200 186697 "-" "Mozilla/5.0 AppleWebKit/537.36 (KHTML, like Gecko; compatible; bingbot/2.0; +http://www.bing.com/bingbot.htm) Chrome/116.0.1938.76 Safari/537.36"
66.249.65.12 - - [28/Aug/2026:06:52:34 +0200] "GET /dp/80d7dadd3877410 HTTP/1.1" 200 179504 "-" "Mozilla/5.0 (Linux; Android 6.0.1; Nexus 5X Build/MMB29P) AppleWebKit/537.36 (KHTML, like Gecko) Chrome/151.0.7922.173 Mobile Safari/537.36 (compatible; GoogleOther)"
40.77.167.79 - - [28/Aug/2026:06:52:35 +0200] "GET /dp/7c9c52e82442022 HTTP/1.1" 200 185683 "-" "Mozilla/5.0 AppleWebKit/537.36 (KHTML, like Gecko; compatible; bingbot/2.0; +http://www.bing.com/bingbot.htm) Chrome/116.0.1938.76 Safari/537.36"
103.186.23.125 - - [28/Aug/2026:06:52:36 +0200] "GET /bilan-du-bureau-executif-de-lucrm/?share=reddit HTTP/1.1" 200 - "https://www.ucrm-togo.tg" "Mozilla/5.0 (Windows NT 10.0; Win64; x64) AppleWebKit/537.36 (KHTML, like Gecko) Chrome/145.0.0.0 Safari/537.36"
40.77.167.79 - - [28/Aug/2026:06:52:36 +0200] "GET /dp/139eecac4380304 HTTP/1.1" 200 176522 "-" "Mozilla/5.0 AppleWebKit/537.36 (KHTML, like Gecko; compatible; bingbot/2.0; +http://www.bing.com/bingbot.htm) Chrome/116.0.1938.76 Safari/537.36"
66.249.65.12 - - [28/Aug/2026:06:52:36 +0200] "GET /dp/903b21e31766911 HTTP/1.1" 200 185233 "-" "Mozilla/5.0 (Linux; Android 6.0.1; Nexus 5X Build/MMB29P) AppleWebKit/537.36 (KHTML, like Gecko) Chrome/151.0.7922.173 Mobile Safari/537.36 (compatible; GoogleOther)"
40.77.167.79 - - [28/Aug/2026:06:52:36 +0200] "GET /dp/5df399da4038320 HTTP/1.1" 200 185719 "-" "Mozilla/5.0 AppleWebKit/537.36 (KHTML, like Gecko; compatible; bingbot/2.0; +http://www.bing.com/bingbot.htm) Chrome/116.0.1938.76 Safari/537.36"
40.77.167.79 - - [28/Aug/2026:06:52:37 +0200] "GET /dp/9b8833472250207 HTTP/1.1" 200 191111 "-" "Mozilla/5.0 AppleWebKit/537.36 (KHTML, like Gecko; compatible; bingbot/2.0; +http://www.bing.com/bingbot.htm) Chrome/116.0.1938.76 Safari/537.36"
66.249.65.12 - - [28/Aug/2026:06:52:38 +0200] "GET /dp/9708373c437968 HTTP/1.1" 200 187368 "-" "Mozilla/5.0 (Linux; Android 6.0.1; Nexus 5X Build/MMB29P) AppleWebKit/537.36 (KHTML, like Gecko) Chrome/151.0.7922.173 Mobile Safari/537.36 (compatible; GoogleOther)"
40.77.167.79 - - [28/Aug/2026:06:52:38 +0200] "GET /dp/1ee6c2b23519875 HTTP/1.1" 200 181254 "-" "Mozilla/5.0 AppleWebKit/537.36 (KHTML, like Gecko; compatible; bingbot/2.0; +http://www.bing.com/bingbot.htm) Chrome/116.0.1938.76 Safari/537.36"
66.249.65.12 - - [28/Aug/2026:06:52:40 +0200] "GET /dp/004564f5187217 HTTP/1.1" 200 180541 "-" "Mozilla/5.0 (Linux; Android 6.0.1; Nexus 5X Build/MMB29P) AppleWebKit/537.36 (KHTML, like Gecko) Chrome/151.0.7922.173 Mobile Safari/537.36 (compatible; GoogleOther)"
40.77.167.29 - - [28/Aug/2026:06:52:40 +0200] "GET /dp/529287101146141 HTTP/1.1" 200 182362 "-" "Mozilla/5.0 AppleWebKit/537.36 (KHTML, like Gecko; compatible; bingbot/2.0; +http://www.bing.com/bingbot.htm) Chrome/116.0.1938.76 Safari/537.36"
40.77.167.29 - - [28/Aug/2026:06:52:41 +0200] "GET /dp/5ab65faa2659697 HTTP/1.1" 200 187939 "-" "Mozilla/5.0 AppleWebKit/537.36 (KHTML, like Gecko; compatible; bingbot/2.0; +http://www.bing.com/bingbot.htm) Chrome/116.0.1938.76 Safari/537.36"
66.249.65.12 - - [28/Aug/2026:06:52:42 +0200] "GET /dp/8ba8ea43659272 HTTP/1.1" 200 190006 "-" "Mozilla/5.0 (Linux; Android 6.0.1; Nexus 5X Build/MMB29P) AppleWebKit/537.36 (KHTML, like Gecko) Chrome/151.0.7922.173 Mobile Safari/537.36 (compatible; GoogleOther)"
40.77.167.29 - - [28/Aug/2026:06:52:42 +0200] "GET /dp/008a15531658417 HTTP/1.1" 200 188800 "-" "Mozilla/5.0 AppleWebKit/537.36 (KHTML, like Gecko; compatible; bingbot/2.0; +http://www.bing.com/bingbot.htm) Chrome/116.0.1938.76 Safari/537.36"
40.77.167.29 - - [28/Aug/2026:06:52:43 +0200] "GET /dp/18a447d52404434 HTTP/1.1" 200 187606 "-" "Mozilla/5.0 AppleWebKit/537.36 (KHTML, like Gecko; compatible; bingbot/2.0; +http://www.bing.com/bingbot.htm) Chrome/116.0.1938.76 Safari/537.36"
40.77.167.29 - - [28/Aug/2026:06:52:44 +0200] "GET /dp/490738171987598 HTTP/1.1" 200 183172 "-" "Mozilla/5.0 AppleWebKit/537.36 (KHTML, like Gecko; compatible; bingbot/2.0; +http://www.bing.com/bingbot.htm) Chrome/116.0.1938.76 Safari/537.36"
40.77.167.29 - - [28/Aug/2026:06:52:45 +0200] "GET /dp/7a0768d41990099 HTTP/1.1" 200 186308 "-" "Mozilla/5.0 AppleWebKit/537.36 (KHTML, like Gecko; compatible; bingbot/2.0; +http://www.bing.com/bingbot.htm) Chrome/116.0.1938.76 Safari/537.36"
40.77.167.29 - - [28/Aug/2026:06:52:45 +0200] "GET /dp/316e27403416251 HTTP/1.1" 200 183625 "-" "Mozilla/5.0 AppleWebKit/537.36 (KHTML, like Gecko; compatible; bingbot/2.0; +http://www.bing.com/bingbot.htm) Chrome/116.0.1938.76 Safari/537.36"
66.249.65.13 - - [28/Aug/2026:06:52:46 +0200] "GET /dp/7d1578084299915 HTTP/1.1" 200 180523 "-" "Mozilla/5.0 (Linux; Android 6.0.1; Nexus 5X Build/MMB29P) AppleWebKit/537.36 (KHTML, like Gecko) Chrome/151.0.7922.173 Mobile Safari/537.36 (compatible; GoogleOther)"
40.77.167.29 - - [28/Aug/2026:06:52:46 +0200] "GET /dp/6164c3471398260 HTTP/1.1" 200 178649 "-" "Mozilla/5.0 AppleWebKit/537.36 (KHTML, like Gecko; compatible; bingbot/2.0; +http://www.bing.com/bingbot.htm) Chrome/116.0.1938.76 Safari/537.36"
40.77.167.29 - - [28/Aug/2026:06:52:47 +0200] "GET /dp/6c9d69481217706 HTTP/1.1" 200 186726 "-" "Mozilla/5.0 AppleWebKit/537.36 (KHTML, like Gecko; compatible; bingbot/2.0; +http://www.bing.com/bingbot.htm) Chrome/116.0.1938.76 Safari/537.36"
85.208.96.193 - - [28/Aug/2026:06:52:48 +0200] "GET /formation-des-artisans-des-trois-regions-du-nord-du-togo/ HTTP/1.1" 200 - "-" "Mozilla/5.0 (compatible; SemrushBot/7~bl; +http://www.semrush.com/bot.html)"
40.77.167.29 - - [28/Aug/2026:06:52:48 +0200] "GET /dp/39d3156f1925301 HTTP/1.1" 200 183454 "-" "Mozilla/5.0 AppleWebKit/537.36 (KHTML, like Gecko; compatible; bingbot/2.0; +http://www.bing.com/bingbot.htm) Chrome/116.0.1938.76 Safari/537.36"
40.77.167.29 - - [28/Aug/2026:06:52:49 +0200] "GET /dp/c3032813999584 HTTP/1.1" 200 190364 "-" "Mozilla/5.0 AppleWebKit/537.36 (KHTML, like Gecko; compatible; bingbot/2.0; +http://www.bing.com/bingbot.htm) Chrome/116.0.1938.76 Safari/537.36"
40.77.167.29 - - [28/Aug/2026:06:52:49 +0200] "GET /dp/db48519f4005301 HTTP/1.1" 200 185232 "-" "Mozilla/5.0 AppleWebKit/537.36 (KHTML, like Gecko; compatible; bingbot/2.0; +http://www.bing.com/bingbot.htm) Chrome/116.0.1938.76 Safari/537.36"
40.77.167.29 - - [28/Aug/2026:06:52:50 +0200] "GET /dp/3796d8b32117842 HTTP/1.1" 200 184265 "-" "Mozilla/5.0 AppleWebKit/537.36 (KHTML, like Gecko; compatible; bingbot/2.0; +http://www.bing.com/bingbot.htm) Chrome/116.0.1938.76 Safari/537.36"
40.77.167.29 - - [28/Aug/2026:06:52:51 +0200] "GET /dp/1f5633351909248 HTTP/1.1" 200 186056 "-" "Mozilla/5.0 AppleWebKit/537.36 (KHTML, like Gecko; compatible; bingbot/2.0; +http://www.bing.com/bingbot.htm) Chrome/116.0.1938.76 Safari/537.36"
40.77.167.29 - - [28/Aug/2026:06:52:52 +0200] "GET /dp/844822881671406 HTTP/1.1" 200 184221 "-" "Mozilla/5.0 AppleWebKit/537.36 (KHTML, like Gecko; compatible; bingbot/2.0; +http://www.bing.com/bingbot.htm) Chrome/116.0.1938.76 Safari/537.36"
40.77.167.29 - - [28/Aug/2026:06:52:53 +0200] "GET /dp/a41c4203263155 HTTP/1.1" 200 193937 "-" "Mozilla/5.0 AppleWebKit/537.36 (KHTML, like Gecko; compatible; bingbot/2.0; +http://www.bing.com/bingbot.htm) Chrome/116.0.1938.76 Safari/537.36"
40.77.167.29 - - [28/Aug/2026:06:52:53 +0200] "GET /dp/0295f7653995175 HTTP/1.1" 200 184961 "-" "Mozilla/5.0 AppleWebKit/537.36 (KHTML, like Gecko; compatible; bingbot/2.0; +http://www.bing.com/bingbot.htm) Chrome/116.0.1938.76 Safari/537.36"
40.77.167.29 - - [28/Aug/2026:06:52:54 +0200] "GET /dp/8a399c38520646 HTTP/1.1" 200 190477 "-" "Mozilla/5.0 AppleWebKit/537.36 (KHTML, like Gecko; compatible; bingbot/2.0; +http://www.bing.com/bingbot.htm) Chrome/116.0.1938.76 Safari/537.36"
40.77.167.29 - - [28/Aug/2026:06:52:55 +0200] "GET /dp/0b2c4d681552062 HTTP/1.1" 200 185179 "-" "Mozilla/5.0 AppleWebKit/537.36 (KHTML, like Gecko; compatible; bingbot/2.0; +http://www.bing.com/bingbot.htm) Chrome/116.0.1938.76 Safari/537.36"
40.77.167.29 - - [28/Aug/2026:06:52:56 +0200] "GET /dp/3819ff50985036 HTTP/1.1" 200 195868 "-" "Mozilla/5.0 AppleWebKit/537.36 (KHTML, like Gecko; compatible; bingbot/2.0; +http://www.bing.com/bingbot.htm) Chrome/116.0.1938.76 Safari/537.36"
40.77.167.29 - - [28/Aug/2026:06:52:56 +0200] "GET /dp/e7006e5d2210248 HTTP/1.1" 200 186182 "-" "Mozilla/5.0 AppleWebKit/537.36 (KHTML, like Gecko; compatible; bingbot/2.0; +http://www.bing.com/bingbot.htm) Chrome/116.0.1938.76 Safari/537.36"
40.77.167.29 - - [28/Aug/2026:06:52:57 +0200] "GET /dp/774478e12770030 HTTP/1.1" 200 180084 "-" "Mozilla/5.0 AppleWebKit/537.36 (KHTML, like Gecko; compatible; bingbot/2.0; +http://www.bing.com/bingbot.htm) Chrome/116.0.1938.76 Safari/537.36"
40.77.167.29 - - [28/Aug/2026:06:52:58 +0200] "GET /dp/47e5c7f11296617 HTTP/1.1" 200 183671 "-" "Mozilla/5.0 AppleWebKit/537.36 (KHTML, like Gecko; compatible; bingbot/2.0; +http://www.bing.com/bingbot.htm) Chrome/116.0.1938.76 Safari/537.36"
40.77.167.29 - - [28/Aug/2026:06:52:59 +0200] "GET /dp/42f921711434855 HTTP/1.1" 200 187253 "-" "Mozilla/5.0 AppleWebKit/537.36 (KHTML, like Gecko; compatible; bingbot/2.0; +http://www.bing.com/bingbot.htm) Chrome/116.0.1938.76 Safari/537.36"
39.61.126.224 - - [28/Aug/2026:06:53:00 +0200] "GET /ucrm-elargit-son-reseau-de-partenariat-avec-cjet-dd-ma-et-le-centre-de-formation-chiyel/?share=pocket HTTP/1.1" 200 - "https://www.ucrm-togo.tg" "Mozilla/5.0 (Windows NT 10.0; Win64; x64) AppleWebKit/537.36 (KHTML, like Gecko) Chrome/144.0.0.0 Safari/537.36"
40.77.167.29 - - [28/Aug/2026:06:53:00 +0200] "GET /dp/17f481742806246 HTTP/1.1" 200 177374 "-" "Mozilla/5.0 AppleWebKit/537.36 (KHTML, like Gecko; compatible; bingbot/2.0; +http://www.bing.com/bingbot.htm) Chrome/116.0.1938.76 Safari/537.36"
40.77.167.29 - - [28/Aug/2026:06:53:01 +0200] "GET /dp/eda5c6af176038 HTTP/1.1" 200 186170 "-" "Mozilla/5.0 AppleWebKit/537.36 (KHTML, like Gecko; compatible; bingbot/2.0; +http://www.bing.com/bingbot.htm) Chrome/116.0.1938.76 Safari/537.36"
40.77.167.29 - - [28/Aug/2026:06:53:01 +0200] "GET /dp/794914ac3615211 HTTP/1.1" 200 183778 "-" "Mozilla/5.0 AppleWebKit/537.36 (KHTML, like Gecko; compatible; bingbot/2.0; +http://www.bing.com/bingbot.htm) Chrome/116.0.1938.76 Safari/537.36"
40.77.167.29 - - [28/Aug/2026:06:53:02 +0200] "GET /dp/94c661b01142781 HTTP/1.1" 200 182075 "-" "Mozilla/5.0 AppleWebKit/537.36 (KHTML, like Gecko; compatible; bingbot/2.0; +http://www.bing.com/bingbot.htm) Chrome/116.0.1938.76 Safari/537.36"
40.77.167.29 - - [28/Aug/2026:06:53:03 +0200] "GET /dp/47ae33252556168 HTTP/1.1" 200 179258 "-" "Mozilla/5.0 AppleWebKit/537.36 (KHTML, like Gecko; compatible; bingbot/2.0; +http://www.bing.com/bingbot.htm) Chrome/116.0.1938.76 Safari/537.36"
40.77.167.29 - - [28/Aug/2026:06:53:04 +0200] "GET /dp/1f5803324376066 HTTP/1.1" 200 183660 "-" "Mozilla/5.0 AppleWebKit/537.36 (KHTML, like Gecko; compatible; bingbot/2.0; +http://www.bing.com/bingbot.htm) Chrome/116.0.1938.76 Safari/537.36"
40.77.167.29 - - [28/Aug/2026:06:53:10 +0200] "GET /dp/71f0ce001566704 HTTP/1.1" 200 181364 "-" "Mozilla/5.0 AppleWebKit/537.36 (KHTML, like Gecko; compatible; bingbot/2.0; +http://www.bing.com/bingbot.htm) Chrome/116.0.1938.76 Safari/537.36"
40.77.167.29 - - [28/Aug/2026:06:53:11 +0200] "GET /dp/430c436e1458146 HTTP/1.1" 200 185168 "-" "Mozilla/5.0 AppleWebKit/537.36 (KHTML, like Gecko; compatible; bingbot/2.0; +http://www.bing.com/bingbot.htm) Chrome/116.0.1938.76 Safari/537.36"
40.77.167.29 - - [28/Aug/2026:06:53:12 +0200] "GET /dp/9be471774262836 HTTP/1.1" 200 180336 "-" "Mozilla/5.0 AppleWebKit/537.36 (KHTML, like Gecko; compatible; bingbot/2.0; +http://www.bing.com/bingbot.htm) Chrome/116.0.1938.76 Safari/537.36"
40.77.167.29 - - [28/Aug/2026:06:53:13 +0200] "GET /dp/323a97e71907085 HTTP/1.1" 200 179162 "-" "Mozilla/5.0 AppleWebKit/537.36 (KHTML, like Gecko; compatible; bingbot/2.0; +http://www.bing.com/bingbot.htm) Chrome/116.0.1938.76 Safari/537.36"
40.77.167.29 - - [28/Aug/2026:06:53:14 +0200] "GET /dp/22e0d1e53067887 HTTP/1.1" 200 184160 "-" "Mozilla/5.0 AppleWebKit/537.36 (KHTML, like Gecko; compatible; bingbot/2.0; +http://www.bing.com/bingbot.htm) Chrome/116.0.1938.76 Safari/537.36"
40.77.167.29 - - [28/Aug/2026:06:53:15 +0200] "GET /dp/b34189662182322 HTTP/1.1" 200 181853 "-" "Mozilla/5.0 AppleWebKit/537.36 (KHTML, like Gecko; compatible; bingbot/2.0; +http://www.bing.com/bingbot.htm) Chrome/116.0.1938.76 Safari/537.36"
40.77.167.29 - - [28/Aug/2026:06:53:15 +0200] "GET /dp/0d7bf60a1731063 HTTP/1.1" 200 182458 "-" "Mozilla/5.0 AppleWebKit/537.36 (KHTML, like Gecko; compatible; bingbot/2.0; +http://www.bing.com/bingbot.htm) Chrome/116.0.1938.76 Safari/537.36"
40.77.167.29 - - [28/Aug/2026:06:53:16 +0200] "GET /dp/b772763a2307137 HTTP/1.1" 200 182212 "-" "Mozilla/5.0 AppleWebKit/537.36 (KHTML, like Gecko; compatible; bingbot/2.0; +http://www.bing.com/bingbot.htm) Chrome/116.0.1938.76 Safari/537.36"
40.77.167.29 - - [28/Aug/2026:06:53:17 +0200] "GET /dp/3582f2001216685 HTTP/1.1" 200 184697 "-" "Mozilla/5.0 AppleWebKit/537.36 (KHTML, like Gecko; compatible; bingbot/2.0; +http://www.bing.com/bingbot.htm) Chrome/116.0.1938.76 Safari/537.36"
40.77.167.29 - - [28/Aug/2026:06:53:18 +0200] "GET /dp/5732de303212291 HTTP/1.1" 200 187562 "-" "Mozilla/5.0 AppleWebKit/537.36 (KHTML, like Gecko; compatible; bingbot/2.0; +http://www.bing.com/bingbot.htm) Chrome/116.0.1938.76 Safari/537.36"
40.77.167.29 - - [28/Aug/2026:06:53:19 +0200] "GET /dp/054c64004448498 HTTP/1.1" 200 178403 "-" "Mozilla/5.0 AppleWebKit/537.36 (KHTML, like Gecko; compatible; bingbot/2.0; +http://www.bing.com/bingbot.htm) Chrome/116.0.1938.76 Safari/537.36"
40.77.167.29 - - [28/Aug/2026:06:53:19 +0200] "GET /dp/ee1476d11223300 HTTP/1.1" 200 184256 "-" "Mozilla/5.0 AppleWebKit/537.36 (KHTML, like Gecko; compatible; bingbot/2.0; +http://www.bing.com/bingbot.htm) Chrome/116.0.1938.76 Safari/537.36"
40.77.167.29 - - [28/Aug/2026:06:53:20 +0200] "GET /dp/3296ca5f1980999 HTTP/1.1" 200 182424 "-" "Mozilla/5.0 AppleWebKit/537.36 (KHTML, like Gecko; compatible; bingbot/2.0; +http://www.bing.com/bingbot.htm) Chrome/116.0.1938.76 Safari/537.36"
40.77.167.29 - - [28/Aug/2026:06:53:21 +0200] "GET /dp/5417ab711808269 HTTP/1.1" 200 189906 "-" "Mozilla/5.0 AppleWebKit/537.36 (KHTML, like Gecko; compatible; bingbot/2.0; +http://www.bing.com/bingbot.htm) Chrome/116.0.1938.76 Safari/537.36"
