186.121.69.47 - - [28/Aug/2026:06:53:22 +0200] "GET /tournee-nationale-de-sensibilisation-des-artisans-et-autres-partenaires-du-secteur-de-lartisanat-dans-le-cadre-du-miato-4/?share=twitter HTTP/1.1" 200 - "https://www.ucrm-togo.tg" "Mozilla/5.0 (Windows NT 10.0; Win64; x64) AppleWebKit/537.36 (KHTML, like Gecko) Chrome/145.0.0.0 Safari/537.36 Edg/145.0.0.0"
40.77.167.29 - - [28/Aug/2026:06:53:22 +0200] "GET /dp/68830c753597525 HTTP/1.1" 200 187597 "-" "Mozilla/5.0 AppleWebKit/537.36 (KHTML, like Gecko; compatible; bingbot/2.0; +http://www.bing.com/bingbot.htm) Chrome/116.0.1938.76 Safari/537.36"
40.77.167.29 - - [28/Aug/2026:06:53:22 +0200] "GET /dp/b9a8838f756022 HTTP/1.1" 200 183987 "-" "Mozilla/5.0 AppleWebKit/537.36 (KHTML, like Gecko; compatible; bingbot/2.0; +http://www.bing.com/bingbot.htm) Chrome/116.0.1938.76 Safari/537.36"
40.77.167.29 - - [28/Aug/2026:06:53:23 +0200] "GET /dp/617a9b7538452 HTTP/1.1" 200 186231 "-" "Mozilla/5.0 AppleWebKit/537.36 (KHTML, like Gecko; compatible; bingbot/2.0; +http://www.bing.com/bingbot.htm) Chrome/116.0.1938.76 Safari/537.36"
40.77.167.29 - - [28/Aug/2026:06:53:24 +0200] "GET /dp/77ae28281040306 HTTP/1.1" 200 184720 "-" "Mozilla/5.0 AppleWebKit/537.36 (KHTML, like Gecko; compatible; bingbot/2.0; +http://www.bing.com/bingbot.htm) Chrome/116.0.1938.76 Safari/537.36"
40.77.167.29 - - [28/Aug/2026:06:53:25 +0200] "GET /dp/204e763c2395436 HTTP/1.1" 200 184198 "-" "Mozilla/5.0 AppleWebKit/537.36 (KHTML, like Gecko; compatible; bingbot/2.0; +http://www.bing.com/bingbot.htm) Chrome/116.0.1938.76 Safari/537.36"
40.77.167.29 - - [28/Aug/2026:06:53:25 +0200] "GET /dp/715880061078140 HTTP/1.1" 200 183978 "-" "Mozilla/5.0 AppleWebKit/537.36 (KHTML, like Gecko; compatible; bingbot/2.0; +http://www.bing.com/bingbot.htm) Chrome/116.0.1938.76 Safari/537.36"
40.77.167.29 - - [28/Aug/2026:06:53:26 +0200] "GET /dp/6304035d1177888 HTTP/1.1" 200 182081 "-" "Mozilla/5.0 AppleWebKit/537.36 (KHTML, like Gecko; compatible; bingbot/2.0; +http://www.bing.com/bingbot.htm) Chrome/116.0.1938.76 Safari/537.36"
40.77.167.29 - - [28/Aug/2026:06:53:27 +0200] "GET /dp/d19528011188324 HTTP/1.1" 200 181375 "-" "Mozilla/5.0 AppleWebKit/537.36 (KHTML, like Gecko; compatible; bingbot/2.0; +http://www.bing.com/bingbot.htm) Chrome/116.0.1938.76 Safari/537.36"
40.77.167.29 - - [28/Aug/2026:06:53:28 +0200] "GET /dp/88c466752737104 HTTP/1.1" 200 184556 "-" "Mozilla/5.0 AppleWebKit/537.36 (KHTML, like Gecko; compatible; bingbot/2.0; +http://www.bing.com/bingbot.htm) Chrome/116.0.1938.76 Safari/537.36"
40.77.167.29 - - [28/Aug/2026:06:53:29 +0200] "GET /dp/457104794210956 HTTP/1.1" 200 187869 "-" "Mozilla/5.0 AppleWebKit/537.36 (KHTML, like Gecko; compatible; bingbot/2.0; +http://www.bing.com/bingbot.htm) Chrome/116.0.1938.76 Safari/537.36"
188.215.94.75 - - [28/Aug/2026:06:53:29 +0200] "GET /actualites/ HTTP/1.1" 200 - "-" "Mozilla/5.0 (Linux; Android 14; Pixel 8 Pro) AppleWebKit/537.36 (KHTML, like Gecko) Chrome/148.0.0.0 Mobile Safari/537.36"
40.77.167.29 - - [28/Aug/2026:06:53:29 +0200] "GET /dp/b9c2a67a4142386 HTTP/1.1" 200 184751 "-" "Mozilla/5.0 AppleWebKit/537.36 (KHTML, like Gecko; compatible; bingbot/2.0; +http://www.bing.com/bingbot.htm) Chrome/116.0.1938.76 Safari/537.36"
40.77.167.29 - - [28/Aug/2026:06:53:30 +0200] "GET /dp/2d89491f2369242 HTTP/1.1" 200 184621 "-" "Mozilla/5.0 AppleWebKit/537.36 (KHTML, like Gecko; compatible; bingbot/2.0; +http://www.bing.com/bingbot.htm) Chrome/116.0.1938.76 Safari/537.36"
40.77.167.29 - - [28/Aug/2026:06:53:31 +0200] "GET /dp/3e13f6683659184 HTTP/1.1" 200 182864 "-" "Mozilla/5.0 AppleWebKit/537.36 (KHTML, like Gecko; compatible; bingbot/2.0; +http://www.bing.com/bingbot.htm) Chrome/116.0.1938.76 Safari/537.36"
40.77.167.29 - - [28/Aug/2026:06:53:32 +0200] "GET /dp/a3327f041243063 HTTP/1.1" 200 186951 "-" "Mozilla/5.0 AppleWebKit/537.36 (KHTML, like Gecko; compatible; bingbot/2.0; +http://www.bing.com/bingbot.htm) Chrome/116.0.1938.76 Safari/537.36"
40.77.167.29 - - [28/Aug/2026:06:53:32 +0200] "GET /dp/6e31eb333201998 HTTP/1.1" 200 184429 "-" "Mozilla/5.0 AppleWebKit/537.36 (KHTML, like Gecko; compatible; bingbot/2.0; +http://www.bing.com/bingbot.htm) Chrome/116.0.1938.76 Safari/537.36"
40.77.167.29 - - [28/Aug/2026:06:53:33 +0200] "GET /dp/cac9c8e71325510 HTTP/1.1" 200 180856 "-" "Mozilla/5.0 AppleWebKit/537.36 (KHTML, like Gecko; compatible; bingbot/2.0; +http://www.bing.com/bingbot.htm) Chrome/116.0.1938.76 Safari/537.36"
66.249.65.12 - - [28/Aug/2026:06:53:36 +0200] "GET /dp/aa9b0d71318586 HTTP/1.1" 200 185025 "-" "Mozilla/5.0 (Linux; Android 6.0.1; Nexus 5X Build/MMB29P) AppleWebKit/537.36 (KHTML, like Gecko) Chrome/151.0.7922.173 Mobile Safari/537.36 (compatible; GoogleOther)"
40.77.167.29 - - [28/Aug/2026:06:53:40 +0200] "GET /dp/0952710f3455880 HTTP/1.1" 200 178430 "-" "Mozilla/5.0 AppleWebKit/537.36 (KHTML, like Gecko; compatible; bingbot/2.0; +http://www.bing.com/bingbot.htm) Chrome/116.0.1938.76 Safari/537.36"
40.77.167.29 - - [28/Aug/2026:06:53:40 +0200] "GET /dp/9111123d2991650 HTTP/1.1" 200 186050 "-" "Mozilla/5.0 AppleWebKit/537.36 (KHTML, like Gecko; compatible; bingbot/2.0; +http://www.bing.com/bingbot.htm) Chrome/116.0.1938.76 Safari/537.36"
40.77.167.29 - - [28/Aug/2026:06:53:41 +0200] "GET /dp/c433f5392202570 HTTP/1.1" 200 187788 "-" "Mozilla/5.0 AppleWebKit/537.36 (KHTML, like Gecko; compatible; bingbot/2.0; +http://www.bing.com/bingbot.htm) Chrome/116.0.1938.76 Safari/537.36"
66.249.65.14 - - [28/Aug/2026:06:53:42 +0200] "GET /dp/48250f6e2261482 HTTP/1.1" 200 183336 "-" "Mozilla/5.0 (Linux; Android 6.0.1; Nexus 5X Build/MMB29P) AppleWebKit/537.36 (KHTML, like Gecko) Chrome/151.0.7922.173 Mobile Safari/537.36 (compatible; GoogleOther)"
40.77.167.29 - - [28/Aug/2026:06:53:42 +0200] "GET /dp/838081381769422 HTTP/1.1" 200 181549 "-" "Mozilla/5.0 AppleWebKit/537.36 (KHTML, like Gecko; compatible; bingbot/2.0; +http://www.bing.com/bingbot.htm) Chrome/116.0.1938.76 Safari/537.36"
40.77.167.29 - - [28/Aug/2026:06:53:43 +0200] "GET /dp/309f68052931135 HTTP/1.1" 200 183671 "-" "Mozilla/5.0 AppleWebKit/537.36 (KHTML, like Gecko; compatible; bingbot/2.0; +http://www.bing.com/bingbot.htm) Chrome/116.0.1938.76 Safari/537.36"
40.77.167.29 - - [28/Aug/2026:06:53:44 +0200] "GET /dp/2f2603a21150125 HTTP/1.1" 200 186897 "-" "Mozilla/5.0 AppleWebKit/537.36 (KHTML, like Gecko; compatible; bingbot/2.0; +http://www.bing.com/bingbot.htm) Chrome/116.0.1938.76 Safari/537.36"
40.77.167.29 - - [28/Aug/2026:06:53:45 +0200] "GET /dp/202c7ad71186794 HTTP/1.1" 200 185375 "-" "Mozilla/5.0 AppleWebKit/537.36 (KHTML, like Gecko; compatible; bingbot/2.0; +http://www.bing.com/bingbot.htm) Chrome/116.0.1938.76 Safari/537.36"
40.77.167.29 - - [28/Aug/2026:06:53:46 +0200] "GET /dp/b9f851972499280 HTTP/1.1" 200 188968 "-" "Mozilla/5.0 AppleWebKit/537.36 (KHTML, like Gecko; compatible; bingbot/2.0; +http://www.bing.com/bingbot.htm) Chrome/116.0.1938.76 Safari/537.36"
40.77.167.29 - - [28/Aug/2026:06:53:46 +0200] "GET /dp/9bcfced9883377 HTTP/1.1" 200 188859 "-" "Mozilla/5.0 AppleWebKit/537.36 (KHTML, like Gecko; compatible; bingbot/2.0; +http://www.bing.com/bingbot.htm) Chrome/116.0.1938.76 Safari/537.36"
66.249.65.12 - - [28/Aug/2026:06:53:47 +0200] "GET /dp/48ce28441742596 HTTP/1.1" 200 181862 "-" "Mozilla/5.0 (Linux; Android 6.0.1; Nexus 5X Build/MMB29P) AppleWebKit/537.36 (KHTML, like Gecko) Chrome/151.0.7922.173 Mobile Safari/537.36 (compatible; GoogleOther)"
40.77.167.29 - - [28/Aug/2026:06:53:47 +0200] "GET /dp/8375b3111941851 HTTP/1.1" 200 183025 "-" "Mozilla/5.0 AppleWebKit/537.36 (KHTML, like Gecko; compatible; bingbot/2.0; +http://www.bing.com/bingbot.htm) Chrome/116.0.1938.76 Safari/537.36"
40.77.167.29 - - [28/Aug/2026:06:53:48 +0200] "GET /dp/e82976302762791 HTTP/1.1" 200 183480 "-" "Mozilla/5.0 AppleWebKit/537.36 (KHTML, like Gecko; compatible; bingbot/2.0; +http://www.bing.com/bingbot.htm) Chrome/116.0.1938.76 Safari/537.36"
40.77.167.29 - - [28/Aug/2026:06:53:49 +0200] "GET /dp/3b4812334334396 HTTP/1.1" 200 183988 "-" "Mozilla/5.0 AppleWebKit/537.36 (KHTML, like Gecko; compatible; bingbot/2.0; +http://www.bing.com/bingbot.htm) Chrome/116.0.1938.76 Safari/537.36"
40.77.167.29 - - [28/Aug/2026:06:53:49 +0200] "GET /dp/dd0ddae2453110 HTTP/1.1" 200 192504 "-" "Mozilla/5.0 AppleWebKit/537.36 (KHTML, like Gecko; compatible; bingbot/2.0; +http://www.bing.com/bingbot.htm) Chrome/116.0.1938.76 Safari/537.36"
40.77.167.29 - - [28/Aug/2026:06:53:50 +0200] "GET /dp/1b4706043129492 HTTP/1.1" 200 183485 "-" "Mozilla/5.0 AppleWebKit/537.36 (KHTML, like Gecko; compatible; bingbot/2.0; +http://www.bing.com/bingbot.htm) Chrome/116.0.1938.76 Safari/537.36"
40.77.167.29 - - [28/Aug/2026:06:53:51 +0200] "GET /dp/0f7c6d401608482 HTTP/1.1" 200 186007 "-" "Mozilla/5.0 AppleWebKit/537.36 (KHTML, like Gecko; compatible; bingbot/2.0; +http://www.bing.com/bingbot.htm) Chrome/116.0.1938.76 Safari/537.36"
66.249.65.14 - - [28/Aug/2026:06:53:51 +0200] "GET /dp/1bb84e2c284896 HTTP/1.1" 200 187340 "-" "Mozilla/5.0 (Linux; Android 6.0.1; Nexus 5X Build/MMB29P) AppleWebKit/537.36 (KHTML, like Gecko) Chrome/151.0.7922.173 Mobile Safari/537.36 (compatible; GoogleOther)"
40.77.167.29 - - [28/Aug/2026:06:53:52 +0200] "GET /cate-53 HTTP/1.1" 200 186768 "-" "Mozilla/5.0 AppleWebKit/537.36 (KHTML, like Gecko; compatible; bingbot/2.0; +http://www.bing.com/bingbot.htm) Chrome/116.0.1938.76 Safari/537.36"
40.77.167.29 - - [28/Aug/2026:06:53:53 +0200] "GET /dp/778b55383689425 HTTP/1.1" 200 183303 "-" "Mozilla/5.0 AppleWebKit/537.36 (KHTML, like Gecko; compatible; bingbot/2.0; +http://www.bing.com/bingbot.htm) Chrome/116.0.1938.76 Safari/537.36"
40.77.167.29 - - [28/Aug/2026:06:53:53 +0200] "GET /dp/279625342083328 HTTP/1.1" 200 188733 "-" "Mozilla/5.0 AppleWebKit/537.36 (KHTML, like Gecko; compatible; bingbot/2.0; +http://www.bing.com/bingbot.htm) Chrome/116.0.1938.76 Safari/537.36"
66.249.65.14 - - [28/Aug/2026:06:53:55 +0200] "GET /dp/734dc673668770 HTTP/1.1" 200 185936 "-" "Mozilla/5.0 (Linux; Android 6.0.1; Nexus 5X Build/MMB29P) AppleWebKit/537.36 (KHTML, like Gecko) Chrome/151.0.7922.173 Mobile Safari/537.36 (compatible; GoogleOther)"
52.167.144.172 - - [28/Aug/2026:06:53:58 +0200] "GET /dp/f56543102115802 HTTP/1.1" 200 182935 "-" "Mozilla/5.0 AppleWebKit/537.36 (KHTML, like Gecko; compatible; bingbot/2.0; +http://www.bing.com/bingbot.htm) Chrome/116.0.1938.76 Safari/537.36"
66.249.65.14 - - [28/Aug/2026:06:53:58 +0200] "GET /dp/74f6300e4101484 HTTP/1.1" 200 180891 "-" "Mozilla/5.0 (Linux; Android 6.0.1; Nexus 5X Build/MMB29P) AppleWebKit/537.36 (KHTML, like Gecko) Chrome/151.0.7922.173 Mobile Safari/537.36 (compatible; GoogleOther)"
52.167.144.172 - - [28/Aug/2026:06:53:59 +0200] "GET /dp/94fd205d4232650 HTTP/1.1" 200 179580 "-" "Mozilla/5.0 AppleWebKit/537.36 (KHTML, like Gecko; compatible; bingbot/2.0; +http://www.bing.com/bingbot.htm) Chrome/116.0.1938.76 Safari/537.36"
52.167.144.172 - - [28/Aug/2026:06:54:00 +0200] "GET /dp/a5a664be3846761 HTTP/1.1" 200 188217 "-" "Mozilla/5.0 AppleWebKit/537.36 (KHTML, like Gecko; compatible; bingbot/2.0; +http://www.bing.com/bingbot.htm) Chrome/116.0.1938.76 Safari/537.36"
52.167.144.172 - - [28/Aug/2026:06:54:01 +0200] "GET /dp/c4580d1b1483817 HTTP/1.1" 200 187459 "-" "Mozilla/5.0 AppleWebKit/537.36 (KHTML, like Gecko; compatible; bingbot/2.0; +http://www.bing.com/bingbot.htm) Chrome/116.0.1938.76 Safari/537.36"
52.167.144.172 - - [28/Aug/2026:06:54:01 +0200] "GET /dp/38e12517883386 HTTP/1.1" 200 189133 "-" "Mozilla/5.0 AppleWebKit/537.36 (KHTML, like Gecko; compatible; bingbot/2.0; +http://www.bing.com/bingbot.htm) Chrome/116.0.1938.76 Safari/537.36"
66.249.65.13 - - [28/Aug/2026:06:54:01 +0200] "GET /dp/154daa75317378 HTTP/1.1" 200 187973 "-" "Mozilla/5.0 (Linux; Android 6.0.1; Nexus 5X Build/MMB29P) AppleWebKit/537.36 (KHTML, like Gecko) Chrome/151.0.7922.173 Mobile Safari/537.36 (compatible; GoogleOther)"
52.167.144.172 - - [28/Aug/2026:06:54:02 +0200] "GET /dp/31e4b3702159098 HTTP/1.1" 200 181185 "-" "Mozilla/5.0 AppleWebKit/537.36 (KHTML, like Gecko; compatible; bingbot/2.0; +http://www.bing.com/bingbot.htm) Chrome/116.0.1938.76 Safari/537.36"
52.167.144.172 - - [28/Aug/2026:06:54:03 +0200] "GET /dp/631a42c92806547 HTTP/1.1" 200 184722 "-" "Mozilla/5.0 AppleWebKit/537.36 (KHTML, like Gecko; compatible; bingbot/2.0; +http://www.bing.com/bingbot.htm) Chrome/116.0.1938.76 Safari/537.36"
52.167.144.172 - - [28/Aug/2026:06:54:04 +0200] "GET /dp/ba9485a3777129 HTTP/1.1" 200 195493 "-" "Mozilla/5.0 AppleWebKit/537.36 (KHTML, like Gecko; compatible; bingbot/2.0; +http://www.bing.com/bingbot.htm) Chrome/116.0.1938.76 Safari/537.36"
52.167.144.172 - - [28/Aug/2026:06:54:04 +0200] "GET /dp/37537802579737 HTTP/1.1" 200 182644 "-" "Mozilla/5.0 AppleWebKit/537.36 (KHTML, like Gecko; compatible; bingbot/2.0; +http://www.bing.com/bingbot.htm) Chrome/116.0.1938.76 Safari/537.36"
52.167.144.172 - - [28/Aug/2026:06:54:05 +0200] "GET /dp/55565962136635 HTTP/1.1" 200 186433 "-" "Mozilla/5.0 AppleWebKit/537.36 (KHTML, like Gecko; compatible; bingbot/2.0; +http://www.bing.com/bingbot.htm) Chrome/116.0.1938.76 Safari/537.36"
52.167.144.172 - - [28/Aug/2026:06:54:06 +0200] "GET /dp/83d4cf1a3745831 HTTP/1.1" 200 180687 "-" "Mozilla/5.0 AppleWebKit/537.36 (KHTML, like Gecko; compatible; bingbot/2.0; +http://www.bing.com/bingbot.htm) Chrome/116.0.1938.76 Safari/537.36"
52.167.144.172 - - [28/Aug/2026:06:54:07 +0200] "GET /dp/e46039872660301 HTTP/1.1" 200 185531 "-" "Mozilla/5.0 AppleWebKit/537.36 (KHTML, like Gecko; compatible; bingbot/2.0; +http://www.bing.com/bingbot.htm) Chrome/116.0.1938.76 Safari/537.36"
66.249.65.12 - - [28/Aug/2026:06:54:07 +0200] "GET /dp/82062186171415 HTTP/1.1" 200 185274 "-" "Mozilla/5.0 (Linux; Android 6.0.1; Nexus 5X Build/MMB29P) AppleWebKit/537.36 (KHTML, like Gecko) Chrome/151.0.7922.173 Mobile Safari/537.36 (compatible; GoogleOther)"
52.167.144.172 - - [28/Aug/2026:06:54:08 +0200] "GET /dp/a27014b23188977 HTTP/1.1" 200 183324 "-" "Mozilla/5.0 AppleWebKit/537.36 (KHTML, like Gecko; compatible; bingbot/2.0; +http://www.bing.com/bingbot.htm) Chrome/116.0.1938.76 Safari/537.36"
52.167.144.172 - - [28/Aug/2026:06:54:08 +0200] "GET /dp/8f2333dc1735892 HTTP/1.1" 200 179662 "-" "Mozilla/5.0 AppleWebKit/537.36 (KHTML, like Gecko; compatible; bingbot/2.0; +http://www.bing.com/bingbot.htm) Chrome/116.0.1938.76 Safari/537.36"
66.249.65.13 - - [28/Aug/2026:06:54:09 +0200] "GET /dp/8ad411012468363 HTTP/1.1" 200 188948 "-" "Mozilla/5.0 (Linux; Android 6.0.1; Nexus 5X Build/MMB29P) AppleWebKit/537.36 (KHTML, like Gecko) Chrome/151.0.7922.173 Mobile Safari/537.36 (compatible; GoogleOther)"
52.167.144.172 - - [28/Aug/2026:06:54:09 +0200] "GET /dp/d94132131931232 HTTP/1.1" 200 177600 "-" "Mozilla/5.0 AppleWebKit/537.36 (KHTML, like Gecko; compatible; bingbot/2.0; +http://www.bing.com/bingbot.htm) Chrome/116.0.1938.76 Safari/537.36"
52.167.144.172 - - [28/Aug/2026:06:54:10 +0200] "GET /dp/b016e1ab850590 HTTP/1.1" 200 188472 "-" "Mozilla/5.0 AppleWebKit/537.36 (KHTML, like Gecko; compatible; bingbot/2.0; +http://www.bing.com/bingbot.htm) Chrome/116.0.1938.76 Safari/537.36"
52.167.144.172 - - [28/Aug/2026:06:54:11 +0200] "GET /dp/bdf0fcf71560353 HTTP/1.1" 200 178271 "-" "Mozilla/5.0 AppleWebKit/537.36 (KHTML, like Gecko; compatible; bingbot/2.0; +http://www.bing.com/bingbot.htm) Chrome/116.0.1938.76 Safari/537.36"
66.249.65.12 - - [28/Aug/2026:06:54:11 +0200] "GET /dp/113133561537298 HTTP/1.1" 200 184075 "-" "Mozilla/5.0 (Linux; Android 6.0.1; Nexus 5X Build/MMB29P) AppleWebKit/537.36 (KHTML, like Gecko) Chrome/151.0.7922.173 Mobile Safari/537.36 (compatible; GoogleOther)"
52.167.144.172 - - [28/Aug/2026:06:54:11 +0200] "GET /dp/860c12234093083 HTTP/1.1" 200 183560 "-" "Mozilla/5.0 AppleWebKit/537.36 (KHTML, like Gecko; compatible; bingbot/2.0; +http://www.bing.com/bingbot.htm) Chrome/116.0.1938.76 Safari/537.36"
52.167.144.172 - - [28/Aug/2026:06:54:12 +0200] "GET /dp/764b235a2722368 HTTP/1.1" 200 186669 "-" "Mozilla/5.0 AppleWebKit/537.36 (KHTML, like Gecko; compatible; bingbot/2.0; +http://www.bing.com/bingbot.htm) Chrome/116.0.1938.76 Safari/537.36"
52.167.144.172 - - [28/Aug/2026:06:54:13 +0200] "GET /dp/a9a5f95f3198856 HTTP/1.1" 200 183173 "-" "Mozilla/5.0 AppleWebKit/537.36 (KHTML, like Gecko; compatible; bingbot/2.0; +http://www.bing.com/bingbot.htm) Chrome/116.0.1938.76 Safari/537.36"
66.249.65.12 - - [28/Aug/2026:06:54:13 +0200] "GET /dp/378141831018884 HTTP/1.1" 200 186735 "-" "Mozilla/5.0 (Linux; Android 6.0.1; Nexus 5X Build/MMB29P) AppleWebKit/537.36 (KHTML, like Gecko) Chrome/151.0.7922.173 Mobile Safari/537.36 (compatible; GoogleOther)"
52.167.144.172 - - [28/Aug/2026:06:54:14 +0200] "GET /dp/044694091937171 HTTP/1.1" 200 182471 "-" "Mozilla/5.0 AppleWebKit/537.36 (KHTML, like Gecko; compatible; bingbot/2.0; +http://www.bing.com/bingbot.htm) Chrome/116.0.1938.76 Safari/537.36"
52.167.144.172 - - [28/Aug/2026:06:54:15 +0200] "GET /dp/a2f56bd12781098 HTTP/1.1" 200 183335 "-" "Mozilla/5.0 AppleWebKit/537.36 (KHTML, like Gecko; compatible; bingbot/2.0; +http://www.bing.com/bingbot.htm) Chrome/116.0.1938.76 Safari/537.36"
66.249.65.12 - - [28/Aug/2026:06:54:15 +0200] "GET /dp/311694a12089485 HTTP/1.1" 200 188473 "-" "Mozilla/5.0 (Linux; Android 6.0.1; Nexus 5X Build/MMB29P) AppleWebKit/537.36 (KHTML, like Gecko) Chrome/151.0.7922.173 Mobile Safari/537.36 (compatible; GoogleOther)"
52.167.144.172 - - [28/Aug/2026:06:54:15 +0200] "GET /dp/8c6324f73034783 HTTP/1.1" 200 179925 "-" "Mozilla/5.0 AppleWebKit/537.36 (KHTML, like Gecko; compatible; bingbot/2.0; +http://www.bing.com/bingbot.htm) Chrome/116.0.1938.76 Safari/537.36"
52.167.144.172 - - [28/Aug/2026:06:54:16 +0200] "GET /dp/f54802172499301 HTTP/1.1" 200 179425 "-" "Mozilla/5.0 AppleWebKit/537.36 (KHTML, like Gecko; compatible; bingbot/2.0; +http://www.bing.com/bingbot.htm) Chrome/116.0.1938.76 Safari/537.36"
52.167.144.172 - - [28/Aug/2026:06:54:17 +0200] "GET /dp/ed58b4e41603448 HTTP/1.1" 200 186325 "-" "Mozilla/5.0 AppleWebKit/537.36 (KHTML, like Gecko; compatible; bingbot/2.0; +http://www.bing.com/bingbot.htm) Chrome/116.0.1938.76 Safari/537.36"
66.249.65.12 - - [28/Aug/2026:06:54:17 +0200] "GET /dp/152144a63213084 HTTP/1.1" 200 182283 "-" "Mozilla/5.0 (Linux; Android 6.0.1; Nexus 5X Build/MMB29P) AppleWebKit/537.36 (KHTML, like Gecko) Chrome/151.0.7922.173 Mobile Safari/537.36 (compatible; GoogleOther)"
52.167.144.172 - - [28/Aug/2026:06:54:18 +0200] "GET /dp/123ed742218778 HTTP/1.1" 200 188215 "-" "Mozilla/5.0 AppleWebKit/537.36 (KHTML, like Gecko; compatible; bingbot/2.0; +http://www.bing.com/bingbot.htm) Chrome/116.0.1938.76 Safari/537.36"
52.167.144.172 - - [28/Aug/2026:06:54:18 +0200] "GET /dp/6474864a2198859 HTTP/1.1" 200 180077 "-" "Mozilla/5.0 AppleWebKit/537.36 (KHTML, like Gecko; compatible; bingbot/2.0; +http://www.bing.com/bingbot.htm) Chrome/116.0.1938.76 Safari/537.36"
66.249.65.12 - - [28/Aug/2026:06:54:19 +0200] "GET /dp/2cf628891828568 HTTP/1.1" 200 184213 "-" "Mozilla/5.0 (Linux; Android 6.0.1; Nexus 5X Build/MMB29P) AppleWebKit/537.36 (KHTML, like Gecko) Chrome/151.0.7922.173 Mobile Safari/537.36 (compatible; GoogleOther)"
52.167.144.172 - - [28/Aug/2026:06:54:19 +0200] "GET /dp/5d94e477884565 HTTP/1.1" 200 190951 "-" "Mozilla/5.0 AppleWebKit/537.36 (KHTML, like Gecko; compatible; bingbot/2.0; +http://www.bing.com/bingbot.htm) Chrome/116.0.1938.76 Safari/537.36"
52.167.144.172 - - [28/Aug/2026:06:54:20 +0200] "GET /dp/dd831c662413172 HTTP/1.1" 200 187713 "-" "Mozilla/5.0 AppleWebKit/537.36 (KHTML, like Gecko; compatible; bingbot/2.0; +http://www.bing.com/bingbot.htm) Chrome/116.0.1938.76 Safari/537.36"
52.167.144.172 - - [28/Aug/2026:06:54:21 +0200] "GET /dp/b9e58d33871211 HTTP/1.1" 200 192546 "-" "Mozilla/5.0 AppleWebKit/537.36 (KHTML, like Gecko; compatible; bingbot/2.0; +http://www.bing.com/bingbot.htm) Chrome/116.0.1938.76 Safari/537.36"
66.249.65.12 - - [28/Aug/2026:06:54:21 +0200] "GET /dp/6aff34ee1875874 HTTP/1.1" 200 183000 "-" "Mozilla/5.0 (Linux; Android 6.0.1; Nexus 5X Build/MMB29P) AppleWebKit/537.36 (KHTML, like Gecko) Chrome/151.0.7922.173 Mobile Safari/537.36 (compatible; GoogleOther)"
66.249.65.12 - - [28/Aug/2026:06:54:23 +0200] "GET /dp/7c929cd11902659 HTTP/1.1" 200 181412 "-" "Mozilla/5.0 (Linux; Android 6.0.1; Nexus 5X Build/MMB29P) AppleWebKit/537.36 (KHTML, like Gecko) Chrome/151.0.7922.173 Mobile Safari/537.36 (compatible; GoogleOther)"
66.249.65.12 - - [28/Aug/2026:06:54:25 +0200] "GET /dp/c332f4912302254 HTTP/1.1" 200 185724 "-" "Mozilla/5.0 (Linux; Android 6.0.1; Nexus 5X Build/MMB29P) AppleWebKit/537.36 (KHTML, like Gecko) Chrome/151.0.7922.173 Mobile Safari/537.36 (compatible; GoogleOther)"
85.208.96.199 - - [28/Aug/2026:06:54:27 +0200] "GET /dans-logou-les-jat-rassemble/ HTTP/1.1" 200 - "-" "Mozilla/5.0 (compatible; SemrushBot/7~bl; +http://www.semrush.com/bot.html)"
66.249.65.12 - - [28/Aug/2026:06:54:27 +0200] "GET /dp/c9cff5c11203048 HTTP/1.1" 200 189146 "-" "Mozilla/5.0 (Linux; Android 6.0.1; Nexus 5X Build/MMB29P) AppleWebKit/537.36 (KHTML, like Gecko) Chrome/151.0.7922.173 Mobile Safari/537.36 (compatible; GoogleOther)"
52.167.144.172 - - [28/Aug/2026:06:54:28 +0200] "GET /dp/34acc8483611819 HTTP/1.1" 200 183097 "-" "Mozilla/5.0 AppleWebKit/537.36 (KHTML, like Gecko; compatible; bingbot/2.0; +http://www.bing.com/bingbot.htm) Chrome/116.0.1938.76 Safari/537.36"
66.249.65.12 - - [28/Aug/2026:06:54:28 +0200] "GET /dp/49d128433528882 HTTP/1.1" 200 181793 "-" "Mozilla/5.0 (Linux; Android 6.0.1; Nexus 5X Build/MMB29P) AppleWebKit/537.36 (KHTML, like Gecko) Chrome/151.0.7922.173 Mobile Safari/537.36 (compatible; GoogleOther)"
52.167.144.172 - - [28/Aug/2026:06:54:29 +0200] "GET /dp/812680dd752742 HTTP/1.1" 200 186849 "-" "Mozilla/5.0 AppleWebKit/537.36 (KHTML, like Gecko; compatible; bingbot/2.0; +http://www.bing.com/bingbot.htm) Chrome/116.0.1938.76 Safari/537.36"
52.167.144.172 - - [28/Aug/2026:06:54:30 +0200] "GET /dp/2986c7f81208093 HTTP/1.1" 200 184313 "-" "Mozilla/5.0 AppleWebKit/537.36 (KHTML, like Gecko; compatible; bingbot/2.0; +http://www.bing.com/bingbot.htm) Chrome/116.0.1938.76 Safari/537.36"
66.249.65.12 - - [28/Aug/2026:06:54:30 +0200] "GET /dp/325f85171780933 HTTP/1.1" 200 179707 "-" "Mozilla/5.0 (Linux; Android 6.0.1; Nexus 5X Build/MMB29P) AppleWebKit/537.36 (KHTML, like Gecko) Chrome/151.0.7922.173 Mobile Safari/537.36 (compatible; GoogleOther)"
52.167.144.172 - - [28/Aug/2026:06:54:31 +0200] "GET /dp/cf29bb781789963 HTTP/1.1" 200 184635 "-" "Mozilla/5.0 AppleWebKit/537.36 (KHTML, like Gecko; compatible; bingbot/2.0; +http://www.bing.com/bingbot.htm) Chrome/116.0.1938.76 Safari/537.36"
52.167.144.172 - - [28/Aug/2026:06:54:32 +0200] "GET /dp/4003e0363476073 HTTP/1.1" 200 179942 "-" "Mozilla/5.0 AppleWebKit/537.36 (KHTML, like Gecko; compatible; bingbot/2.0; +http://www.bing.com/bingbot.htm) Chrome/116.0.1938.76 Safari/537.36"
52.167.144.172 - - [28/Aug/2026:06:54:32 +0200] "GET /dp/4ff784513728111 HTTP/1.1" 200 185453 "-" "Mozilla/5.0 AppleWebKit/537.36 (KHTML, like Gecko; compatible; bingbot/2.0; +http://www.bing.com/bingbot.htm) Chrome/116.0.1938.76 Safari/537.36"
52.167.144.172 - - [28/Aug/2026:06:54:33 +0200] "GET /dp/a3fbeecc2026549 HTTP/1.1" 200 191605 "-" "Mozilla/5.0 AppleWebKit/537.36 (KHTML, like Gecko; compatible; bingbot/2.0; +http://www.bing.com/bingbot.htm) Chrome/116.0.1938.76 Safari/537.36"
52.167.144.172 - - [28/Aug/2026:06:54:34 +0200] "GET /dp/54f2774b3396265 HTTP/1.1" 200 180113 "-" "Mozilla/5.0 AppleWebKit/537.36 (KHTML, like Gecko; compatible; bingbot/2.0; +http://www.bing.com/bingbot.htm) Chrome/116.0.1938.76 Safari/537.36"
52.167.144.172 - - [28/Aug/2026:06:54:35 +0200] "GET /dp/c784f8341186257 HTTP/1.1" 200 186467 "-" "Mozilla/5.0 AppleWebKit/537.36 (KHTML, like Gecko; compatible; bingbot/2.0; +http://www.bing.com/bingbot.htm) Chrome/116.0.1938.76 Safari/537.36"
52.167.144.172 - - [28/Aug/2026:06:54:36 +0200] "GET /dp/04f227552996139 HTTP/1.1" 200 180251 "-" "Mozilla/5.0 AppleWebKit/537.36 (KHTML, like Gecko; compatible; bingbot/2.0; +http://www.bing.com/bingbot.htm) Chrome/116.0.1938.76 Safari/537.36"
52.167.144.172 - - [28/Aug/2026:06:54:36 +0200] "GET /dp/5a8eb8c6718465 HTTP/1.1" 200 184527 "-" "Mozilla/5.0 AppleWebKit/537.36 (KHTML, like Gecko; compatible; bingbot/2.0; +http://www.bing.com/bingbot.htm) Chrome/116.0.1938.76 Safari/537.36"
52.167.144.172 - - [28/Aug/2026:06:54:37 +0200] "GET /dp/9244e6392907317 HTTP/1.1" 200 181392 "-" "Mozilla/5.0 AppleWebKit/537.36 (KHTML, like Gecko; compatible; bingbot/2.0; +http://www.bing.com/bingbot.htm) Chrome/116.0.1938.76 Safari/537.36"
52.167.144.172 - - [28/Aug/2026:06:54:38 +0200] "GET /dp/41368f1e4274204 HTTP/1.1" 200 183688 "-" "Mozilla/5.0 AppleWebKit/537.36 (KHTML, like Gecko; compatible; bingbot/2.0; +http://www.bing.com/bingbot.htm) Chrome/116.0.1938.76 Safari/537.36"
52.167.144.172 - - [28/Aug/2026:06:54:39 +0200] "GET /dp/ac73415a3293781 HTTP/1.1" 200 177004 "-" "Mozilla/5.0 AppleWebKit/537.36 (KHTML, like Gecko; compatible; bingbot/2.0; +http://www.bing.com/bingbot.htm) Chrome/116.0.1938.76 Safari/537.36"
52.167.144.172 - - [28/Aug/2026:06:54:39 +0200] "GET /dp/737c3e9e3104680 HTTP/1.1" 200 186044 "-" "Mozilla/5.0 AppleWebKit/537.36 (KHTML, like Gecko; compatible; bingbot/2.0; +http://www.bing.com/bingbot.htm) Chrome/116.0.1938.76 Safari/537.36"
52.167.144.172 - - [28/Aug/2026:06:54:40 +0200] "GET /dp/1d26e4403725271 HTTP/1.1" 200 182613 "-" "Mozilla/5.0 AppleWebKit/537.36 (KHTML, like Gecko; compatible; bingbot/2.0; +http://www.bing.com/bingbot.htm) Chrome/116.0.1938.76 Safari/537.36"
52.167.144.172 - - [28/Aug/2026:06:54:41 +0200] "GET /dp/964da937309814 HTTP/1.1" 200 189165 "-" "Mozilla/5.0 AppleWebKit/537.36 (KHTML, like Gecko; compatible; bingbot/2.0; +http://www.bing.com/bingbot.htm) Chrome/116.0.1938.76 Safari/537.36"
52.167.144.172 - - [28/Aug/2026:06:54:42 +0200] "GET /dp/219338511069691 HTTP/1.1" 200 183066 "-" "Mozilla/5.0 AppleWebKit/537.36 (KHTML, like Gecko; compatible; bingbot/2.0; +http://www.bing.com/bingbot.htm) Chrome/116.0.1938.76 Safari/537.36"
52.167.144.172 - - [28/Aug/2026:06:54:42 +0200] "GET /dp/95d9d7b21748259 HTTP/1.1" 200 183016 "-" "Mozilla/5.0 AppleWebKit/537.36 (KHTML, like Gecko; compatible; bingbot/2.0; +http://www.bing.com/bingbot.htm) Chrome/116.0.1938.76 Safari/537.36"
52.167.144.172 - - [28/Aug/2026:06:54:43 +0200] "GET /dp/f6addc7f3633147 HTTP/1.1" 200 182084 "-" "Mozilla/5.0 AppleWebKit/537.36 (KHTML, like Gecko; compatible; bingbot/2.0; +http://www.bing.com/bingbot.htm) Chrome/116.0.1938.76 Safari/537.36"
52.167.144.172 - - [28/Aug/2026:06:54:44 +0200] "GET /dp/850d61333384588 HTTP/1.1" 200 184606 "-" "Mozilla/5.0 AppleWebKit/537.36 (KHTML, like Gecko; compatible; bingbot/2.0; +http://www.bing.com/bingbot.htm) Chrome/116.0.1938.76 Safari/537.36"
52.167.144.172 - - [28/Aug/2026:06:54:45 +0200] "GET /dp/e197b14f1785806 HTTP/1.1" 200 179407 "-" "Mozilla/5.0 AppleWebKit/537.36 (KHTML, like Gecko; compatible; bingbot/2.0; +http://www.bing.com/bingbot.htm) Chrome/116.0.1938.76 Safari/537.36"
52.167.144.172 - - [28/Aug/2026:06:54:46 +0200] "GET /dp/4cb088d31430349 HTTP/1.1" 200 189082 "-" "Mozilla/5.0 AppleWebKit/537.36 (KHTML, like Gecko; compatible; bingbot/2.0; +http://www.bing.com/bingbot.htm) Chrome/116.0.1938.76 Safari/537.36"
52.167.144.172 - - [28/Aug/2026:06:54:46 +0200] "GET /dp/7c78f15f1026059 HTTP/1.1" 200 190899 "-" "Mozilla/5.0 AppleWebKit/537.36 (KHTML, like Gecko; compatible; bingbot/2.0; +http://www.bing.com/bingbot.htm) Chrome/116.0.1938.76 Safari/537.36"
52.167.144.172 - - [28/Aug/2026:06:54:47 +0200] "GET /dp/14915114617778 HTTP/1.1" 200 188669 "-" "Mozilla/5.0 AppleWebKit/537.36 (KHTML, like Gecko; compatible; bingbot/2.0; +http://www.bing.com/bingbot.htm) Chrome/116.0.1938.76 Safari/537.36"
52.167.144.172 - - [28/Aug/2026:06:54:48 +0200] "GET /dp/6673f870204090 HTTP/1.1" 200 184799 "-" "Mozilla/5.0 AppleWebKit/537.36 (KHTML, like Gecko; compatible; bingbot/2.0; +http://www.bing.com/bingbot.htm) Chrome/116.0.1938.76 Safari/537.36"
52.167.144.172 - - [28/Aug/2026:06:54:49 +0200] "GET /dp/91512ed73383041 HTTP/1.1" 200 178573 "-" "Mozilla/5.0 AppleWebKit/537.36 (KHTML, like Gecko; compatible; bingbot/2.0; +http://www.bing.com/bingbot.htm) Chrome/116.0.1938.76 Safari/537.36"
52.167.144.172 - - [28/Aug/2026:06:54:50 +0200] "GET /dp/1b8ff26d4346213 HTTP/1.1" 200 180638 "-" "Mozilla/5.0 AppleWebKit/537.36 (KHTML, like Gecko; compatible; bingbot/2.0; +http://www.bing.com/bingbot.htm) Chrome/116.0.1938.76 Safari/537.36"
52.167.144.172 - - [28/Aug/2026:06:54:50 +0200] "GET /dp/774969952862386 HTTP/1.1" 200 178375 "-" "Mozilla/5.0 AppleWebKit/537.36 (KHTML, like Gecko; compatible; bingbot/2.0; +http://www.bing.com/bingbot.htm) Chrome/116.0.1938.76 Safari/537.36"
52.167.144.172 - - [28/Aug/2026:06:54:51 +0200] "GET /dp/b4c7d6961827119 HTTP/1.1" 200 183367 "-" "Mozilla/5.0 AppleWebKit/537.36 (KHTML, like Gecko; compatible; bingbot/2.0; +http://www.bing.com/bingbot.htm) Chrome/116.0.1938.76 Safari/537.36"
52.167.144.172 - - [28/Aug/2026:06:54:58 +0200] "GET /dp/f90548f24118362 HTTP/1.1" 200 183614 "-" "Mozilla/5.0 AppleWebKit/537.36 (KHTML, like Gecko; compatible; bingbot/2.0; +http://www.bing.com/bingbot.htm) Chrome/116.0.1938.76 Safari/537.36"
52.167.144.172 - - [28/Aug/2026:06:54:59 +0200] "GET /dp/4e393bd44083826 HTTP/1.1" 200 177952 "-" "Mozilla/5.0 AppleWebKit/537.36 (KHTML, like Gecko; compatible; bingbot/2.0; +http://www.bing.com/bingbot.htm) Chrome/116.0.1938.76 Safari/537.36"
52.167.144.172 - - [28/Aug/2026:06:55:00 +0200] "GET /dp/661934f42975576 HTTP/1.1" 200 183666 "-" "Mozilla/5.0 AppleWebKit/537.36 (KHTML, like Gecko; compatible; bingbot/2.0; +http://www.bing.com/bingbot.htm) Chrome/116.0.1938.76 Safari/537.36"
52.167.144.172 - - [28/Aug/2026:06:55:01 +0200] "GET /dp/82b97e831988101 HTTP/1.1" 200 182217 "-" "Mozilla/5.0 AppleWebKit/537.36 (KHTML, like Gecko; compatible; bingbot/2.0; +http://www.bing.com/bingbot.htm) Chrome/116.0.1938.76 Safari/537.36"
52.167.144.172 - - [28/Aug/2026:06:55:02 +0200] "GET /cate-53-57 HTTP/1.1" 200 184460 "-" "Mozilla/5.0 AppleWebKit/537.36 (KHTML, like Gecko; compatible; bingbot/2.0; +http://www.bing.com/bingbot.htm) Chrome/116.0.1938.76 Safari/537.36"
52.167.144.172 - - [28/Aug/2026:06:55:03 +0200] "GET /dp/a11487bc2452898 HTTP/1.1" 200 188438 "-" "Mozilla/5.0 AppleWebKit/537.36 (KHTML, like Gecko; compatible; bingbot/2.0; +http://www.bing.com/bingbot.htm) Chrome/116.0.1938.76 Safari/537.36"
52.167.144.172 - - [28/Aug/2026:06:55:03 +0200] "GET /dp/7450516a216133 HTTP/1.1" 200 185286 "-" "Mozilla/5.0 AppleWebKit/537.36 (KHTML, like Gecko; compatible; bingbot/2.0; +http://www.bing.com/bingbot.htm) Chrome/116.0.1938.76 Safari/537.36"
52.167.144.172 - - [28/Aug/2026:06:55:04 +0200] "GET /dp/f602c93f372645 HTTP/1.1" 200 194166 "-" "Mozilla/5.0 AppleWebKit/537.36 (KHTML, like Gecko; compatible; bingbot/2.0; +http://www.bing.com/bingbot.htm) Chrome/116.0.1938.76 Safari/537.36"
52.167.144.172 - - [28/Aug/2026:06:55:05 +0200] "GET /dp/1205f4df3991373 HTTP/1.1" 200 181869 "-" "Mozilla/5.0 AppleWebKit/537.36 (KHTML, like Gecko; compatible; bingbot/2.0; +http://www.bing.com/bingbot.htm) Chrome/116.0.1938.76 Safari/537.36"
52.167.144.172 - - [28/Aug/2026:06:55:06 +0200] "GET /dp/71f497942815213 HTTP/1.1" 200 182615 "-" "Mozilla/5.0 AppleWebKit/537.36 (KHTML, like Gecko; compatible; bingbot/2.0; +http://www.bing.com/bingbot.htm) Chrome/116.0.1938.76 Safari/537.36"
52.167.144.172 - - [28/Aug/2026:06:55:07 +0200] "GET /dp/179335453769881 HTTP/1.1" 200 183379 "-" "Mozilla/5.0 AppleWebKit/537.36 (KHTML, like Gecko; compatible; bingbot/2.0; +http://www.bing.com/bingbot.htm) Chrome/116.0.1938.76 Safari/537.36"
196.168.137.15 - - [28/Aug/2026:06:55:08 +0200] "GET / HTTP/1.1" 200 5206 "-" "Mozilla/5.0 (iPhone; CPU iPhone OS 18_5 like Mac OS X) AppleWebKit/605.1.15 (KHTML, like Gecko) FxiOS/140.1 Mobile/15E148 Safari/605.1.15"
52.167.144.172 - - [28/Aug/2026:06:55:07 +0200] "GET /dp/8733672b3688213 HTTP/1.1" 200 183581 "-" "Mozilla/5.0 AppleWebKit/537.36 (KHTML, like Gecko; compatible; bingbot/2.0; +http://www.bing.com/bingbot.htm) Chrome/116.0.1938.76 Safari/537.36"
52.167.144.172 - - [28/Aug/2026:06:55:08 +0200] "GET /dp/2a154b921172821 HTTP/1.1" 200 186228 "-" "Mozilla/5.0 AppleWebKit/537.36 (KHTML, like Gecko; compatible; bingbot/2.0; +http://www.bing.com/bingbot.htm) Chrome/116.0.1938.76 Safari/537.36"
196.168.137.15 - - [28/Aug/2026:06:55:09 +0200] "GET /wp-content/ HTTP/1.1" 200 - "https://www.ucrm-togo.tg/" "Mozilla/5.0 (iPhone; CPU iPhone OS 18_5 like Mac OS X) AppleWebKit/605.1.15 (KHTML, like Gecko) FxiOS/140.1 Mobile/15E148 Safari/605.1.15"
52.167.144.172 - - [28/Aug/2026:06:55:09 +0200] "GET /dp/6c5649b5115507 HTTP/1.1" 200 184652 "-" "Mozilla/5.0 AppleWebKit/537.36 (KHTML, like Gecko; compatible; bingbot/2.0; +http://www.bing.com/bingbot.htm) Chrome/116.0.1938.76 Safari/537.36"
52.167.144.172 - - [28/Aug/2026:06:55:10 +0200] "GET /dp/93786bb82704807 HTTP/1.1" 200 177272 "-" "Mozilla/5.0 AppleWebKit/537.36 (KHTML, like Gecko; compatible; bingbot/2.0; +http://www.bing.com/bingbot.htm) Chrome/116.0.1938.76 Safari/537.36"
52.167.144.172 - - [28/Aug/2026:06:55:11 +0200] "GET /dp/1450e8873180598 HTTP/1.1" 200 186279 "-" "Mozilla/5.0 AppleWebKit/537.36 (KHTML, like Gecko; compatible; bingbot/2.0; +http://www.bing.com/bingbot.htm) Chrome/116.0.1938.76 Safari/537.36"
52.167.144.172 - - [28/Aug/2026:06:55:11 +0200] "GET /dp/263c08c71962913 HTTP/1.1" 200 183602 "-" "Mozilla/5.0 AppleWebKit/537.36 (KHTML, like Gecko; compatible; bingbot/2.0; +http://www.bing.com/bingbot.htm) Chrome/116.0.1938.76 Safari/537.36"
52.167.144.185 - - [28/Aug/2026:06:55:15 +0200] "GET /dp/911dd7563371784 HTTP/1.1" 200 183329 "-" "Mozilla/5.0 AppleWebKit/537.36 (KHTML, like Gecko; compatible; bingbot/2.0; +http://www.bing.com/bingbot.htm) Chrome/116.0.1938.76 Safari/537.36"
52.167.144.185 - - [28/Aug/2026:06:55:16 +0200] "GET /dp/82ce4c64562512 HTTP/1.1" 200 184461 "-" "Mozilla/5.0 AppleWebKit/537.36 (KHTML, like Gecko; compatible; bingbot/2.0; +http://www.bing.com/bingbot.htm) Chrome/116.0.1938.76 Safari/537.36"
52.167.144.185 - - [28/Aug/2026:06:55:17 +0200] "GET /dp/41b7b7051347000 HTTP/1.1" 200 182655 "-" "Mozilla/5.0 AppleWebKit/537.36 (KHTML, like Gecko; compatible; bingbot/2.0; +http://www.bing.com/bingbot.htm) Chrome/116.0.1938.76 Safari/537.36"
52.167.144.185 - - [28/Aug/2026:06:55:18 +0200] "GET /dp/4c3a88591826954 HTTP/1.1" 200 186219 "-" "Mozilla/5.0 AppleWebKit/537.36 (KHTML, like Gecko; compatible; bingbot/2.0; +http://www.bing.com/bingbot.htm) Chrome/116.0.1938.76 Safari/537.36"
52.167.144.185 - - [28/Aug/2026:06:55:19 +0200] "GET /dp/b080b0c83739488 HTTP/1.1" 200 183231 "-" "Mozilla/5.0 AppleWebKit/537.36 (KHTML, like Gecko; compatible; bingbot/2.0; +http://www.bing.com/bingbot.htm) Chrome/116.0.1938.76 Safari/537.36"
52.167.144.185 - - [28/Aug/2026:06:55:20 +0200] "GET /dp/b1908c9d2947879 HTTP/1.1" 200 183039 "-" "Mozilla/5.0 AppleWebKit/537.36 (KHTML, like Gecko; compatible; bingbot/2.0; +http://www.bing.com/bingbot.htm) Chrome/116.0.1938.76 Safari/537.36"
52.167.144.185 - - [28/Aug/2026:06:55:20 +0200] "GET /dp/7068a14c207001 HTTP/1.1" 200 188212 "-" "Mozilla/5.0 AppleWebKit/537.36 (KHTML, like Gecko; compatible; bingbot/2.0; +http://www.bing.com/bingbot.htm) Chrome/116.0.1938.76 Safari/537.36"
52.167.144.185 - - [28/Aug/2026:06:55:21 +0200] "GET /dp/352230862499514 HTTP/1.1" 200 184916 "-" "Mozilla/5.0 AppleWebKit/537.36 (KHTML, like Gecko; compatible; bingbot/2.0; +http://www.bing.com/bingbot.htm) Chrome/116.0.1938.76 Safari/537.36"
52.167.144.185 - - [28/Aug/2026:06:55:22 +0200] "GET /dp/3c3c23dd4076479 HTTP/1.1" 200 183940 "-" "Mozilla/5.0 AppleWebKit/537.36 (KHTML, like Gecko; compatible; bingbot/2.0; +http://www.bing.com/bingbot.htm) Chrome/116.0.1938.76 Safari/537.36"
52.167.144.185 - - [28/Aug/2026:06:55:23 +0200] "GET /dp/26cccc342342388 HTTP/1.1" 200 183209 "-" "Mozilla/5.0 AppleWebKit/537.36 (KHTML, like Gecko; compatible; bingbot/2.0; +http://www.bing.com/bingbot.htm) Chrome/116.0.1938.76 Safari/537.36"
52.167.144.185 - - [28/Aug/2026:06:55:24 +0200] "GET /dp/778620072361168 HTTP/1.1" 200 178770 "-" "Mozilla/5.0 AppleWebKit/537.36 (KHTML, like Gecko; compatible; bingbot/2.0; +http://www.bing.com/bingbot.htm) Chrome/116.0.1938.76 Safari/537.36"
52.167.144.185 - - [28/Aug/2026:06:55:24 +0200] "GET /dp/02513dc12248651 HTTP/1.1" 200 185543 "-" "Mozilla/5.0 AppleWebKit/537.36 (KHTML, like Gecko; compatible; bingbot/2.0; +http://www.bing.com/bingbot.htm) Chrome/116.0.1938.76 Safari/537.36"
52.167.144.185 - - [28/Aug/2026:06:55:25 +0200] "GET /dp/855298a71776821 HTTP/1.1" 200 181345 "-" "Mozilla/5.0 AppleWebKit/537.36 (KHTML, like Gecko; compatible; bingbot/2.0; +http://www.bing.com/bingbot.htm) Chrome/116.0.1938.76 Safari/537.36"
52.167.144.185 - - [28/Aug/2026:06:55:26 +0200] "GET /dp/31c41c31356240 HTTP/1.1" 200 191868 "-" "Mozilla/5.0 AppleWebKit/537.36 (KHTML, like Gecko; compatible; bingbot/2.0; +http://www.bing.com/bingbot.htm) Chrome/116.0.1938.76 Safari/537.36"
52.167.144.185 - - [28/Aug/2026:06:55:27 +0200] "GET /dp/622161743149043 HTTP/1.1" 200 187047 "-" "Mozilla/5.0 AppleWebKit/537.36 (KHTML, like Gecko; compatible; bingbot/2.0; +http://www.bing.com/bingbot.htm) Chrome/116.0.1938.76 Safari/537.36"
52.167.144.185 - - [28/Aug/2026:06:55:28 +0200] "GET /dp/8c24180d2828486 HTTP/1.1" 200 182902 "-" "Mozilla/5.0 AppleWebKit/537.36 (KHTML, like Gecko; compatible; bingbot/2.0; +http://www.bing.com/bingbot.htm) Chrome/116.0.1938.76 Safari/537.36"
52.167.144.185 - - [28/Aug/2026:06:55:28 +0200] "GET /dp/c75a37c43763226 HTTP/1.1" 200 185626 "-" "Mozilla/5.0 AppleWebKit/537.36 (KHTML, like Gecko; compatible; bingbot/2.0; +http://www.bing.com/bingbot.htm) Chrome/116.0.1938.76 Safari/537.36"
52.167.144.185 - - [28/Aug/2026:06:55:29 +0200] "GET /dp/750128694395095 HTTP/1.1" 200 179072 "-" "Mozilla/5.0 AppleWebKit/537.36 (KHTML, like Gecko; compatible; bingbot/2.0; +http://www.bing.com/bingbot.htm) Chrome/116.0.1938.76 Safari/537.36"
52.167.144.185 - - [28/Aug/2026:06:55:30 +0200] "GET /dp/24b69fc4535565 HTTP/1.1" 200 190100 "-" "Mozilla/5.0 AppleWebKit/537.36 (KHTML, like Gecko; compatible; bingbot/2.0; +http://www.bing.com/bingbot.htm) Chrome/116.0.1938.76 Safari/537.36"
52.167.144.185 - - [28/Aug/2026:06:55:31 +0200] "GET /dp/502755502667956 HTTP/1.1" 200 185898 "-" "Mozilla/5.0 AppleWebKit/537.36 (KHTML, like Gecko; compatible; bingbot/2.0; +http://www.bing.com/bingbot.htm) Chrome/116.0.1938.76 Safari/537.36"
52.167.144.185 - - [28/Aug/2026:06:55:31 +0200] "GET /dp/ce4f7c254083063 HTTP/1.1" 200 185521 "-" "Mozilla/5.0 AppleWebKit/537.36 (KHTML, like Gecko; compatible; bingbot/2.0; +http://www.bing.com/bingbot.htm) Chrome/116.0.1938.76 Safari/537.36"
52.167.144.185 - - [28/Aug/2026:06:55:32 +0200] "GET /dp/fa35869b918643 HTTP/1.1" 200 194003 "-" "Mozilla/5.0 AppleWebKit/537.36 (KHTML, like Gecko; compatible; bingbot/2.0; +http://www.bing.com/bingbot.htm) Chrome/116.0.1938.76 Safari/537.36"
186.88.91.11 - - [28/Aug/2026:06:55:33 +0200] "GET /lucrm-constitue-le-fruit-des-reformes-du-secteur-de-lartisanat-dixit-le-dc-du-meta/?share=tumblr HTTP/1.1" 200 - "https://www.ucrm-togo.tg" "Mozilla/5.0 (Macintosh; Intel Mac OS X 10_15_7) AppleWebKit/537.36 (KHTML, like Gecko) Chrome/145.0.0.0 Safari/537.36"
52.167.144.185 - - [28/Aug/2026:06:55:33 +0200] "GET /dp/67a48498415555 HTTP/1.1" 200 196018 "-" "Mozilla/5.0 AppleWebKit/537.36 (KHTML, like Gecko; compatible; bingbot/2.0; +http://www.bing.com/bingbot.htm) Chrome/116.0.1938.76 Safari/537.36"
52.167.144.185 - - [28/Aug/2026:06:55:34 +0200] "GET /dp/795871762573136 HTTP/1.1" 200 185377 "-" "Mozilla/5.0 AppleWebKit/537.36 (KHTML, like Gecko; compatible; bingbot/2.0; +http://www.bing.com/bingbot.htm) Chrome/116.0.1938.76 Safari/537.36"
52.167.144.185 - - [28/Aug/2026:06:55:35 +0200] "GET /dp/c85e5132927363 HTTP/1.1" 200 183150 "-" "Mozilla/5.0 AppleWebKit/537.36 (KHTML, like Gecko; compatible; bingbot/2.0; +http://www.bing.com/bingbot.htm) Chrome/116.0.1938.76 Safari/537.36"
52.167.144.185 - - [28/Aug/2026:06:55:35 +0200] "GET /dp/b9b56327726507 HTTP/1.1" 200 181545 "-" "Mozilla/5.0 AppleWebKit/537.36 (KHTML, like Gecko; compatible; bingbot/2.0; +http://www.bing.com/bingbot.htm) Chrome/116.0.1938.76 Safari/537.36"
66.249.65.13 - - [28/Aug/2026:06:55:36 +0200] "GET /dp/809b7c381286295 HTTP/1.1" 200 180584 "-" "Mozilla/5.0 (Linux; Android 6.0.1; Nexus 5X Build/MMB29P) AppleWebKit/537.36 (KHTML, like Gecko) Chrome/151.0.7922.173 Mobile Safari/537.36 (compatible; GoogleOther)"
52.167.144.185 - - [28/Aug/2026:06:55:36 +0200] "GET /dp/a25540572760571 HTTP/1.1" 200 183352 "-" "Mozilla/5.0 AppleWebKit/537.36 (KHTML, like Gecko; compatible; bingbot/2.0; +http://www.bing.com/bingbot.htm) Chrome/116.0.1938.76 Safari/537.36"
52.167.144.185 - - [28/Aug/2026:06:55:37 +0200] "GET /dp/3d35178a599490 HTTP/1.1" 200 184045 "-" "Mozilla/5.0 AppleWebKit/537.36 (KHTML, like Gecko; compatible; bingbot/2.0; +http://www.bing.com/bingbot.htm) Chrome/116.0.1938.76 Safari/537.36"
52.167.144.185 - - [28/Aug/2026:06:55:38 +0200] "GET /dp/8640d39e764420 HTTP/1.1" 200 179051 "-" "Mozilla/5.0 AppleWebKit/537.36 (KHTML, like Gecko; compatible; bingbot/2.0; +http://www.bing.com/bingbot.htm) Chrome/116.0.1938.76 Safari/537.36"
52.167.144.185 - - [28/Aug/2026:06:55:38 +0200] "GET /dp/e5c294812974909 HTTP/1.1" 200 177605 "-" "Mozilla/5.0 AppleWebKit/537.36 (KHTML, like Gecko; compatible; bingbot/2.0; +http://www.bing.com/bingbot.htm) Chrome/116.0.1938.76 Safari/537.36"
66.249.65.13 - - [28/Aug/2026:06:55:41 +0200] "GET /dp/36ca13032206519 HTTP/1.1" 200 185613 "-" "Mozilla/5.0 (Linux; Android 6.0.1; Nexus 5X Build/MMB29P) AppleWebKit/537.36 (KHTML, like Gecko) Chrome/151.0.7922.173 Mobile Safari/537.36 (compatible; GoogleOther)"
66.249.65.12 - - [28/Aug/2026:06:55:45 +0200] "GET /dp/e76601084017665 HTTP/1.1" 200 186272 "-" "Mozilla/5.0 (Linux; Android 6.0.1; Nexus 5X Build/MMB29P) AppleWebKit/537.36 (KHTML, like Gecko) Chrome/151.0.7922.173 Mobile Safari/537.36 (compatible; GoogleOther)"
52.167.144.185 - - [28/Aug/2026:06:55:45 +0200] "GET /dp/1530253a785521 HTTP/1.1" 200 192803 "-" "Mozilla/5.0 AppleWebKit/537.36 (KHTML, like Gecko; compatible; bingbot/2.0; +http://www.bing.com/bingbot.htm) Chrome/116.0.1938.76 Safari/537.36"
52.167.144.185 - - [28/Aug/2026:06:55:46 +0200] "GET /dp/271195de1193404 HTTP/1.1" 200 181739 "-" "Mozilla/5.0 AppleWebKit/537.36 (KHTML, like Gecko; compatible; bingbot/2.0; +http://www.bing.com/bingbot.htm) Chrome/116.0.1938.76 Safari/537.36"
52.167.144.185 - - [28/Aug/2026:06:55:47 +0200] "GET /dp/1009a4174378363 HTTP/1.1" 200 187280 "-" "Mozilla/5.0 AppleWebKit/537.36 (KHTML, like Gecko; compatible; bingbot/2.0; +http://www.bing.com/bingbot.htm) Chrome/116.0.1938.76 Safari/537.36"
52.167.144.185 - - [28/Aug/2026:06:55:48 +0200] "GET /dp/b69a20053104543 HTTP/1.1" 200 177911 "-" "Mozilla/5.0 AppleWebKit/537.36 (KHTML, like Gecko; compatible; bingbot/2.0; +http://www.bing.com/bingbot.htm) Chrome/116.0.1938.76 Safari/537.36"
66.249.65.12 - - [28/Aug/2026:06:55:48 +0200] "GET /dp/2c8b1d4d119511 HTTP/1.1" 200 183555 "-" "Mozilla/5.0 (Linux; Android 6.0.1; Nexus 5X Build/MMB29P) AppleWebKit/537.36 (KHTML, like Gecko) Chrome/151.0.7922.173 Mobile Safari/537.36 (compatible; GoogleOther)"
52.167.144.185 - - [28/Aug/2026:06:55:49 +0200] "GET /dp/807145503095661 HTTP/1.1" 200 185161 "-" "Mozilla/5.0 AppleWebKit/537.36 (KHTML, like Gecko; compatible; bingbot/2.0; +http://www.bing.com/bingbot.htm) Chrome/116.0.1938.76 Safari/537.36"
52.167.144.185 - - [28/Aug/2026:06:55:49 +0200] "GET /dp/358aa83a1300226 HTTP/1.1" 200 187634 "-" "Mozilla/5.0 AppleWebKit/537.36 (KHTML, like Gecko; compatible; bingbot/2.0; +http://www.bing.com/bingbot.htm) Chrome/116.0.1938.76 Safari/537.36"
52.167.144.185 - - [28/Aug/2026:06:55:50 +0200] "GET /dp/b8f850682252803 HTTP/1.1" 200 185715 "-" "Mozilla/5.0 AppleWebKit/537.36 (KHTML, like Gecko; compatible; bingbot/2.0; +http://www.bing.com/bingbot.htm) Chrome/116.0.1938.76 Safari/537.36"
52.167.144.185 - - [28/Aug/2026:06:55:51 +0200] "GET /dp/77d976c91021950 HTTP/1.1" 200 186984 "-" "Mozilla/5.0 AppleWebKit/537.36 (KHTML, like Gecko; compatible; bingbot/2.0; +http://www.bing.com/bingbot.htm) Chrome/116.0.1938.76 Safari/537.36"
66.249.65.12 - - [28/Aug/2026:06:55:52 +0200] "GET /dp/0192216a380803 HTTP/1.1" 200 185884 "-" "Mozilla/5.0 (Linux; Android 6.0.1; Nexus 5X Build/MMB29P) AppleWebKit/537.36 (KHTML, like Gecko) Chrome/151.0.7922.173 Mobile Safari/537.36 (compatible; GoogleOther)"
52.167.144.185 - - [28/Aug/2026:06:55:52 +0200] "GET /dp/72984445990602 HTTP/1.1" 200 190072 "-" "Mozilla/5.0 AppleWebKit/537.36 (KHTML, like Gecko; compatible; bingbot/2.0; +http://www.bing.com/bingbot.htm) Chrome/116.0.1938.76 Safari/537.36"
52.167.144.185 - - [28/Aug/2026:06:55:53 +0200] "GET /dp/91556a341184865 HTTP/1.1" 200 182802 "-" "Mozilla/5.0 AppleWebKit/537.36 (KHTML, like Gecko; compatible; bingbot/2.0; +http://www.bing.com/bingbot.htm) Chrome/116.0.1938.76 Safari/537.36"
52.167.144.185 - - [28/Aug/2026:06:55:53 +0200] "GET /dp/47d44aaa2680318 HTTP/1.1" 200 186743 "-" "Mozilla/5.0 AppleWebKit/537.36 (KHTML, like Gecko; compatible; bingbot/2.0; +http://www.bing.com/bingbot.htm) Chrome/116.0.1938.76 Safari/537.36"
52.167.144.185 - - [28/Aug/2026:06:55:54 +0200] "GET /dp/961e91c21135603 HTTP/1.1" 200 180010 "-" "Mozilla/5.0 AppleWebKit/537.36 (KHTML, like Gecko; compatible; bingbot/2.0; +http://www.bing.com/bingbot.htm) Chrome/116.0.1938.76 Safari/537.36"
52.167.144.185 - - [28/Aug/2026:06:55:55 +0200] "GET /dp/321276154157715 HTTP/1.1" 200 178984 "-" "Mozilla/5.0 AppleWebKit/537.36 (KHTML, like Gecko; compatible; bingbot/2.0; +http://www.bing.com/bingbot.htm) Chrome/116.0.1938.76 Safari/537.36"
52.167.144.185 - - [28/Aug/2026:06:55:56 +0200] "GET /dp/d8813132106518 HTTP/1.1" 200 181713 "-" "Mozilla/5.0 AppleWebKit/537.36 (KHTML, like Gecko; compatible; bingbot/2.0; +http://www.bing.com/bingbot.htm) Chrome/116.0.1938.76 Safari/537.36"
52.167.144.185 - - [28/Aug/2026:06:55:56 +0200] "GET /dp/772fb0c81124627 HTTP/1.1" 200 177752 "-" "Mozilla/5.0 AppleWebKit/537.36 (KHTML, like Gecko; compatible; bingbot/2.0; +http://www.bing.com/bingbot.htm) Chrome/116.0.1938.76 Safari/537.36"
66.249.65.12 - - [28/Aug/2026:06:55:57 +0200] "GET /dp/e4ef10181681791 HTTP/1.1" 200 187143 "-" "Mozilla/5.0 (Linux; Android 6.0.1; Nexus 5X Build/MMB29P) AppleWebKit/537.36 (KHTML, like Gecko) Chrome/151.0.7922.173 Mobile Safari/537.36 (compatible; GoogleOther)"
52.167.144.185 - - [28/Aug/2026:06:55:57 +0200] "GET /dp/b3339a5f993447 HTTP/1.1" 200 196809 "-" "Mozilla/5.0 AppleWebKit/537.36 (KHTML, like Gecko; compatible; bingbot/2.0; +http://www.bing.com/bingbot.htm) Chrome/116.0.1938.76 Safari/537.36"
52.167.144.185 - - [28/Aug/2026:06:55:58 +0200] "GET /dp/efd208081127351 HTTP/1.1" 200 181730 "-" "Mozilla/5.0 AppleWebKit/537.36 (KHTML, like Gecko; compatible; bingbot/2.0; +http://www.bing.com/bingbot.htm) Chrome/116.0.1938.76 Safari/537.36"
52.167.144.185 - - [28/Aug/2026:06:55:59 +0200] "GET /dp/224fcd992740737 HTTP/1.1" 200 181649 "-" "Mozilla/5.0 AppleWebKit/537.36 (KHTML, like Gecko; compatible; bingbot/2.0; +http://www.bing.com/bingbot.htm) Chrome/116.0.1938.76 Safari/537.36"
66.249.65.12 - - [28/Aug/2026:06:55:59 +0200] "GET /dp/81c70140143789 HTTP/1.1" 200 180720 "-" "Mozilla/5.0 (Linux; Android 6.0.1; Nexus 5X Build/MMB29P) AppleWebKit/537.36 (KHTML, like Gecko) Chrome/151.0.7922.173 Mobile Safari/537.36 (compatible; GoogleOther)"
52.167.144.185 - - [28/Aug/2026:06:55:59 +0200] "GET /dp/95f822722311039 HTTP/1.1" 200 185610 "-" "Mozilla/5.0 AppleWebKit/537.36 (KHTML, like Gecko; compatible; bingbot/2.0; +http://www.bing.com/bingbot.htm) Chrome/116.0.1938.76 Safari/537.36"
52.167.144.185 - - [28/Aug/2026:06:56:00 +0200] "GET /dp/93d4306c2898729 HTTP/1.1" 200 177609 "-" "Mozilla/5.0 AppleWebKit/537.36 (KHTML, like Gecko; compatible; bingbot/2.0; +http://www.bing.com/bingbot.htm) Chrome/116.0.1938.76 Safari/537.36"
52.167.144.185 - - [28/Aug/2026:06:56:01 +0200] "GET /dp/41760827470502 HTTP/1.1" 200 188112 "-" "Mozilla/5.0 AppleWebKit/537.36 (KHTML, like Gecko; compatible; bingbot/2.0; +http://www.bing.com/bingbot.htm) Chrome/116.0.1938.76 Safari/537.36"
79.174.56.127 - - [28/Aug/2026:06:56:02 +0200] "GET /lancement-de-la-5eme-edition-de-miss-artisanat-togo-et-remise-de-kits-aux-laureates-de-2025/?share=pinterest HTTP/1.1" 200 - "https://www.ucrm-togo.tg" "Mozilla/5.0 (Windows NT 10.0; Win64; x64) AppleWebKit/537.36 (KHTML, like Gecko) Chrome/145.0.0.0 Safari/537.36"
66.249.65.12 - - [28/Aug/2026:06:56:02 +0200] "GET /dp/e85865c24458190 HTTP/1.1" 200 185297 "-" "Mozilla/5.0 (Linux; Android 6.0.1; Nexus 5X Build/MMB29P) AppleWebKit/537.36 (KHTML, like Gecko) Chrome/151.0.7922.173 Mobile Safari/537.36 (compatible; GoogleOther)"
52.167.144.185 - - [28/Aug/2026:06:56:02 +0200] "GET /dp/313fa586806663 HTTP/1.1" 200 194190 "-" "Mozilla/5.0 AppleWebKit/537.36 (KHTML, like Gecko; compatible; bingbot/2.0; +http://www.bing.com/bingbot.htm) Chrome/116.0.1938.76 Safari/537.36"
52.167.144.185 - - [28/Aug/2026:06:56:03 +0200] "GET /dp/0f627c8170141 HTTP/1.1" 200 186948 "-" "Mozilla/5.0 AppleWebKit/537.36 (KHTML, like Gecko; compatible; bingbot/2.0; +http://www.bing.com/bingbot.htm) Chrome/116.0.1938.76 Safari/537.36"
52.167.144.185 - - [28/Aug/2026:06:56:03 +0200] "GET /dp/f40420011000255 HTTP/1.1" 200 188849 "-" "Mozilla/5.0 AppleWebKit/537.36 (KHTML, like Gecko; compatible; bingbot/2.0; +http://www.bing.com/bingbot.htm) Chrome/116.0.1938.76 Safari/537.36"
66.249.65.12 - - [28/Aug/2026:06:56:04 +0200] "GET /dp/60e59c974370599 HTTP/1.1" 200 180168 "-" "Mozilla/5.0 (Linux; Android 6.0.1; Nexus 5X Build/MMB29P) AppleWebKit/537.36 (KHTML, like Gecko) Chrome/151.0.7922.173 Mobile Safari/537.36 (compatible; GoogleOther)"
