66.249.65.12 - - [28/Aug/2026:06:16:16 +0200] "GET /dp/b8e045042331529 HTTP/1.1" 200 179847 "-" "Mozilla/5.0 (Linux; Android 6.0.1; Nexus 5X Build/MMB29P) AppleWebKit/537.36 (KHTML, like Gecko) Chrome/151.0.7922.173 Mobile Safari/537.36 (compatible; Googlebot/2.1; +http://www.google.com/bot.html)"
66.249.65.12 - - [28/Aug/2026:06:16:17 +0200] "GET /dp/0f8f90162756613 HTTP/1.1" 200 180863 "-" "Mozilla/5.0 (Linux; Android 6.0.1; Nexus 5X Build/MMB29P) AppleWebKit/537.36 (KHTML, like Gecko) Chrome/151.0.7922.173 Mobile Safari/537.36 (compatible; GoogleOther)"
180.191.102.88 - - [28/Aug/2026:06:16:20 +0200] "GET /ucrm-elargit-son-reseau-de-partenariat-avec-cjet-dd-ma-et-le-centre-de-formation-chiyel/?share=pinterest HTTP/1.1" 200 - "https://www.ucrm-togo.tg" "Mozilla/5.0 (Windows NT 10.0; Win64; x64) AppleWebKit/537.36 (KHTML, like Gecko) Chrome/144.0.0.0 Safari/537.36"
188.54.102.123 - - [28/Aug/2026:06:16:32 +0200] "GET /tag/officilement/ HTTP/1.1" 200 - "https://www.ucrm-togo.tg" "Mozilla/5.0 (Windows NT 10.0; Win64; x64) AppleWebKit/537.36 (KHTML, like Gecko) Chrome/143.0.0.0 Safari/537.36"
66.249.65.12 - - [28/Aug/2026:06:16:37 +0200] "GET /dp/8840d71d2719915 HTTP/1.1" 200 184882 "-" "Mozilla/5.0 (Linux; Android 6.0.1; Nexus 5X Build/MMB29P) AppleWebKit/537.36 (KHTML, like Gecko) Chrome/151.0.7922.173 Mobile Safari/537.36 (compatible; GoogleOther)"
66.249.65.12 - - [28/Aug/2026:06:16:52 +0200] "GET /dp/8131222a3593075 HTTP/1.1" 200 182857 "-" "Mozilla/5.0 (Linux; Android 6.0.1; Nexus 5X Build/MMB29P) AppleWebKit/537.36 (KHTML, like Gecko) Chrome/151.0.7922.173 Mobile Safari/537.36 (compatible; GoogleOther)"
103.173.82.11 - - [28/Aug/2026:06:17:04 +0200] "GET / HTTP/1.1" 200 5206 "https://www.ucrm-togo.tg/" "Mozilla/5.0 (iPhone; CPU iPhone OS 17_3_1 like Mac OS X) AppleWebKit/605.1.15 (KHTML, like Gecko) FxiOS/124.0  Mobile/15E148 Safari/605.1.15"
66.249.65.12 - - [28/Aug/2026:06:17:09 +0200] "GET /dp/020e5769517740 HTTP/1.1" 200 190385 "-" "Mozilla/5.0 (Linux; Android 6.0.1; Nexus 5X Build/MMB29P) AppleWebKit/537.36 (KHTML, like Gecko) Chrome/151.0.7922.173 Mobile Safari/537.36 (compatible; Googlebot/2.1; +http://www.google.com/bot.html)"
185.170.252.32 - - [28/Aug/2026:06:17:14 +0200] "GET / HTTP/1.1" 200 5206 "-" "Mozilla/5.0 (iPhone; CPU iPhone OS 17_0 like Mac OS X) AppleWebKit/605.1.15 (KHTML, like Gecko) Version/17.0 Mobile/15E148 Safari/604.1"
102.214.117.54 - - [28/Aug/2026:06:17:22 +0200] "GET /marche-international-de-lartisanat-du-togo/?share=skype HTTP/1.1" 200 - "https://www.ucrm-togo.tg" "Mozilla/5.0 (Windows NT 10.0; Win64; x64) AppleWebKit/537.36 (KHTML, like Gecko) Chrome/144.0.0.0 Safari/537.36 Edg/144.0.0.0"
66.249.65.12 - - [28/Aug/2026:06:18:00 +0200] "GET /dp/0b2111691052931 HTTP/1.1" 200 185393 "-" "Mozilla/5.0 (Linux; Android 6.0.1; Nexus 5X Build/MMB29P) AppleWebKit/537.36 (KHTML, like Gecko) Chrome/151.0.7922.173 Mobile Safari/537.36 (compatible; GoogleOther)"
66.249.65.13 - - [28/Aug/2026:06:18:54 +0200] "GET /dp/2a3271483266979 HTTP/1.1" 200 184798 "-" "Mozilla/5.0 (Linux; Android 6.0.1; Nexus 5X Build/MMB29P) AppleWebKit/537.36 (KHTML, like Gecko) Chrome/151.0.7922.173 Mobile Safari/537.36 (compatible; Googlebot/2.1; +http://www.google.com/bot.html)"
192.144.89.197 - - [28/Aug/2026:06:19:04 +0200] "GET /actualites/ HTTP/1.1" 200 - "-" "Mozilla/5.0 (iPhone; CPU iPhone OS 18_6 like Mac OS X) AppleWebKit/605.1.15 (KHTML, like Gecko) CriOS/150.0.0.0 Mobile/15E148 Safari/604.1"
138.84.149.2 - - [28/Aug/2026:06:19:05 +0200] "GET /les-membres-des-bureaux-des-chambres-prefectorales-de-metiers-des-plateaux-officiellement-installes/?share=jetpack-whatsapp HTTP/1.1" 200 - "https://www.ucrm-togo.tg" "Mozilla/5.0 (Macintosh; Intel Mac OS X 10_15_7) AppleWebKit/537.36 (KHTML, like Gecko) Chrome/145.0.0.0 Safari/537.36"
66.249.65.13 - - [28/Aug/2026:06:19:14 +0200] "GET /dp/d22976883576039 HTTP/1.1" 200 180661 "-" "Mozilla/5.0 (Linux; Android 6.0.1; Nexus 5X Build/MMB29P) AppleWebKit/537.36 (KHTML, like Gecko) Chrome/151.0.7922.173 Mobile Safari/537.36 (compatible; GoogleOther)"
20.125.163.80 - - [28/Aug/2026:06:19:18 +0200] "GET /dp/08f2d4d64400730 HTTP/1.1" 200 182322 "-" "Mozilla/5.0 AppleWebKit/537.36 (KHTML, like Gecko; compatible; bingbot/2.0; +http://www.bing.com/bingbot.htm) Chrome/116.0.1938.76 Safari/537.36"
102.64.152.141 - - [28/Aug/2026:06:19:35 +0200] "GET / HTTP/1.1" 200 5206 "-" "Mozilla/5.0 (Windows NT 10.0; Win64; x64) AppleWebKit/537.36 (KHTML, like Gecko) Chrome/151.0.0.0 Safari/537.36"
179.108.3.204 - - [28/Aug/2026:06:19:45 +0200] "GET /vue-densemble-sur-la-quatrieme-edition-du-miato/?share=telegram HTTP/1.1" 200 - "https://www.ucrm-togo.tg" "Mozilla/5.0 (Windows NT 10.0; Win64; x64) AppleWebKit/537.36 (KHTML, like Gecko) Chrome/145.0.0.0 Safari/537.36"
66.249.65.13 - - [28/Aug/2026:06:19:51 +0200] "GET /dp/8840d71d2719915 HTTP/1.1" 200 184882 "-" "Mozilla/5.0 (Linux; Android 6.0.1; Nexus 5X Build/MMB29P) AppleWebKit/537.36 (KHTML, like Gecko) Chrome/151.0.7922.173 Mobile Safari/537.36 (compatible; Googlebot/2.1; +http://www.google.com/bot.html)"
66.249.65.12 - - [28/Aug/2026:06:19:57 +0200] "GET /dp/087388303081886 HTTP/1.1" 200 185209 "-" "Mozilla/5.0 (Linux; Android 6.0.1; Nexus 5X Build/MMB29P) AppleWebKit/537.36 (KHTML, like Gecko) Chrome/151.0.7922.173 Mobile Safari/537.36 (compatible; GoogleOther)"
66.249.65.12 - - [28/Aug/2026:06:20:03 +0200] "GET /dp/780b1f971231247 HTTP/1.1" 200 187077 "-" "Mozilla/5.0 (Linux; Android 6.0.1; Nexus 5X Build/MMB29P) AppleWebKit/537.36 (KHTML, like Gecko) Chrome/151.0.7922.173 Mobile Safari/537.36 (compatible; GoogleOther)"
117.99.133.97 - - [28/Aug/2026:06:20:05 +0200] "GET /situation-statistique-du-registre-de-metiers-informatise-a-la-date-du-2021-10-1/?share=tumblr HTTP/1.1" 200 - "https://www.ucrm-togo.tg" "Mozilla/5.0 (Windows NT 10.0; Win64; x64) AppleWebKit/537.36 (KHTML, like Gecko) Chrome/144.0.0.0 Safari/537.36"
190.192.118.115 - - [28/Aug/2026:06:20:07 +0200] "GET /apotheose-des-jat-crm-maritime/?share=pinterest HTTP/1.1" 200 - "https://www.ucrm-togo.tg" "Mozilla/5.0 (Macintosh; Intel Mac OS X 10_15_7) AppleWebKit/537.36 (KHTML, like Gecko) Chrome/144.0.0.0 Safari/537.36"
182.10.131.8 - - [28/Aug/2026:06:20:10 +0200] "GET /les-inscriptions-au-coaching-managerial-continuent-jusquau-mercredi-09-octobre-2024/?share=tumblr HTTP/1.1" 200 - "https://www.ucrm-togo.tg" "Mozilla/5.0 (Macintosh; Intel Mac OS X 10_15_7) AppleWebKit/537.36 (KHTML, like Gecko) Chrome/145.0.0.0 Safari/537.36"
66.249.65.12 - - [28/Aug/2026:06:20:14 +0200] "GET /dp/81de8092740185 HTTP/1.1" 200 181122 "-" "Mozilla/5.0 (Linux; Android 6.0.1; Nexus 5X Build/MMB29P) AppleWebKit/537.36 (KHTML, like Gecko) Chrome/151.0.7922.173 Mobile Safari/537.36 (compatible; GoogleOther)"
66.249.65.12 - - [28/Aug/2026:06:20:19 +0200] "GET /dp/831812393405298 HTTP/1.1" 200 185276 "-" "Mozilla/5.0 (Linux; Android 6.0.1; Nexus 5X Build/MMB29P) AppleWebKit/537.36 (KHTML, like Gecko) Chrome/151.0.7922.173 Mobile Safari/537.36 (compatible; GoogleOther)"
66.249.65.12 - - [28/Aug/2026:06:20:37 +0200] "GET /dp/0b2111691052931 HTTP/1.1" 200 185393 "-" "Mozilla/5.0 (Linux; Android 6.0.1; Nexus 5X Build/MMB29P) AppleWebKit/537.36 (KHTML, like Gecko) Chrome/151.0.7922.173 Mobile Safari/537.36 (compatible; Googlebot/2.1; +http://www.google.com/bot.html)"
66.249.65.12 - - [28/Aug/2026:06:20:43 +0200] "GET /dp/0fc4b2013413656 HTTP/1.1" 200 180413 "-" "Mozilla/5.0 (Linux; Android 6.0.1; Nexus 5X Build/MMB29P) AppleWebKit/537.36 (KHTML, like Gecko) Chrome/151.0.7922.173 Mobile Safari/537.36 (compatible; GoogleOther)"
94.249.49.57 - - [28/Aug/2026:06:20:56 +0200] "GET /deux-ans-comme-dg-a-la-tete-de-lunion-des-chambres-regionales-de-metiers-du-togo/?share=facebook HTTP/1.1" 200 - "https://www.ucrm-togo.tg" "Mozilla/5.0 (Windows NT 10.0; Win64; x64) AppleWebKit/537.36 (KHTML, like Gecko) Chrome/144.0.0.0 Safari/537.36"
104.165.0.58 - - [28/Aug/2026:06:20:56 +0200] "GET / HTTP/1.1" 200 5206 "-" "Mozilla/5.0 (iPhone; CPU iPhone OS 18_6 like Mac OS X) AppleWebKit/605.1.15 (KHTML, like Gecko) CriOS/150.0.0.0 Mobile/15E148 Safari/604.1"
66.249.65.13 - - [28/Aug/2026:06:21:02 +0200] "GET /dp/895d36592522688 HTTP/1.1" 200 185863 "-" "Mozilla/5.0 (Linux; Android 6.0.1; Nexus 5X Build/MMB29P) AppleWebKit/537.36 (KHTML, like Gecko) Chrome/151.0.7922.173 Mobile Safari/537.36 (compatible; GoogleOther)"
66.249.65.12 - - [28/Aug/2026:06:21:06 +0200] "GET /dp/8e6907fd3965176 HTTP/1.1" 200 181503 "-" "Mozilla/5.0 (Linux; Android 6.0.1; Nexus 5X Build/MMB29P) AppleWebKit/537.36 (KHTML, like Gecko) Chrome/151.0.7922.173 Mobile Safari/537.36 (compatible; GoogleOther)"
66.249.65.12 - - [28/Aug/2026:06:21:36 +0200] "GET /dp/81de8092740185 HTTP/1.1" 200 181122 "-" "Mozilla/5.0 (Linux; Android 6.0.1; Nexus 5X Build/MMB29P) AppleWebKit/537.36 (KHTML, like Gecko) Chrome/151.0.7922.173 Mobile Safari/537.36 (compatible; Googlebot/2.1; +http://www.google.com/bot.html)"
66.249.65.14 - - [28/Aug/2026:06:22:37 +0200] "GET /dp/d22976883576039 HTTP/1.1" 200 180661 "-" "Mozilla/5.0 (Linux; Android 6.0.1; Nexus 5X Build/MMB29P) AppleWebKit/537.36 (KHTML, like Gecko) Chrome/151.0.7922.173 Mobile Safari/537.36 (compatible; Googlebot/2.1; +http://www.google.com/bot.html)"
66.249.65.12 - - [28/Aug/2026:06:22:37 +0200] "GET /dp/895d36592522688 HTTP/1.1" 200 185863 "-" "Mozilla/5.0 (Linux; Android 6.0.1; Nexus 5X Build/MMB29P) AppleWebKit/537.36 (KHTML, like Gecko) Chrome/151.0.7922.173 Mobile Safari/537.36 (compatible; Googlebot/2.1; +http://www.google.com/bot.html)"
66.249.65.12 - - [28/Aug/2026:06:22:40 +0200] "GET /dp/529855532053813 HTTP/1.1" 200 189988 "-" "Mozilla/5.0 (Linux; Android 6.0.1; Nexus 5X Build/MMB29P) AppleWebKit/537.36 (KHTML, like Gecko) Chrome/151.0.7922.173 Mobile Safari/537.36 (compatible; GoogleOther)"
57.141.20.18 - - [28/Aug/2026:06:22:44 +0200] "GET /sensibilisation-des-artisans-de-la-region-centrale-sur-la-deuxieme-edition-du-miato/ HTTP/1.1" 200 - "-" "Mozilla/5.0 (Windows NT 10.0; Win64; x64) AppleWebKit/537.36 (KHTML, like Gecko) Chrome/145.0.0.0 Safari/537.36 (compatible; meta-externalagent/1.1 (+https://developers.facebook.com/docs/sharing/webmasters/crawler))"
185.191.171.12 - - [28/Aug/2026:06:23:00 +0200] "GET /formations-techniques-de-perfectionnement-des-artisans/ HTTP/1.1" 200 - "-" "Mozilla/5.0 (compatible; SemrushBot/7~bl; +http://www.semrush.com/bot.html)"
66.249.65.14 - - [28/Aug/2026:06:23:07 +0200] "GET /dp/b8490f002053813 HTTP/1.1" 200 185931 "-" "Mozilla/5.0 (Linux; Android 6.0.1; Nexus 5X Build/MMB29P) AppleWebKit/537.36 (KHTML, like Gecko) Chrome/151.0.7922.173 Mobile Safari/537.36 (compatible; GoogleOther)"
66.249.65.13 - - [28/Aug/2026:06:23:10 +0200] "GET /dp/0a268f472101460 HTTP/1.1" 200 188474 "-" "Mozilla/5.0 (Linux; Android 6.0.1; Nexus 5X Build/MMB29P) AppleWebKit/537.36 (KHTML, like Gecko) Chrome/151.0.7922.173 Mobile Safari/537.36 (compatible; GoogleOther)"
66.249.65.12 - - [28/Aug/2026:06:23:14 +0200] "GET /dp/0fc4b2013413656 HTTP/1.1" 200 180413 "-" "Mozilla/5.0 (Linux; Android 6.0.1; Nexus 5X Build/MMB29P) AppleWebKit/537.36 (KHTML, like Gecko) Chrome/151.0.7922.173 Mobile Safari/537.36 (compatible; Googlebot/2.1; +http://www.google.com/bot.html)"
185.191.171.18 - - [28/Aug/2026:06:23:21 +0200] "GET /article-tissage-de-pagnes-au-togo-un-atelier-national-pour-booster-la-chaine-de-valeur/ HTTP/1.1" 200 - "-" "Mozilla/5.0 (compatible; SemrushBot/7~bl; +http://www.semrush.com/bot.html)"
66.249.65.12 - - [28/Aug/2026:06:23:26 +0200] "GET /dp/501ef6751921449 HTTP/1.1" 200 182821 "-" "Mozilla/5.0 (Linux; Android 6.0.1; Nexus 5X Build/MMB29P) AppleWebKit/537.36 (KHTML, like Gecko) Chrome/151.0.7922.173 Mobile Safari/537.36 (compatible; GoogleOther)"
102.64.220.139 - - [28/Aug/2026:06:23:34 +0200] "GET /bureaux/crm-lome-commune/ HTTP/1.1" 200 - "https://www.google.com/" "Mozilla/5.0 (Linux; Android 10; K) AppleWebKit/537.36 (KHTML, like Gecko) Chrome/151.0.0.0 Mobile Safari/537.36"
102.64.220.139 - - [28/Aug/2026:06:23:34 +0200] "GET /favicon.ico HTTP/1.1" 200 - "https://www.ucrm-togo.tg/bureaux/crm-lome-commune/" "Mozilla/5.0 (Linux; Android 10; K) AppleWebKit/537.36 (KHTML, like Gecko) Chrome/151.0.0.0 Mobile Safari/537.36"
185.191.171.12 - - [28/Aug/2026:06:23:48 +0200] "GET /encore-1-jour-de-marcheavant-le-bouquet-final/ HTTP/1.1" 200 - "-" "Mozilla/5.0 (compatible; SemrushBot/7~bl; +http://www.semrush.com/bot.html)"
66.249.65.12 - - [28/Aug/2026:06:23:52 +0200] "GET /dp/62c795444322754 HTTP/1.1" 200 178266 "-" "Mozilla/5.0 (Linux; Android 6.0.1; Nexus 5X Build/MMB29P) AppleWebKit/537.36 (KHTML, like Gecko) Chrome/151.0.7922.173 Mobile Safari/537.36 (compatible; GoogleOther)"
66.249.65.12 - - [28/Aug/2026:06:23:54 +0200] "GET /dp/f084fd044127930 HTTP/1.1" 200 181832 "-" "Mozilla/5.0 (Linux; Android 6.0.1; Nexus 5X Build/MMB29P) AppleWebKit/537.36 (KHTML, like Gecko) Chrome/151.0.7922.173 Mobile Safari/537.36 (compatible; GoogleOther)"
102.64.220.139 - - [28/Aug/2026:06:24:00 +0200] "GET /bureaux/crm-lome-commune/ HTTP/1.1" 200 - "https://www.google.com/" "Mozilla/5.0 (Linux; Android 10; K) AppleWebKit/537.36 (KHTML, like Gecko) Chrome/151.0.0.0 Mobile Safari/537.36"
102.64.220.139 - - [28/Aug/2026:06:24:00 +0200] "GET /favicon.ico HTTP/1.1" 200 - "https://www.ucrm-togo.tg/bureaux/crm-lome-commune/" "Mozilla/5.0 (Linux; Android 10; K) AppleWebKit/537.36 (KHTML, like Gecko) Chrome/151.0.0.0 Mobile Safari/537.36"
102.64.220.139 - - [28/Aug/2026:06:24:03 +0200] "GET /bureaux/crm-lome-commune/ HTTP/1.1" 200 - "https://www.google.com/" "Mozilla/5.0 (Linux; Android 10; K) AppleWebKit/537.36 (KHTML, like Gecko) Chrome/151.0.0.0 Mobile Safari/537.36"
102.64.220.139 - - [28/Aug/2026:06:24:04 +0200] "GET /favicon.ico HTTP/1.1" 200 - "https://www.ucrm-togo.tg/bureaux/crm-lome-commune/" "Mozilla/5.0 (Linux; Android 10; K) AppleWebKit/537.36 (KHTML, like Gecko) Chrome/151.0.0.0 Mobile Safari/537.36"
102.64.220.139 - - [28/Aug/2026:06:24:06 +0200] "GET /bureaux/crm-lome-commune/ HTTP/1.1" 200 - "https://www.google.com/" "Mozilla/5.0 (Linux; Android 10; K) AppleWebKit/537.36 (KHTML, like Gecko) Chrome/151.0.0.0 Mobile Safari/537.36"
102.64.220.139 - - [28/Aug/2026:06:24:06 +0200] "GET /favicon.ico HTTP/1.1" 200 - "https://www.ucrm-togo.tg/bureaux/crm-lome-commune/" "Mozilla/5.0 (Linux; Android 10; K) AppleWebKit/537.36 (KHTML, like Gecko) Chrome/151.0.0.0 Mobile Safari/537.36"
66.249.65.12 - - [28/Aug/2026:06:24:28 +0200] "GET /dp/83a3b1251802103 HTTP/1.1" 200 185694 "-" "Mozilla/5.0 (Linux; Android 6.0.1; Nexus 5X Build/MMB29P) AppleWebKit/537.36 (KHTML, like Gecko) Chrome/151.0.7922.173 Mobile Safari/537.36 (compatible; GoogleOther)"
102.64.220.139 - - [28/Aug/2026:06:24:31 +0200] "GET /bureaux/crm-lome-commune/ HTTP/1.1" 200 - "-" "Mozilla/5.0 (Linux; Android 10; K) AppleWebKit/537.36 (KHTML, like Gecko) Chrome/151.0.0.0 Mobile Safari/537.36"
102.64.220.139 - - [28/Aug/2026:06:24:32 +0200] "GET /favicon.ico HTTP/1.1" 200 - "https://www.ucrm-togo.tg/bureaux/crm-lome-commune/" "Mozilla/5.0 (Linux; Android 10; K) AppleWebKit/537.36 (KHTML, like Gecko) Chrome/151.0.0.0 Mobile Safari/537.36"
66.249.65.14 - - [28/Aug/2026:06:25:54 +0200] "GET /dp/744545ed89072 HTTP/1.1" 200 182717 "-" "Mozilla/5.0 (Linux; Android 6.0.1; Nexus 5X Build/MMB29P) AppleWebKit/537.36 (KHTML, like Gecko) Chrome/151.0.7922.173 Mobile Safari/537.36 (compatible; GoogleOther)"
66.249.65.12 - - [28/Aug/2026:06:25:57 +0200] "GET /dp/831812393405298 HTTP/1.1" 200 185276 "-" "Mozilla/5.0 (Linux; Android 6.0.1; Nexus 5X Build/MMB29P) AppleWebKit/537.36 (KHTML, like Gecko) Chrome/151.0.7922.173 Mobile Safari/537.36 (compatible; Googlebot/2.1; +http://www.google.com/bot.html)"
102.64.220.139 - - [28/Aug/2026:06:26:39 +0200] "GET /crm-dagl/ HTTP/1.1" 200 - "https://www.google.com/" "Mozilla/5.0 (Linux; Android 10; K) AppleWebKit/537.36 (KHTML, like Gecko) Chrome/151.0.0.0 Mobile Safari/537.36"
102.64.220.139 - - [28/Aug/2026:06:26:39 +0200] "GET /favicon.ico HTTP/1.1" 200 - "https://www.ucrm-togo.tg/crm-dagl/" "Mozilla/5.0 (Linux; Android 10; K) AppleWebKit/537.36 (KHTML, like Gecko) Chrome/151.0.0.0 Mobile Safari/537.36"
66.249.65.13 - - [28/Aug/2026:06:26:40 +0200] "GET /dp/c932c55b3087486 HTTP/1.1" 200 181056 "-" "Mozilla/5.0 (Linux; Android 6.0.1; Nexus 5X Build/MMB29P) AppleWebKit/537.36 (KHTML, like Gecko) Chrome/151.0.7922.173 Mobile Safari/537.36 (compatible; Googlebot/2.1; +http://www.google.com/bot.html)"
185.191.171.8 - - [28/Aug/2026:06:26:45 +0200] "GET /de-cologne-en-passant-par-bamako-et-ouaga-des-artisans-togolais-ont-vecu-des-experiences-utiles-et-pratiques/ HTTP/1.1" 200 - "-" "Mozilla/5.0 (compatible; SemrushBot/7~bl; +http://www.semrush.com/bot.html)"
102.64.220.139 - - [28/Aug/2026:06:26:54 +0200] "GET /crm-dagl/ HTTP/1.1" 200 - "https://www.google.com/" "Mozilla/5.0 (Linux; Android 10; K) AppleWebKit/537.36 (KHTML, like Gecko) Chrome/151.0.0.0 Mobile Safari/537.36"
102.64.220.139 - - [28/Aug/2026:06:26:54 +0200] "GET /favicon.ico HTTP/1.1" 200 - "https://www.ucrm-togo.tg/crm-dagl/" "Mozilla/5.0 (Linux; Android 10; K) AppleWebKit/537.36 (KHTML, like Gecko) Chrome/151.0.0.0 Mobile Safari/537.36"
102.64.220.139 - - [28/Aug/2026:06:26:56 +0200] "GET /crm-dagl/ HTTP/1.1" 200 - "https://www.google.com/" "Mozilla/5.0 (Linux; Android 10; K) AppleWebKit/537.36 (KHTML, like Gecko) Chrome/151.0.0.0 Mobile Safari/537.36"
102.64.220.139 - - [28/Aug/2026:06:26:56 +0200] "GET /favicon.ico HTTP/1.1" 200 - "https://www.ucrm-togo.tg/crm-dagl/" "Mozilla/5.0 (Linux; Android 10; K) AppleWebKit/537.36 (KHTML, like Gecko) Chrome/151.0.0.0 Mobile Safari/537.36"
103.53.39.101 - - [28/Aug/2026:06:27:04 +0200] "GET /actualites/ HTTP/1.1" 200 - "-" "Mozilla/5.0 (iPhone; CPU iPhone OS 18_3 like Mac OS X) AppleWebKit/605.1.15 (KHTML, like Gecko) FxiOS/108.0 Mobile/15E148 Safari/605.1.15"
188.51.224.190 - - [28/Aug/2026:06:27:13 +0200] "GET /les-jat-en-mode-concurrence-dans-le-vo/?share=linkedin HTTP/1.1" 200 - "https://www.ucrm-togo.tg" "Mozilla/5.0 (Windows NT 10.0; Win64; x64) AppleWebKit/537.36 (KHTML, like Gecko) Chrome/144.0.0.0 Safari/537.36 Edg/144.0.0.0"
57.141.20.43 - - [28/Aug/2026:06:27:16 +0200] "GET /tag/generale/ HTTP/1.1" 200 - "-" "Mozilla/5.0 (Macintosh; Intel Mac OS X 10_15_7) AppleWebKit/537.36 (KHTML, like Gecko) Chrome/145.0.0.0 Safari/537.36 (compatible; meta-externalagent/1.1 (+https://developers.facebook.com/docs/sharing/webmasters/crawler))"
57.141.20.35 - - [28/Aug/2026:06:27:27 +0200] "GET /tag/lenergie/ HTTP/1.1" 200 - "-" "Mozilla/5.0 (Macintosh; Intel Mac OS X 10_15_7) AppleWebKit/537.36 (KHTML, like Gecko) Chrome/145.0.0.0 Safari/537.36 (compatible; meta-externalagent/1.1 (+https://developers.facebook.com/docs/sharing/webmasters/crawler))"
66.249.65.13 - - [28/Aug/2026:06:27:32 +0200] "GET /dp/744545ed89072 HTTP/1.1" 200 182717 "-" "Mozilla/5.0 (Linux; Android 6.0.1; Nexus 5X Build/MMB29P) AppleWebKit/537.36 (KHTML, like Gecko) Chrome/151.0.7922.173 Mobile Safari/537.36 (compatible; Googlebot/2.1; +http://www.google.com/bot.html)"
66.249.65.13 - - [28/Aug/2026:06:27:46 +0200] "GET /dp/31001f25470457 HTTP/1.1" 200 187621 "-" "Mozilla/5.0 (Linux; Android 6.0.1; Nexus 5X Build/MMB29P) AppleWebKit/537.36 (KHTML, like Gecko) Chrome/151.0.7922.173 Mobile Safari/537.36 (compatible; GoogleOther)"
66.249.65.12 - - [28/Aug/2026:06:27:56 +0200] "GET /dp/3d16d1081010456 HTTP/1.1" 200 188831 "-" "Mozilla/5.0 (Linux; Android 6.0.1; Nexus 5X Build/MMB29P) AppleWebKit/537.36 (KHTML, like Gecko) Chrome/151.0.7922.173 Mobile Safari/537.36 (compatible; GoogleOther)"
66.249.65.13 - - [28/Aug/2026:06:28:04 +0200] "GET /dp/22ca14791410774 HTTP/1.1" 200 187409 "-" "Mozilla/5.0 (Linux; Android 6.0.1; Nexus 5X Build/MMB29P) AppleWebKit/537.36 (KHTML, like Gecko) Chrome/151.0.7922.173 Mobile Safari/537.36 (compatible; GoogleOther)"
40.77.167.22 - - [28/Aug/2026:06:28:19 +0200] "GET /le-president-issa-fait-le-bilan-du-cfa-2022-avec-toutes-les-crm/ HTTP/1.1" 200 185884 "-" "Mozilla/5.0 AppleWebKit/537.36 (KHTML, like Gecko; compatible; bingbot/2.0; +http://www.bing.com/bingbot.htm) Chrome/116.0.1938.76 Safari/537.36"
66.249.65.13 - - [28/Aug/2026:06:28:19 +0200] "GET /dp/e20a0d89656939 HTTP/1.1" 200 184783 "-" "Mozilla/5.0 (Linux; Android 6.0.1; Nexus 5X Build/MMB29P) AppleWebKit/537.36 (KHTML, like Gecko) Chrome/151.0.7922.173 Mobile Safari/537.36 (compatible; GoogleOther)"
66.249.65.12 - - [28/Aug/2026:06:28:25 +0200] "GET /dp/8a78e4e74249729 HTTP/1.1" 200 180253 "-" "Mozilla/5.0 (Linux; Android 6.0.1; Nexus 5X Build/MMB29P) AppleWebKit/537.36 (KHTML, like Gecko) Chrome/151.0.7922.173 Mobile Safari/537.36 (compatible; GoogleOther)"
66.249.65.12 - - [28/Aug/2026:06:28:26 +0200] "GET /dp/31001f25470457 HTTP/1.1" 200 187621 "-" "Mozilla/5.0 (Linux; Android 6.0.1; Nexus 5X Build/MMB29P) AppleWebKit/537.36 (KHTML, like Gecko) Chrome/151.0.7922.173 Mobile Safari/537.36 (compatible; Googlebot/2.1; +http://www.google.com/bot.html)"
66.249.65.12 - - [28/Aug/2026:06:29:11 +0200] "GET /dp/864805fd593506 HTTP/1.1" 200 185113 "-" "Mozilla/5.0 (Linux; Android 6.0.1; Nexus 5X Build/MMB29P) AppleWebKit/537.36 (KHTML, like Gecko) Chrome/151.0.7922.173 Mobile Safari/537.36 (compatible; GoogleOther)"
66.249.65.13 - - [28/Aug/2026:06:29:17 +0200] "GET /dp/501ef6751921449 HTTP/1.1" 200 182821 "-" "Mozilla/5.0 (Linux; Android 6.0.1; Nexus 5X Build/MMB29P) AppleWebKit/537.36 (KHTML, like Gecko) Chrome/151.0.7922.173 Mobile Safari/537.36 (compatible; Googlebot/2.1; +http://www.google.com/bot.html)"
66.249.65.13 - - [28/Aug/2026:06:29:17 +0200] "GET /dp/bf7b00243133178 HTTP/1.1" 200 179964 "-" "Mozilla/5.0 (Linux; Android 6.0.1; Nexus 5X Build/MMB29P) AppleWebKit/537.36 (KHTML, like Gecko) Chrome/151.0.7922.173 Mobile Safari/537.36 (compatible; GoogleOther)"
103.58.73.173 - - [28/Aug/2026:06:29:36 +0200] "GET /m-eke-kokou-hodin-honore-par-lucrm/?share=twitter HTTP/1.1" 200 - "https://www.ucrm-togo.tg" "Mozilla/5.0 (Windows NT 10.0; Win64; x64) AppleWebKit/537.36 (KHTML, like Gecko) Chrome/143.0.0.0 Safari/537.36"
40.77.167.22 - - [28/Aug/2026:06:29:38 +0200] "GET /dp/107149102900765 HTTP/1.1" 200 181756 "-" "Mozilla/5.0 AppleWebKit/537.36 (KHTML, like Gecko; compatible; bingbot/2.0; +http://www.bing.com/bingbot.htm) Chrome/116.0.1938.76 Safari/537.36"
40.77.167.22 - - [28/Aug/2026:06:29:39 +0200] "GET /dp/352dea3b1900794 HTTP/1.1" 200 182026 "-" "Mozilla/5.0 AppleWebKit/537.36 (KHTML, like Gecko; compatible; bingbot/2.0; +http://www.bing.com/bingbot.htm) Chrome/116.0.1938.76 Safari/537.36"
40.77.167.22 - - [28/Aug/2026:06:29:40 +0200] "GET /dp/275e48ba4392170 HTTP/1.1" 200 182423 "-" "Mozilla/5.0 AppleWebKit/537.36 (KHTML, like Gecko; compatible; bingbot/2.0; +http://www.bing.com/bingbot.htm) Chrome/116.0.1938.76 Safari/537.36"
40.77.167.22 - - [28/Aug/2026:06:29:40 +0200] "GET /dp/10732f87648142 HTTP/1.1" 200 184036 "-" "Mozilla/5.0 AppleWebKit/537.36 (KHTML, like Gecko; compatible; bingbot/2.0; +http://www.bing.com/bingbot.htm) Chrome/116.0.1938.76 Safari/537.36"
200.203.47.146 - - [28/Aug/2026:06:29:42 +0200] "GET /tag/lenergie/ HTTP/1.1" 200 - "https://www.ucrm-togo.tg" "Mozilla/5.0 (Windows NT 10.0; Win64; x64) AppleWebKit/537.36 (KHTML, like Gecko) Chrome/145.0.0.0 Safari/537.36"
40.77.167.22 - - [28/Aug/2026:06:29:41 +0200] "GET /dp/808e398c3602135 HTTP/1.1" 200 177750 "-" "Mozilla/5.0 AppleWebKit/537.36 (KHTML, like Gecko; compatible; bingbot/2.0; +http://www.bing.com/bingbot.htm) Chrome/116.0.1938.76 Safari/537.36"
40.77.167.22 - - [28/Aug/2026:06:29:42 +0200] "GET /dp/f2af8c16770131 HTTP/1.1" 200 182655 "-" "Mozilla/5.0 AppleWebKit/537.36 (KHTML, like Gecko; compatible; bingbot/2.0; +http://www.bing.com/bingbot.htm) Chrome/116.0.1938.76 Safari/537.36"
40.77.167.22 - - [28/Aug/2026:06:29:43 +0200] "GET /dp/5d9362822888829 HTTP/1.1" 200 188891 "-" "Mozilla/5.0 AppleWebKit/537.36 (KHTML, like Gecko; compatible; bingbot/2.0; +http://www.bing.com/bingbot.htm) Chrome/116.0.1938.76 Safari/537.36"
40.77.167.22 - - [28/Aug/2026:06:29:44 +0200] "GET /dp/124486a63585758 HTTP/1.1" 200 181868 "-" "Mozilla/5.0 AppleWebKit/537.36 (KHTML, like Gecko; compatible; bingbot/2.0; +http://www.bing.com/bingbot.htm) Chrome/116.0.1938.76 Safari/537.36"
40.77.167.22 - - [28/Aug/2026:06:29:44 +0200] "GET /dp/a80071254370751 HTTP/1.1" 200 181699 "-" "Mozilla/5.0 AppleWebKit/537.36 (KHTML, like Gecko; compatible; bingbot/2.0; +http://www.bing.com/bingbot.htm) Chrome/116.0.1938.76 Safari/537.36"
40.77.167.22 - - [28/Aug/2026:06:29:45 +0200] "GET /dp/191970153593126 HTTP/1.1" 200 179875 "-" "Mozilla/5.0 AppleWebKit/537.36 (KHTML, like Gecko; compatible; bingbot/2.0; +http://www.bing.com/bingbot.htm) Chrome/116.0.1938.76 Safari/537.36"
40.77.167.22 - - [28/Aug/2026:06:29:46 +0200] "GET /dp/84a146c23671387 HTTP/1.1" 200 183702 "-" "Mozilla/5.0 AppleWebKit/537.36 (KHTML, like Gecko; compatible; bingbot/2.0; +http://www.bing.com/bingbot.htm) Chrome/116.0.1938.76 Safari/537.36"
40.77.167.22 - - [28/Aug/2026:06:29:47 +0200] "GET /dp/bb49b3012147191 HTTP/1.1" 200 185201 "-" "Mozilla/5.0 AppleWebKit/537.36 (KHTML, like Gecko; compatible; bingbot/2.0; +http://www.bing.com/bingbot.htm) Chrome/116.0.1938.76 Safari/537.36"
40.77.167.22 - - [28/Aug/2026:06:29:48 +0200] "GET /dp/47b9018d1784529 HTTP/1.1" 200 187118 "-" "Mozilla/5.0 AppleWebKit/537.36 (KHTML, like Gecko; compatible; bingbot/2.0; +http://www.bing.com/bingbot.htm) Chrome/116.0.1938.76 Safari/537.36"
40.77.167.22 - - [28/Aug/2026:06:29:48 +0200] "GET /dp/7c741f7e216210 HTTP/1.1" 200 184653 "-" "Mozilla/5.0 AppleWebKit/537.36 (KHTML, like Gecko; compatible; bingbot/2.0; +http://www.bing.com/bingbot.htm) Chrome/116.0.1938.76 Safari/537.36"
40.77.167.22 - - [28/Aug/2026:06:29:49 +0200] "GET /dp/e13ba042221226 HTTP/1.1" 200 186284 "-" "Mozilla/5.0 AppleWebKit/537.36 (KHTML, like Gecko; compatible; bingbot/2.0; +http://www.bing.com/bingbot.htm) Chrome/116.0.1938.76 Safari/537.36"
40.77.167.22 - - [28/Aug/2026:06:29:50 +0200] "GET /dp/07a93734341332 HTTP/1.1" 200 194402 "-" "Mozilla/5.0 AppleWebKit/537.36 (KHTML, like Gecko; compatible; bingbot/2.0; +http://www.bing.com/bingbot.htm) Chrome/116.0.1938.76 Safari/537.36"
40.77.167.22 - - [28/Aug/2026:06:29:51 +0200] "GET /dp/c6a22b8d3397318 HTTP/1.1" 200 185320 "-" "Mozilla/5.0 AppleWebKit/537.36 (KHTML, like Gecko; compatible; bingbot/2.0; +http://www.bing.com/bingbot.htm) Chrome/116.0.1938.76 Safari/537.36"
102.64.220.139 - - [28/Aug/2026:06:29:51 +0200] "GET /crm-region-maritime/ HTTP/1.1" 200 - "https://www.google.com/" "Mozilla/5.0 (Linux; Android 10; K) AppleWebKit/537.36 (KHTML, like Gecko) Chrome/151.0.0.0 Mobile Safari/537.36"
102.64.220.139 - - [28/Aug/2026:06:29:52 +0200] "GET /favicon.ico HTTP/1.1" 200 - "https://www.ucrm-togo.tg/crm-region-maritime/" "Mozilla/5.0 (Linux; Android 10; K) AppleWebKit/537.36 (KHTML, like Gecko) Chrome/151.0.0.0 Mobile Safari/537.36"
40.77.167.22 - - [28/Aug/2026:06:29:51 +0200] "GET /dp/f6c73d884197230 HTTP/1.1" 200 177976 "-" "Mozilla/5.0 AppleWebKit/537.36 (KHTML, like Gecko; compatible; bingbot/2.0; +http://www.bing.com/bingbot.htm) Chrome/116.0.1938.76 Safari/537.36"
40.77.167.22 - - [28/Aug/2026:06:29:52 +0200] "GET /dp/005f48722925294 HTTP/1.1" 200 186439 "-" "Mozilla/5.0 AppleWebKit/537.36 (KHTML, like Gecko; compatible; bingbot/2.0; +http://www.bing.com/bingbot.htm) Chrome/116.0.1938.76 Safari/537.36"
40.77.167.22 - - [28/Aug/2026:06:29:53 +0200] "GET /cate-15 HTTP/1.1" 200 186157 "-" "Mozilla/5.0 AppleWebKit/537.36 (KHTML, like Gecko; compatible; bingbot/2.0; +http://www.bing.com/bingbot.htm) Chrome/116.0.1938.76 Safari/537.36"
40.77.167.22 - - [28/Aug/2026:06:29:54 +0200] "GET /dp/214001d9415369 HTTP/1.1" 200 188640 "-" "Mozilla/5.0 AppleWebKit/537.36 (KHTML, like Gecko; compatible; bingbot/2.0; +http://www.bing.com/bingbot.htm) Chrome/116.0.1938.76 Safari/537.36"
40.77.167.22 - - [28/Aug/2026:06:29:55 +0200] "GET /dp/5185157f3874613 HTTP/1.1" 200 179521 "-" "Mozilla/5.0 AppleWebKit/537.36 (KHTML, like Gecko; compatible; bingbot/2.0; +http://www.bing.com/bingbot.htm) Chrome/116.0.1938.76 Safari/537.36"
40.77.167.22 - - [28/Aug/2026:06:29:55 +0200] "GET /dp/fea566334143358 HTTP/1.1" 200 179268 "-" "Mozilla/5.0 AppleWebKit/537.36 (KHTML, like Gecko; compatible; bingbot/2.0; +http://www.bing.com/bingbot.htm) Chrome/116.0.1938.76 Safari/537.36"
40.77.167.22 - - [28/Aug/2026:06:29:56 +0200] "GET /dp/c152e5093710777 HTTP/1.1" 200 185594 "-" "Mozilla/5.0 AppleWebKit/537.36 (KHTML, like Gecko; compatible; bingbot/2.0; +http://www.bing.com/bingbot.htm) Chrome/116.0.1938.76 Safari/537.36"
40.77.167.22 - - [28/Aug/2026:06:29:57 +0200] "GET /dp/404053873362876 HTTP/1.1" 200 184224 "-" "Mozilla/5.0 AppleWebKit/537.36 (KHTML, like Gecko; compatible; bingbot/2.0; +http://www.bing.com/bingbot.htm) Chrome/116.0.1938.76 Safari/537.36"
40.77.167.22 - - [28/Aug/2026:06:29:58 +0200] "GET /dp/c97375323348528 HTTP/1.1" 200 180490 "-" "Mozilla/5.0 AppleWebKit/537.36 (KHTML, like Gecko; compatible; bingbot/2.0; +http://www.bing.com/bingbot.htm) Chrome/116.0.1938.76 Safari/537.36"
40.77.167.22 - - [28/Aug/2026:06:29:58 +0200] "GET /dp/148303851241474 HTTP/1.1" 200 186283 "-" "Mozilla/5.0 AppleWebKit/537.36 (KHTML, like Gecko; compatible; bingbot/2.0; +http://www.bing.com/bingbot.htm) Chrome/116.0.1938.76 Safari/537.36"
102.64.220.139 - - [28/Aug/2026:06:30:00 +0200] "GET / HTTP/1.1" 200 5206 "https://www.google.com/" "Mozilla/5.0 (Linux; Android 10; K) AppleWebKit/537.36 (KHTML, like Gecko) Chrome/151.0.0.0 Mobile Safari/537.36"
40.77.167.22 - - [28/Aug/2026:06:29:59 +0200] "GET /dp/404467652576966 HTTP/1.1" 200 185517 "-" "Mozilla/5.0 AppleWebKit/537.36 (KHTML, like Gecko; compatible; bingbot/2.0; +http://www.bing.com/bingbot.htm) Chrome/116.0.1938.76 Safari/537.36"
102.64.220.139 - - [28/Aug/2026:06:30:00 +0200] "GET /favicon.ico HTTP/1.1" 200 - "https://www.ucrm-togo.tg/" "Mozilla/5.0 (Linux; Android 10; K) AppleWebKit/537.36 (KHTML, like Gecko) Chrome/151.0.0.0 Mobile Safari/537.36"
40.77.167.22 - - [28/Aug/2026:06:30:00 +0200] "GET /dp/14f77720649732 HTTP/1.1" 200 188716 "-" "Mozilla/5.0 AppleWebKit/537.36 (KHTML, like Gecko; compatible; bingbot/2.0; +http://www.bing.com/bingbot.htm) Chrome/116.0.1938.76 Safari/537.36"
40.77.167.22 - - [28/Aug/2026:06:30:01 +0200] "GET /dp/691bf433531927 HTTP/1.1" 200 186994 "-" "Mozilla/5.0 AppleWebKit/537.36 (KHTML, like Gecko; compatible; bingbot/2.0; +http://www.bing.com/bingbot.htm) Chrome/116.0.1938.76 Safari/537.36"
66.249.65.13 - - [28/Aug/2026:06:30:04 +0200] "GET /dp/e3e942582766146 HTTP/1.1" 200 184550 "-" "Mozilla/5.0 (Linux; Android 6.0.1; Nexus 5X Build/MMB29P) AppleWebKit/537.36 (KHTML, like Gecko) Chrome/151.0.7922.173 Mobile Safari/537.36 (compatible; GoogleOther)"
40.77.167.136 - - [28/Aug/2026:06:30:08 +0200] "GET /dp/3315b651111148 HTTP/1.1" 200 183540 "-" "Mozilla/5.0 AppleWebKit/537.36 (KHTML, like Gecko; compatible; bingbot/2.0; +http://www.bing.com/bingbot.htm) Chrome/116.0.1938.76 Safari/537.36"
66.249.65.12 - - [28/Aug/2026:06:30:09 +0200] "GET /dp/e20a0d89656939 HTTP/1.1" 200 184783 "-" "Mozilla/5.0 (Linux; Android 6.0.1; Nexus 5X Build/MMB29P) AppleWebKit/537.36 (KHTML, like Gecko) Chrome/151.0.7922.173 Mobile Safari/537.36 (compatible; Googlebot/2.1; +http://www.google.com/bot.html)"
40.77.167.136 - - [28/Aug/2026:06:30:09 +0200] "GET /dp/3a6524202211822 HTTP/1.1" 200 187082 "-" "Mozilla/5.0 AppleWebKit/537.36 (KHTML, like Gecko; compatible; bingbot/2.0; +http://www.bing.com/bingbot.htm) Chrome/116.0.1938.76 Safari/537.36"
40.77.167.136 - - [28/Aug/2026:06:30:10 +0200] "GET /dp/d4d391f92011675 HTTP/1.1" 200 187717 "-" "Mozilla/5.0 AppleWebKit/537.36 (KHTML, like Gecko; compatible; bingbot/2.0; +http://www.bing.com/bingbot.htm) Chrome/116.0.1938.76 Safari/537.36"
40.77.167.136 - - [28/Aug/2026:06:30:11 +0200] "GET /dp/35cd92402900335 HTTP/1.1" 200 182148 "-" "Mozilla/5.0 AppleWebKit/537.36 (KHTML, like Gecko; compatible; bingbot/2.0; +http://www.bing.com/bingbot.htm) Chrome/116.0.1938.76 Safari/537.36"
40.77.167.136 - - [28/Aug/2026:06:30:12 +0200] "GET /dp/670466911366618 HTTP/1.1" 200 183090 "-" "Mozilla/5.0 AppleWebKit/537.36 (KHTML, like Gecko; compatible; bingbot/2.0; +http://www.bing.com/bingbot.htm) Chrome/116.0.1938.76 Safari/537.36"
40.77.167.136 - - [28/Aug/2026:06:30:12 +0200] "GET /dp/4d5b2e522667867 HTTP/1.1" 200 188548 "-" "Mozilla/5.0 AppleWebKit/537.36 (KHTML, like Gecko; compatible; bingbot/2.0; +http://www.bing.com/bingbot.htm) Chrome/116.0.1938.76 Safari/537.36"
40.77.167.136 - - [28/Aug/2026:06:30:13 +0200] "GET /dp/3a100e7a3846110 HTTP/1.1" 200 180534 "-" "Mozilla/5.0 AppleWebKit/537.36 (KHTML, like Gecko; compatible; bingbot/2.0; +http://www.bing.com/bingbot.htm) Chrome/116.0.1938.76 Safari/537.36"
40.77.167.136 - - [28/Aug/2026:06:30:14 +0200] "GET /dp/f4911ec74089359 HTTP/1.1" 200 186149 "-" "Mozilla/5.0 AppleWebKit/537.36 (KHTML, like Gecko; compatible; bingbot/2.0; +http://www.bing.com/bingbot.htm) Chrome/116.0.1938.76 Safari/537.36"
40.77.167.136 - - [28/Aug/2026:06:30:15 +0200] "GET /dp/552996913444812 HTTP/1.1" 200 181071 "-" "Mozilla/5.0 AppleWebKit/537.36 (KHTML, like Gecko; compatible; bingbot/2.0; +http://www.bing.com/bingbot.htm) Chrome/116.0.1938.76 Safari/537.36"
40.77.167.136 - - [28/Aug/2026:06:30:16 +0200] "GET /dp/1cc243544217773 HTTP/1.1" 200 185154 "-" "Mozilla/5.0 AppleWebKit/537.36 (KHTML, like Gecko; compatible; bingbot/2.0; +http://www.bing.com/bingbot.htm) Chrome/116.0.1938.76 Safari/537.36"
40.77.167.136 - - [28/Aug/2026:06:30:16 +0200] "GET /dp/7cda8e05972484 HTTP/1.1" 200 190411 "-" "Mozilla/5.0 AppleWebKit/537.36 (KHTML, like Gecko; compatible; bingbot/2.0; +http://www.bing.com/bingbot.htm) Chrome/116.0.1938.76 Safari/537.36"
40.77.167.136 - - [28/Aug/2026:06:30:17 +0200] "GET /dp/5a3419383543937 HTTP/1.1" 200 183691 "-" "Mozilla/5.0 AppleWebKit/537.36 (KHTML, like Gecko; compatible; bingbot/2.0; +http://www.bing.com/bingbot.htm) Chrome/116.0.1938.76 Safari/537.36"
40.77.167.136 - - [28/Aug/2026:06:30:18 +0200] "GET /dp/3d9b3151481380 HTTP/1.1" 200 186701 "-" "Mozilla/5.0 AppleWebKit/537.36 (KHTML, like Gecko; compatible; bingbot/2.0; +http://www.bing.com/bingbot.htm) Chrome/116.0.1938.76 Safari/537.36"
40.77.167.136 - - [28/Aug/2026:06:30:19 +0200] "GET /dp/246ab3481138219 HTTP/1.1" 200 182183 "-" "Mozilla/5.0 AppleWebKit/537.36 (KHTML, like Gecko; compatible; bingbot/2.0; +http://www.bing.com/bingbot.htm) Chrome/116.0.1938.76 Safari/537.36"
40.77.167.136 - - [28/Aug/2026:06:30:19 +0200] "GET /dp/4a465dbf1053217 HTTP/1.1" 200 185271 "-" "Mozilla/5.0 AppleWebKit/537.36 (KHTML, like Gecko; compatible; bingbot/2.0; +http://www.bing.com/bingbot.htm) Chrome/116.0.1938.76 Safari/537.36"
40.77.167.136 - - [28/Aug/2026:06:30:20 +0200] "GET /dp/407135351663296 HTTP/1.1" 200 186535 "-" "Mozilla/5.0 AppleWebKit/537.36 (KHTML, like Gecko; compatible; bingbot/2.0; +http://www.bing.com/bingbot.htm) Chrome/116.0.1938.76 Safari/537.36"
40.77.167.136 - - [28/Aug/2026:06:30:21 +0200] "GET /dp/74b37e881556399 HTTP/1.1" 200 179050 "-" "Mozilla/5.0 AppleWebKit/537.36 (KHTML, like Gecko; compatible; bingbot/2.0; +http://www.bing.com/bingbot.htm) Chrome/116.0.1938.76 Safari/537.36"
185.191.171.16 - - [28/Aug/2026:06:30:22 +0200] "GET /voici-les-dates-de-la-2eme-edition-des-jat/ HTTP/1.1" 200 - "-" "Mozilla/5.0 (compatible; SemrushBot/7~bl; +http://www.semrush.com/bot.html)"
40.77.167.136 - - [28/Aug/2026:06:30:22 +0200] "GET /dp/a990c8bb3192037 HTTP/1.1" 200 183352 "-" "Mozilla/5.0 AppleWebKit/537.36 (KHTML, like Gecko; compatible; bingbot/2.0; +http://www.bing.com/bingbot.htm) Chrome/116.0.1938.76 Safari/537.36"
40.77.167.136 - - [28/Aug/2026:06:30:23 +0200] "GET /dp/4e8c9e663011814 HTTP/1.1" 200 186022 "-" "Mozilla/5.0 AppleWebKit/537.36 (KHTML, like Gecko; compatible; bingbot/2.0; +http://www.bing.com/bingbot.htm) Chrome/116.0.1938.76 Safari/537.36"
40.77.167.136 - - [28/Aug/2026:06:30:23 +0200] "GET /dp/011378162054839 HTTP/1.1" 200 186830 "-" "Mozilla/5.0 AppleWebKit/537.36 (KHTML, like Gecko; compatible; bingbot/2.0; +http://www.bing.com/bingbot.htm) Chrome/116.0.1938.76 Safari/537.36"
40.77.167.136 - - [28/Aug/2026:06:30:24 +0200] "GET /dp/6617738e3815886 HTTP/1.1" 200 178643 "-" "Mozilla/5.0 AppleWebKit/537.36 (KHTML, like Gecko; compatible; bingbot/2.0; +http://www.bing.com/bingbot.htm) Chrome/116.0.1938.76 Safari/537.36"
40.77.167.136 - - [28/Aug/2026:06:30:25 +0200] "GET /dp/3538c3502651776 HTTP/1.1" 200 189731 "-" "Mozilla/5.0 AppleWebKit/537.36 (KHTML, like Gecko; compatible; bingbot/2.0; +http://www.bing.com/bingbot.htm) Chrome/116.0.1938.76 Safari/537.36"
40.77.167.136 - - [28/Aug/2026:06:30:26 +0200] "GET /dp/6a403fc71510372 HTTP/1.1" 200 185053 "-" "Mozilla/5.0 AppleWebKit/537.36 (KHTML, like Gecko; compatible; bingbot/2.0; +http://www.bing.com/bingbot.htm) Chrome/116.0.1938.76 Safari/537.36"
66.249.65.12 - - [28/Aug/2026:06:30:26 +0200] "GET /dp/51a574692216341 HTTP/1.1" 200 189983 "-" "Mozilla/5.0 (Linux; Android 6.0.1; Nexus 5X Build/MMB29P) AppleWebKit/537.36 (KHTML, like Gecko) Chrome/151.0.7922.173 Mobile Safari/537.36 (compatible; GoogleOther)"
40.77.167.136 - - [28/Aug/2026:06:30:26 +0200] "GET /dp/f54c6368246118 HTTP/1.1" 200 190650 "-" "Mozilla/5.0 AppleWebKit/537.36 (KHTML, like Gecko; compatible; bingbot/2.0; +http://www.bing.com/bingbot.htm) Chrome/116.0.1938.76 Safari/537.36"
40.77.167.136 - - [28/Aug/2026:06:30:27 +0200] "GET /dp/400203b31787200 HTTP/1.1" 200 179657 "-" "Mozilla/5.0 AppleWebKit/537.36 (KHTML, like Gecko; compatible; bingbot/2.0; +http://www.bing.com/bingbot.htm) Chrome/116.0.1938.76 Safari/537.36"
40.77.167.136 - - [28/Aug/2026:06:30:28 +0200] "GET /dp/11e7044e2148841 HTTP/1.1" 200 184296 "-" "Mozilla/5.0 AppleWebKit/537.36 (KHTML, like Gecko; compatible; bingbot/2.0; +http://www.bing.com/bingbot.htm) Chrome/116.0.1938.76 Safari/537.36"
40.77.167.136 - - [28/Aug/2026:06:30:29 +0200] "GET /dp/989d3b2a762899 HTTP/1.1" 200 181145 "-" "Mozilla/5.0 AppleWebKit/537.36 (KHTML, like Gecko; compatible; bingbot/2.0; +http://www.bing.com/bingbot.htm) Chrome/116.0.1938.76 Safari/537.36"
40.77.167.136 - - [28/Aug/2026:06:30:30 +0200] "GET /dp/806006281117203 HTTP/1.1" 200 181103 "-" "Mozilla/5.0 AppleWebKit/537.36 (KHTML, like Gecko; compatible; bingbot/2.0; +http://www.bing.com/bingbot.htm) Chrome/116.0.1938.76 Safari/537.36"
40.77.167.136 - - [28/Aug/2026:06:30:30 +0200] "GET /dp/565c41b1840529 HTTP/1.1" 200 187491 "-" "Mozilla/5.0 AppleWebKit/537.36 (KHTML, like Gecko; compatible; bingbot/2.0; +http://www.bing.com/bingbot.htm) Chrome/116.0.1938.76 Safari/537.36"
40.77.167.136 - - [28/Aug/2026:06:30:31 +0200] "GET /dp/fa6682982024318 HTTP/1.1" 200 183957 "-" "Mozilla/5.0 AppleWebKit/537.36 (KHTML, like Gecko; compatible; bingbot/2.0; +http://www.bing.com/bingbot.htm) Chrome/116.0.1938.76 Safari/537.36"
40.77.167.136 - - [28/Aug/2026:06:30:37 +0200] "GET /dp/93b01e494397570 HTTP/1.1" 200 184633 "-" "Mozilla/5.0 AppleWebKit/537.36 (KHTML, like Gecko; compatible; bingbot/2.0; +http://www.bing.com/bingbot.htm) Chrome/116.0.1938.76 Safari/537.36"
40.77.167.136 - - [28/Aug/2026:06:30:38 +0200] "GET /dp/78156f4f2161480 HTTP/1.1" 200 182000 "-" "Mozilla/5.0 AppleWebKit/537.36 (KHTML, like Gecko; compatible; bingbot/2.0; +http://www.bing.com/bingbot.htm) Chrome/116.0.1938.76 Safari/537.36"
40.77.167.136 - - [28/Aug/2026:06:30:39 +0200] "GET /dp/12b577941282447 HTTP/1.1" 200 185967 "-" "Mozilla/5.0 AppleWebKit/537.36 (KHTML, like Gecko; compatible; bingbot/2.0; +http://www.bing.com/bingbot.htm) Chrome/116.0.1938.76 Safari/537.36"
40.77.167.136 - - [28/Aug/2026:06:30:40 +0200] "GET /dp/6054d344687592 HTTP/1.1" 200 184061 "-" "Mozilla/5.0 AppleWebKit/537.36 (KHTML, like Gecko; compatible; bingbot/2.0; +http://www.bing.com/bingbot.htm) Chrome/116.0.1938.76 Safari/537.36"
40.77.167.136 - - [28/Aug/2026:06:30:41 +0200] "GET /dp/118eba981896901 HTTP/1.1" 200 178307 "-" "Mozilla/5.0 AppleWebKit/537.36 (KHTML, like Gecko; compatible; bingbot/2.0; +http://www.bing.com/bingbot.htm) Chrome/116.0.1938.76 Safari/537.36"
40.77.167.136 - - [28/Aug/2026:06:30:42 +0200] "GET /dp/d33d43082112841 HTTP/1.1" 200 184891 "-" "Mozilla/5.0 AppleWebKit/537.36 (KHTML, like Gecko; compatible; bingbot/2.0; +http://www.bing.com/bingbot.htm) Chrome/116.0.1938.76 Safari/537.36"
40.77.167.136 - - [28/Aug/2026:06:30:42 +0200] "GET /dp/e9d2ef5f1956389 HTTP/1.1" 200 177692 "-" "Mozilla/5.0 AppleWebKit/537.36 (KHTML, like Gecko; compatible; bingbot/2.0; +http://www.bing.com/bingbot.htm) Chrome/116.0.1938.76 Safari/537.36"
40.77.167.136 - - [28/Aug/2026:06:30:43 +0200] "GET /dp/940f1106399718 HTTP/1.1" 200 192089 "-" "Mozilla/5.0 AppleWebKit/537.36 (KHTML, like Gecko; compatible; bingbot/2.0; +http://www.bing.com/bingbot.htm) Chrome/116.0.1938.76 Safari/537.36"
40.77.167.136 - - [28/Aug/2026:06:30:44 +0200] "GET /dp/d1714400593103 HTTP/1.1" 200 177994 "-" "Mozilla/5.0 AppleWebKit/537.36 (KHTML, like Gecko; compatible; bingbot/2.0; +http://www.bing.com/bingbot.htm) Chrome/116.0.1938.76 Safari/537.36"
94.67.158.188 - - [28/Aug/2026:06:30:45 +0200] "GET /sensibilisation-des-artisans-sur-la-deuxieme-edition-du-miato-dans-les-plateaux/?share=facebook HTTP/1.1" 200 - "https://www.ucrm-togo.tg" "Mozilla/5.0 (Windows NT 10.0; Win64; x64) AppleWebKit/537.36 (KHTML, like Gecko) Chrome/143.0.0.0 Safari/537.36"
40.77.167.136 - - [28/Aug/2026:06:30:45 +0200] "GET /dp/959739701026836 HTTP/1.1" 200 186425 "-" "Mozilla/5.0 AppleWebKit/537.36 (KHTML, like Gecko; compatible; bingbot/2.0; +http://www.bing.com/bingbot.htm) Chrome/116.0.1938.76 Safari/537.36"
40.77.167.136 - - [28/Aug/2026:06:30:45 +0200] "GET /dp/0b5626171234788 HTTP/1.1" 200 186526 "-" "Mozilla/5.0 AppleWebKit/537.36 (KHTML, like Gecko; compatible; bingbot/2.0; +http://www.bing.com/bingbot.htm) Chrome/116.0.1938.76 Safari/537.36"
40.77.167.136 - - [28/Aug/2026:06:30:46 +0200] "GET /dp/f4892403874449 HTTP/1.1" 200 194952 "-" "Mozilla/5.0 AppleWebKit/537.36 (KHTML, like Gecko; compatible; bingbot/2.0; +http://www.bing.com/bingbot.htm) Chrome/116.0.1938.76 Safari/537.36"
40.77.167.136 - - [28/Aug/2026:06:30:47 +0200] "GET /dp/574a25221628337 HTTP/1.1" 200 185836 "-" "Mozilla/5.0 AppleWebKit/537.36 (KHTML, like Gecko; compatible; bingbot/2.0; +http://www.bing.com/bingbot.htm) Chrome/116.0.1938.76 Safari/537.36"
40.77.167.136 - - [28/Aug/2026:06:30:48 +0200] "GET /dp/41049367326140 HTTP/1.1" 200 192226 "-" "Mozilla/5.0 AppleWebKit/537.36 (KHTML, like Gecko; compatible; bingbot/2.0; +http://www.bing.com/bingbot.htm) Chrome/116.0.1938.76 Safari/537.36"
40.77.167.136 - - [28/Aug/2026:06:30:49 +0200] "GET /dp/a14cae974377951 HTTP/1.1" 200 185150 "-" "Mozilla/5.0 AppleWebKit/537.36 (KHTML, like Gecko; compatible; bingbot/2.0; +http://www.bing.com/bingbot.htm) Chrome/116.0.1938.76 Safari/537.36"
40.77.167.136 - - [28/Aug/2026:06:30:49 +0200] "GET /dp/5553f0103813988 HTTP/1.1" 200 184734 "-" "Mozilla/5.0 AppleWebKit/537.36 (KHTML, like Gecko; compatible; bingbot/2.0; +http://www.bing.com/bingbot.htm) Chrome/116.0.1938.76 Safari/537.36"
40.77.167.136 - - [28/Aug/2026:06:30:50 +0200] "GET /dp/400b6a7b3112294 HTTP/1.1" 200 185001 "-" "Mozilla/5.0 AppleWebKit/537.36 (KHTML, like Gecko; compatible; bingbot/2.0; +http://www.bing.com/bingbot.htm) Chrome/116.0.1938.76 Safari/537.36"
40.77.167.136 - - [28/Aug/2026:06:30:51 +0200] "GET /dp/3fd06acc2572045 HTTP/1.1" 200 181871 "-" "Mozilla/5.0 AppleWebKit/537.36 (KHTML, like Gecko; compatible; bingbot/2.0; +http://www.bing.com/bingbot.htm) Chrome/116.0.1938.76 Safari/537.36"
40.77.167.136 - - [28/Aug/2026:06:30:52 +0200] "GET /dp/9507c34a3906051 HTTP/1.1" 200 183267 "-" "Mozilla/5.0 AppleWebKit/537.36 (KHTML, like Gecko; compatible; bingbot/2.0; +http://www.bing.com/bingbot.htm) Chrome/116.0.1938.76 Safari/537.36"
40.77.167.136 - - [28/Aug/2026:06:30:52 +0200] "GET /dp/80a34330625208 HTTP/1.1" 200 186060 "-" "Mozilla/5.0 AppleWebKit/537.36 (KHTML, like Gecko; compatible; bingbot/2.0; +http://www.bing.com/bingbot.htm) Chrome/116.0.1938.76 Safari/537.36"
40.77.167.136 - - [28/Aug/2026:06:30:53 +0200] "GET /dp/989159971330140 HTTP/1.1" 200 183621 "-" "Mozilla/5.0 AppleWebKit/537.36 (KHTML, like Gecko; compatible; bingbot/2.0; +http://www.bing.com/bingbot.htm) Chrome/116.0.1938.76 Safari/537.36"
40.77.167.136 - - [28/Aug/2026:06:30:54 +0200] "GET /dp/8c70f8d62724703 HTTP/1.1" 200 181366 "-" "Mozilla/5.0 AppleWebKit/537.36 (KHTML, like Gecko; compatible; bingbot/2.0; +http://www.bing.com/bingbot.htm) Chrome/116.0.1938.76 Safari/537.36"
40.77.167.136 - - [28/Aug/2026:06:30:55 +0200] "GET /cate-15-196 HTTP/1.1" 200 190338 "-" "Mozilla/5.0 AppleWebKit/537.36 (KHTML, like Gecko; compatible; bingbot/2.0; +http://www.bing.com/bingbot.htm) Chrome/116.0.1938.76 Safari/537.36"
40.77.167.136 - - [28/Aug/2026:06:30:56 +0200] "GET /dp/4c489ec43124049 HTTP/1.1" 200 181032 "-" "Mozilla/5.0 AppleWebKit/537.36 (KHTML, like Gecko; compatible; bingbot/2.0; +http://www.bing.com/bingbot.htm) Chrome/116.0.1938.76 Safari/537.36"
40.77.167.136 - - [28/Aug/2026:06:30:56 +0200] "GET /dp/0181839a3394277 HTTP/1.1" 200 179111 "-" "Mozilla/5.0 AppleWebKit/537.36 (KHTML, like Gecko; compatible; bingbot/2.0; +http://www.bing.com/bingbot.htm) Chrome/116.0.1938.76 Safari/537.36"
40.77.167.136 - - [28/Aug/2026:06:30:57 +0200] "GET /dp/452821e03907138 HTTP/1.1" 200 179414 "-" "Mozilla/5.0 AppleWebKit/537.36 (KHTML, like Gecko; compatible; bingbot/2.0; +http://www.bing.com/bingbot.htm) Chrome/116.0.1938.76 Safari/537.36"
40.77.167.136 - - [28/Aug/2026:06:30:58 +0200] "GET /dp/449eb7c0692786 HTTP/1.1" 200 184275 "-" "Mozilla/5.0 AppleWebKit/537.36 (KHTML, like Gecko; compatible; bingbot/2.0; +http://www.bing.com/bingbot.htm) Chrome/116.0.1938.76 Safari/537.36"
40.77.167.136 - - [28/Aug/2026:06:30:59 +0200] "GET /dp/963894323318330 HTTP/1.1" 200 185719 "-" "Mozilla/5.0 AppleWebKit/537.36 (KHTML, like Gecko; compatible; bingbot/2.0; +http://www.bing.com/bingbot.htm) Chrome/116.0.1938.76 Safari/537.36"
40.77.167.136 - - [28/Aug/2026:06:30:59 +0200] "GET /dp/631933113979828 HTTP/1.1" 200 182296 "-" "Mozilla/5.0 AppleWebKit/537.36 (KHTML, like Gecko; compatible; bingbot/2.0; +http://www.bing.com/bingbot.htm) Chrome/116.0.1938.76 Safari/537.36"
66.249.65.13 - - [28/Aug/2026:06:31:00 +0200] "GET /dp/8a78e4e74249729 HTTP/1.1" 200 180253 "-" "Mozilla/5.0 (Linux; Android 6.0.1; Nexus 5X Build/MMB29P) AppleWebKit/537.36 (KHTML, like Gecko) Chrome/151.0.7922.173 Mobile Safari/537.36 (compatible; Googlebot/2.1; +http://www.google.com/bot.html)"
40.77.167.136 - - [28/Aug/2026:06:31:00 +0200] "GET /dp/e8f653081892880 HTTP/1.1" 200 178723 "-" "Mozilla/5.0 AppleWebKit/537.36 (KHTML, like Gecko; compatible; bingbot/2.0; +http://www.bing.com/bingbot.htm) Chrome/116.0.1938.76 Safari/537.36"
103.110.162.27 - - [28/Aug/2026:06:31:02 +0200] "GET /actualites/ HTTP/1.1" 200 - "-" "Mozilla/5.0 (Linux; Android 14; Pixel 8 Pro) AppleWebKit/537.36 (KHTML, like Gecko) Chrome/148.0.0.0 Mobile Safari/537.36"
66.249.65.13 - - [28/Aug/2026:06:31:03 +0200] "GET /dp/65044ce43366189 HTTP/1.1" 200 181976 "-" "Mozilla/5.0 (Linux; Android 6.0.1; Nexus 5X Build/MMB29P) AppleWebKit/537.36 (KHTML, like Gecko) Chrome/151.0.7922.173 Mobile Safari/537.36 (compatible; GoogleOther)"
52.167.144.173 - - [28/Aug/2026:06:31:08 +0200] "GET /dp/f42864933308581 HTTP/1.1" 200 181356 "-" "Mozilla/5.0 AppleWebKit/537.36 (KHTML, like Gecko; compatible; bingbot/2.0; +http://www.bing.com/bingbot.htm) Chrome/116.0.1938.76 Safari/537.36"
142.252.153.135 - - [28/Aug/2026:06:31:09 +0200] "GET /wp-content/ HTTP/1.1" 200 - "-" "Mozilla/5.0 (iPhone; CPU iPhone OS 18_4 like Mac OS X) AppleWebKit/605.1.15 (KHTML, like Gecko) CriOS/151.0.0.0 Mobile/15E148 Safari/604.1"
52.167.144.173 - - [28/Aug/2026:06:31:09 +0200] "GET /dp/8c6986953851222 HTTP/1.1" 200 184970 "-" "Mozilla/5.0 AppleWebKit/537.36 (KHTML, like Gecko; compatible; bingbot/2.0; +http://www.bing.com/bingbot.htm) Chrome/116.0.1938.76 Safari/537.36"
52.167.144.173 - - [28/Aug/2026:06:31:09 +0200] "GET /dp/3555e0601497014 HTTP/1.1" 200 183222 "-" "Mozilla/5.0 AppleWebKit/537.36 (KHTML, like Gecko; compatible; bingbot/2.0; +http://www.bing.com/bingbot.htm) Chrome/116.0.1938.76 Safari/537.36"
52.167.144.173 - - [28/Aug/2026:06:31:10 +0200] "GET /dp/e13f50f41519986 HTTP/1.1" 200 180994 "-" "Mozilla/5.0 AppleWebKit/537.36 (KHTML, like Gecko; compatible; bingbot/2.0; +http://www.bing.com/bingbot.htm) Chrome/116.0.1938.76 Safari/537.36"
52.167.144.173 - - [28/Aug/2026:06:31:11 +0200] "GET /dp/8f07f3403295283 HTTP/1.1" 200 178972 "-" "Mozilla/5.0 AppleWebKit/537.36 (KHTML, like Gecko; compatible; bingbot/2.0; +http://www.bing.com/bingbot.htm) Chrome/116.0.1938.76 Safari/537.36"
52.167.144.173 - - [28/Aug/2026:06:31:12 +0200] "GET /dp/3870da062730047 HTTP/1.1" 200 179600 "-" "Mozilla/5.0 AppleWebKit/537.36 (KHTML, like Gecko; compatible; bingbot/2.0; +http://www.bing.com/bingbot.htm) Chrome/116.0.1938.76 Safari/537.36"
52.167.144.173 - - [28/Aug/2026:06:31:13 +0200] "GET /dp/015d09222079042 HTTP/1.1" 200 187329 "-" "Mozilla/5.0 AppleWebKit/537.36 (KHTML, like Gecko; compatible; bingbot/2.0; +http://www.bing.com/bingbot.htm) Chrome/116.0.1938.76 Safari/537.36"
52.167.144.173 - - [28/Aug/2026:06:31:13 +0200] "GET /dp/2e389f6f1112137 HTTP/1.1" 200 183252 "-" "Mozilla/5.0 AppleWebKit/537.36 (KHTML, like Gecko; compatible; bingbot/2.0; +http://www.bing.com/bingbot.htm) Chrome/116.0.1938.76 Safari/537.36"
66.249.65.13 - - [28/Aug/2026:06:31:14 +0200] "GET /dp/233e879d1262044 HTTP/1.1" 200 186900 "-" "Mozilla/5.0 (Linux; Android 6.0.1; Nexus 5X Build/MMB29P) AppleWebKit/537.36 (KHTML, like Gecko) Chrome/151.0.7922.173 Mobile Safari/537.36 (compatible; GoogleOther)"
52.167.144.173 - - [28/Aug/2026:06:31:14 +0200] "GET /dp/5a09ab9b3759409 HTTP/1.1" 200 183431 "-" "Mozilla/5.0 AppleWebKit/537.36 (KHTML, like Gecko; compatible; bingbot/2.0; +http://www.bing.com/bingbot.htm) Chrome/116.0.1938.76 Safari/537.36"
