74.7.227.13 - - [28/Aug/2026:08:19:04 +0200] "GET /dp/a59a70e9409141 HTTP/1.1" 200 - "https://www.ucrm-togo.tg/sitemap.xml" "Mozilla/5.0 AppleWebKit/537.36 (KHTML, like Gecko; compatible; GPTBot/1.4; +https://openai.com/gptbot)"
74.7.227.13 - - [28/Aug/2026:08:19:04 +0200] "GET /dp/080d8a2f144186 HTTP/1.1" 200 - "https://www.ucrm-togo.tg/sitemap.xml" "Mozilla/5.0 AppleWebKit/537.36 (KHTML, like Gecko; compatible; GPTBot/1.4; +https://openai.com/gptbot)"
74.7.227.13 - - [28/Aug/2026:08:19:05 +0200] "GET /dp/d331af37886874 HTTP/1.1" 200 - "https://www.ucrm-togo.tg/sitemap.xml" "Mozilla/5.0 AppleWebKit/537.36 (KHTML, like Gecko; compatible; GPTBot/1.4; +https://openai.com/gptbot)"
74.7.227.13 - - [28/Aug/2026:08:19:05 +0200] "GET /dp/eb90e284665060 HTTP/1.1" 200 - "https://www.ucrm-togo.tg/sitemap.xml" "Mozilla/5.0 AppleWebKit/537.36 (KHTML, like Gecko; compatible; GPTBot/1.4; +https://openai.com/gptbot)"
74.7.227.13 - - [28/Aug/2026:08:19:06 +0200] "GET /dp/14dfb304310075 HTTP/1.1" 200 - "https://www.ucrm-togo.tg/sitemap.xml" "Mozilla/5.0 AppleWebKit/537.36 (KHTML, like Gecko; compatible; GPTBot/1.4; +https://openai.com/gptbot)"
74.7.227.13 - - [28/Aug/2026:08:19:06 +0200] "GET /dp/d2dd0481921384 HTTP/1.1" 200 - "https://www.ucrm-togo.tg/sitemap.xml" "Mozilla/5.0 AppleWebKit/537.36 (KHTML, like Gecko; compatible; GPTBot/1.4; +https://openai.com/gptbot)"
74.7.227.13 - - [28/Aug/2026:08:19:07 +0200] "GET /dp/97357aae489177 HTTP/1.1" 200 - "https://www.ucrm-togo.tg/sitemap.xml" "Mozilla/5.0 AppleWebKit/537.36 (KHTML, like Gecko; compatible; GPTBot/1.4; +https://openai.com/gptbot)"
74.7.227.13 - - [28/Aug/2026:08:19:07 +0200] "GET /dp/b7347af1816718 HTTP/1.1" 200 - "https://www.ucrm-togo.tg/sitemap.xml" "Mozilla/5.0 AppleWebKit/537.36 (KHTML, like Gecko; compatible; GPTBot/1.4; +https://openai.com/gptbot)"
74.7.227.13 - - [28/Aug/2026:08:19:08 +0200] "GET /dp/fa03e773442327 HTTP/1.1" 200 - "https://www.ucrm-togo.tg/sitemap.xml" "Mozilla/5.0 AppleWebKit/537.36 (KHTML, like Gecko; compatible; GPTBot/1.4; +https://openai.com/gptbot)"
66.249.65.13 - - [28/Aug/2026:08:19:07 +0200] "GET /dp/9e3fa91732972 HTTP/1.1" 200 185237 "-" "Mozilla/5.0 (Linux; Android 6.0.1; Nexus 5X Build/MMB29P) AppleWebKit/537.36 (KHTML, like Gecko) Chrome/151.0.7922.173 Mobile Safari/537.36 (compatible; Googlebot/2.1; +http://www.google.com/bot.html)"
74.7.227.13 - - [28/Aug/2026:08:19:08 +0200] "GET /dp/4c4f60d4372216 HTTP/1.1" 200 - "https://www.ucrm-togo.tg/sitemap.xml" "Mozilla/5.0 AppleWebKit/537.36 (KHTML, like Gecko; compatible; GPTBot/1.4; +https://openai.com/gptbot)"
74.7.227.13 - - [28/Aug/2026:08:19:09 +0200] "GET /dp/0df6211d314165 HTTP/1.1" 200 - "https://www.ucrm-togo.tg/sitemap.xml" "Mozilla/5.0 AppleWebKit/537.36 (KHTML, like Gecko; compatible; GPTBot/1.4; +https://openai.com/gptbot)"
74.7.227.13 - - [28/Aug/2026:08:19:09 +0200] "GET /dp/9a9d5e28648449 HTTP/1.1" 200 - "https://www.ucrm-togo.tg/sitemap.xml" "Mozilla/5.0 AppleWebKit/537.36 (KHTML, like Gecko; compatible; GPTBot/1.4; +https://openai.com/gptbot)"
74.7.227.13 - - [28/Aug/2026:08:19:10 +0200] "GET /dp/5a356a5a278528 HTTP/1.1" 200 - "https://www.ucrm-togo.tg/sitemap.xml" "Mozilla/5.0 AppleWebKit/537.36 (KHTML, like Gecko; compatible; GPTBot/1.4; +https://openai.com/gptbot)"
74.7.227.13 - - [28/Aug/2026:08:19:10 +0200] "GET /dp/e61d918a787739 HTTP/1.1" 200 - "https://www.ucrm-togo.tg/sitemap.xml" "Mozilla/5.0 AppleWebKit/537.36 (KHTML, like Gecko; compatible; GPTBot/1.4; +https://openai.com/gptbot)"
74.7.227.13 - - [28/Aug/2026:08:19:11 +0200] "GET /dp/96ad4c46276581 HTTP/1.1" 200 - "https://www.ucrm-togo.tg/sitemap.xml" "Mozilla/5.0 AppleWebKit/537.36 (KHTML, like Gecko; compatible; GPTBot/1.4; +https://openai.com/gptbot)"
74.7.227.13 - - [28/Aug/2026:08:19:11 +0200] "GET /dp/cfc50523979120 HTTP/1.1" 200 - "https://www.ucrm-togo.tg/sitemap.xml" "Mozilla/5.0 AppleWebKit/537.36 (KHTML, like Gecko; compatible; GPTBot/1.4; +https://openai.com/gptbot)"
74.7.227.13 - - [28/Aug/2026:08:19:12 +0200] "GET /dp/6623fdd3470038 HTTP/1.1" 200 - "https://www.ucrm-togo.tg/sitemap.xml" "Mozilla/5.0 AppleWebKit/537.36 (KHTML, like Gecko; compatible; GPTBot/1.4; +https://openai.com/gptbot)"
74.7.227.13 - - [28/Aug/2026:08:19:12 +0200] "GET /dp/b6b60c70337059 HTTP/1.1" 200 - "https://www.ucrm-togo.tg/sitemap.xml" "Mozilla/5.0 AppleWebKit/537.36 (KHTML, like Gecko; compatible; GPTBot/1.4; +https://openai.com/gptbot)"
74.7.227.13 - - [28/Aug/2026:08:19:13 +0200] "GET /dp/b168b5e6608157 HTTP/1.1" 200 - "https://www.ucrm-togo.tg/sitemap.xml" "Mozilla/5.0 AppleWebKit/537.36 (KHTML, like Gecko; compatible; GPTBot/1.4; +https://openai.com/gptbot)"
74.7.227.13 - - [28/Aug/2026:08:19:13 +0200] "GET /dp/ba197a19534643 HTTP/1.1" 200 - "https://www.ucrm-togo.tg/sitemap.xml" "Mozilla/5.0 AppleWebKit/537.36 (KHTML, like Gecko; compatible; GPTBot/1.4; +https://openai.com/gptbot)"
74.7.227.13 - - [28/Aug/2026:08:19:14 +0200] "GET /dp/7133275430987 HTTP/1.1" 200 - "https://www.ucrm-togo.tg/sitemap.xml" "Mozilla/5.0 AppleWebKit/537.36 (KHTML, like Gecko; compatible; GPTBot/1.4; +https://openai.com/gptbot)"
74.7.227.13 - - [28/Aug/2026:08:19:14 +0200] "GET /dp/fbab538912256 HTTP/1.1" 200 - "https://www.ucrm-togo.tg/sitemap.xml" "Mozilla/5.0 AppleWebKit/537.36 (KHTML, like Gecko; compatible; GPTBot/1.4; +https://openai.com/gptbot)"
74.7.227.13 - - [28/Aug/2026:08:19:15 +0200] "GET /dp/1e3dd62c72612 HTTP/1.1" 200 - "https://www.ucrm-togo.tg/sitemap.xml" "Mozilla/5.0 AppleWebKit/537.36 (KHTML, like Gecko; compatible; GPTBot/1.4; +https://openai.com/gptbot)"
74.7.227.13 - - [28/Aug/2026:08:19:15 +0200] "GET /dp/9ed9a49947562 HTTP/1.1" 200 - "https://www.ucrm-togo.tg/sitemap.xml" "Mozilla/5.0 AppleWebKit/537.36 (KHTML, like Gecko; compatible; GPTBot/1.4; +https://openai.com/gptbot)"
74.7.227.13 - - [28/Aug/2026:08:19:16 +0200] "GET /dp/2685fed628518 HTTP/1.1" 200 - "https://www.ucrm-togo.tg/sitemap.xml" "Mozilla/5.0 AppleWebKit/537.36 (KHTML, like Gecko; compatible; GPTBot/1.4; +https://openai.com/gptbot)"
74.7.227.13 - - [28/Aug/2026:08:19:16 +0200] "GET /dp/efb7623080383 HTTP/1.1" 200 - "https://www.ucrm-togo.tg/sitemap.xml" "Mozilla/5.0 AppleWebKit/537.36 (KHTML, like Gecko; compatible; GPTBot/1.4; +https://openai.com/gptbot)"
74.7.227.13 - - [28/Aug/2026:08:19:17 +0200] "GET /dp/17303fdf96360 HTTP/1.1" 200 - "https://www.ucrm-togo.tg/sitemap.xml" "Mozilla/5.0 AppleWebKit/537.36 (KHTML, like Gecko; compatible; GPTBot/1.4; +https://openai.com/gptbot)"
213.6.210.190 - - [28/Aug/2026:08:19:22 +0200] "GET /atelier-de-planification-des-activites-du-pfpert/?share=skype HTTP/1.1" 200 - "https://www.ucrm-togo.tg" "Mozilla/5.0 (Windows NT 10.0; Win64; x64) AppleWebKit/537.36 (KHTML, like Gecko) Chrome/145.0.0.0 Safari/537.36 Edg/145.0.0.0"
66.249.65.12 - - [28/Aug/2026:08:19:31 +0200] "GET /dp/19b9a9324298240 HTTP/1.1" 200 180732 "-" "Mozilla/5.0 (Linux; Android 6.0.1; Nexus 5X Build/MMB29P) AppleWebKit/537.36 (KHTML, like Gecko) Chrome/151.0.7922.173 Mobile Safari/537.36 (compatible; GoogleOther)"
66.249.65.12 - - [28/Aug/2026:08:19:42 +0200] "GET /dp/b507623599520 HTTP/1.1" 200 182674 "-" "Mozilla/5.0 (Linux; Android 6.0.1; Nexus 5X Build/MMB29P) AppleWebKit/537.36 (KHTML, like Gecko) Chrome/151.0.7922.173 Mobile Safari/537.36 (compatible; Googlebot/2.1; +http://www.google.com/bot.html)"
66.249.65.12 - - [28/Aug/2026:08:19:47 +0200] "GET /dp/1f5641703274709 HTTP/1.1" 200 181500 "-" "Mozilla/5.0 (Linux; Android 6.0.1; Nexus 5X Build/MMB29P) AppleWebKit/537.36 (KHTML, like Gecko) Chrome/151.0.7922.173 Mobile Safari/537.36 (compatible; GoogleOther)"
179.60.76.242 - - [28/Aug/2026:08:19:58 +0200] "GET /situation-statistique-du-registre-de-metiers-informatise-a-la-date-du-2021-9-8/?share=pinterest HTTP/1.1" 200 - "https://www.ucrm-togo.tg" "Mozilla/5.0 (Windows NT 10.0; Win64; x64) AppleWebKit/537.36 (KHTML, like Gecko) Chrome/145.0.0.0 Safari/537.36"
66.249.65.12 - - [28/Aug/2026:08:19:59 +0200] "GET /dp/13146df3759245 HTTP/1.1" 200 187039 "-" "Mozilla/5.0 (Linux; Android 6.0.1; Nexus 5X Build/MMB29P) AppleWebKit/537.36 (KHTML, like Gecko) Chrome/151.0.7922.173 Mobile Safari/537.36 (compatible; GoogleOther)"
66.249.65.12 - - [28/Aug/2026:08:20:10 +0200] "GET /dp/650e839c4049731 HTTP/1.1" 200 180813 "-" "Mozilla/5.0 (Linux; Android 6.0.1; Nexus 5X Build/MMB29P) AppleWebKit/537.36 (KHTML, like Gecko) Chrome/151.0.7922.173 Mobile Safari/537.36 (compatible; GoogleOther)"
66.249.65.12 - - [28/Aug/2026:08:20:12 +0200] "GET /dp/e494ee993859998 HTTP/1.1" 200 179772 "-" "Mozilla/5.0 (Linux; Android 6.0.1; Nexus 5X Build/MMB29P) AppleWebKit/537.36 (KHTML, like Gecko) Chrome/151.0.7922.173 Mobile Safari/537.36 (compatible; GoogleOther)"
66.249.65.12 - - [28/Aug/2026:08:20:30 +0200] "GET /dp/7179893d53062 HTTP/1.1" 200 186942 "-" "Mozilla/5.0 (Linux; Android 6.0.1; Nexus 5X Build/MMB29P) AppleWebKit/537.36 (KHTML, like Gecko) Chrome/151.0.7922.173 Mobile Safari/537.36 (compatible; Googlebot/2.1; +http://www.google.com/bot.html)"
66.249.65.12 - - [28/Aug/2026:08:20:46 +0200] "GET /dp/5a83ed3e136911 HTTP/1.1" 200 180621 "-" "Mozilla/5.0 (Linux; Android 6.0.1; Nexus 5X Build/MMB29P) AppleWebKit/537.36 (KHTML, like Gecko) Chrome/151.0.7922.173 Mobile Safari/537.36 (compatible; GoogleOther)"
66.249.65.12 - - [28/Aug/2026:08:20:51 +0200] "GET /dp/32ac4b794207197 HTTP/1.1" 200 187423 "-" "Mozilla/5.0 (Linux; Android 6.0.1; Nexus 5X Build/MMB29P) AppleWebKit/537.36 (KHTML, like Gecko) Chrome/151.0.7922.173 Mobile Safari/537.36 (compatible; GoogleOther)"
66.249.65.12 - - [28/Aug/2026:08:20:56 +0200] "GET /dp/0ebcefe62214545 HTTP/1.1" 200 186346 "-" "Mozilla/5.0 (Linux; Android 6.0.1; Nexus 5X Build/MMB29P) AppleWebKit/537.36 (KHTML, like Gecko) Chrome/151.0.7922.173 Mobile Safari/537.36 (compatible; GoogleOther)"
66.249.65.12 - - [28/Aug/2026:08:20:58 +0200] "GET /dp/819cc95084397 HTTP/1.1" 200 189275 "-" "Mozilla/5.0 (Linux; Android 6.0.1; Nexus 5X Build/MMB29P) AppleWebKit/537.36 (KHTML, like Gecko) Chrome/151.0.7922.173 Mobile Safari/537.36 (compatible; Googlebot/2.1; +http://www.google.com/bot.html)"
9.129.6.2 - - [28/Aug/2026:08:21:00 +0200] "GET /rebecca-la-couturiere-qui-fait-booster-lartisanat-dans-la-kara/ HTTP/1.1" 200 - "-" "Mozilla/5.0 AppleWebKit/537.36 (KHTML, like Gecko); compatible; ChatGPT-User/1.0; +https://openai.com/bot"
9.129.6.0 - - [28/Aug/2026:08:21:03 +0200] "GET / HTTP/1.1" 200 5000 "-" "Mozilla/5.0 AppleWebKit/537.36 (KHTML, like Gecko); compatible; ChatGPT-User/1.0; +https://openai.com/bot"
66.249.65.12 - - [28/Aug/2026:08:21:04 +0200] "GET /dp/acbb07991315698 HTTP/1.1" 200 178849 "-" "Mozilla/5.0 (Linux; Android 6.0.1; Nexus 5X Build/MMB29P) AppleWebKit/537.36 (KHTML, like Gecko) Chrome/151.0.7922.173 Mobile Safari/537.36 (compatible; GoogleOther)"
66.249.65.12 - - [28/Aug/2026:08:21:08 +0200] "GET /dp/7ca33a892178075 HTTP/1.1" 200 186210 "-" "Mozilla/5.0 (Linux; Android 6.0.1; Nexus 5X Build/MMB29P) AppleWebKit/537.36 (KHTML, like Gecko) Chrome/151.0.7922.173 Mobile Safari/537.36 (compatible; GoogleOther)"
66.249.65.12 - - [28/Aug/2026:08:21:10 +0200] "GET /dp/257842781184682 HTTP/1.1" 200 183842 "-" "Mozilla/5.0 (Linux; Android 6.0.1; Nexus 5X Build/MMB29P) AppleWebKit/537.36 (KHTML, like Gecko) Chrome/151.0.7922.173 Mobile Safari/537.36 (compatible; GoogleOther)"
66.249.65.12 - - [28/Aug/2026:08:21:12 +0200] "GET /dp/4472676560747 HTTP/1.1" 200 186050 "-" "Mozilla/5.0 (Linux; Android 6.0.1; Nexus 5X Build/MMB29P) AppleWebKit/537.36 (KHTML, like Gecko) Chrome/151.0.7922.173 Mobile Safari/537.36 (compatible; GoogleOther)"
103.129.174.246 - - [28/Aug/2026:08:21:13 +0200] "GET /sitemap.xml HTTP/1.1" 200 165001 "-" "Mozilla/5.0 (Windows NT 10.0; Win64; x64) AppleWebKit/537.36 (KHTML, like Gecko) Chrome/148.0.0.0 Safari/537.36 OPR/132.0.0.0"
66.249.65.12 - - [28/Aug/2026:08:21:14 +0200] "GET /dp/35eef8e32696295 HTTP/1.1" 200 183022 "-" "Mozilla/5.0 (Linux; Android 6.0.1; Nexus 5X Build/MMB29P) AppleWebKit/537.36 (KHTML, like Gecko) Chrome/151.0.7922.173 Mobile Safari/537.36 (compatible; GoogleOther)"
103.129.174.246 - - [28/Aug/2026:08:21:15 +0200] "GET /favicon.ico HTTP/1.1" 200 - "https://ucrm-togo.tg/sitemap.xml" "Mozilla/5.0 (Windows NT 10.0; Win64; x64) AppleWebKit/537.36 (KHTML, like Gecko) Chrome/148.0.0.0 Safari/537.36 OPR/132.0.0.0"
66.249.65.12 - - [28/Aug/2026:08:21:16 +0200] "GET /dp/39c626232561326 HTTP/1.1" 200 183804 "-" "Mozilla/5.0 (Linux; Android 6.0.1; Nexus 5X Build/MMB29P) AppleWebKit/537.36 (KHTML, like Gecko) Chrome/151.0.7922.173 Mobile Safari/537.36 (compatible; GoogleOther)"
66.249.65.12 - - [28/Aug/2026:08:21:18 +0200] "GET /dp/498df93e2906331 HTTP/1.1" 200 180415 "-" "Mozilla/5.0 (Linux; Android 6.0.1; Nexus 5X Build/MMB29P) AppleWebKit/537.36 (KHTML, like Gecko) Chrome/151.0.7922.173 Mobile Safari/537.36 (compatible; GoogleOther)"
103.129.174.246 - - [28/Aug/2026:08:21:22 +0200] "GET / HTTP/1.1" 200 5000 "-" "Mozilla/5.0 (Windows NT 10.0; Win64; x64) AppleWebKit/537.36 (KHTML, like Gecko) Chrome/148.0.0.0 Safari/537.36 OPR/132.0.0.0"
103.129.174.246 - - [28/Aug/2026:08:21:23 +0200] "GET /favicon.ico HTTP/1.1" 200 - "https://ucrm-togo.tg/" "Mozilla/5.0 (Windows NT 10.0; Win64; x64) AppleWebKit/537.36 (KHTML, like Gecko) Chrome/148.0.0.0 Safari/537.36 OPR/132.0.0.0"
66.249.65.12 - - [28/Aug/2026:08:21:24 +0200] "GET /dp/41705c2f4301409 HTTP/1.1" 200 178524 "-" "Mozilla/5.0 (Linux; Android 6.0.1; Nexus 5X Build/MMB29P) AppleWebKit/537.36 (KHTML, like Gecko) Chrome/151.0.7922.173 Mobile Safari/537.36 (compatible; GoogleOther)"
66.249.65.12 - - [28/Aug/2026:08:21:26 +0200] "GET /dp/86185af6303407 HTTP/1.1" 200 186152 "-" "Mozilla/5.0 (Linux; Android 6.0.1; Nexus 5X Build/MMB29P) AppleWebKit/537.36 (KHTML, like Gecko) Chrome/151.0.7922.173 Mobile Safari/537.36 (compatible; GoogleOther)"
66.249.65.12 - - [28/Aug/2026:08:21:26 +0200] "GET /dp/70a5d70b77034 HTTP/1.1" 200 186477 "-" "Mozilla/5.0 (Linux; Android 6.0.1; Nexus 5X Build/MMB29P) AppleWebKit/537.36 (KHTML, like Gecko) Chrome/151.0.7922.173 Mobile Safari/537.36 (compatible; Googlebot/2.1; +http://www.google.com/bot.html)"
66.249.65.12 - - [28/Aug/2026:08:21:29 +0200] "GET /dp/553610551812124 HTTP/1.1" 200 189097 "-" "Mozilla/5.0 (Linux; Android 6.0.1; Nexus 5X Build/MMB29P) AppleWebKit/537.36 (KHTML, like Gecko) Chrome/151.0.7922.173 Mobile Safari/537.36 (compatible; GoogleOther)"
66.249.65.13 - - [28/Aug/2026:08:21:31 +0200] "GET /dp/1405193c1128540 HTTP/1.1" 200 183762 "-" "Mozilla/5.0 (Linux; Android 6.0.1; Nexus 5X Build/MMB29P) AppleWebKit/537.36 (KHTML, like Gecko) Chrome/151.0.7922.173 Mobile Safari/537.36 (compatible; GoogleOther)"
66.249.65.13 - - [28/Aug/2026:08:21:33 +0200] "GET /dp/c7201ea32970231 HTTP/1.1" 200 182607 "-" "Mozilla/5.0 (Linux; Android 6.0.1; Nexus 5X Build/MMB29P) AppleWebKit/537.36 (KHTML, like Gecko) Chrome/151.0.7922.173 Mobile Safari/537.36 (compatible; GoogleOther)"
66.249.65.13 - - [28/Aug/2026:08:21:34 +0200] "GET /dp/7c9373f84185393 HTTP/1.1" 200 183762 "-" "Mozilla/5.0 (Linux; Android 6.0.1; Nexus 5X Build/MMB29P) AppleWebKit/537.36 (KHTML, like Gecko) Chrome/151.0.7922.173 Mobile Safari/537.36 (compatible; GoogleOther)"
66.249.65.12 - - [28/Aug/2026:08:21:36 +0200] "GET /dp/ae70e0332327403 HTTP/1.1" 200 179533 "-" "Mozilla/5.0 (Linux; Android 6.0.1; Nexus 5X Build/MMB29P) AppleWebKit/537.36 (KHTML, like Gecko) Chrome/151.0.7922.173 Mobile Safari/537.36 (compatible; GoogleOther)"
66.249.65.13 - - [28/Aug/2026:08:21:37 +0200] "GET /dp/6953c5a13376482 HTTP/1.1" 200 181119 "-" "Mozilla/5.0 (Linux; Android 6.0.1; Nexus 5X Build/MMB29P) AppleWebKit/537.36 (KHTML, like Gecko) Chrome/151.0.7922.173 Mobile Safari/537.36 (compatible; GoogleOther)"
66.249.65.12 - - [28/Aug/2026:08:21:39 +0200] "GET /dp/90fe59c72749036 HTTP/1.1" 200 187401 "-" "Mozilla/5.0 (Linux; Android 6.0.1; Nexus 5X Build/MMB29P) AppleWebKit/537.36 (KHTML, like Gecko) Chrome/151.0.7922.173 Mobile Safari/537.36 (compatible; GoogleOther)"
66.249.65.13 - - [28/Aug/2026:08:21:43 +0200] "GET /dp/b5deefd3961823 HTTP/1.1" 200 189500 "-" "Mozilla/5.0 (Linux; Android 6.0.1; Nexus 5X Build/MMB29P) AppleWebKit/537.36 (KHTML, like Gecko) Chrome/151.0.7922.173 Mobile Safari/537.36 (compatible; GoogleOther)"
66.249.65.13 - - [28/Aug/2026:08:21:45 +0200] "GET /dp/ac900e443963039 HTTP/1.1" 200 183609 "-" "Mozilla/5.0 (Linux; Android 6.0.1; Nexus 5X Build/MMB29P) AppleWebKit/537.36 (KHTML, like Gecko) Chrome/151.0.7922.173 Mobile Safari/537.36 (compatible; GoogleOther)"
109.234.162.247 - - [28/Aug/2026:08:21:47 +0200] "POST /wp-cron.php?doing_wp_cron=1787898107.4930269718170166015625 HTTP/1.1" 200 - "-" "WordPress/6.2.11; https://www.ucrm-togo.tg"
66.249.65.14 - - [28/Aug/2026:08:21:47 +0200] "GET /dp/048a608c4118378 HTTP/1.1" 404 78096 "-" "Mozilla/5.0 (Linux; Android 6.0.1; Nexus 5X Build/MMB29P) AppleWebKit/537.36 (KHTML, like Gecko) Chrome/151.0.7922.173 Mobile Safari/537.36 (compatible; GoogleOther)"
109.234.162.247 - - [28/Aug/2026:08:21:48 +0200] "GET / HTTP/1.1" 200 5000 "-" "WordPress/6.2.11; https://www.ucrm-togo.tg"
66.249.65.14 - - [28/Aug/2026:08:21:49 +0200] "GET /dp/7f9554a41868187 HTTP/1.1" 404 78106 "-" "Mozilla/5.0 (Linux; Android 6.0.1; Nexus 5X Build/MMB29P) AppleWebKit/537.36 (KHTML, like Gecko) Chrome/151.0.7922.173 Mobile Safari/537.36 (compatible; GoogleOther)"
66.249.65.13 - - [28/Aug/2026:08:21:53 +0200] "GET /dp/1125300513380 HTTP/1.1" 404 78083 "-" "Mozilla/5.0 (Linux; Android 6.0.1; Nexus 5X Build/MMB29P) AppleWebKit/537.36 (KHTML, like Gecko) Chrome/151.0.7922.173 Mobile Safari/537.36 (compatible; Googlebot/2.1; +http://www.google.com/bot.html)"
66.249.65.14 - - [28/Aug/2026:08:21:54 +0200] "GET /dp/57949f273304750 HTTP/1.1" 404 78106 "-" "Mozilla/5.0 (Linux; Android 6.0.1; Nexus 5X Build/MMB29P) AppleWebKit/537.36 (KHTML, like Gecko) Chrome/151.0.7922.173 Mobile Safari/537.36 (compatible; GoogleOther)"
109.234.162.247 - - [28/Aug/2026:08:21:54 +0200] "GET /wp-json/jetpack/v4/sync/spawn-sync?time=1787898114&request_lock_id=1787898114.8755 HTTP/1.1" 200 17 "-" "WordPress/6.2.11; https://www.ucrm-togo.tg"
66.249.65.14 - - [28/Aug/2026:08:21:56 +0200] "GET /dp/d710019e1775697 HTTP/1.1" 404 78088 "-" "Mozilla/5.0 (Linux; Android 6.0.1; Nexus 5X Build/MMB29P) AppleWebKit/537.36 (KHTML, like Gecko) Chrome/151.0.7922.173 Mobile Safari/537.36 (compatible; GoogleOther)"
66.249.65.12 - - [28/Aug/2026:08:21:58 +0200] "GET /dp/896463673643366 HTTP/1.1" 404 78122 "-" "Mozilla/5.0 (Linux; Android 6.0.1; Nexus 5X Build/MMB29P) AppleWebKit/537.36 (KHTML, like Gecko) Chrome/151.0.7922.173 Mobile Safari/537.36 (compatible; GoogleOther)"
66.249.65.14 - - [28/Aug/2026:08:21:59 +0200] "GET /dp/5a330fb03077254 HTTP/1.1" 404 78087 "-" "Mozilla/5.0 (Linux; Android 6.0.1; Nexus 5X Build/MMB29P) AppleWebKit/537.36 (KHTML, like Gecko) Chrome/151.0.7922.173 Mobile Safari/537.36 (compatible; GoogleOther)"
66.249.65.14 - - [28/Aug/2026:08:22:01 +0200] "GET /dp/4f2674a73773125 HTTP/1.1" 404 78095 "-" "Mozilla/5.0 (Linux; Android 6.0.1; Nexus 5X Build/MMB29P) AppleWebKit/537.36 (KHTML, like Gecko) Chrome/151.0.7922.173 Mobile Safari/537.36 (compatible; GoogleOther)"
66.249.65.12 - - [28/Aug/2026:08:22:03 +0200] "GET /dp/d236f3ce2873935 HTTP/1.1" 404 78086 "-" "Mozilla/5.0 (Linux; Android 6.0.1; Nexus 5X Build/MMB29P) AppleWebKit/537.36 (KHTML, like Gecko) Chrome/151.0.7922.173 Mobile Safari/537.36 (compatible; GoogleOther)"
66.249.65.13 - - [28/Aug/2026:08:22:05 +0200] "GET /dp/b50240602699409 HTTP/1.1" 404 78110 "-" "Mozilla/5.0 (Linux; Android 6.0.1; Nexus 5X Build/MMB29P) AppleWebKit/537.36 (KHTML, like Gecko) Chrome/151.0.7922.173 Mobile Safari/537.36 (compatible; GoogleOther)"
66.249.65.13 - - [28/Aug/2026:08:22:06 +0200] "GET /dp/e8429fe91219778 HTTP/1.1" 404 - "-" "Mozilla/5.0 (Linux; Android 6.0.1; Nexus 5X Build/MMB29P) AppleWebKit/537.36 (KHTML, like Gecko) Chrome/151.0.7922.173 Mobile Safari/537.36 (compatible; GoogleOther)"
103.129.174.246 - - [28/Aug/2026:08:22:07 +0200] "GET /favicon.ico HTTP/1.1" 404 - "https://ucrm-togo.tg/" "Mozilla/5.0 (Windows NT 10.0; Win64; x64) AppleWebKit/537.36 (KHTML, like Gecko) Chrome/148.0.0.0 Safari/537.36 OPR/132.0.0.0"
66.249.65.12 - - [28/Aug/2026:08:22:08 +0200] "GET /dp/8e1b30772842854 HTTP/1.1" 404 - "-" "Mozilla/5.0 (Linux; Android 6.0.1; Nexus 5X Build/MMB29P) AppleWebKit/537.36 (KHTML, like Gecko) Chrome/151.0.7922.173 Mobile Safari/537.36 (compatible; GoogleOther)"
103.129.174.246 - - [28/Aug/2026:08:22:08 +0200] "GET /favicon.ico HTTP/1.1" 404 - "https://ucrm-togo.tg/sitemap.xml" "Mozilla/5.0 (Windows NT 10.0; Win64; x64) AppleWebKit/537.36 (KHTML, like Gecko) Chrome/148.0.0.0 Safari/537.36 OPR/132.0.0.0"
109.234.162.247 - - [28/Aug/2026:08:22:09 +0200] "POST /wp-cron.php?doing_wp_cron=1787898129.7304420471191406250000 HTTP/1.1" 200 - "-" "WordPress/6.2.11; https://www.ucrm-togo.tg"
103.129.174.246 - - [28/Aug/2026:08:22:09 +0200] "GET / HTTP/1.1" 301 - "-" "Mozilla/5.0 (Windows NT 10.0; Win64; x64) AppleWebKit/537.36 (KHTML, like Gecko) Chrome/148.0.0.0 Safari/537.36 OPR/132.0.0.0"
66.249.65.12 - - [28/Aug/2026:08:22:10 +0200] "GET /dp/327152963746250 HTTP/1.1" 404 - "-" "Mozilla/5.0 (Linux; Android 6.0.1; Nexus 5X Build/MMB29P) AppleWebKit/537.36 (KHTML, like Gecko) Chrome/151.0.7922.173 Mobile Safari/537.36 (compatible; GoogleOther)"
103.129.174.246 - - [28/Aug/2026:08:22:10 +0200] "GET /wp-content/plugins/jetpack/jetpack_vendor/automattic/jetpack-videopress/build/block-editor/blocks/video/view.css?minify=false&ver=34ae973733627b74a14e HTTP/1.1" 200 602 "https://www.ucrm-togo.tg/" "Mozilla/5.0 (Windows NT 10.0; Win64; x64) AppleWebKit/537.36 (KHTML, like Gecko) Chrome/148.0.0.0 Safari/537.36 OPR/132.0.0.0"
103.129.174.246 - - [28/Aug/2026:08:22:10 +0200] "GET /wp-content/plugins/custom-twitter-feeds/css/ctf-styles.min.css?ver=2.2.2 HTTP/1.1" 200 16245 "https://www.ucrm-togo.tg/" "Mozilla/5.0 (Windows NT 10.0; Win64; x64) AppleWebKit/537.36 (KHTML, like Gecko) Chrome/148.0.0.0 Safari/537.36 OPR/132.0.0.0"
103.129.174.246 - - [28/Aug/2026:08:22:10 +0200] "GET /wp-content/plugins/anywhere-elementor-pro/includes/assets/css/ae-pro.min.css?ver=6.2.11 HTTP/1.1" 200 70957 "https://www.ucrm-togo.tg/" "Mozilla/5.0 (Windows NT 10.0; Win64; x64) AppleWebKit/537.36 (KHTML, like Gecko) Chrome/148.0.0.0 Safari/537.36 OPR/132.0.0.0"
103.129.174.246 - - [28/Aug/2026:08:22:10 +0200] "GET /wp-content/plugins/embed-any-document/css/embed-public.min.css?ver=2.7.3 HTTP/1.1" 200 1217 "https://www.ucrm-togo.tg/" "Mozilla/5.0 (Windows NT 10.0; Win64; x64) AppleWebKit/537.36 (KHTML, like Gecko) Chrome/148.0.0.0 Safari/537.36 OPR/132.0.0.0"
103.129.174.246 - - [28/Aug/2026:08:22:10 +0200] "GET /wp-content/plugins/gyan-elements/assets/css/owl.carousel.min.css?ver=2.3.4 HTTP/1.1" 200 2790 "https://www.ucrm-togo.tg/" "Mozilla/5.0 (Windows NT 10.0; Win64; x64) AppleWebKit/537.36 (KHTML, like Gecko) Chrome/148.0.0.0 Safari/537.36 OPR/132.0.0.0"
103.129.174.246 - - [28/Aug/2026:08:22:10 +0200] "GET /wp-content/themes/bizix/style.css?ver=6.2.11 HTTP/1.1" 200 597 "https://www.ucrm-togo.tg/" "Mozilla/5.0 (Windows NT 10.0; Win64; x64) AppleWebKit/537.36 (KHTML, like Gecko) Chrome/148.0.0.0 Safari/537.36 OPR/132.0.0.0"
103.129.174.246 - - [28/Aug/2026:08:22:10 +0200] "GET /wp-content/plugins/anywhere-elementor-pro/includes/assets/lib/vegas/vegas.min.css?ver=6.2.11 HTTP/1.1" 200 9503 "https://www.ucrm-togo.tg/" "Mozilla/5.0 (Windows NT 10.0; Win64; x64) AppleWebKit/537.36 (KHTML, like Gecko) Chrome/148.0.0.0 Safari/537.36 OPR/132.0.0.0"
103.129.174.246 - - [28/Aug/2026:08:22:10 +0200] "GET /wp-content/plugins/gyan-elements/widgets/custom-widgets-min.css?ver=2.0.4 HTTP/1.1" 200 6843 "https://www.ucrm-togo.tg/" "Mozilla/5.0 (Windows NT 10.0; Win64; x64) AppleWebKit/537.36 (KHTML, like Gecko) Chrome/148.0.0.0 Safari/537.36 OPR/132.0.0.0"
103.129.174.246 - - [28/Aug/2026:08:22:10 +0200] "GET /wp-content/themes/ucrm-theme-by-impactnumerik-bizix-child/style.css?ver=6.2.11 HTTP/1.1" 200 241 "https://www.ucrm-togo.tg/" "Mozilla/5.0 (Windows NT 10.0; Win64; x64) AppleWebKit/537.36 (KHTML, like Gecko) Chrome/148.0.0.0 Safari/537.36 OPR/132.0.0.0"
103.129.174.246 - - [28/Aug/2026:08:22:10 +0200] "GET /wp-content/plugins/custom-facebook-feed/assets/css/cff-style.min.css?ver=4.1.9 HTTP/1.1" 200 17495 "https://www.ucrm-togo.tg/" "Mozilla/5.0 (Windows NT 10.0; Win64; x64) AppleWebKit/537.36 (KHTML, like Gecko) Chrome/148.0.0.0 Safari/537.36 OPR/132.0.0.0"
103.129.174.246 - - [28/Aug/2026:08:22:10 +0200] "GET / HTTP/1.1" 200 193992 "-" "Mozilla/5.0 (Windows NT 10.0; Win64; x64) AppleWebKit/537.36 (KHTML, like Gecko) Chrome/148.0.0.0 Safari/537.36 OPR/132.0.0.0"
103.129.174.246 - - [28/Aug/2026:08:22:10 +0200] "GET /wp-content/themes/bizix/webfonts/font-awesome.min.css?ver=2.0.5 HTTP/1.1" 200 58942 "https://www.ucrm-togo.tg/" "Mozilla/5.0 (Windows NT 10.0; Win64; x64) AppleWebKit/537.36 (KHTML, like Gecko) Chrome/148.0.0.0 Safari/537.36 OPR/132.0.0.0"
103.129.174.246 - - [28/Aug/2026:08:22:10 +0200] "GET /wp-content/plugins/elementor/assets/css/frontend.min.css?ver=3.14.1 HTTP/1.1" 200 157039 "https://www.ucrm-togo.tg/" "Mozilla/5.0 (Windows NT 10.0; Win64; x64) AppleWebKit/537.36 (KHTML, like Gecko) Chrome/148.0.0.0 Safari/537.36 OPR/132.0.0.0"
103.129.174.246 - - [28/Aug/2026:08:22:10 +0200] "GET /wp-content/themes/bizix/css/global-header-layout-min.css?ver=2.0.5 HTTP/1.1" 200 115818 "https://www.ucrm-togo.tg/" "Mozilla/5.0 (Windows NT 10.0; Win64; x64) AppleWebKit/537.36 (KHTML, like Gecko) Chrome/148.0.0.0 Safari/537.36 OPR/132.0.0.0"
103.129.174.246 - - [28/Aug/2026:08:22:10 +0200] "GET /wp-content/plugins/elementor/assets/lib/eicons/css/elementor-icons.min.css?ver=5.20.0 HTTP/1.1" 200 19443 "https://www.ucrm-togo.tg/" "Mozilla/5.0 (Windows NT 10.0; Win64; x64) AppleWebKit/537.36 (KHTML, like Gecko) Chrome/148.0.0.0 Safari/537.36 OPR/132.0.0.0"
103.129.174.246 - - [28/Aug/2026:08:22:11 +0200] "GET /wp-content/plugins/elementskit-lite/widgets/init/assets/css/responsive.css?ver=2.9.0 HTTP/1.1" 200 30299 "https://www.ucrm-togo.tg/" "Mozilla/5.0 (Windows NT 10.0; Win64; x64) AppleWebKit/537.36 (KHTML, like Gecko) Chrome/148.0.0.0 Safari/537.36 OPR/132.0.0.0"
103.129.174.246 - - [28/Aug/2026:08:22:11 +0200] "GET /wp-content/plugins/elementor/assets/lib/swiper/css/swiper.min.css?ver=5.3.6 HTTP/1.1" 200 12876 "https://www.ucrm-togo.tg/" "Mozilla/5.0 (Windows NT 10.0; Win64; x64) AppleWebKit/537.36 (KHTML, like Gecko) Chrome/148.0.0.0 Safari/537.36 OPR/132.0.0.0"
103.129.174.246 - - [28/Aug/2026:08:22:11 +0200] "GET /wp-content/plugins/wp-statistics/assets/js/tracker.js?ver=6.2.11 HTTP/1.1" 200 1426 "https://www.ucrm-togo.tg/" "Mozilla/5.0 (Windows NT 10.0; Win64; x64) AppleWebKit/537.36 (KHTML, like Gecko) Chrome/148.0.0.0 Safari/537.36 OPR/132.0.0.0"
103.129.174.246 - - [28/Aug/2026:08:22:11 +0200] "GET /wp-content/plugins/wpforms-lite/assets/css/frontend/modern/wpforms-full.min.css?ver=1.8.2.3 HTTP/1.1" 200 97739 "https://www.ucrm-togo.tg/" "Mozilla/5.0 (Windows NT 10.0; Win64; x64) AppleWebKit/537.36 (KHTML, like Gecko) Chrome/148.0.0.0 Safari/537.36 OPR/132.0.0.0"
103.129.174.246 - - [28/Aug/2026:08:22:11 +0200] "GET /wp-content/plugins/elementskit-lite/widgets/init/assets/css/widget-styles.css?ver=2.9.0 HTTP/1.1" 200 445429 "https://www.ucrm-togo.tg/" "Mozilla/5.0 (Windows NT 10.0; Win64; x64) AppleWebKit/537.36 (KHTML, like Gecko) Chrome/148.0.0.0 Safari/537.36 OPR/132.0.0.0"
103.129.174.246 - - [28/Aug/2026:08:22:11 +0200] "GET /wp-content/uploads/elementor/css/post-61.css?ver=1690067370 HTTP/1.1" 200 1162 "https://www.ucrm-togo.tg/" "Mozilla/5.0 (Windows NT 10.0; Win64; x64) AppleWebKit/537.36 (KHTML, like Gecko) Chrome/148.0.0.0 Safari/537.36 OPR/132.0.0.0"
103.129.174.246 - - [28/Aug/2026:08:22:11 +0200] "GET /wp-content/uploads/elementor/css/post-158.css?ver=1690067371 HTTP/1.1" 200 26992 "https://www.ucrm-togo.tg/" "Mozilla/5.0 (Windows NT 10.0; Win64; x64) AppleWebKit/537.36 (KHTML, like Gecko) Chrome/148.0.0.0 Safari/537.36 OPR/132.0.0.0"
103.129.174.246 - - [28/Aug/2026:08:22:11 +0200] "GET /wp-content/plugins/ultimate-elementor/assets/min-css/uael-frontend.min.css?ver=1.36.6 HTTP/1.1" 200 627202 "https://www.ucrm-togo.tg/" "Mozilla/5.0 (Windows NT 10.0; Win64; x64) AppleWebKit/537.36 (KHTML, like Gecko) Chrome/148.0.0.0 Safari/537.36 OPR/132.0.0.0"
103.129.174.246 - - [28/Aug/2026:08:22:11 +0200] "GET /wp-content/plugins/elementor-pro/assets/css/frontend.min.css?ver=3.7.1 HTTP/1.1" 200 480945 "https://www.ucrm-togo.tg/" "Mozilla/5.0 (Windows NT 10.0; Win64; x64) AppleWebKit/537.36 (KHTML, like Gecko) Chrome/148.0.0.0 Safari/537.36 OPR/132.0.0.0"
103.129.174.246 - - [28/Aug/2026:08:22:11 +0200] "GET /wp-content/plugins/elementskit/widgets/init/assets/css/widget-styles-pro.css?ver=2.6.8 HTTP/1.1" 200 232978 "https://www.ucrm-togo.tg/" "Mozilla/5.0 (Windows NT 10.0; Win64; x64) AppleWebKit/537.36 (KHTML, like Gecko) Chrome/148.0.0.0 Safari/537.36 OPR/132.0.0.0"
66.249.65.12 - - [28/Aug/2026:08:22:11 +0200] "GET /dp/433093782168076 HTTP/1.1" 404 - "-" "Mozilla/5.0 (Linux; Android 6.0.1; Nexus 5X Build/MMB29P) AppleWebKit/537.36 (KHTML, like Gecko) Chrome/151.0.7922.173 Mobile Safari/537.36 (compatible; GoogleOther)"
103.129.174.246 - - [28/Aug/2026:08:22:11 +0200] "GET /wp-content/uploads/2021/04/UCRM.png HTTP/1.1" 200 242378 "https://www.ucrm-togo.tg/" "Mozilla/5.0 (Windows NT 10.0; Win64; x64) AppleWebKit/537.36 (KHTML, like Gecko) Chrome/148.0.0.0 Safari/537.36 OPR/132.0.0.0"
103.129.174.246 - - [28/Aug/2026:08:22:11 +0200] "GET /wp-content/plugins/revslider/public/assets/assets/dummy.png HTTP/1.1" 200 68 "https://www.ucrm-togo.tg/" "Mozilla/5.0 (Windows NT 10.0; Win64; x64) AppleWebKit/537.36 (KHTML, like Gecko) Chrome/148.0.0.0 Safari/537.36 OPR/132.0.0.0"
103.129.174.246 - - [28/Aug/2026:08:22:11 +0200] "GET /wp-content/plugins/gyan-elements/addons/css/widgets/title-min.css?ver=2.0.4 HTTP/1.1" 200 618 "https://www.ucrm-togo.tg/" "Mozilla/5.0 (Windows NT 10.0; Win64; x64) AppleWebKit/537.36 (KHTML, like Gecko) Chrome/148.0.0.0 Safari/537.36 OPR/132.0.0.0"
103.129.174.246 - - [28/Aug/2026:08:22:11 +0200] "GET /wp-content/plugins/gyan-elements/addons/css/gyan-pagination-min.css?ver=2.0.4 HTTP/1.1" 200 1201 "https://www.ucrm-togo.tg/" "Mozilla/5.0 (Windows NT 10.0; Win64; x64) AppleWebKit/537.36 (KHTML, like Gecko) Chrome/148.0.0.0 Safari/537.36 OPR/132.0.0.0"
103.129.174.246 - - [28/Aug/2026:08:22:11 +0200] "GET /wp-content/plugins/gyan-elements/addons/css/gyan-icon-min.css?ver=2.0.4 HTTP/1.1" 200 312 "https://www.ucrm-togo.tg/" "Mozilla/5.0 (Windows NT 10.0; Win64; x64) AppleWebKit/537.36 (KHTML, like Gecko) Chrome/148.0.0.0 Safari/537.36 OPR/132.0.0.0"
103.129.174.246 - - [28/Aug/2026:08:22:11 +0200] "GET /wp-content/plugins/gyan-elements/addons/css/gyan-flex-min.css?ver=2.0.4 HTTP/1.1" 200 1406 "https://www.ucrm-togo.tg/" "Mozilla/5.0 (Windows NT 10.0; Win64; x64) AppleWebKit/537.36 (KHTML, like Gecko) Chrome/148.0.0.0 Safari/537.36 OPR/132.0.0.0"
103.129.174.246 - - [28/Aug/2026:08:22:11 +0200] "GET /wp-content/plugins/gyan-elements/addons/css/gyan-grid-min.css?ver=2.0.4 HTTP/1.1" 200 6577 "https://www.ucrm-togo.tg/" "Mozilla/5.0 (Windows NT 10.0; Win64; x64) AppleWebKit/537.36 (KHTML, like Gecko) Chrome/148.0.0.0 Safari/537.36 OPR/132.0.0.0"
103.129.174.246 - - [28/Aug/2026:08:22:11 +0200] "GET /wp-content/plugins/gyan-elements/addons/css/widgets/post-grid-min.css?ver=2.0.4 HTTP/1.1" 200 6140 "https://www.ucrm-togo.tg/" "Mozilla/5.0 (Windows NT 10.0; Win64; x64) AppleWebKit/537.36 (KHTML, like Gecko) Chrome/148.0.0.0 Safari/537.36 OPR/132.0.0.0"
103.129.174.246 - - [28/Aug/2026:08:22:11 +0200] "GET /wp-content/uploads/2021/04/logo-270-78.png HTTP/1.1" 200 17937 "https://www.ucrm-togo.tg/" "Mozilla/5.0 (Windows NT 10.0; Win64; x64) AppleWebKit/537.36 (KHTML, like Gecko) Chrome/148.0.0.0 Safari/537.36 OPR/132.0.0.0"
103.129.174.246 - - [28/Aug/2026:08:22:12 +0200] "GET /wp-content/themes/bizix/webfonts/fa-solid-900.woff2 HTTP/1.1" 200 78196 "https://www.ucrm-togo.tg/wp-content/themes/bizix/webfonts/font-awesome.min.css?ver=2.0.5" "Mozilla/5.0 (Windows NT 10.0; Win64; x64) AppleWebKit/537.36 (KHTML, like Gecko) Chrome/148.0.0.0 Safari/537.36 OPR/132.0.0.0"
103.129.174.246 - - [28/Aug/2026:08:22:12 +0200] "GET /wp-content/themes/bizix/webfonts/fa-brands-400.woff2 HTTP/1.1" 200 76764 "https://www.ucrm-togo.tg/wp-content/themes/bizix/webfonts/font-awesome.min.css?ver=2.0.5" "Mozilla/5.0 (Windows NT 10.0; Win64; x64) AppleWebKit/537.36 (KHTML, like Gecko) Chrome/148.0.0.0 Safari/537.36 OPR/132.0.0.0"
103.129.174.246 - - [28/Aug/2026:08:22:12 +0200] "GET /wp-content/themes/bizix/webfonts/flat-icons/SwmIcon.woff2 HTTP/1.1" 200 3508 "https://www.ucrm-togo.tg/wp-content/themes/bizix/css/global-header-layout-min.css?ver=2.0.5" "Mozilla/5.0 (Windows NT 10.0; Win64; x64) AppleWebKit/537.36 (KHTML, like Gecko) Chrome/148.0.0.0 Safari/537.36 OPR/132.0.0.0"
103.129.174.246 - - [28/Aug/2026:08:22:12 +0200] "GET /wp-content/themes/bizix/webfonts/fa-regular-400.woff2 HTTP/1.1" 200 13276 "https://www.ucrm-togo.tg/wp-content/themes/bizix/webfonts/font-awesome.min.css?ver=2.0.5" "Mozilla/5.0 (Windows NT 10.0; Win64; x64) AppleWebKit/537.36 (KHTML, like Gecko) Chrome/148.0.0.0 Safari/537.36 OPR/132.0.0.0"
103.129.174.246 - - [28/Aug/2026:08:22:12 +0200] "GET /wp-content/plugins/elementor/assets/lib/eicons/fonts/eicons.woff2?5.20.0 HTTP/1.1" 200 94248 "https://www.ucrm-togo.tg/wp-content/plugins/elementor/assets/lib/eicons/css/elementor-icons.min.css?ver=5.20.0" "Mozilla/5.0 (Windows NT 10.0; Win64; x64) AppleWebKit/537.36 (KHTML, like Gecko) Chrome/148.0.0.0 Safari/537.36 OPR/132.0.0.0"
103.129.174.246 - - [28/Aug/2026:08:22:12 +0200] "GET /wp-content/plugins/gyan-elements/addons/css/gyan-position-min.css?ver=2.0.4 HTTP/1.1" 200 3569 "https://www.ucrm-togo.tg/" "Mozilla/5.0 (Windows NT 10.0; Win64; x64) AppleWebKit/537.36 (KHTML, like Gecko) Chrome/148.0.0.0 Safari/537.36 OPR/132.0.0.0"
103.129.174.246 - - [28/Aug/2026:08:22:12 +0200] "GET /wp-content/plugins/gyan-elements/addons/css/gyan-animation-box-min.css?ver=2.0.4 HTTP/1.1" 200 4869 "https://www.ucrm-togo.tg/" "Mozilla/5.0 (Windows NT 10.0; Win64; x64) AppleWebKit/537.36 (KHTML, like Gecko) Chrome/148.0.0.0 Safari/537.36 OPR/132.0.0.0"
103.129.174.246 - - [28/Aug/2026:08:22:12 +0200] "GET /wp-content/plugins/gyan-elements/addons/css/widgets/info-box-min.css?ver=2.0.4 HTTP/1.1" 200 6057 "https://www.ucrm-togo.tg/" "Mozilla/5.0 (Windows NT 10.0; Win64; x64) AppleWebKit/537.36 (KHTML, like Gecko) Chrome/148.0.0.0 Safari/537.36 OPR/132.0.0.0"
103.129.174.246 - - [28/Aug/2026:08:22:12 +0200] "GET /wp-content/uploads/elementor/css/post-2740.css?ver=1690067371 HTTP/1.1" 200 113 "https://www.ucrm-togo.tg/" "Mozilla/5.0 (Windows NT 10.0; Win64; x64) AppleWebKit/537.36 (KHTML, like Gecko) Chrome/148.0.0.0 Safari/537.36 OPR/132.0.0.0"
103.129.174.246 - - [28/Aug/2026:08:22:12 +0200] "GET /wp-content/plugins/elementskit/modules/pro-form-reset-button/assets/css/elementskit-reset-button.css?ver=2.6.8 HTTP/1.1" 200 69 "https://www.ucrm-togo.tg/" "Mozilla/5.0 (Windows NT 10.0; Win64; x64) AppleWebKit/537.36 (KHTML, like Gecko) Chrome/148.0.0.0 Safari/537.36 OPR/132.0.0.0"
103.129.174.246 - - [28/Aug/2026:08:22:12 +0200] "GET /wp-content/plugins/elementskit/modules/pro-form-signature-field/assets/css/signature-field-styles.css?ver=2.6.8 HTTP/1.1" 200 356 "https://www.ucrm-togo.tg/" "Mozilla/5.0 (Windows NT 10.0; Win64; x64) AppleWebKit/537.36 (KHTML, like Gecko) Chrome/148.0.0.0 Safari/537.36 OPR/132.0.0.0"
103.129.174.246 - - [28/Aug/2026:08:22:12 +0200] "GET /wp-content/plugins/elementor/assets/lib/animations/animations.min.css?ver=3.14.1 HTTP/1.1" 200 18468 "https://www.ucrm-togo.tg/" "Mozilla/5.0 (Windows NT 10.0; Win64; x64) AppleWebKit/537.36 (KHTML, like Gecko) Chrome/148.0.0.0 Safari/537.36 OPR/132.0.0.0"
103.129.174.246 - - [28/Aug/2026:08:22:13 +0200] "GET /wp-content/plugins/jetpack/jetpack_vendor/automattic/jetpack-image-cdn/dist/image-cdn.js?minify=false&ver=132249e245926ae3e188 HTTP/1.1" 200 701 "https://www.ucrm-togo.tg/" "Mozilla/5.0 (Windows NT 10.0; Win64; x64) AppleWebKit/537.36 (KHTML, like Gecko) Chrome/148.0.0.0 Safari/537.36 OPR/132.0.0.0"
103.129.174.246 - - [28/Aug/2026:08:22:13 +0200] "GET /wp-content/plugins/embed-any-document/js/pdfobject.min.js?ver=2.7.3 HTTP/1.1" 200 3897 "https://www.ucrm-togo.tg/" "Mozilla/5.0 (Windows NT 10.0; Win64; x64) AppleWebKit/537.36 (KHTML, like Gecko) Chrome/148.0.0.0 Safari/537.36 OPR/132.0.0.0"
103.129.174.246 - - [28/Aug/2026:08:22:13 +0200] "GET /wp-content/plugins/embed-any-document/js/embed-public.min.js?ver=2.7.3 HTTP/1.1" 200 1175 "https://www.ucrm-togo.tg/" "Mozilla/5.0 (Windows NT 10.0; Win64; x64) AppleWebKit/537.36 (KHTML, like Gecko) Chrome/148.0.0.0 Safari/537.36 OPR/132.0.0.0"
103.129.174.246 - - [28/Aug/2026:08:22:13 +0200] "GET /wp-content/plugins/anywhere-elementor-pro/includes/assets/js/ae-pro.min.js?ver=2.18.1 HTTP/1.1" 200 14334 "https://www.ucrm-togo.tg/" "Mozilla/5.0 (Windows NT 10.0; Win64; x64) AppleWebKit/537.36 (KHTML, like Gecko) Chrome/148.0.0.0 Safari/537.36 OPR/132.0.0.0"
103.129.174.246 - - [28/Aug/2026:08:22:13 +0200] "GET /wp-content/plugins/anywhere-elementor-pro/build/index.js?ver=2.18.1 HTTP/1.1" 200 37687 "https://www.ucrm-togo.tg/" "Mozilla/5.0 (Windows NT 10.0; Win64; x64) AppleWebKit/537.36 (KHTML, like Gecko) Chrome/148.0.0.0 Safari/537.36 OPR/132.0.0.0"
103.129.174.246 - - [28/Aug/2026:08:22:13 +0200] "GET /wp-content/plugins/gyan-elements/assets/js/owl.carousel.min.js?ver=2.3.4 HTTP/1.1" 200 44170 "https://www.ucrm-togo.tg/" "Mozilla/5.0 (Windows NT 10.0; Win64; x64) AppleWebKit/537.36 (KHTML, like Gecko) Chrome/148.0.0.0 Safari/537.36 OPR/132.0.0.0"
103.129.174.246 - - [28/Aug/2026:08:22:13 +0200] "GET /wp-content/plugins/gyan-elements/assets/js/custom-scripts-min.js?ver=2.0.4 HTTP/1.1" 200 674 "https://www.ucrm-togo.tg/" "Mozilla/5.0 (Windows NT 10.0; Win64; x64) AppleWebKit/537.36 (KHTML, like Gecko) Chrome/148.0.0.0 Safari/537.36 OPR/132.0.0.0"
103.129.174.246 - - [28/Aug/2026:08:22:13 +0200] "GET /wp-content/plugins/anywhere-elementor-pro/includes/assets/lib/vegas/vegas.min.js?ver=2.4.0 HTTP/1.1" 200 9914 "https://www.ucrm-togo.tg/" "Mozilla/5.0 (Windows NT 10.0; Win64; x64) AppleWebKit/537.36 (KHTML, like Gecko) Chrome/148.0.0.0 Safari/537.36 OPR/132.0.0.0"
103.129.174.246 - - [28/Aug/2026:08:22:13 +0200] "GET /wp-content/themes/bizix/js/easing.min.js?ver=2.0.5 HTTP/1.1" 200 3564 "https://www.ucrm-togo.tg/" "Mozilla/5.0 (Windows NT 10.0; Win64; x64) AppleWebKit/537.36 (KHTML, like Gecko) Chrome/148.0.0.0 Safari/537.36 OPR/132.0.0.0"
103.129.174.246 - - [28/Aug/2026:08:22:13 +0200] "GET /wp-content/themes/bizix/js/fitvids.min.js?ver=2.0.5 HTTP/1.1" 200 2085 "https://www.ucrm-togo.tg/" "Mozilla/5.0 (Windows NT 10.0; Win64; x64) AppleWebKit/537.36 (KHTML, like Gecko) Chrome/148.0.0.0 Safari/537.36 OPR/132.0.0.0"
66.249.65.12 - - [28/Aug/2026:08:22:13 +0200] "GET /dp/161198361882842 HTTP/1.1" 404 - "-" "Mozilla/5.0 (Linux; Android 6.0.1; Nexus 5X Build/MMB29P) AppleWebKit/537.36 (KHTML, like Gecko) Chrome/151.0.7922.173 Mobile Safari/537.36 (compatible; GoogleOther)"
103.129.174.246 - - [28/Aug/2026:08:22:13 +0200] "GET /wp-content/themes/bizix/js/cookie.min.js?ver=2.0.5 HTTP/1.1" 200 1766 "https://www.ucrm-togo.tg/" "Mozilla/5.0 (Windows NT 10.0; Win64; x64) AppleWebKit/537.36 (KHTML, like Gecko) Chrome/148.0.0.0 Safari/537.36 OPR/132.0.0.0"
103.129.174.246 - - [28/Aug/2026:08:22:13 +0200] "GET /wp-content/themes/bizix/js/coffeescript.min.js?ver=2.0.5 HTTP/1.1" 200 15015 "https://www.ucrm-togo.tg/" "Mozilla/5.0 (Windows NT 10.0; Win64; x64) AppleWebKit/537.36 (KHTML, like Gecko) Chrome/148.0.0.0 Safari/537.36 OPR/132.0.0.0"
103.129.174.246 - - [28/Aug/2026:08:22:13 +0200] "GET /wp-content/plugins/gyan-elements/addons/js/jquery.magnific-popup.min.js?ver=1.1.0 HTTP/1.1" 200 20087 "https://www.ucrm-togo.tg/" "Mozilla/5.0 (Windows NT 10.0; Win64; x64) AppleWebKit/537.36 (KHTML, like Gecko) Chrome/148.0.0.0 Safari/537.36 OPR/132.0.0.0"
103.129.174.246 - - [28/Aug/2026:08:22:13 +0200] "GET /wp-content/plugins/gyan-elements/addons/js/isotope.min.js?ver=3.0.6 HTTP/1.1" 200 34594 "https://www.ucrm-togo.tg/" "Mozilla/5.0 (Windows NT 10.0; Win64; x64) AppleWebKit/537.36 (KHTML, like Gecko) Chrome/148.0.0.0 Safari/537.36 OPR/132.0.0.0"
103.129.174.246 - - [28/Aug/2026:08:22:13 +0200] "GET /wp-content/themes/bizix/js/theme-settings-min.js?ver=2.0.5 HTTP/1.1" 200 9221 "https://www.ucrm-togo.tg/" "Mozilla/5.0 (Windows NT 10.0; Win64; x64) AppleWebKit/537.36 (KHTML, like Gecko) Chrome/148.0.0.0 Safari/537.36 OPR/132.0.0.0"
103.129.174.246 - - [28/Aug/2026:08:22:13 +0200] "GET /wp-content/themes/bizix/js/theme-megamenu-min.js?ver=2.0.5 HTTP/1.1" 200 3015 "https://www.ucrm-togo.tg/" "Mozilla/5.0 (Windows NT 10.0; Win64; x64) AppleWebKit/537.36 (KHTML, like Gecko) Chrome/148.0.0.0 Safari/537.36 OPR/132.0.0.0"
103.129.174.246 - - [28/Aug/2026:08:22:13 +0200] "GET /wp-content/themes/bizix/js/theia-sticky-sidebar.min.js?ver=2.0.5 HTTP/1.1" 200 5370 "https://www.ucrm-togo.tg/" "Mozilla/5.0 (Windows NT 10.0; Win64; x64) AppleWebKit/537.36 (KHTML, like Gecko) Chrome/148.0.0.0 Safari/537.36 OPR/132.0.0.0"
103.129.174.246 - - [28/Aug/2026:08:22:13 +0200] "GET /wp-content/plugins/custom-facebook-feed/assets/js/cff-scripts.js?ver=4.1.9 HTTP/1.1" 200 54897 "https://www.ucrm-togo.tg/" "Mozilla/5.0 (Windows NT 10.0; Win64; x64) AppleWebKit/537.36 (KHTML, like Gecko) Chrome/148.0.0.0 Safari/537.36 OPR/132.0.0.0"
103.129.174.246 - - [28/Aug/2026:08:22:13 +0200] "GET /wp-content/plugins/elementskit-lite/libs/framework/assets/js/frontend-script.js?ver=2.9.0 HTTP/1.1" 200 40 "https://www.ucrm-togo.tg/" "Mozilla/5.0 (Windows NT 10.0; Win64; x64) AppleWebKit/537.36 (KHTML, like Gecko) Chrome/148.0.0.0 Safari/537.36 OPR/132.0.0.0"
103.129.174.246 - - [28/Aug/2026:08:22:13 +0200] "GET /wp-content/plugins/elementskit-lite/widgets/init/assets/js/widget-scripts.js?ver=2.9.0 HTTP/1.1" 200 137549 "https://www.ucrm-togo.tg/" "Mozilla/5.0 (Windows NT 10.0; Win64; x64) AppleWebKit/537.36 (KHTML, like Gecko) Chrome/148.0.0.0 Safari/537.36 OPR/132.0.0.0"
103.129.174.246 - - [28/Aug/2026:08:22:13 +0200] "GET /wp-content/plugins/jetpack/jetpack_vendor/automattic/jetpack-lazy-images/dist/intersection-observer.js?minify=false&ver=83ec8aa758f883d6da14 HTTP/1.1" 200 8983 "https://www.ucrm-togo.tg/" "Mozilla/5.0 (Windows NT 10.0; Win64; x64) AppleWebKit/537.36 (KHTML, like Gecko) Chrome/148.0.0.0 Safari/537.36 OPR/132.0.0.0"
103.129.174.246 - - [28/Aug/2026:08:22:13 +0200] "GET /wp-content/plugins/jetpack/jetpack_vendor/automattic/jetpack-lazy-images/dist/lazy-images.js?minify=false&ver=2e29137590434abf5fbe HTTP/1.1" 200 2415 "https://www.ucrm-togo.tg/" "Mozilla/5.0 (Windows NT 10.0; Win64; x64) AppleWebKit/537.36 (KHTML, like Gecko) Chrome/148.0.0.0 Safari/537.36 OPR/132.0.0.0"
103.129.174.246 - - [28/Aug/2026:08:22:13 +0200] "GET /wp-content/plugins/contact-form-7/modules/recaptcha/index.js?ver=5.8.7 HTTP/1.1" 200 934 "https://www.ucrm-togo.tg/" "Mozilla/5.0 (Windows NT 10.0; Win64; x64) AppleWebKit/537.36 (KHTML, like Gecko) Chrome/148.0.0.0 Safari/537.36 OPR/132.0.0.0"
103.129.174.246 - - [28/Aug/2026:08:22:13 +0200] "GET /wp-content/plugins/gyan-elements/addons/js/gyan-widgets-min.js?ver=2.0.4 HTTP/1.1" 200 37429 "https://www.ucrm-togo.tg/" "Mozilla/5.0 (Windows NT 10.0; Win64; x64) AppleWebKit/537.36 (KHTML, like Gecko) Chrome/148.0.0.0 Safari/537.36 OPR/132.0.0.0"
103.129.174.246 - - [28/Aug/2026:08:22:13 +0200] "GET /wp-content/plugins/gyan-elements/addons/js/jquery_resize.min.js?ver=0.5.3 HTTP/1.1" 200 3279 "https://www.ucrm-togo.tg/" "Mozilla/5.0 (Windows NT 10.0; Win64; x64) AppleWebKit/537.36 (KHTML, like Gecko) Chrome/148.0.0.0 Safari/537.36 OPR/132.0.0.0"
103.129.174.246 - - [28/Aug/2026:08:22:13 +0200] "GET /wp-content/plugins/elementor/assets/lib/swiper/swiper.min.js?ver=5.3.6 HTTP/1.1" 200 139153 "https://www.ucrm-togo.tg/" "Mozilla/5.0 (Windows NT 10.0; Win64; x64) AppleWebKit/537.36 (KHTML, like Gecko) Chrome/148.0.0.0 Safari/537.36 OPR/132.0.0.0"
103.129.174.246 - - [28/Aug/2026:08:22:13 +0200] "GET /wp-content/plugins/elementor-pro/assets/js/webpack-pro.runtime.min.js?ver=3.7.1 HTTP/1.1" 200 5161 "https://www.ucrm-togo.tg/" "Mozilla/5.0 (Windows NT 10.0; Win64; x64) AppleWebKit/537.36 (KHTML, like Gecko) Chrome/148.0.0.0 Safari/537.36 OPR/132.0.0.0"
103.129.174.246 - - [28/Aug/2026:08:22:13 +0200] "GET /wp-content/plugins/elementor/assets/js/webpack.runtime.min.js?ver=3.14.1 HTTP/1.1" 200 4958 "https://www.ucrm-togo.tg/" "Mozilla/5.0 (Windows NT 10.0; Win64; x64) AppleWebKit/537.36 (KHTML, like Gecko) Chrome/148.0.0.0 Safari/537.36 OPR/132.0.0.0"
103.129.174.246 - - [28/Aug/2026:08:22:13 +0200] "GET /wp-content/plugins/elementor/assets/js/frontend-modules.min.js?ver=3.14.1 HTTP/1.1" 200 52861 "https://www.ucrm-togo.tg/" "Mozilla/5.0 (Windows NT 10.0; Win64; x64) AppleWebKit/537.36 (KHTML, like Gecko) Chrome/148.0.0.0 Safari/537.36 OPR/132.0.0.0"
103.129.174.246 - - [28/Aug/2026:08:22:14 +0200] "GET /wp-content/plugins/elementor-pro/assets/js/frontend.min.js?ver=3.7.1 HTTP/1.1" 200 21034 "https://www.ucrm-togo.tg/" "Mozilla/5.0 (Windows NT 10.0; Win64; x64) AppleWebKit/537.36 (KHTML, like Gecko) Chrome/148.0.0.0 Safari/537.36 OPR/132.0.0.0"
103.129.174.246 - - [28/Aug/2026:08:22:14 +0200] "GET /wp-content/plugins/elementor/assets/lib/waypoints/waypoints.min.js?ver=4.0.2 HTTP/1.1" 200 12198 "https://www.ucrm-togo.tg/" "Mozilla/5.0 (Windows NT 10.0; Win64; x64) AppleWebKit/537.36 (KHTML, like Gecko) Chrome/148.0.0.0 Safari/537.36 OPR/132.0.0.0"
103.129.174.246 - - [28/Aug/2026:08:22:14 +0200] "GET /wp-content/plugins/elementor/assets/lib/share-link/share-link.min.js?ver=3.14.1 HTTP/1.1" 200 2620 "https://www.ucrm-togo.tg/" "Mozilla/5.0 (Windows NT 10.0; Win64; x64) AppleWebKit/537.36 (KHTML, like Gecko) Chrome/148.0.0.0 Safari/537.36 OPR/132.0.0.0"
103.129.174.246 - - [28/Aug/2026:08:22:14 +0200] "GET /wp-content/plugins/elementor/assets/lib/dialog/dialog.min.js?ver=4.9.0 HTTP/1.1" 200 10749 "https://www.ucrm-togo.tg/" "Mozilla/5.0 (Windows NT 10.0; Win64; x64) AppleWebKit/537.36 (KHTML, like Gecko) Chrome/148.0.0.0 Safari/537.36 OPR/132.0.0.0"
103.129.174.246 - - [28/Aug/2026:08:22:14 +0200] "GET /wp-content/plugins/elementor/assets/js/frontend.min.js?ver=3.14.1 HTTP/1.1" 200 40814 "https://www.ucrm-togo.tg/" "Mozilla/5.0 (Windows NT 10.0; Win64; x64) AppleWebKit/537.36 (KHTML, like Gecko) Chrome/148.0.0.0 Safari/537.36 OPR/132.0.0.0"
103.129.174.246 - - [28/Aug/2026:08:22:14 +0200] "GET /wp-content/plugins/elementor-pro/assets/js/preloaded-elements-handlers.min.js?ver=3.7.1 HTTP/1.1" 200 134833 "https://www.ucrm-togo.tg/" "Mozilla/5.0 (Windows NT 10.0; Win64; x64) AppleWebKit/537.36 (KHTML, like Gecko) Chrome/148.0.0.0 Safari/537.36 OPR/132.0.0.0"
103.129.174.246 - - [28/Aug/2026:08:22:14 +0200] "GET /wp-content/plugins/elementskit-lite/widgets/init/assets/js/animate-circle.min.js?ver=2.9.0 HTTP/1.1" 200 681 "https://www.ucrm-togo.tg/" "Mozilla/5.0 (Windows NT 10.0; Win64; x64) AppleWebKit/537.36 (KHTML, like Gecko) Chrome/148.0.0.0 Safari/537.36 OPR/132.0.0.0"
103.129.174.246 - - [28/Aug/2026:08:22:14 +0200] "GET /wp-content/plugins/elementskit-lite/widgets/init/assets/js/elementor.js?ver=2.9.0 HTTP/1.1" 200 18458 "https://www.ucrm-togo.tg/" "Mozilla/5.0 (Windows NT 10.0; Win64; x64) AppleWebKit/537.36 (KHTML, like Gecko) Chrome/148.0.0.0 Safari/537.36 OPR/132.0.0.0"
103.129.174.246 - - [28/Aug/2026:08:22:14 +0200] "GET /wp-content/plugins/elementskit/widgets/init/assets/js/elementor.js?ver=2.6.8 HTTP/1.1" 200 19715 "https://www.ucrm-togo.tg/" "Mozilla/5.0 (Windows NT 10.0; Win64; x64) AppleWebKit/537.36 (KHTML, like Gecko) Chrome/148.0.0.0 Safari/537.36 OPR/132.0.0.0"
103.129.174.246 - - [28/Aug/2026:08:22:14 +0200] "GET /wp-content/plugins/elementskit/modules/pro-form-reset-button/assets/js/elementskit-reset-button.js?ver=2.6.8 HTTP/1.1" 200 334 "https://www.ucrm-togo.tg/" "Mozilla/5.0 (Windows NT 10.0; Win64; x64) AppleWebKit/537.36 (KHTML, like Gecko) Chrome/148.0.0.0 Safari/537.36 OPR/132.0.0.0"
103.129.174.246 - - [28/Aug/2026:08:22:14 +0200] "GET /wp-content/plugins/elementskit/modules/pro-form-signature-field/assets/js/signature_pad.umd.min.js?ver=2.6.8 HTTP/1.1" 200 10381 "https://www.ucrm-togo.tg/" "Mozilla/5.0 (Windows NT 10.0; Win64; x64) AppleWebKit/537.36 (KHTML, like Gecko) Chrome/148.0.0.0 Safari/537.36 OPR/132.0.0.0"
103.129.174.246 - - [28/Aug/2026:08:22:14 +0200] "GET /wp-content/plugins/elementskit/modules/pro-form-signature-field/assets/js/elementskit-signature-field-scripts.js?ver=2.6.8 HTTP/1.1" 200 1096 "https://www.ucrm-togo.tg/" "Mozilla/5.0 (Windows NT 10.0; Win64; x64) AppleWebKit/537.36 (KHTML, like Gecko) Chrome/148.0.0.0 Safari/537.36 OPR/132.0.0.0"
103.129.174.246 - - [28/Aug/2026:08:22:14 +0200] "GET /wp-content/plugins/elementor/assets/js/preloaded-modules.min.js?ver=3.14.1 HTTP/1.1" 200 42061 "https://www.ucrm-togo.tg/" "Mozilla/5.0 (Windows NT 10.0; Win64; x64) AppleWebKit/537.36 (KHTML, like Gecko) Chrome/148.0.0.0 Safari/537.36 OPR/132.0.0.0"
103.129.174.246 - - [28/Aug/2026:08:22:14 +0200] "GET /wp-content/plugins/elementor-pro/assets/lib/sticky/jquery.sticky.min.js?ver=3.7.1 HTTP/1.1" 200 3236 "https://www.ucrm-togo.tg/" "Mozilla/5.0 (Windows NT 10.0; Win64; x64) AppleWebKit/537.36 (KHTML, like Gecko) Chrome/148.0.0.0 Safari/537.36 OPR/132.0.0.0"
103.129.174.246 - - [28/Aug/2026:08:22:14 +0200] "GET /wp-content/plugins/wpforms-lite/assets/js/integrations/elementor/frontend.min.js?ver=1.8.2.3 HTTP/1.1" 200 771 "https://www.ucrm-togo.tg/" "Mozilla/5.0 (Windows NT 10.0; Win64; x64) AppleWebKit/537.36 (KHTML, like Gecko) Chrome/148.0.0.0 Safari/537.36 OPR/132.0.0.0"
