52.167.144.173 - - [28/Aug/2026:06:31:15 +0200] "GET /dp/03b738883262091 HTTP/1.1" 200 183550 "-" "Mozilla/5.0 AppleWebKit/537.36 (KHTML, like Gecko; compatible; bingbot/2.0; +http://www.bing.com/bingbot.htm) Chrome/116.0.1938.76 Safari/537.36"
52.167.144.173 - - [28/Aug/2026:06:31:16 +0200] "GET /dp/3b8051933352114 HTTP/1.1" 200 180333 "-" "Mozilla/5.0 AppleWebKit/537.36 (KHTML, like Gecko; compatible; bingbot/2.0; +http://www.bing.com/bingbot.htm) Chrome/116.0.1938.76 Safari/537.36"
52.167.144.173 - - [28/Aug/2026:06:31:16 +0200] "GET /dp/1d99a3553943877 HTTP/1.1" 200 184229 "-" "Mozilla/5.0 AppleWebKit/537.36 (KHTML, like Gecko; compatible; bingbot/2.0; +http://www.bing.com/bingbot.htm) Chrome/116.0.1938.76 Safari/537.36"
52.167.144.173 - - [28/Aug/2026:06:31:17 +0200] "GET /dp/02992f681974155 HTTP/1.1" 200 184819 "-" "Mozilla/5.0 AppleWebKit/537.36 (KHTML, like Gecko; compatible; bingbot/2.0; +http://www.bing.com/bingbot.htm) Chrome/116.0.1938.76 Safari/537.36"
52.167.144.173 - - [28/Aug/2026:06:31:18 +0200] "GET /dp/084517a21151204 HTTP/1.1" 200 184346 "-" "Mozilla/5.0 AppleWebKit/537.36 (KHTML, like Gecko; compatible; bingbot/2.0; +http://www.bing.com/bingbot.htm) Chrome/116.0.1938.76 Safari/537.36"
52.167.144.173 - - [28/Aug/2026:06:31:19 +0200] "GET /dp/4655f4742636108 HTTP/1.1" 200 184684 "-" "Mozilla/5.0 AppleWebKit/537.36 (KHTML, like Gecko; compatible; bingbot/2.0; +http://www.bing.com/bingbot.htm) Chrome/116.0.1938.76 Safari/537.36"
52.167.144.173 - - [28/Aug/2026:06:31:19 +0200] "GET /dp/cad44e733216906 HTTP/1.1" 200 182830 "-" "Mozilla/5.0 AppleWebKit/537.36 (KHTML, like Gecko; compatible; bingbot/2.0; +http://www.bing.com/bingbot.htm) Chrome/116.0.1938.76 Safari/537.36"
52.167.144.173 - - [28/Aug/2026:06:31:20 +0200] "GET /dp/659738672993115 HTTP/1.1" 200 182582 "-" "Mozilla/5.0 AppleWebKit/537.36 (KHTML, like Gecko; compatible; bingbot/2.0; +http://www.bing.com/bingbot.htm) Chrome/116.0.1938.76 Safari/537.36"
52.167.144.173 - - [28/Aug/2026:06:31:21 +0200] "GET /dp/042263821401330 HTTP/1.1" 200 181927 "-" "Mozilla/5.0 AppleWebKit/537.36 (KHTML, like Gecko; compatible; bingbot/2.0; +http://www.bing.com/bingbot.htm) Chrome/116.0.1938.76 Safari/537.36"
52.167.144.173 - - [28/Aug/2026:06:31:22 +0200] "GET /dp/1e6605082243174 HTTP/1.1" 200 187021 "-" "Mozilla/5.0 AppleWebKit/537.36 (KHTML, like Gecko; compatible; bingbot/2.0; +http://www.bing.com/bingbot.htm) Chrome/116.0.1938.76 Safari/537.36"
52.167.144.173 - - [28/Aug/2026:06:31:23 +0200] "GET /dp/521943a22679535 HTTP/1.1" 200 186789 "-" "Mozilla/5.0 AppleWebKit/537.36 (KHTML, like Gecko; compatible; bingbot/2.0; +http://www.bing.com/bingbot.htm) Chrome/116.0.1938.76 Safari/537.36"
52.167.144.173 - - [28/Aug/2026:06:31:26 +0200] "GET /dp/b691f7594378961 HTTP/1.1" 200 183147 "-" "Mozilla/5.0 AppleWebKit/537.36 (KHTML, like Gecko; compatible; bingbot/2.0; +http://www.bing.com/bingbot.htm) Chrome/116.0.1938.76 Safari/537.36"
102.64.151.48 - - [28/Aug/2026:06:31:33 +0200] "GET /license.txt HTTP/1.1" 200 19915 "-" "Mozilla/5.0 (Windows NT 10.0; Win64; x64) AppleWebKit/537.36 (KHTML, like Gecko) Chrome/151.0.0.0 Safari/537.36"
52.167.144.147 - - [28/Aug/2026:06:31:35 +0200] "GET /dp/af6396f23877136 HTTP/1.1" 200 180832 "-" "Mozilla/5.0 AppleWebKit/537.36 (KHTML, like Gecko; compatible; bingbot/2.0; +http://www.bing.com/bingbot.htm) Chrome/116.0.1938.76 Safari/537.36"
52.167.144.147 - - [28/Aug/2026:06:31:36 +0200] "GET /dp/39f8370c4363028 HTTP/1.1" 200 181613 "-" "Mozilla/5.0 AppleWebKit/537.36 (KHTML, like Gecko; compatible; bingbot/2.0; +http://www.bing.com/bingbot.htm) Chrome/116.0.1938.76 Safari/537.36"
52.167.144.147 - - [28/Aug/2026:06:31:37 +0200] "GET /dp/1e809469953703 HTTP/1.1" 200 193878 "-" "Mozilla/5.0 AppleWebKit/537.36 (KHTML, like Gecko; compatible; bingbot/2.0; +http://www.bing.com/bingbot.htm) Chrome/116.0.1938.76 Safari/537.36"
52.167.144.147 - - [28/Aug/2026:06:31:38 +0200] "GET /dp/e483e0422902649 HTTP/1.1" 200 186600 "-" "Mozilla/5.0 AppleWebKit/537.36 (KHTML, like Gecko; compatible; bingbot/2.0; +http://www.bing.com/bingbot.htm) Chrome/116.0.1938.76 Safari/537.36"
52.167.144.147 - - [28/Aug/2026:06:31:39 +0200] "GET /dp/3562250d2587397 HTTP/1.1" 200 186934 "-" "Mozilla/5.0 AppleWebKit/537.36 (KHTML, like Gecko; compatible; bingbot/2.0; +http://www.bing.com/bingbot.htm) Chrome/116.0.1938.76 Safari/537.36"
52.167.144.147 - - [28/Aug/2026:06:31:40 +0200] "GET /dp/746292663845487 HTTP/1.1" 200 182009 "-" "Mozilla/5.0 AppleWebKit/537.36 (KHTML, like Gecko; compatible; bingbot/2.0; +http://www.bing.com/bingbot.htm) Chrome/116.0.1938.76 Safari/537.36"
52.167.144.147 - - [28/Aug/2026:06:31:40 +0200] "GET /dp/f27517482271594 HTTP/1.1" 200 189668 "-" "Mozilla/5.0 AppleWebKit/537.36 (KHTML, like Gecko; compatible; bingbot/2.0; +http://www.bing.com/bingbot.htm) Chrome/116.0.1938.76 Safari/537.36"
52.167.144.147 - - [28/Aug/2026:06:31:41 +0200] "GET /dp/594c65414086042 HTTP/1.1" 200 184923 "-" "Mozilla/5.0 AppleWebKit/537.36 (KHTML, like Gecko; compatible; bingbot/2.0; +http://www.bing.com/bingbot.htm) Chrome/116.0.1938.76 Safari/537.36"
52.167.144.147 - - [28/Aug/2026:06:31:42 +0200] "GET /dp/3829e74e3508727 HTTP/1.1" 200 177570 "-" "Mozilla/5.0 AppleWebKit/537.36 (KHTML, like Gecko; compatible; bingbot/2.0; +http://www.bing.com/bingbot.htm) Chrome/116.0.1938.76 Safari/537.36"
52.167.144.147 - - [28/Aug/2026:06:31:43 +0200] "GET /dp/f7e19e88177623 HTTP/1.1" 200 184308 "-" "Mozilla/5.0 AppleWebKit/537.36 (KHTML, like Gecko; compatible; bingbot/2.0; +http://www.bing.com/bingbot.htm) Chrome/116.0.1938.76 Safari/537.36"
52.167.144.147 - - [28/Aug/2026:06:31:44 +0200] "GET /dp/310f8a9a3781580 HTTP/1.1" 200 179418 "-" "Mozilla/5.0 AppleWebKit/537.36 (KHTML, like Gecko; compatible; bingbot/2.0; +http://www.bing.com/bingbot.htm) Chrome/116.0.1938.76 Safari/537.36"
52.167.144.147 - - [28/Aug/2026:06:31:44 +0200] "GET /dp/6b2326141629495 HTTP/1.1" 200 186484 "-" "Mozilla/5.0 AppleWebKit/537.36 (KHTML, like Gecko; compatible; bingbot/2.0; +http://www.bing.com/bingbot.htm) Chrome/116.0.1938.76 Safari/537.36"
52.167.144.147 - - [28/Aug/2026:06:31:45 +0200] "GET /dp/5808df142551688 HTTP/1.1" 200 183831 "-" "Mozilla/5.0 AppleWebKit/537.36 (KHTML, like Gecko; compatible; bingbot/2.0; +http://www.bing.com/bingbot.htm) Chrome/116.0.1938.76 Safari/537.36"
52.167.144.147 - - [28/Aug/2026:06:31:46 +0200] "GET /dp/469062083771111 HTTP/1.1" 200 183459 "-" "Mozilla/5.0 AppleWebKit/537.36 (KHTML, like Gecko; compatible; bingbot/2.0; +http://www.bing.com/bingbot.htm) Chrome/116.0.1938.76 Safari/537.36"
66.249.65.12 - - [28/Aug/2026:06:31:47 +0200] "GET /dp/5541d2323437030 HTTP/1.1" 200 184139 "-" "Mozilla/5.0 (Linux; Android 6.0.1; Nexus 5X Build/MMB29P) AppleWebKit/537.36 (KHTML, like Gecko) Chrome/151.0.7922.173 Mobile Safari/537.36 (compatible; GoogleOther)"
52.167.144.147 - - [28/Aug/2026:06:31:47 +0200] "GET /dp/3bd7b0861418129 HTTP/1.1" 200 186594 "-" "Mozilla/5.0 AppleWebKit/537.36 (KHTML, like Gecko; compatible; bingbot/2.0; +http://www.bing.com/bingbot.htm) Chrome/116.0.1938.76 Safari/537.36"
52.167.144.147 - - [28/Aug/2026:06:31:47 +0200] "GET /dp/2f60b5ac3892249 HTTP/1.1" 200 181508 "-" "Mozilla/5.0 AppleWebKit/537.36 (KHTML, like Gecko; compatible; bingbot/2.0; +http://www.bing.com/bingbot.htm) Chrome/116.0.1938.76 Safari/537.36"
52.167.144.147 - - [28/Aug/2026:06:31:48 +0200] "GET /dp/87f141432843568 HTTP/1.1" 200 183494 "-" "Mozilla/5.0 AppleWebKit/537.36 (KHTML, like Gecko; compatible; bingbot/2.0; +http://www.bing.com/bingbot.htm) Chrome/116.0.1938.76 Safari/537.36"
52.167.144.147 - - [28/Aug/2026:06:31:49 +0200] "GET /dp/997422903826446 HTTP/1.1" 200 182007 "-" "Mozilla/5.0 AppleWebKit/537.36 (KHTML, like Gecko; compatible; bingbot/2.0; +http://www.bing.com/bingbot.htm) Chrome/116.0.1938.76 Safari/537.36"
52.167.144.147 - - [28/Aug/2026:06:31:50 +0200] "GET /dp/350c9c304152386 HTTP/1.1" 200 182766 "-" "Mozilla/5.0 AppleWebKit/537.36 (KHTML, like Gecko; compatible; bingbot/2.0; +http://www.bing.com/bingbot.htm) Chrome/116.0.1938.76 Safari/537.36"
52.167.144.147 - - [28/Aug/2026:06:31:51 +0200] "GET /dp/b568af4f3087182 HTTP/1.1" 200 183866 "-" "Mozilla/5.0 AppleWebKit/537.36 (KHTML, like Gecko; compatible; bingbot/2.0; +http://www.bing.com/bingbot.htm) Chrome/116.0.1938.76 Safari/537.36"
66.249.65.12 - - [28/Aug/2026:06:31:51 +0200] "GET /dp/4e0e42023577372 HTTP/1.1" 200 180672 "-" "Mozilla/5.0 (Linux; Android 6.0.1; Nexus 5X Build/MMB29P) AppleWebKit/537.36 (KHTML, like Gecko) Chrome/151.0.7922.173 Mobile Safari/537.36 (compatible; GoogleOther)"
52.167.144.147 - - [28/Aug/2026:06:31:51 +0200] "GET /dp/1420e3792287355 HTTP/1.1" 200 183712 "-" "Mozilla/5.0 AppleWebKit/537.36 (KHTML, like Gecko; compatible; bingbot/2.0; +http://www.bing.com/bingbot.htm) Chrome/116.0.1938.76 Safari/537.36"
52.167.144.147 - - [28/Aug/2026:06:31:52 +0200] "GET /dp/4abd4d163678147 HTTP/1.1" 200 184383 "-" "Mozilla/5.0 AppleWebKit/537.36 (KHTML, like Gecko; compatible; bingbot/2.0; +http://www.bing.com/bingbot.htm) Chrome/116.0.1938.76 Safari/537.36"
52.167.144.147 - - [28/Aug/2026:06:31:53 +0200] "GET /dp/0d482926341957 HTTP/1.1" 200 192388 "-" "Mozilla/5.0 AppleWebKit/537.36 (KHTML, like Gecko; compatible; bingbot/2.0; +http://www.bing.com/bingbot.htm) Chrome/116.0.1938.76 Safari/537.36"
52.167.144.147 - - [28/Aug/2026:06:31:54 +0200] "GET /dp/6be401c33261285 HTTP/1.1" 200 182084 "-" "Mozilla/5.0 AppleWebKit/537.36 (KHTML, like Gecko; compatible; bingbot/2.0; +http://www.bing.com/bingbot.htm) Chrome/116.0.1938.76 Safari/537.36"
52.167.144.147 - - [28/Aug/2026:06:31:54 +0200] "GET /dp/5012043f3930222 HTTP/1.1" 200 182500 "-" "Mozilla/5.0 AppleWebKit/537.36 (KHTML, like Gecko; compatible; bingbot/2.0; +http://www.bing.com/bingbot.htm) Chrome/116.0.1938.76 Safari/537.36"
52.167.144.147 - - [28/Aug/2026:06:31:55 +0200] "GET /dp/6ba7190a292920 HTTP/1.1" 200 185373 "-" "Mozilla/5.0 AppleWebKit/537.36 (KHTML, like Gecko; compatible; bingbot/2.0; +http://www.bing.com/bingbot.htm) Chrome/116.0.1938.76 Safari/537.36"
52.167.144.147 - - [28/Aug/2026:06:31:56 +0200] "GET /dp/146a2f531068961 HTTP/1.1" 200 185264 "-" "Mozilla/5.0 AppleWebKit/537.36 (KHTML, like Gecko; compatible; bingbot/2.0; +http://www.bing.com/bingbot.htm) Chrome/116.0.1938.76 Safari/537.36"
52.167.144.147 - - [28/Aug/2026:06:31:57 +0200] "GET /dp/0f535f432178945 HTTP/1.1" 200 184846 "-" "Mozilla/5.0 AppleWebKit/537.36 (KHTML, like Gecko; compatible; bingbot/2.0; +http://www.bing.com/bingbot.htm) Chrome/116.0.1938.76 Safari/537.36"
52.167.144.147 - - [28/Aug/2026:06:31:58 +0200] "GET /dp/f38c816f3692673 HTTP/1.1" 200 180922 "-" "Mozilla/5.0 AppleWebKit/537.36 (KHTML, like Gecko; compatible; bingbot/2.0; +http://www.bing.com/bingbot.htm) Chrome/116.0.1938.76 Safari/537.36"
52.167.144.147 - - [28/Aug/2026:06:31:58 +0200] "GET /dp/9ec1a59a1009304 HTTP/1.1" 200 188504 "-" "Mozilla/5.0 AppleWebKit/537.36 (KHTML, like Gecko; compatible; bingbot/2.0; +http://www.bing.com/bingbot.htm) Chrome/116.0.1938.76 Safari/537.36"
40.77.167.22 - - [28/Aug/2026:06:32:04 +0200] "GET /dp/d17878d61911040 HTTP/1.1" 200 184833 "-" "Mozilla/5.0 AppleWebKit/537.36 (KHTML, like Gecko; compatible; bingbot/2.0; +http://www.bing.com/bingbot.htm) Chrome/116.0.1938.76 Safari/537.36"
40.77.167.22 - - [28/Aug/2026:06:32:05 +0200] "GET /dp/d401a0701857896 HTTP/1.1" 200 190111 "-" "Mozilla/5.0 AppleWebKit/537.36 (KHTML, like Gecko; compatible; bingbot/2.0; +http://www.bing.com/bingbot.htm) Chrome/116.0.1938.76 Safari/537.36"
40.77.167.22 - - [28/Aug/2026:06:32:06 +0200] "GET /dp/47d0d857295143 HTTP/1.1" 200 184651 "-" "Mozilla/5.0 AppleWebKit/537.36 (KHTML, like Gecko; compatible; bingbot/2.0; +http://www.bing.com/bingbot.htm) Chrome/116.0.1938.76 Safari/537.36"
40.77.167.22 - - [28/Aug/2026:06:32:07 +0200] "GET /dp/64cd04182711161 HTTP/1.1" 200 186263 "-" "Mozilla/5.0 AppleWebKit/537.36 (KHTML, like Gecko; compatible; bingbot/2.0; +http://www.bing.com/bingbot.htm) Chrome/116.0.1938.76 Safari/537.36"
40.77.167.22 - - [28/Aug/2026:06:32:08 +0200] "GET /dp/ed3354813327390 HTTP/1.1" 200 187894 "-" "Mozilla/5.0 AppleWebKit/537.36 (KHTML, like Gecko; compatible; bingbot/2.0; +http://www.bing.com/bingbot.htm) Chrome/116.0.1938.76 Safari/537.36"
40.77.167.22 - - [28/Aug/2026:06:32:09 +0200] "GET /dp/953fe3781594542 HTTP/1.1" 200 185540 "-" "Mozilla/5.0 AppleWebKit/537.36 (KHTML, like Gecko; compatible; bingbot/2.0; +http://www.bing.com/bingbot.htm) Chrome/116.0.1938.76 Safari/537.36"
40.77.167.22 - - [28/Aug/2026:06:32:09 +0200] "GET /dp/5e897792270308 HTTP/1.1" 200 185312 "-" "Mozilla/5.0 AppleWebKit/537.36 (KHTML, like Gecko; compatible; bingbot/2.0; +http://www.bing.com/bingbot.htm) Chrome/116.0.1938.76 Safari/537.36"
40.77.167.22 - - [28/Aug/2026:06:32:10 +0200] "GET /dp/1d7c2c90894137 HTTP/1.1" 200 194186 "-" "Mozilla/5.0 AppleWebKit/537.36 (KHTML, like Gecko; compatible; bingbot/2.0; +http://www.bing.com/bingbot.htm) Chrome/116.0.1938.76 Safari/537.36"
40.77.167.22 - - [28/Aug/2026:06:32:11 +0200] "GET /dp/c8a763e13343548 HTTP/1.1" 200 182439 "-" "Mozilla/5.0 AppleWebKit/537.36 (KHTML, like Gecko; compatible; bingbot/2.0; +http://www.bing.com/bingbot.htm) Chrome/116.0.1938.76 Safari/537.36"
40.77.167.22 - - [28/Aug/2026:06:32:12 +0200] "GET /dp/c77468a4732242 HTTP/1.1" 200 182081 "-" "Mozilla/5.0 AppleWebKit/537.36 (KHTML, like Gecko; compatible; bingbot/2.0; +http://www.bing.com/bingbot.htm) Chrome/116.0.1938.76 Safari/537.36"
66.249.65.13 - - [28/Aug/2026:06:32:12 +0200] "GET /dp/fe8621392086581 HTTP/1.1" 200 185116 "-" "Mozilla/5.0 (Linux; Android 6.0.1; Nexus 5X Build/MMB29P) AppleWebKit/537.36 (KHTML, like Gecko) Chrome/151.0.7922.173 Mobile Safari/537.36 (compatible; GoogleOther)"
40.77.167.22 - - [28/Aug/2026:06:32:13 +0200] "GET /dp/98e41a443817880 HTTP/1.1" 200 183712 "-" "Mozilla/5.0 AppleWebKit/537.36 (KHTML, like Gecko; compatible; bingbot/2.0; +http://www.bing.com/bingbot.htm) Chrome/116.0.1938.76 Safari/537.36"
40.77.167.22 - - [28/Aug/2026:06:32:13 +0200] "GET /dp/03130476273202 HTTP/1.1" 200 195455 "-" "Mozilla/5.0 AppleWebKit/537.36 (KHTML, like Gecko; compatible; bingbot/2.0; +http://www.bing.com/bingbot.htm) Chrome/116.0.1938.76 Safari/537.36"
40.77.167.22 - - [28/Aug/2026:06:32:14 +0200] "GET /dp/655222931581850 HTTP/1.1" 200 187178 "-" "Mozilla/5.0 AppleWebKit/537.36 (KHTML, like Gecko; compatible; bingbot/2.0; +http://www.bing.com/bingbot.htm) Chrome/116.0.1938.76 Safari/537.36"
40.77.167.22 - - [28/Aug/2026:06:32:15 +0200] "GET /dp/4557af311825664 HTTP/1.1" 200 186778 "-" "Mozilla/5.0 AppleWebKit/537.36 (KHTML, like Gecko; compatible; bingbot/2.0; +http://www.bing.com/bingbot.htm) Chrome/116.0.1938.76 Safari/537.36"
40.77.167.22 - - [28/Aug/2026:06:32:16 +0200] "GET /dp/0625a9d02686138 HTTP/1.1" 200 184318 "-" "Mozilla/5.0 AppleWebKit/537.36 (KHTML, like Gecko; compatible; bingbot/2.0; +http://www.bing.com/bingbot.htm) Chrome/116.0.1938.76 Safari/537.36"
40.77.167.22 - - [28/Aug/2026:06:32:16 +0200] "GET /dp/60d05cd74079858 HTTP/1.1" 200 188467 "-" "Mozilla/5.0 AppleWebKit/537.36 (KHTML, like Gecko; compatible; bingbot/2.0; +http://www.bing.com/bingbot.htm) Chrome/116.0.1938.76 Safari/537.36"
40.77.167.22 - - [28/Aug/2026:06:32:17 +0200] "GET /dp/de0957111847240 HTTP/1.1" 200 183979 "-" "Mozilla/5.0 AppleWebKit/537.36 (KHTML, like Gecko; compatible; bingbot/2.0; +http://www.bing.com/bingbot.htm) Chrome/116.0.1938.76 Safari/537.36"
40.77.167.22 - - [28/Aug/2026:06:32:18 +0200] "GET /dp/9dd844013619914 HTTP/1.1" 200 187324 "-" "Mozilla/5.0 AppleWebKit/537.36 (KHTML, like Gecko; compatible; bingbot/2.0; +http://www.bing.com/bingbot.htm) Chrome/116.0.1938.76 Safari/537.36"
40.77.167.22 - - [28/Aug/2026:06:32:19 +0200] "GET /dp/152568a11031498 HTTP/1.1" 200 190265 "-" "Mozilla/5.0 AppleWebKit/537.36 (KHTML, like Gecko; compatible; bingbot/2.0; +http://www.bing.com/bingbot.htm) Chrome/116.0.1938.76 Safari/537.36"
40.77.167.22 - - [28/Aug/2026:06:32:20 +0200] "GET /dp/1391e81585055 HTTP/1.1" 200 182654 "-" "Mozilla/5.0 AppleWebKit/537.36 (KHTML, like Gecko; compatible; bingbot/2.0; +http://www.bing.com/bingbot.htm) Chrome/116.0.1938.76 Safari/537.36"
40.77.167.22 - - [28/Aug/2026:06:32:20 +0200] "GET /dp/b7b19d354273875 HTTP/1.1" 200 188104 "-" "Mozilla/5.0 AppleWebKit/537.36 (KHTML, like Gecko; compatible; bingbot/2.0; +http://www.bing.com/bingbot.htm) Chrome/116.0.1938.76 Safari/537.36"
40.77.167.22 - - [28/Aug/2026:06:32:21 +0200] "GET /dp/38b6e4802431612 HTTP/1.1" 200 187744 "-" "Mozilla/5.0 AppleWebKit/537.36 (KHTML, like Gecko; compatible; bingbot/2.0; +http://www.bing.com/bingbot.htm) Chrome/116.0.1938.76 Safari/537.36"
40.77.167.22 - - [28/Aug/2026:06:32:22 +0200] "GET /dp/7f07189e1792848 HTTP/1.1" 200 183242 "-" "Mozilla/5.0 AppleWebKit/537.36 (KHTML, like Gecko; compatible; bingbot/2.0; +http://www.bing.com/bingbot.htm) Chrome/116.0.1938.76 Safari/537.36"
40.77.167.22 - - [28/Aug/2026:06:32:23 +0200] "GET /dp/7849982c883600 HTTP/1.1" 200 188126 "-" "Mozilla/5.0 AppleWebKit/537.36 (KHTML, like Gecko; compatible; bingbot/2.0; +http://www.bing.com/bingbot.htm) Chrome/116.0.1938.76 Safari/537.36"
40.77.167.22 - - [28/Aug/2026:06:32:24 +0200] "GET /dp/ce8566871520503 HTTP/1.1" 200 187603 "-" "Mozilla/5.0 AppleWebKit/537.36 (KHTML, like Gecko; compatible; bingbot/2.0; +http://www.bing.com/bingbot.htm) Chrome/116.0.1938.76 Safari/537.36"
40.77.167.22 - - [28/Aug/2026:06:32:25 +0200] "GET /dp/11b588273068805 HTTP/1.1" 200 184705 "-" "Mozilla/5.0 AppleWebKit/537.36 (KHTML, like Gecko; compatible; bingbot/2.0; +http://www.bing.com/bingbot.htm) Chrome/116.0.1938.76 Safari/537.36"
40.77.167.22 - - [28/Aug/2026:06:32:25 +0200] "GET /dp/243348261215088 HTTP/1.1" 200 187815 "-" "Mozilla/5.0 AppleWebKit/537.36 (KHTML, like Gecko; compatible; bingbot/2.0; +http://www.bing.com/bingbot.htm) Chrome/116.0.1938.76 Safari/537.36"
40.77.167.22 - - [28/Aug/2026:06:32:26 +0200] "GET /dp/6f9e90011316458 HTTP/1.1" 200 177795 "-" "Mozilla/5.0 AppleWebKit/537.36 (KHTML, like Gecko; compatible; bingbot/2.0; +http://www.bing.com/bingbot.htm) Chrome/116.0.1938.76 Safari/537.36"
40.77.167.22 - - [28/Aug/2026:06:32:27 +0200] "GET /dp/691d48783995873 HTTP/1.1" 200 181714 "-" "Mozilla/5.0 AppleWebKit/537.36 (KHTML, like Gecko; compatible; bingbot/2.0; +http://www.bing.com/bingbot.htm) Chrome/116.0.1938.76 Safari/537.36"
40.77.167.22 - - [28/Aug/2026:06:32:28 +0200] "GET /dp/92844859415425 HTTP/1.1" 200 187514 "-" "Mozilla/5.0 AppleWebKit/537.36 (KHTML, like Gecko; compatible; bingbot/2.0; +http://www.bing.com/bingbot.htm) Chrome/116.0.1938.76 Safari/537.36"
40.77.167.22 - - [28/Aug/2026:06:32:34 +0200] "GET /dp/a96559303261159 HTTP/1.1" 200 184333 "-" "Mozilla/5.0 AppleWebKit/537.36 (KHTML, like Gecko; compatible; bingbot/2.0; +http://www.bing.com/bingbot.htm) Chrome/116.0.1938.76 Safari/537.36"
40.77.167.22 - - [28/Aug/2026:06:32:36 +0200] "GET /dp/919074473654124 HTTP/1.1" 200 185069 "-" "Mozilla/5.0 AppleWebKit/537.36 (KHTML, like Gecko; compatible; bingbot/2.0; +http://www.bing.com/bingbot.htm) Chrome/116.0.1938.76 Safari/537.36"
40.77.167.22 - - [28/Aug/2026:06:32:37 +0200] "GET /dp/74a0484b2914556 HTTP/1.1" 200 178723 "-" "Mozilla/5.0 AppleWebKit/537.36 (KHTML, like Gecko; compatible; bingbot/2.0; +http://www.bing.com/bingbot.htm) Chrome/116.0.1938.76 Safari/537.36"
40.77.167.22 - - [28/Aug/2026:06:32:37 +0200] "GET /dp/69cef21516117 HTTP/1.1" 200 186391 "-" "Mozilla/5.0 AppleWebKit/537.36 (KHTML, like Gecko; compatible; bingbot/2.0; +http://www.bing.com/bingbot.htm) Chrome/116.0.1938.76 Safari/537.36"
40.77.167.22 - - [28/Aug/2026:06:32:38 +0200] "GET /dp/636fb95a4010379 HTTP/1.1" 200 184268 "-" "Mozilla/5.0 AppleWebKit/537.36 (KHTML, like Gecko; compatible; bingbot/2.0; +http://www.bing.com/bingbot.htm) Chrome/116.0.1938.76 Safari/537.36"
40.77.167.22 - - [28/Aug/2026:06:32:39 +0200] "GET /dp/164078a63990065 HTTP/1.1" 200 184271 "-" "Mozilla/5.0 AppleWebKit/537.36 (KHTML, like Gecko; compatible; bingbot/2.0; +http://www.bing.com/bingbot.htm) Chrome/116.0.1938.76 Safari/537.36"
66.249.65.13 - - [28/Aug/2026:06:32:39 +0200] "GET /dp/32762b341291767 HTTP/1.1" 200 182011 "-" "Mozilla/5.0 (Linux; Android 6.0.1; Nexus 5X Build/MMB29P) AppleWebKit/537.36 (KHTML, like Gecko) Chrome/151.0.7922.173 Mobile Safari/537.36 (compatible; GoogleOther)"
40.77.167.22 - - [28/Aug/2026:06:32:40 +0200] "GET /dp/e31a5e772121240 HTTP/1.1" 200 180716 "-" "Mozilla/5.0 AppleWebKit/537.36 (KHTML, like Gecko; compatible; bingbot/2.0; +http://www.bing.com/bingbot.htm) Chrome/116.0.1938.76 Safari/537.36"
40.77.167.22 - - [28/Aug/2026:06:32:40 +0200] "GET /dp/c7315af73514928 HTTP/1.1" 200 180124 "-" "Mozilla/5.0 AppleWebKit/537.36 (KHTML, like Gecko; compatible; bingbot/2.0; +http://www.bing.com/bingbot.htm) Chrome/116.0.1938.76 Safari/537.36"
40.77.167.22 - - [28/Aug/2026:06:32:41 +0200] "GET /dp/d0a3d4194207628 HTTP/1.1" 200 185797 "-" "Mozilla/5.0 AppleWebKit/537.36 (KHTML, like Gecko; compatible; bingbot/2.0; +http://www.bing.com/bingbot.htm) Chrome/116.0.1938.76 Safari/537.36"
40.77.167.22 - - [28/Aug/2026:06:32:42 +0200] "GET /dp/5b7361fb1742831 HTTP/1.1" 200 178876 "-" "Mozilla/5.0 AppleWebKit/537.36 (KHTML, like Gecko; compatible; bingbot/2.0; +http://www.bing.com/bingbot.htm) Chrome/116.0.1938.76 Safari/537.36"
40.77.167.22 - - [28/Aug/2026:06:32:43 +0200] "GET /dp/473571382890047 HTTP/1.1" 200 183764 "-" "Mozilla/5.0 AppleWebKit/537.36 (KHTML, like Gecko; compatible; bingbot/2.0; +http://www.bing.com/bingbot.htm) Chrome/116.0.1938.76 Safari/537.36"
40.77.167.22 - - [28/Aug/2026:06:32:44 +0200] "GET /dp/158565942154271 HTTP/1.1" 200 184156 "-" "Mozilla/5.0 AppleWebKit/537.36 (KHTML, like Gecko; compatible; bingbot/2.0; +http://www.bing.com/bingbot.htm) Chrome/116.0.1938.76 Safari/537.36"
40.77.167.22 - - [28/Aug/2026:06:32:44 +0200] "GET /dp/e26bc2763297830 HTTP/1.1" 200 185718 "-" "Mozilla/5.0 AppleWebKit/537.36 (KHTML, like Gecko; compatible; bingbot/2.0; +http://www.bing.com/bingbot.htm) Chrome/116.0.1938.76 Safari/537.36"
40.77.167.22 - - [28/Aug/2026:06:32:45 +0200] "GET /dp/920075913499987 HTTP/1.1" 200 182948 "-" "Mozilla/5.0 AppleWebKit/537.36 (KHTML, like Gecko; compatible; bingbot/2.0; +http://www.bing.com/bingbot.htm) Chrome/116.0.1938.76 Safari/537.36"
40.77.167.22 - - [28/Aug/2026:06:32:46 +0200] "GET /dp/7224816b4351848 HTTP/1.1" 200 181651 "-" "Mozilla/5.0 AppleWebKit/537.36 (KHTML, like Gecko; compatible; bingbot/2.0; +http://www.bing.com/bingbot.htm) Chrome/116.0.1938.76 Safari/537.36"
40.77.167.22 - - [28/Aug/2026:06:32:47 +0200] "GET /dp/78a991502286536 HTTP/1.1" 200 187545 "-" "Mozilla/5.0 AppleWebKit/537.36 (KHTML, like Gecko; compatible; bingbot/2.0; +http://www.bing.com/bingbot.htm) Chrome/116.0.1938.76 Safari/537.36"
40.77.167.22 - - [28/Aug/2026:06:32:48 +0200] "GET /dp/3fe788331976815 HTTP/1.1" 200 183268 "-" "Mozilla/5.0 AppleWebKit/537.36 (KHTML, like Gecko; compatible; bingbot/2.0; +http://www.bing.com/bingbot.htm) Chrome/116.0.1938.76 Safari/537.36"
52.167.144.147 - - [28/Aug/2026:06:32:52 +0200] "GET /dp/31f905132018643 HTTP/1.1" 200 188555 "-" "Mozilla/5.0 AppleWebKit/537.36 (KHTML, like Gecko; compatible; bingbot/2.0; +http://www.bing.com/bingbot.htm) Chrome/116.0.1938.76 Safari/537.36"
52.167.144.147 - - [28/Aug/2026:06:32:53 +0200] "GET /dp/29823b974320387 HTTP/1.1" 200 183935 "-" "Mozilla/5.0 AppleWebKit/537.36 (KHTML, like Gecko; compatible; bingbot/2.0; +http://www.bing.com/bingbot.htm) Chrome/116.0.1938.76 Safari/537.36"
52.167.144.147 - - [28/Aug/2026:06:32:54 +0200] "GET /dp/13e46f3453392 HTTP/1.1" 200 184858 "-" "Mozilla/5.0 AppleWebKit/537.36 (KHTML, like Gecko; compatible; bingbot/2.0; +http://www.bing.com/bingbot.htm) Chrome/116.0.1938.76 Safari/537.36"
66.249.65.12 - - [28/Aug/2026:06:32:54 +0200] "GET /dp/f084fd044127930 HTTP/1.1" 200 181832 "-" "Mozilla/5.0 (Linux; Android 6.0.1; Nexus 5X Build/MMB29P) AppleWebKit/537.36 (KHTML, like Gecko) Chrome/151.0.7922.173 Mobile Safari/537.36 (compatible; Googlebot/2.1; +http://www.google.com/bot.html)"
52.167.144.147 - - [28/Aug/2026:06:32:55 +0200] "GET /dp/e542ac701342666 HTTP/1.1" 200 177587 "-" "Mozilla/5.0 AppleWebKit/537.36 (KHTML, like Gecko; compatible; bingbot/2.0; +http://www.bing.com/bingbot.htm) Chrome/116.0.1938.76 Safari/537.36"
52.167.144.147 - - [28/Aug/2026:06:32:55 +0200] "GET /dp/276699471723442 HTTP/1.1" 200 182950 "-" "Mozilla/5.0 AppleWebKit/537.36 (KHTML, like Gecko; compatible; bingbot/2.0; +http://www.bing.com/bingbot.htm) Chrome/116.0.1938.76 Safari/537.36"
52.167.144.147 - - [28/Aug/2026:06:32:56 +0200] "GET /dp/a3d230841402025 HTTP/1.1" 200 184376 "-" "Mozilla/5.0 AppleWebKit/537.36 (KHTML, like Gecko; compatible; bingbot/2.0; +http://www.bing.com/bingbot.htm) Chrome/116.0.1938.76 Safari/537.36"
52.167.144.147 - - [28/Aug/2026:06:32:57 +0200] "GET /dp/960c21593413948 HTTP/1.1" 200 185031 "-" "Mozilla/5.0 AppleWebKit/537.36 (KHTML, like Gecko; compatible; bingbot/2.0; +http://www.bing.com/bingbot.htm) Chrome/116.0.1938.76 Safari/537.36"
52.167.144.147 - - [28/Aug/2026:06:32:58 +0200] "GET /dp/65e6040c1837362 HTTP/1.1" 200 184908 "-" "Mozilla/5.0 AppleWebKit/537.36 (KHTML, like Gecko; compatible; bingbot/2.0; +http://www.bing.com/bingbot.htm) Chrome/116.0.1938.76 Safari/537.36"
52.167.144.147 - - [28/Aug/2026:06:32:58 +0200] "GET /dp/985ca479653565 HTTP/1.1" 200 184265 "-" "Mozilla/5.0 AppleWebKit/537.36 (KHTML, like Gecko; compatible; bingbot/2.0; +http://www.bing.com/bingbot.htm) Chrome/116.0.1938.76 Safari/537.36"
52.167.144.147 - - [28/Aug/2026:06:32:59 +0200] "GET /dp/315636703923616 HTTP/1.1" 200 181982 "-" "Mozilla/5.0 AppleWebKit/537.36 (KHTML, like Gecko; compatible; bingbot/2.0; +http://www.bing.com/bingbot.htm) Chrome/116.0.1938.76 Safari/537.36"
52.167.144.147 - - [28/Aug/2026:06:33:00 +0200] "GET /dp/a40774501153551 HTTP/1.1" 200 184319 "-" "Mozilla/5.0 AppleWebKit/537.36 (KHTML, like Gecko; compatible; bingbot/2.0; +http://www.bing.com/bingbot.htm) Chrome/116.0.1938.76 Safari/537.36"
52.167.144.147 - - [28/Aug/2026:06:33:01 +0200] "GET /dp/4735d2552172086 HTTP/1.1" 200 185174 "-" "Mozilla/5.0 AppleWebKit/537.36 (KHTML, like Gecko; compatible; bingbot/2.0; +http://www.bing.com/bingbot.htm) Chrome/116.0.1938.76 Safari/537.36"
52.167.144.147 - - [28/Aug/2026:06:33:01 +0200] "GET /dp/e0b880582760590 HTTP/1.1" 200 182974 "-" "Mozilla/5.0 AppleWebKit/537.36 (KHTML, like Gecko; compatible; bingbot/2.0; +http://www.bing.com/bingbot.htm) Chrome/116.0.1938.76 Safari/537.36"
52.167.144.147 - - [28/Aug/2026:06:33:02 +0200] "GET /dp/f3baf5872346929 HTTP/1.1" 200 182120 "-" "Mozilla/5.0 AppleWebKit/537.36 (KHTML, like Gecko; compatible; bingbot/2.0; +http://www.bing.com/bingbot.htm) Chrome/116.0.1938.76 Safari/537.36"
52.167.144.147 - - [28/Aug/2026:06:33:03 +0200] "GET /dp/256b72093832230 HTTP/1.1" 200 181803 "-" "Mozilla/5.0 AppleWebKit/537.36 (KHTML, like Gecko; compatible; bingbot/2.0; +http://www.bing.com/bingbot.htm) Chrome/116.0.1938.76 Safari/537.36"
52.167.144.147 - - [28/Aug/2026:06:33:04 +0200] "GET /dp/3ff1f9cd1159012 HTTP/1.1" 200 179332 "-" "Mozilla/5.0 AppleWebKit/537.36 (KHTML, like Gecko; compatible; bingbot/2.0; +http://www.bing.com/bingbot.htm) Chrome/116.0.1938.76 Safari/537.36"
52.167.144.147 - - [28/Aug/2026:06:33:05 +0200] "GET /dp/0e508617805358 HTTP/1.1" 200 187156 "-" "Mozilla/5.0 AppleWebKit/537.36 (KHTML, like Gecko; compatible; bingbot/2.0; +http://www.bing.com/bingbot.htm) Chrome/116.0.1938.76 Safari/537.36"
52.167.144.147 - - [28/Aug/2026:06:33:05 +0200] "GET /dp/93f083574388217 HTTP/1.1" 200 185864 "-" "Mozilla/5.0 AppleWebKit/537.36 (KHTML, like Gecko; compatible; bingbot/2.0; +http://www.bing.com/bingbot.htm) Chrome/116.0.1938.76 Safari/537.36"
52.167.144.147 - - [28/Aug/2026:06:33:06 +0200] "GET /dp/5af8e5f84368600 HTTP/1.1" 200 186435 "-" "Mozilla/5.0 AppleWebKit/537.36 (KHTML, like Gecko; compatible; bingbot/2.0; +http://www.bing.com/bingbot.htm) Chrome/116.0.1938.76 Safari/537.36"
52.167.144.147 - - [28/Aug/2026:06:33:07 +0200] "GET /dp/13f39466338910 HTTP/1.1" 200 193824 "-" "Mozilla/5.0 AppleWebKit/537.36 (KHTML, like Gecko; compatible; bingbot/2.0; +http://www.bing.com/bingbot.htm) Chrome/116.0.1938.76 Safari/537.36"
52.167.144.147 - - [28/Aug/2026:06:33:08 +0200] "GET /dp/04e0e1a83205871 HTTP/1.1" 200 182516 "-" "Mozilla/5.0 AppleWebKit/537.36 (KHTML, like Gecko; compatible; bingbot/2.0; +http://www.bing.com/bingbot.htm) Chrome/116.0.1938.76 Safari/537.36"
52.167.144.147 - - [28/Aug/2026:06:33:09 +0200] "GET /dp/0aa29742486550 HTTP/1.1" 200 192435 "-" "Mozilla/5.0 AppleWebKit/537.36 (KHTML, like Gecko; compatible; bingbot/2.0; +http://www.bing.com/bingbot.htm) Chrome/116.0.1938.76 Safari/537.36"
52.167.144.147 - - [28/Aug/2026:06:33:09 +0200] "GET /dp/981260913923677 HTTP/1.1" 200 183825 "-" "Mozilla/5.0 AppleWebKit/537.36 (KHTML, like Gecko; compatible; bingbot/2.0; +http://www.bing.com/bingbot.htm) Chrome/116.0.1938.76 Safari/537.36"
52.167.144.147 - - [28/Aug/2026:06:33:10 +0200] "GET /dp/9e78216a4039680 HTTP/1.1" 200 181533 "-" "Mozilla/5.0 AppleWebKit/537.36 (KHTML, like Gecko; compatible; bingbot/2.0; +http://www.bing.com/bingbot.htm) Chrome/116.0.1938.76 Safari/537.36"
52.167.144.147 - - [28/Aug/2026:06:33:11 +0200] "GET /dp/0149f4962018793 HTTP/1.1" 200 186047 "-" "Mozilla/5.0 AppleWebKit/537.36 (KHTML, like Gecko; compatible; bingbot/2.0; +http://www.bing.com/bingbot.htm) Chrome/116.0.1938.76 Safari/537.36"
52.167.144.147 - - [28/Aug/2026:06:33:12 +0200] "GET /dp/96e642871057552 HTTP/1.1" 200 185595 "-" "Mozilla/5.0 AppleWebKit/537.36 (KHTML, like Gecko; compatible; bingbot/2.0; +http://www.bing.com/bingbot.htm) Chrome/116.0.1938.76 Safari/537.36"
52.167.144.147 - - [28/Aug/2026:06:33:13 +0200] "GET /dp/4cbdbf2f3700300 HTTP/1.1" 200 184763 "-" "Mozilla/5.0 AppleWebKit/537.36 (KHTML, like Gecko; compatible; bingbot/2.0; +http://www.bing.com/bingbot.htm) Chrome/116.0.1938.76 Safari/537.36"
52.167.144.147 - - [28/Aug/2026:06:33:13 +0200] "GET /dp/05e56ff6394961 HTTP/1.1" 200 193907 "-" "Mozilla/5.0 AppleWebKit/537.36 (KHTML, like Gecko; compatible; bingbot/2.0; +http://www.bing.com/bingbot.htm) Chrome/116.0.1938.76 Safari/537.36"
52.167.144.147 - - [28/Aug/2026:06:33:14 +0200] "GET /dp/6f7776402401961 HTTP/1.1" 200 190930 "-" "Mozilla/5.0 AppleWebKit/537.36 (KHTML, like Gecko; compatible; bingbot/2.0; +http://www.bing.com/bingbot.htm) Chrome/116.0.1938.76 Safari/537.36"
52.167.144.147 - - [28/Aug/2026:06:33:15 +0200] "GET /dp/00ab39301247208 HTTP/1.1" 200 186928 "-" "Mozilla/5.0 AppleWebKit/537.36 (KHTML, like Gecko; compatible; bingbot/2.0; +http://www.bing.com/bingbot.htm) Chrome/116.0.1938.76 Safari/537.36"
52.167.144.147 - - [28/Aug/2026:06:33:22 +0200] "GET /dp/085121d92506971 HTTP/1.1" 200 183542 "-" "Mozilla/5.0 AppleWebKit/537.36 (KHTML, like Gecko; compatible; bingbot/2.0; +http://www.bing.com/bingbot.htm) Chrome/116.0.1938.76 Safari/537.36"
52.167.144.147 - - [28/Aug/2026:06:33:23 +0200] "GET /dp/437d7903313792 HTTP/1.1" 200 182249 "-" "Mozilla/5.0 AppleWebKit/537.36 (KHTML, like Gecko; compatible; bingbot/2.0; +http://www.bing.com/bingbot.htm) Chrome/116.0.1938.76 Safari/537.36"
52.167.144.147 - - [28/Aug/2026:06:33:24 +0200] "GET /dp/1f96d49e431467 HTTP/1.1" 200 188147 "-" "Mozilla/5.0 AppleWebKit/537.36 (KHTML, like Gecko; compatible; bingbot/2.0; +http://www.bing.com/bingbot.htm) Chrome/116.0.1938.76 Safari/537.36"
52.167.144.147 - - [28/Aug/2026:06:33:25 +0200] "GET /dp/4e377d10869258 HTTP/1.1" 200 188143 "-" "Mozilla/5.0 AppleWebKit/537.36 (KHTML, like Gecko; compatible; bingbot/2.0; +http://www.bing.com/bingbot.htm) Chrome/116.0.1938.76 Safari/537.36"
52.167.144.147 - - [28/Aug/2026:06:33:25 +0200] "GET /dp/2df5d7591664508 HTTP/1.1" 200 184517 "-" "Mozilla/5.0 AppleWebKit/537.36 (KHTML, like Gecko; compatible; bingbot/2.0; +http://www.bing.com/bingbot.htm) Chrome/116.0.1938.76 Safari/537.36"
52.167.144.147 - - [28/Aug/2026:06:33:26 +0200] "GET /dp/3237bbe9318160 HTTP/1.1" 200 184379 "-" "Mozilla/5.0 AppleWebKit/537.36 (KHTML, like Gecko; compatible; bingbot/2.0; +http://www.bing.com/bingbot.htm) Chrome/116.0.1938.76 Safari/537.36"
52.167.144.147 - - [28/Aug/2026:06:33:27 +0200] "GET /dp/656326934273411 HTTP/1.1" 200 180927 "-" "Mozilla/5.0 AppleWebKit/537.36 (KHTML, like Gecko; compatible; bingbot/2.0; +http://www.bing.com/bingbot.htm) Chrome/116.0.1938.76 Safari/537.36"
52.167.144.147 - - [28/Aug/2026:06:33:28 +0200] "GET /dp/d33199431343242 HTTP/1.1" 200 181914 "-" "Mozilla/5.0 AppleWebKit/537.36 (KHTML, like Gecko; compatible; bingbot/2.0; +http://www.bing.com/bingbot.htm) Chrome/116.0.1938.76 Safari/537.36"
52.167.144.147 - - [28/Aug/2026:06:33:29 +0200] "GET /dp/225327921910346 HTTP/1.1" 200 184544 "-" "Mozilla/5.0 AppleWebKit/537.36 (KHTML, like Gecko; compatible; bingbot/2.0; +http://www.bing.com/bingbot.htm) Chrome/116.0.1938.76 Safari/537.36"
52.167.144.147 - - [28/Aug/2026:06:33:29 +0200] "GET /dp/6b2b5d7b2684701 HTTP/1.1" 200 186936 "-" "Mozilla/5.0 AppleWebKit/537.36 (KHTML, like Gecko; compatible; bingbot/2.0; +http://www.bing.com/bingbot.htm) Chrome/116.0.1938.76 Safari/537.36"
52.167.144.147 - - [28/Aug/2026:06:33:30 +0200] "GET /dp/a7166100733050 HTTP/1.1" 200 181005 "-" "Mozilla/5.0 AppleWebKit/537.36 (KHTML, like Gecko; compatible; bingbot/2.0; +http://www.bing.com/bingbot.htm) Chrome/116.0.1938.76 Safari/537.36"
52.167.144.147 - - [28/Aug/2026:06:33:31 +0200] "GET /dp/8458679c318594 HTTP/1.1" 200 189010 "-" "Mozilla/5.0 AppleWebKit/537.36 (KHTML, like Gecko; compatible; bingbot/2.0; +http://www.bing.com/bingbot.htm) Chrome/116.0.1938.76 Safari/537.36"
52.167.144.147 - - [28/Aug/2026:06:33:32 +0200] "GET /dp/af2426e14246388 HTTP/1.1" 200 184440 "-" "Mozilla/5.0 AppleWebKit/537.36 (KHTML, like Gecko; compatible; bingbot/2.0; +http://www.bing.com/bingbot.htm) Chrome/116.0.1938.76 Safari/537.36"
52.167.144.147 - - [28/Aug/2026:06:33:33 +0200] "GET /dp/4734b4903433331 HTTP/1.1" 200 180226 "-" "Mozilla/5.0 AppleWebKit/537.36 (KHTML, like Gecko; compatible; bingbot/2.0; +http://www.bing.com/bingbot.htm) Chrome/116.0.1938.76 Safari/537.36"
52.167.144.147 - - [28/Aug/2026:06:33:33 +0200] "GET /dp/8d5789de1863752 HTTP/1.1" 200 186540 "-" "Mozilla/5.0 AppleWebKit/537.36 (KHTML, like Gecko; compatible; bingbot/2.0; +http://www.bing.com/bingbot.htm) Chrome/116.0.1938.76 Safari/537.36"
52.167.144.147 - - [28/Aug/2026:06:33:34 +0200] "GET /dp/547e84c41290548 HTTP/1.1" 200 187091 "-" "Mozilla/5.0 AppleWebKit/537.36 (KHTML, like Gecko; compatible; bingbot/2.0; +http://www.bing.com/bingbot.htm) Chrome/116.0.1938.76 Safari/537.36"
52.167.144.147 - - [28/Aug/2026:06:33:35 +0200] "GET /dp/862f38192686608 HTTP/1.1" 200 187374 "-" "Mozilla/5.0 AppleWebKit/537.36 (KHTML, like Gecko; compatible; bingbot/2.0; +http://www.bing.com/bingbot.htm) Chrome/116.0.1938.76 Safari/537.36"
66.249.65.14 - - [28/Aug/2026:06:33:35 +0200] "GET /dp/5936c6e21807682 HTTP/1.1" 200 185697 "-" "Mozilla/5.0 (Linux; Android 6.0.1; Nexus 5X Build/MMB29P) AppleWebKit/537.36 (KHTML, like Gecko) Chrome/151.0.7922.173 Mobile Safari/537.36 (compatible; GoogleOther)"
52.167.144.147 - - [28/Aug/2026:06:33:36 +0200] "GET /dp/5a64b975593587 HTTP/1.1" 200 179593 "-" "Mozilla/5.0 AppleWebKit/537.36 (KHTML, like Gecko; compatible; bingbot/2.0; +http://www.bing.com/bingbot.htm) Chrome/116.0.1938.76 Safari/537.36"
52.167.144.147 - - [28/Aug/2026:06:33:36 +0200] "GET /dp/df6d587e1670110 HTTP/1.1" 200 186673 "-" "Mozilla/5.0 AppleWebKit/537.36 (KHTML, like Gecko; compatible; bingbot/2.0; +http://www.bing.com/bingbot.htm) Chrome/116.0.1938.76 Safari/537.36"
52.167.144.147 - - [28/Aug/2026:06:33:37 +0200] "GET /dp/949346113763820 HTTP/1.1" 200 182761 "-" "Mozilla/5.0 AppleWebKit/537.36 (KHTML, like Gecko; compatible; bingbot/2.0; +http://www.bing.com/bingbot.htm) Chrome/116.0.1938.76 Safari/537.36"
52.167.144.147 - - [28/Aug/2026:06:33:38 +0200] "GET /dp/117031dc572641 HTTP/1.1" 200 186317 "-" "Mozilla/5.0 AppleWebKit/537.36 (KHTML, like Gecko; compatible; bingbot/2.0; +http://www.bing.com/bingbot.htm) Chrome/116.0.1938.76 Safari/537.36"
66.249.65.13 - - [28/Aug/2026:06:33:43 +0200] "GET /dp/fe8621392086581 HTTP/1.1" 200 185116 "-" "Mozilla/5.0 (Linux; Android 6.0.1; Nexus 5X Build/MMB29P) AppleWebKit/537.36 (KHTML, like Gecko) Chrome/151.0.7922.173 Mobile Safari/537.36 (compatible; Googlebot/2.1; +http://www.google.com/bot.html)"
43.172.198.168 - - [28/Aug/2026:06:33:47 +0200] "GET /1ere-session-ordinaire-2025-pour-lassemblee-generale-de-la-chambre-communale-de-metiers-de-togblekope-et-adetikope-ccom-7?share=skype HTTP/1.1" 200 - "-" "Mozilla/5.0 (Windows NT 10.0; Win64; x64) AppleWebKit/537.36 (KHTML, like Gecko) Chrome/133.0.0.0 Safari/537.36"
185.191.171.9 - - [28/Aug/2026:06:34:15 +0200] "GET /sensibilisation-sur-le-vih-sida-dans-les-lacs/ HTTP/1.1" 200 - "-" "Mozilla/5.0 (compatible; SemrushBot/7~bl; +http://www.semrush.com/bot.html)"
66.249.65.14 - - [28/Aug/2026:06:34:38 +0200] "GET /dp/5541d2323437030 HTTP/1.1" 200 184139 "-" "Mozilla/5.0 (Linux; Android 6.0.1; Nexus 5X Build/MMB29P) AppleWebKit/537.36 (KHTML, like Gecko) Chrome/151.0.7922.173 Mobile Safari/537.36 (compatible; Googlebot/2.1; +http://www.google.com/bot.html)"
85.208.96.203 - - [28/Aug/2026:06:35:00 +0200] "GET /lexpert-allemand-till-volker-en-mission-au-togo-pour-la-digitalisation-des-services-des-chambres-de-metiers/ HTTP/1.1" 200 - "-" "Mozilla/5.0 (compatible; SemrushBot/7~bl; +http://www.semrush.com/bot.html)"
209.242.199.150 - - [28/Aug/2026:06:35:03 +0200] "GET / HTTP/1.1" 200 5206 "-" "Mozilla/5.0 (Linux; Android 15; SM-S938B) AppleWebKit/537.36 (KHTML, like Gecko) Chrome/150.0.0.0 Mobile Safari/537.36"
66.249.65.12 - - [28/Aug/2026:06:35:07 +0200] "GET /dp/95602944836890 HTTP/1.1" 200 185997 "-" "Mozilla/5.0 (Linux; Android 6.0.1; Nexus 5X Build/MMB29P) AppleWebKit/537.36 (KHTML, like Gecko) Chrome/151.0.7922.173 Mobile Safari/537.36 (compatible; GoogleOther)"
172.121.16.26 - - [28/Aug/2026:06:35:08 +0200] "GET /?C=N%3BO=D HTTP/1.1" 200 5206 "-" "Mozilla/5.0 (iPhone; CPU iPhone OS 18_6 like Mac OS X) AppleWebKit/605.1.15 (KHTML, like Gecko) CriOS/150.0.0.0 Mobile/15E148 Safari/604.1"
102.64.220.139 - - [28/Aug/2026:06:35:08 +0200] "GET /crm-dagl/ HTTP/1.1" 200 - "https://www.google.com/" "Mozilla/5.0 (Linux; Android 10; K) AppleWebKit/537.36 (KHTML, like Gecko) Chrome/151.0.0.0 Mobile Safari/537.36"
102.64.220.139 - - [28/Aug/2026:06:35:09 +0200] "GET /favicon.ico HTTP/1.1" 200 - "https://www.ucrm-togo.tg/crm-dagl/" "Mozilla/5.0 (Linux; Android 10; K) AppleWebKit/537.36 (KHTML, like Gecko) Chrome/151.0.0.0 Mobile Safari/537.36"
66.249.65.12 - - [28/Aug/2026:06:35:11 +0200] "GET /dp/526bb7ac11037 HTTP/1.1" 200 186187 "-" "Mozilla/5.0 (Linux; Android 6.0.1; Nexus 5X Build/MMB29P) AppleWebKit/537.36 (KHTML, like Gecko) Chrome/151.0.7922.173 Mobile Safari/537.36 (compatible; GoogleOther)"
102.64.220.139 - - [28/Aug/2026:06:35:17 +0200] "GET /crm-region-maritime/ HTTP/1.1" 200 - "https://www.google.com/" "Mozilla/5.0 (Linux; Android 10; K) AppleWebKit/537.36 (KHTML, like Gecko) Chrome/151.0.0.0 Mobile Safari/537.36"
102.64.220.139 - - [28/Aug/2026:06:35:18 +0200] "GET /favicon.ico HTTP/1.1" 200 - "https://www.ucrm-togo.tg/crm-region-maritime/" "Mozilla/5.0 (Linux; Android 10; K) AppleWebKit/537.36 (KHTML, like Gecko) Chrome/151.0.0.0 Mobile Safari/537.36"
45.131.195.155 - - [28/Aug/2026:06:35:19 +0200] "GET /wp-login.php HTTP/1.1" 200 11920 "https://www.google.com/search?q=wordpress" "Mozilla/5.0 (Macintosh; Intel Mac OS X 10_15_7) AppleWebKit/537.36 (KHTML, like Gecko) Chrome/119.0.0.0 Safari/537.36"
66.249.65.12 - - [28/Aug/2026:06:35:22 +0200] "GET /dp/32762b341291767 HTTP/1.1" 200 182011 "-" "Mozilla/5.0 (Linux; Android 6.0.1; Nexus 5X Build/MMB29P) AppleWebKit/537.36 (KHTML, like Gecko) Chrome/151.0.7922.173 Mobile Safari/537.36 (compatible; Googlebot/2.1; +http://www.google.com/bot.html)"
102.64.220.139 - - [28/Aug/2026:06:35:26 +0200] "GET /crm-region-maritime/ HTTP/1.1" 200 - "https://www.google.com/" "Mozilla/5.0 (Linux; Android 10; K) AppleWebKit/537.36 (KHTML, like Gecko) Chrome/151.0.0.0 Mobile Safari/537.36"
102.64.220.139 - - [28/Aug/2026:06:35:27 +0200] "GET /favicon.ico HTTP/1.1" 200 - "https://www.ucrm-togo.tg/crm-region-maritime/" "Mozilla/5.0 (Linux; Android 10; K) AppleWebKit/537.36 (KHTML, like Gecko) Chrome/151.0.0.0 Mobile Safari/537.36"
45.131.195.189 - - [28/Aug/2026:06:35:34 +0200] "GET /wp-admin/ HTTP/1.1" 302 - "https://wordpress.org/" "Mozilla/5.0 (Windows NT 11.0; Win64; x64) AppleWebKit/537.36 (KHTML, like Gecko) Chrome/118.0.0.0 Safari/537.36"
102.64.220.139 - - [28/Aug/2026:06:35:41 +0200] "GET /crm-dagl/ HTTP/1.1" 200 - "https://www.google.com/" "Mozilla/5.0 (Linux; Android 10; K) AppleWebKit/537.36 (KHTML, like Gecko) Chrome/151.0.0.0 Mobile Safari/537.36"
102.64.220.139 - - [28/Aug/2026:06:35:42 +0200] "GET /favicon.ico HTTP/1.1" 200 - "https://www.ucrm-togo.tg/crm-dagl/" "Mozilla/5.0 (Linux; Android 10; K) AppleWebKit/537.36 (KHTML, like Gecko) Chrome/151.0.0.0 Mobile Safari/537.36"
66.249.65.12 - - [28/Aug/2026:06:35:45 +0200] "GET /dp/7eb72c501355066 HTTP/1.1" 200 182650 "-" "Mozilla/5.0 (Linux; Android 6.0.1; Nexus 5X Build/MMB29P) AppleWebKit/537.36 (KHTML, like Gecko) Chrome/151.0.7922.173 Mobile Safari/537.36 (compatible; GoogleOther)"
27.34.71.38 - - [28/Aug/2026:06:35:46 +0200] "GET /situation-statistique-du-registre-de-metiers-informatise-a-la-date-du-2021-9-8/?share=skype HTTP/1.1" 200 - "https://www.ucrm-togo.tg" "Mozilla/5.0 (Windows NT 10.0; Win64; x64) AppleWebKit/537.36 (KHTML, like Gecko) Chrome/145.0.0.0 Safari/537.36 Edg/145.0.0.0"
66.249.65.12 - - [28/Aug/2026:06:35:52 +0200] "GET /dp/2eced5752418143 HTTP/1.1" 200 190133 "-" "Mozilla/5.0 (Linux; Android 6.0.1; Nexus 5X Build/MMB29P) AppleWebKit/537.36 (KHTML, like Gecko) Chrome/151.0.7922.173 Mobile Safari/537.36 (compatible; GoogleOther)"
122.2.79.43 - - [28/Aug/2026:06:36:03 +0200] "GET /formation-du-personnel-de-la-crm-centrale-sur-la-gestion-du-site-web-de-lucrm-togo/?share=jetpack-whatsapp HTTP/1.1" 200 - "https://www.ucrm-togo.tg" "Mozilla/5.0 (Windows NT 10.0; Win64; x64) AppleWebKit/537.36 (KHTML, like Gecko) Chrome/142.0.0.0 Safari/537.36"
185.21.138.46 - - [28/Aug/2026:06:36:17 +0200] "GET /a-louverture-officielle-son-excellence-victoire-dogbe-sassure-du-succes/?share=telegram HTTP/1.1" 200 - "https://www.ucrm-togo.tg" "Mozilla/5.0 (Windows NT 10.0; Win64; x64) AppleWebKit/537.36 (KHTML, like Gecko) Chrome/143.0.0.0 Safari/537.36"
66.249.65.12 - - [28/Aug/2026:06:36:22 +0200] "GET /dp/526bb7ac11037 HTTP/1.1" 200 186187 "-" "Mozilla/5.0 (Linux; Android 6.0.1; Nexus 5X Build/MMB29P) AppleWebKit/537.36 (KHTML, like Gecko) Chrome/151.0.7922.173 Mobile Safari/537.36 (compatible; Googlebot/2.1; +http://www.google.com/bot.html)"
66.249.65.13 - - [28/Aug/2026:06:36:48 +0200] "GET /dp/0469026c1744899 HTTP/1.1" 200 181979 "-" "Mozilla/5.0 (Linux; Android 6.0.1; Nexus 5X Build/MMB29P) AppleWebKit/537.36 (KHTML, like Gecko) Chrome/151.0.7922.173 Mobile Safari/537.36 (compatible; GoogleOther)"
66.249.65.14 - - [28/Aug/2026:06:37:11 +0200] "GET /dp/95602944836890 HTTP/1.1" 200 185997 "-" "Mozilla/5.0 (Linux; Android 6.0.1; Nexus 5X Build/MMB29P) AppleWebKit/537.36 (KHTML, like Gecko) Chrome/151.0.7922.173 Mobile Safari/537.36 (compatible; Googlebot/2.1; +http://www.google.com/bot.html)"
102.64.220.139 - - [28/Aug/2026:06:37:28 +0200] "GET /bureaux/crm-lome-commune/ HTTP/1.1" 200 - "https://www.google.com/" "Mozilla/5.0 (Linux; Android 10; K) AppleWebKit/537.36 (KHTML, like Gecko) Chrome/151.0.0.0 Mobile Safari/537.36"
102.64.220.139 - - [28/Aug/2026:06:37:28 +0200] "GET /favicon.ico HTTP/1.1" 200 - "https://www.ucrm-togo.tg/bureaux/crm-lome-commune/" "Mozilla/5.0 (Linux; Android 10; K) AppleWebKit/537.36 (KHTML, like Gecko) Chrome/151.0.0.0 Mobile Safari/537.36"
20.125.163.80 - - [28/Aug/2026:06:37:59 +0200] "GET /dp/b52c02261314415 HTTP/1.1" 200 184526 "-" "Mozilla/5.0 AppleWebKit/537.36 (KHTML, like Gecko; compatible; bingbot/2.0; +http://www.bing.com/bingbot.htm) Chrome/116.0.1938.76 Safari/537.36"
66.249.65.12 - - [28/Aug/2026:06:37:59 +0200] "GET /dp/5936c6e21807682 HTTP/1.1" 200 185697 "-" "Mozilla/5.0 (Linux; Android 6.0.1; Nexus 5X Build/MMB29P) AppleWebKit/537.36 (KHTML, like Gecko) Chrome/151.0.7922.173 Mobile Safari/537.36 (compatible; Googlebot/2.1; +http://www.google.com/bot.html)"
185.191.171.2 - - [28/Aug/2026:06:38:08 +0200] "GET /les-crm-centrale-et-plateaux-tournent-les-meninges-sur-les-manuels-de-procedures-a-sokode/ HTTP/1.1" 200 - "-" "Mozilla/5.0 (compatible; SemrushBot/7~bl; +http://www.semrush.com/bot.html)"
109.129.190.233 - - [28/Aug/2026:06:38:09 +0200] "GET /presentation-de-voeux-au-chef-de-letat/?share=reddit HTTP/1.1" 200 - "https://www.ucrm-togo.tg" "Mozilla/5.0 (Windows NT 10.0; Win64; x64) AppleWebKit/537.36 (KHTML, like Gecko) Chrome/144.0.0.0 Safari/537.36"
66.249.65.12 - - [28/Aug/2026:06:38:24 +0200] "GET /dp/c06004b0778065 HTTP/1.1" 200 198476 "-" "Mozilla/5.0 (Linux; Android 6.0.1; Nexus 5X Build/MMB29P) AppleWebKit/537.36 (KHTML, like Gecko) Chrome/151.0.7922.173 Mobile Safari/537.36 (compatible; GoogleOther)"
194.0.53.98 - - [28/Aug/2026:06:39:04 +0200] "GET / HTTP/1.1" 200 5206 "-" "Mozilla/5.0 (Linux; Android 6.0; Nexus 5 Build/MRA58N) AppleWebKit/537.36 (KHTML, like Gecko) Chrome/122.0.0.0 Mobile Safari/537.36 Edg/122.0.0.0"
109.234.162.247 - - [28/Aug/2026:06:39:05 +0200] "POST /wp-cron.php?doing_wp_cron=1787891945.3421750068664550781250 HTTP/1.1" 200 - "-" "WordPress/6.2.11; https://www.ucrm-togo.tg"
194.0.53.98 - - [28/Aug/2026:06:39:05 +0200] "GET /wp-links-opml.php HTTP/1.1" 200 226 "https://www.ucrm-togo.tg/" "Mozilla/5.0 (Linux; Android 6.0; Nexus 5 Build/MRA58N) AppleWebKit/537.36 (KHTML, like Gecko) Chrome/122.0.0.0 Mobile Safari/537.36 Edg/122.0.0.0"
57.141.20.69 - - [28/Aug/2026:06:39:09 +0200] "GET /les-artisans-des-savanes-mobilises-contre-le-terrorisme-et-lextremisme-violent-et-engages-pour-un-rayonnement-de-leur-secteur/ HTTP/1.1" 200 - "-" "Mozilla/5.0 (Windows NT 10.0; Win64; x64) AppleWebKit/537.36 (KHTML, like Gecko) Chrome/145.0.0.0 Safari/537.36 (compatible; meta-externalagent/1.1 (+https://developers.facebook.com/docs/sharing/webmasters/crawler))"
122.3.206.206 - - [28/Aug/2026:06:39:18 +0200] "GET /lartisanat-force-motrice-de-developpement-dans-la-region-centrale/?share=facebook HTTP/1.1" 200 - "https://www.ucrm-togo.tg" "Mozilla/5.0 (Windows NT 10.0; Win64; x64) AppleWebKit/537.36 (KHTML, like Gecko) Chrome/144.0.0.0 Safari/537.36"
66.249.65.12 - - [28/Aug/2026:06:39:30 +0200] "GET /dp/b92e4186298120 HTTP/1.1" 200 198628 "-" "Mozilla/5.0 (Linux; Android 6.0.1; Nexus 5X Build/MMB29P) AppleWebKit/537.36 (KHTML, like Gecko) Chrome/151.0.7922.173 Mobile Safari/537.36 (compatible; GoogleOther)"
66.249.65.12 - - [28/Aug/2026:06:39:38 +0200] "GET /dp/58d164933191340 HTTP/1.1" 200 183416 "-" "Mozilla/5.0 (Linux; Android 6.0.1; Nexus 5X Build/MMB29P) AppleWebKit/537.36 (KHTML, like Gecko) Chrome/151.0.7922.173 Mobile Safari/537.36 (compatible; GoogleOther)"
66.249.65.12 - - [28/Aug/2026:06:39:54 +0200] "GET /dp/c06004b0778065 HTTP/1.1" 200 198476 "-" "Mozilla/5.0 (Linux; Android 6.0.1; Nexus 5X Build/MMB29P) AppleWebKit/537.36 (KHTML, like Gecko) Chrome/151.0.7922.173 Mobile Safari/537.36 (compatible; Googlebot/2.1; +http://www.google.com/bot.html)"
83.110.92.17 - - [28/Aug/2026:06:40:00 +0200] "GET /category/actualites/actualites-crm-region-des-plateaux/page/2/ HTTP/1.1" 200 - "https://www.ucrm-togo.tg" "Mozilla/5.0 (Macintosh; Intel Mac OS X 10_15_7) AppleWebKit/537.36 (KHTML, like Gecko) Chrome/144.0.0.0 Safari/537.36"
66.249.65.12 - - [28/Aug/2026:06:40:01 +0200] "GET /dp/50e5fdb92589602 HTTP/1.1" 200 183289 "-" "Mozilla/5.0 (Linux; Android 6.0.1; Nexus 5X Build/MMB29P) AppleWebKit/537.36 (KHTML, like Gecko) Chrome/151.0.7922.173 Mobile Safari/537.36 (compatible; GoogleOther)"
66.249.65.12 - - [28/Aug/2026:06:40:12 +0200] "GET /cdn-cgi/scripts/5c5dd728/cloudflare-static/email-decode.min.js HTTP/1.1" 200 187913 "https://www.ucrm-togo.tg/dp/c06004b0778065" "Mozilla/5.0 (Linux; Android 6.0.1; Nexus 5X Build/MMB29P) AppleWebKit/537.36 (KHTML, like Gecko) Chrome/151.0.7922.173 Mobile Safari/537.36 (compatible; Googlebot/2.1; +http://www.google.com/bot.html)"
66.249.65.13 - - [28/Aug/2026:06:40:14 +0200] "GET /dp/12afc2b63698686 HTTP/1.1" 200 184765 "-" "Mozilla/5.0 (Linux; Android 6.0.1; Nexus 5X Build/MMB29P) AppleWebKit/537.36 (KHTML, like Gecko) Chrome/151.0.7922.173 Mobile Safari/537.36 (compatible; GoogleOther)"
66.249.65.12 - - [28/Aug/2026:06:40:19 +0200] "GET /dp/556295ef4343699 HTTP/1.1" 200 184677 "-" "Mozilla/5.0 (Linux; Android 6.0.1; Nexus 5X Build/MMB29P) AppleWebKit/537.36 (KHTML, like Gecko) Chrome/151.0.7922.173 Mobile Safari/537.36 (compatible; GoogleOther)"
66.249.65.12 - - [28/Aug/2026:06:40:33 +0200] "GET /dp/b92e4186298120 HTTP/1.1" 200 198628 "-" "Mozilla/5.0 (Linux; Android 6.0.1; Nexus 5X Build/MMB29P) AppleWebKit/537.36 (KHTML, like Gecko) Chrome/151.0.7922.173 Mobile Safari/537.36 (compatible; Googlebot/2.1; +http://www.google.com/bot.html)"
66.249.65.12 - - [28/Aug/2026:06:40:34 +0200] "GET /dp/3370a4132150652 HTTP/1.1" 200 178589 "-" "Mozilla/5.0 (Linux; Android 6.0.1; Nexus 5X Build/MMB29P) AppleWebKit/537.36 (KHTML, like Gecko) Chrome/151.0.7922.173 Mobile Safari/537.36 (compatible; GoogleOther)"
192.0.101.216 - - [28/Aug/2026:06:41:08 +0200] "GET /wp-content/uploads/2022/09/IMG_20220718_110528_661-scaled.jpg HTTP/1.1" 200 776552 "-" "Photon/1.0"
103.250.80.181 - - [28/Aug/2026:06:41:28 +0200] "GET /actualites/ HTTP/1.1" 200 - "-" "Mozilla/5.0 (iPhone; CPU iPhone OS 18_6 like Mac OS X) AppleWebKit/605.1.15 (KHTML, like Gecko) CriOS/150.0.0.0 Mobile/15E148 Safari/604.1"
66.249.65.12 - - [28/Aug/2026:06:41:34 +0200] "GET /dp/7eb72c501355066 HTTP/1.1" 200 182650 "-" "Mozilla/5.0 (Linux; Android 6.0.1; Nexus 5X Build/MMB29P) AppleWebKit/537.36 (KHTML, like Gecko) Chrome/151.0.7922.173 Mobile Safari/537.36 (compatible; Googlebot/2.1; +http://www.google.com/bot.html)"
