74.7.227.13 - - [28/Aug/2026:08:17:27 +0200] "GET /dp/41e381b3881317 HTTP/1.1" 200 - "https://www.ucrm-togo.tg/sitemap.xml" "Mozilla/5.0 AppleWebKit/537.36 (KHTML, like Gecko; compatible; GPTBot/1.4; +https://openai.com/gptbot)"
74.7.227.13 - - [28/Aug/2026:08:17:28 +0200] "GET /dp/a689c841934642 HTTP/1.1" 200 - "https://www.ucrm-togo.tg/sitemap.xml" "Mozilla/5.0 AppleWebKit/537.36 (KHTML, like Gecko; compatible; GPTBot/1.4; +https://openai.com/gptbot)"
74.7.227.13 - - [28/Aug/2026:08:17:28 +0200] "GET /dp/5811d4d9379403 HTTP/1.1" 200 - "https://www.ucrm-togo.tg/sitemap.xml" "Mozilla/5.0 AppleWebKit/537.36 (KHTML, like Gecko; compatible; GPTBot/1.4; +https://openai.com/gptbot)"
74.7.227.13 - - [28/Aug/2026:08:17:29 +0200] "GET /dp/b914150a485424 HTTP/1.1" 200 - "https://www.ucrm-togo.tg/sitemap.xml" "Mozilla/5.0 AppleWebKit/537.36 (KHTML, like Gecko; compatible; GPTBot/1.4; +https://openai.com/gptbot)"
74.7.227.13 - - [28/Aug/2026:08:17:29 +0200] "GET /dp/84e65c81468194 HTTP/1.1" 200 - "https://www.ucrm-togo.tg/sitemap.xml" "Mozilla/5.0 AppleWebKit/537.36 (KHTML, like Gecko; compatible; GPTBot/1.4; +https://openai.com/gptbot)"
74.7.227.13 - - [28/Aug/2026:08:17:30 +0200] "GET /dp/154b00a5213319 HTTP/1.1" 200 - "https://www.ucrm-togo.tg/sitemap.xml" "Mozilla/5.0 AppleWebKit/537.36 (KHTML, like Gecko; compatible; GPTBot/1.4; +https://openai.com/gptbot)"
74.7.227.13 - - [28/Aug/2026:08:17:30 +0200] "GET /dp/404561ff646874 HTTP/1.1" 200 - "https://www.ucrm-togo.tg/sitemap.xml" "Mozilla/5.0 AppleWebKit/537.36 (KHTML, like Gecko; compatible; GPTBot/1.4; +https://openai.com/gptbot)"
57.141.20.28 - - [28/Aug/2026:08:17:30 +0200] "GET /dp/be7231f41071363 HTTP/1.1" 200 - "-" "Mozilla/5.0 (Windows NT 10.0; Win64; x64) AppleWebKit/537.36 (KHTML, like Gecko) Chrome/145.0.0.0 Safari/537.36 (compatible; meta-externalagent/1.1 (+https://developers.facebook.com/docs/sharing/webmasters/crawler))"
74.7.227.13 - - [28/Aug/2026:08:17:31 +0200] "GET /dp/71599dd5502984 HTTP/1.1" 200 - "https://www.ucrm-togo.tg/sitemap.xml" "Mozilla/5.0 AppleWebKit/537.36 (KHTML, like Gecko; compatible; GPTBot/1.4; +https://openai.com/gptbot)"
74.7.227.13 - - [28/Aug/2026:08:17:31 +0200] "GET /dp/36e372c3579921 HTTP/1.1" 200 - "https://www.ucrm-togo.tg/sitemap.xml" "Mozilla/5.0 AppleWebKit/537.36 (KHTML, like Gecko; compatible; GPTBot/1.4; +https://openai.com/gptbot)"
74.7.227.13 - - [28/Aug/2026:08:17:32 +0200] "GET /dp/9c3349d8658285 HTTP/1.1" 200 - "https://www.ucrm-togo.tg/sitemap.xml" "Mozilla/5.0 AppleWebKit/537.36 (KHTML, like Gecko; compatible; GPTBot/1.4; +https://openai.com/gptbot)"
74.7.227.13 - - [28/Aug/2026:08:17:32 +0200] "GET /dp/0586e6a4782906 HTTP/1.1" 200 - "https://www.ucrm-togo.tg/sitemap.xml" "Mozilla/5.0 AppleWebKit/537.36 (KHTML, like Gecko; compatible; GPTBot/1.4; +https://openai.com/gptbot)"
74.7.227.13 - - [28/Aug/2026:08:17:33 +0200] "GET /dp/2533c89c420550 HTTP/1.1" 200 - "https://www.ucrm-togo.tg/sitemap.xml" "Mozilla/5.0 AppleWebKit/537.36 (KHTML, like Gecko; compatible; GPTBot/1.4; +https://openai.com/gptbot)"
74.7.227.13 - - [28/Aug/2026:08:17:33 +0200] "GET /dp/21df6108130942 HTTP/1.1" 200 - "https://www.ucrm-togo.tg/sitemap.xml" "Mozilla/5.0 AppleWebKit/537.36 (KHTML, like Gecko; compatible; GPTBot/1.4; +https://openai.com/gptbot)"
74.7.227.13 - - [28/Aug/2026:08:17:34 +0200] "GET /dp/023d292d686994 HTTP/1.1" 200 - "https://www.ucrm-togo.tg/sitemap.xml" "Mozilla/5.0 AppleWebKit/537.36 (KHTML, like Gecko; compatible; GPTBot/1.4; +https://openai.com/gptbot)"
74.7.227.13 - - [28/Aug/2026:08:17:34 +0200] "GET /dp/82e745d6633161 HTTP/1.1" 200 - "https://www.ucrm-togo.tg/sitemap.xml" "Mozilla/5.0 AppleWebKit/537.36 (KHTML, like Gecko; compatible; GPTBot/1.4; +https://openai.com/gptbot)"
74.7.227.13 - - [28/Aug/2026:08:17:35 +0200] "GET /dp/386ee318861236 HTTP/1.1" 200 - "https://www.ucrm-togo.tg/sitemap.xml" "Mozilla/5.0 AppleWebKit/537.36 (KHTML, like Gecko; compatible; GPTBot/1.4; +https://openai.com/gptbot)"
74.7.227.13 - - [28/Aug/2026:08:17:35 +0200] "GET /dp/ed209616588663 HTTP/1.1" 200 - "https://www.ucrm-togo.tg/sitemap.xml" "Mozilla/5.0 AppleWebKit/537.36 (KHTML, like Gecko; compatible; GPTBot/1.4; +https://openai.com/gptbot)"
74.7.227.13 - - [28/Aug/2026:08:17:36 +0200] "GET /dp/33618fd1200180 HTTP/1.1" 200 - "https://www.ucrm-togo.tg/sitemap.xml" "Mozilla/5.0 AppleWebKit/537.36 (KHTML, like Gecko; compatible; GPTBot/1.4; +https://openai.com/gptbot)"
74.7.227.13 - - [28/Aug/2026:08:17:36 +0200] "GET /dp/2c66836e361984 HTTP/1.1" 200 - "https://www.ucrm-togo.tg/sitemap.xml" "Mozilla/5.0 AppleWebKit/537.36 (KHTML, like Gecko; compatible; GPTBot/1.4; +https://openai.com/gptbot)"
74.7.227.13 - - [28/Aug/2026:08:17:37 +0200] "GET /dp/77db3249973708 HTTP/1.1" 200 - "https://www.ucrm-togo.tg/sitemap.xml" "Mozilla/5.0 AppleWebKit/537.36 (KHTML, like Gecko; compatible; GPTBot/1.4; +https://openai.com/gptbot)"
74.7.227.13 - - [28/Aug/2026:08:17:37 +0200] "GET /dp/f512439c275950 HTTP/1.1" 200 - "https://www.ucrm-togo.tg/sitemap.xml" "Mozilla/5.0 AppleWebKit/537.36 (KHTML, like Gecko; compatible; GPTBot/1.4; +https://openai.com/gptbot)"
74.7.227.13 - - [28/Aug/2026:08:17:38 +0200] "GET /dp/60f2267b834526 HTTP/1.1" 200 - "https://www.ucrm-togo.tg/sitemap.xml" "Mozilla/5.0 AppleWebKit/537.36 (KHTML, like Gecko; compatible; GPTBot/1.4; +https://openai.com/gptbot)"
74.7.227.13 - - [28/Aug/2026:08:17:38 +0200] "GET /dp/82dd4661221508 HTTP/1.1" 200 - "https://www.ucrm-togo.tg/sitemap.xml" "Mozilla/5.0 AppleWebKit/537.36 (KHTML, like Gecko; compatible; GPTBot/1.4; +https://openai.com/gptbot)"
74.7.227.13 - - [28/Aug/2026:08:17:39 +0200] "GET /dp/462d6b82459488 HTTP/1.1" 200 - "https://www.ucrm-togo.tg/sitemap.xml" "Mozilla/5.0 AppleWebKit/537.36 (KHTML, like Gecko; compatible; GPTBot/1.4; +https://openai.com/gptbot)"
74.7.227.13 - - [28/Aug/2026:08:17:39 +0200] "GET /dp/03ad1198799597 HTTP/1.1" 200 - "https://www.ucrm-togo.tg/sitemap.xml" "Mozilla/5.0 AppleWebKit/537.36 (KHTML, like Gecko; compatible; GPTBot/1.4; +https://openai.com/gptbot)"
74.7.227.13 - - [28/Aug/2026:08:17:40 +0200] "GET /dp/3d29b252934261 HTTP/1.1" 200 - "https://www.ucrm-togo.tg/sitemap.xml" "Mozilla/5.0 AppleWebKit/537.36 (KHTML, like Gecko; compatible; GPTBot/1.4; +https://openai.com/gptbot)"
74.7.227.13 - - [28/Aug/2026:08:17:40 +0200] "GET /dp/b4e79426220223 HTTP/1.1" 200 - "https://www.ucrm-togo.tg/sitemap.xml" "Mozilla/5.0 AppleWebKit/537.36 (KHTML, like Gecko; compatible; GPTBot/1.4; +https://openai.com/gptbot)"
74.7.227.13 - - [28/Aug/2026:08:17:41 +0200] "GET /dp/6d65a748724974 HTTP/1.1" 200 - "https://www.ucrm-togo.tg/sitemap.xml" "Mozilla/5.0 AppleWebKit/537.36 (KHTML, like Gecko; compatible; GPTBot/1.4; +https://openai.com/gptbot)"
74.7.227.13 - - [28/Aug/2026:08:17:41 +0200] "GET /dp/713551be392370 HTTP/1.1" 200 - "https://www.ucrm-togo.tg/sitemap.xml" "Mozilla/5.0 AppleWebKit/537.36 (KHTML, like Gecko; compatible; GPTBot/1.4; +https://openai.com/gptbot)"
74.7.227.13 - - [28/Aug/2026:08:17:42 +0200] "GET /dp/0b66d239927064 HTTP/1.1" 200 - "https://www.ucrm-togo.tg/sitemap.xml" "Mozilla/5.0 AppleWebKit/537.36 (KHTML, like Gecko; compatible; GPTBot/1.4; +https://openai.com/gptbot)"
74.7.227.13 - - [28/Aug/2026:08:17:42 +0200] "GET /dp/3a47a399132635 HTTP/1.1" 200 - "https://www.ucrm-togo.tg/sitemap.xml" "Mozilla/5.0 AppleWebKit/537.36 (KHTML, like Gecko; compatible; GPTBot/1.4; +https://openai.com/gptbot)"
74.7.227.13 - - [28/Aug/2026:08:17:43 +0200] "GET /dp/979f369c967656 HTTP/1.1" 200 - "https://www.ucrm-togo.tg/sitemap.xml" "Mozilla/5.0 AppleWebKit/537.36 (KHTML, like Gecko; compatible; GPTBot/1.4; +https://openai.com/gptbot)"
74.7.227.13 - - [28/Aug/2026:08:17:43 +0200] "GET /dp/2083d4d2435755 HTTP/1.1" 200 - "https://www.ucrm-togo.tg/sitemap.xml" "Mozilla/5.0 AppleWebKit/537.36 (KHTML, like Gecko; compatible; GPTBot/1.4; +https://openai.com/gptbot)"
74.7.227.13 - - [28/Aug/2026:08:17:44 +0200] "GET /dp/a7d30292141670 HTTP/1.1" 200 - "https://www.ucrm-togo.tg/sitemap.xml" "Mozilla/5.0 AppleWebKit/537.36 (KHTML, like Gecko; compatible; GPTBot/1.4; +https://openai.com/gptbot)"
66.249.65.13 - - [28/Aug/2026:08:17:43 +0200] "GET /dp/c14652f727217 HTTP/1.1" 200 186188 "-" "Mozilla/5.0 (Linux; Android 6.0.1; Nexus 5X Build/MMB29P) AppleWebKit/537.36 (KHTML, like Gecko) Chrome/151.0.7922.173 Mobile Safari/537.36 (compatible; Googlebot/2.1; +http://www.google.com/bot.html)"
74.7.227.13 - - [28/Aug/2026:08:17:44 +0200] "GET /dp/72eb0630513883 HTTP/1.1" 200 - "https://www.ucrm-togo.tg/sitemap.xml" "Mozilla/5.0 AppleWebKit/537.36 (KHTML, like Gecko; compatible; GPTBot/1.4; +https://openai.com/gptbot)"
74.7.227.13 - - [28/Aug/2026:08:17:45 +0200] "GET /dp/3539f71f511029 HTTP/1.1" 200 - "https://www.ucrm-togo.tg/sitemap.xml" "Mozilla/5.0 AppleWebKit/537.36 (KHTML, like Gecko; compatible; GPTBot/1.4; +https://openai.com/gptbot)"
74.7.227.13 - - [28/Aug/2026:08:17:45 +0200] "GET /dp/1a0324f8841480 HTTP/1.1" 200 - "https://www.ucrm-togo.tg/sitemap.xml" "Mozilla/5.0 AppleWebKit/537.36 (KHTML, like Gecko; compatible; GPTBot/1.4; +https://openai.com/gptbot)"
74.7.227.13 - - [28/Aug/2026:08:17:46 +0200] "GET /dp/6de05854730431 HTTP/1.1" 200 - "https://www.ucrm-togo.tg/sitemap.xml" "Mozilla/5.0 AppleWebKit/537.36 (KHTML, like Gecko; compatible; GPTBot/1.4; +https://openai.com/gptbot)"
74.7.227.13 - - [28/Aug/2026:08:17:46 +0200] "GET /dp/2a4f0042750550 HTTP/1.1" 200 - "https://www.ucrm-togo.tg/sitemap.xml" "Mozilla/5.0 AppleWebKit/537.36 (KHTML, like Gecko; compatible; GPTBot/1.4; +https://openai.com/gptbot)"
74.7.227.13 - - [28/Aug/2026:08:17:47 +0200] "GET /dp/753b809d845002 HTTP/1.1" 200 - "https://www.ucrm-togo.tg/sitemap.xml" "Mozilla/5.0 AppleWebKit/537.36 (KHTML, like Gecko; compatible; GPTBot/1.4; +https://openai.com/gptbot)"
74.7.227.13 - - [28/Aug/2026:08:17:47 +0200] "GET /dp/8f0f3842820807 HTTP/1.1" 200 - "https://www.ucrm-togo.tg/sitemap.xml" "Mozilla/5.0 AppleWebKit/537.36 (KHTML, like Gecko; compatible; GPTBot/1.4; +https://openai.com/gptbot)"
74.7.227.13 - - [28/Aug/2026:08:17:48 +0200] "GET /dp/b019512c596066 HTTP/1.1" 200 - "https://www.ucrm-togo.tg/sitemap.xml" "Mozilla/5.0 AppleWebKit/537.36 (KHTML, like Gecko; compatible; GPTBot/1.4; +https://openai.com/gptbot)"
74.7.227.13 - - [28/Aug/2026:08:17:48 +0200] "GET /dp/6a7e8527559328 HTTP/1.1" 200 - "https://www.ucrm-togo.tg/sitemap.xml" "Mozilla/5.0 AppleWebKit/537.36 (KHTML, like Gecko; compatible; GPTBot/1.4; +https://openai.com/gptbot)"
74.7.227.13 - - [28/Aug/2026:08:17:49 +0200] "GET /dp/baffbc791040092 HTTP/1.1" 200 - "https://www.ucrm-togo.tg/sitemap.xml" "Mozilla/5.0 AppleWebKit/537.36 (KHTML, like Gecko; compatible; GPTBot/1.4; +https://openai.com/gptbot)"
74.7.227.13 - - [28/Aug/2026:08:17:49 +0200] "GET /dp/91837191137175 HTTP/1.1" 200 - "https://www.ucrm-togo.tg/sitemap.xml" "Mozilla/5.0 AppleWebKit/537.36 (KHTML, like Gecko; compatible; GPTBot/1.4; +https://openai.com/gptbot)"
74.7.227.13 - - [28/Aug/2026:08:17:50 +0200] "GET /dp/72434201718219 HTTP/1.1" 200 - "https://www.ucrm-togo.tg/sitemap.xml" "Mozilla/5.0 AppleWebKit/537.36 (KHTML, like Gecko; compatible; GPTBot/1.4; +https://openai.com/gptbot)"
74.7.227.13 - - [28/Aug/2026:08:17:50 +0200] "GET /dp/76025585935820 HTTP/1.1" 200 - "https://www.ucrm-togo.tg/sitemap.xml" "Mozilla/5.0 AppleWebKit/537.36 (KHTML, like Gecko; compatible; GPTBot/1.4; +https://openai.com/gptbot)"
74.7.227.13 - - [28/Aug/2026:08:17:51 +0200] "GET /dp/90167608868713 HTTP/1.1" 200 - "https://www.ucrm-togo.tg/sitemap.xml" "Mozilla/5.0 AppleWebKit/537.36 (KHTML, like Gecko; compatible; GPTBot/1.4; +https://openai.com/gptbot)"
74.7.227.13 - - [28/Aug/2026:08:17:51 +0200] "GET /dp/06736161403445 HTTP/1.1" 200 - "https://www.ucrm-togo.tg/sitemap.xml" "Mozilla/5.0 AppleWebKit/537.36 (KHTML, like Gecko; compatible; GPTBot/1.4; +https://openai.com/gptbot)"
66.249.65.12 - - [28/Aug/2026:08:17:51 +0200] "GET /dp/634a28a12006406 HTTP/1.1" 200 184747 "-" "Mozilla/5.0 (Linux; Android 6.0.1; Nexus 5X Build/MMB29P) AppleWebKit/537.36 (KHTML, like Gecko) Chrome/151.0.7922.173 Mobile Safari/537.36 (compatible; GoogleOther)"
74.7.227.13 - - [28/Aug/2026:08:17:52 +0200] "GET /dp/09417135397470 HTTP/1.1" 200 - "https://www.ucrm-togo.tg/sitemap.xml" "Mozilla/5.0 AppleWebKit/537.36 (KHTML, like Gecko; compatible; GPTBot/1.4; +https://openai.com/gptbot)"
74.7.227.13 - - [28/Aug/2026:08:17:52 +0200] "GET /dp/41467340478116 HTTP/1.1" 200 - "https://www.ucrm-togo.tg/sitemap.xml" "Mozilla/5.0 AppleWebKit/537.36 (KHTML, like Gecko; compatible; GPTBot/1.4; +https://openai.com/gptbot)"
74.7.227.13 - - [28/Aug/2026:08:17:53 +0200] "GET /dp/48683550385923 HTTP/1.1" 200 - "https://www.ucrm-togo.tg/sitemap.xml" "Mozilla/5.0 AppleWebKit/537.36 (KHTML, like Gecko; compatible; GPTBot/1.4; +https://openai.com/gptbot)"
74.7.227.13 - - [28/Aug/2026:08:17:53 +0200] "GET /dp/59142988684821 HTTP/1.1" 200 - "https://www.ucrm-togo.tg/sitemap.xml" "Mozilla/5.0 AppleWebKit/537.36 (KHTML, like Gecko; compatible; GPTBot/1.4; +https://openai.com/gptbot)"
74.7.227.13 - - [28/Aug/2026:08:17:54 +0200] "GET /dp/91693518246913 HTTP/1.1" 200 - "https://www.ucrm-togo.tg/sitemap.xml" "Mozilla/5.0 AppleWebKit/537.36 (KHTML, like Gecko; compatible; GPTBot/1.4; +https://openai.com/gptbot)"
74.7.227.13 - - [28/Aug/2026:08:17:54 +0200] "GET /dp/01598126231185 HTTP/1.1" 200 - "https://www.ucrm-togo.tg/sitemap.xml" "Mozilla/5.0 AppleWebKit/537.36 (KHTML, like Gecko; compatible; GPTBot/1.4; +https://openai.com/gptbot)"
74.7.227.13 - - [28/Aug/2026:08:17:55 +0200] "GET /dp/5dad0aaf2920898 HTTP/1.1" 200 - "https://www.ucrm-togo.tg/sitemap.xml" "Mozilla/5.0 AppleWebKit/537.36 (KHTML, like Gecko; compatible; GPTBot/1.4; +https://openai.com/gptbot)"
74.7.227.13 - - [28/Aug/2026:08:17:55 +0200] "GET /dp/3805f010920850 HTTP/1.1" 200 - "https://www.ucrm-togo.tg/sitemap.xml" "Mozilla/5.0 AppleWebKit/537.36 (KHTML, like Gecko; compatible; GPTBot/1.4; +https://openai.com/gptbot)"
74.7.227.13 - - [28/Aug/2026:08:17:56 +0200] "GET /dp/b7933406788337 HTTP/1.1" 200 - "https://www.ucrm-togo.tg/sitemap.xml" "Mozilla/5.0 AppleWebKit/537.36 (KHTML, like Gecko; compatible; GPTBot/1.4; +https://openai.com/gptbot)"
74.7.227.13 - - [28/Aug/2026:08:17:56 +0200] "GET /dp/7421494f892975 HTTP/1.1" 200 - "https://www.ucrm-togo.tg/sitemap.xml" "Mozilla/5.0 AppleWebKit/537.36 (KHTML, like Gecko; compatible; GPTBot/1.4; +https://openai.com/gptbot)"
74.7.227.13 - - [28/Aug/2026:08:17:57 +0200] "GET /dp/78353c71763307 HTTP/1.1" 200 - "https://www.ucrm-togo.tg/sitemap.xml" "Mozilla/5.0 AppleWebKit/537.36 (KHTML, like Gecko; compatible; GPTBot/1.4; +https://openai.com/gptbot)"
74.7.227.13 - - [28/Aug/2026:08:17:57 +0200] "GET /dp/8366a269927952 HTTP/1.1" 200 - "https://www.ucrm-togo.tg/sitemap.xml" "Mozilla/5.0 AppleWebKit/537.36 (KHTML, like Gecko; compatible; GPTBot/1.4; +https://openai.com/gptbot)"
74.7.227.13 - - [28/Aug/2026:08:17:58 +0200] "GET /dp/5826080d501571 HTTP/1.1" 200 - "https://www.ucrm-togo.tg/sitemap.xml" "Mozilla/5.0 AppleWebKit/537.36 (KHTML, like Gecko; compatible; GPTBot/1.4; +https://openai.com/gptbot)"
155.2.215.41 - - [28/Aug/2026:08:17:57 +0200] "GET /wp-admin/ HTTP/1.1" 302 - "-" "Mozilla/5.0 (Windows NT 10.0; Win64; x64) AppleWebKit/537.36 Chrome/129.0.0.0 Safari/537.36"
74.7.227.13 - - [28/Aug/2026:08:17:58 +0200] "GET /dp/866a2691415221 HTTP/1.1" 200 - "https://www.ucrm-togo.tg/sitemap.xml" "Mozilla/5.0 AppleWebKit/537.36 (KHTML, like Gecko; compatible; GPTBot/1.4; +https://openai.com/gptbot)"
74.7.227.13 - - [28/Aug/2026:08:17:59 +0200] "GET /dp/153176b6273157 HTTP/1.1" 200 - "https://www.ucrm-togo.tg/sitemap.xml" "Mozilla/5.0 AppleWebKit/537.36 (KHTML, like Gecko; compatible; GPTBot/1.4; +https://openai.com/gptbot)"
74.7.227.13 - - [28/Aug/2026:08:17:59 +0200] "GET /dp/75165c53345953 HTTP/1.1" 200 - "https://www.ucrm-togo.tg/sitemap.xml" "Mozilla/5.0 AppleWebKit/537.36 (KHTML, like Gecko; compatible; GPTBot/1.4; +https://openai.com/gptbot)"
74.7.227.13 - - [28/Aug/2026:08:18:00 +0200] "GET /dp/1d936717709121 HTTP/1.1" 200 - "https://www.ucrm-togo.tg/sitemap.xml" "Mozilla/5.0 AppleWebKit/537.36 (KHTML, like Gecko; compatible; GPTBot/1.4; +https://openai.com/gptbot)"
74.7.227.13 - - [28/Aug/2026:08:18:00 +0200] "GET /dp/59558b87838190 HTTP/1.1" 200 - "https://www.ucrm-togo.tg/sitemap.xml" "Mozilla/5.0 AppleWebKit/537.36 (KHTML, like Gecko; compatible; GPTBot/1.4; +https://openai.com/gptbot)"
74.7.227.13 - - [28/Aug/2026:08:18:01 +0200] "GET /dp/97671a18715918 HTTP/1.1" 200 - "https://www.ucrm-togo.tg/sitemap.xml" "Mozilla/5.0 AppleWebKit/537.36 (KHTML, like Gecko; compatible; GPTBot/1.4; +https://openai.com/gptbot)"
66.249.65.13 - - [28/Aug/2026:08:18:00 +0200] "GET /dp/19e1d7573305747 HTTP/1.1" 200 184579 "-" "Mozilla/5.0 (Linux; Android 6.0.1; Nexus 5X Build/MMB29P) AppleWebKit/537.36 (KHTML, like Gecko) Chrome/151.0.7922.173 Mobile Safari/537.36 (compatible; GoogleOther)"
74.7.227.13 - - [28/Aug/2026:08:18:01 +0200] "GET /dp/35b57785348186 HTTP/1.1" 200 - "https://www.ucrm-togo.tg/sitemap.xml" "Mozilla/5.0 AppleWebKit/537.36 (KHTML, like Gecko; compatible; GPTBot/1.4; +https://openai.com/gptbot)"
74.7.227.13 - - [28/Aug/2026:08:18:02 +0200] "GET /dp/d8634920807087 HTTP/1.1" 200 - "https://www.ucrm-togo.tg/sitemap.xml" "Mozilla/5.0 AppleWebKit/537.36 (KHTML, like Gecko; compatible; GPTBot/1.4; +https://openai.com/gptbot)"
74.7.227.13 - - [28/Aug/2026:08:18:02 +0200] "GET /dp/45f47956825889 HTTP/1.1" 200 - "https://www.ucrm-togo.tg/sitemap.xml" "Mozilla/5.0 AppleWebKit/537.36 (KHTML, like Gecko; compatible; GPTBot/1.4; +https://openai.com/gptbot)"
74.7.227.13 - - [28/Aug/2026:08:18:03 +0200] "GET /dp/e0917500905942 HTTP/1.1" 200 - "https://www.ucrm-togo.tg/sitemap.xml" "Mozilla/5.0 AppleWebKit/537.36 (KHTML, like Gecko; compatible; GPTBot/1.4; +https://openai.com/gptbot)"
74.7.227.13 - - [28/Aug/2026:08:18:03 +0200] "GET /dp/2824d669841838 HTTP/1.1" 200 - "https://www.ucrm-togo.tg/sitemap.xml" "Mozilla/5.0 AppleWebKit/537.36 (KHTML, like Gecko; compatible; GPTBot/1.4; +https://openai.com/gptbot)"
74.7.227.13 - - [28/Aug/2026:08:18:04 +0200] "GET /dp/50351a30560215 HTTP/1.1" 200 - "https://www.ucrm-togo.tg/sitemap.xml" "Mozilla/5.0 AppleWebKit/537.36 (KHTML, like Gecko; compatible; GPTBot/1.4; +https://openai.com/gptbot)"
74.7.227.13 - - [28/Aug/2026:08:18:04 +0200] "GET /dp/597b9249139192 HTTP/1.1" 200 - "https://www.ucrm-togo.tg/sitemap.xml" "Mozilla/5.0 AppleWebKit/537.36 (KHTML, like Gecko; compatible; GPTBot/1.4; +https://openai.com/gptbot)"
74.7.227.13 - - [28/Aug/2026:08:18:05 +0200] "GET /dp/5e049360488343 HTTP/1.1" 200 - "https://www.ucrm-togo.tg/sitemap.xml" "Mozilla/5.0 AppleWebKit/537.36 (KHTML, like Gecko; compatible; GPTBot/1.4; +https://openai.com/gptbot)"
74.7.227.13 - - [28/Aug/2026:08:18:05 +0200] "GET /dp/516224e0244658 HTTP/1.1" 200 - "https://www.ucrm-togo.tg/sitemap.xml" "Mozilla/5.0 AppleWebKit/537.36 (KHTML, like Gecko; compatible; GPTBot/1.4; +https://openai.com/gptbot)"
74.7.227.13 - - [28/Aug/2026:08:18:06 +0200] "GET /dp/844d0469160163 HTTP/1.1" 200 - "https://www.ucrm-togo.tg/sitemap.xml" "Mozilla/5.0 AppleWebKit/537.36 (KHTML, like Gecko; compatible; GPTBot/1.4; +https://openai.com/gptbot)"
74.7.227.13 - - [28/Aug/2026:08:18:06 +0200] "GET /dp/785652d8446987 HTTP/1.1" 200 - "https://www.ucrm-togo.tg/sitemap.xml" "Mozilla/5.0 AppleWebKit/537.36 (KHTML, like Gecko; compatible; GPTBot/1.4; +https://openai.com/gptbot)"
74.7.227.13 - - [28/Aug/2026:08:18:07 +0200] "GET /dp/9645123d495392 HTTP/1.1" 200 - "https://www.ucrm-togo.tg/sitemap.xml" "Mozilla/5.0 AppleWebKit/537.36 (KHTML, like Gecko; compatible; GPTBot/1.4; +https://openai.com/gptbot)"
74.7.227.13 - - [28/Aug/2026:08:18:07 +0200] "GET /dp/73a23438784707 HTTP/1.1" 200 - "https://www.ucrm-togo.tg/sitemap.xml" "Mozilla/5.0 AppleWebKit/537.36 (KHTML, like Gecko; compatible; GPTBot/1.4; +https://openai.com/gptbot)"
74.7.227.13 - - [28/Aug/2026:08:18:08 +0200] "GET /dp/5565a419310313 HTTP/1.1" 200 - "https://www.ucrm-togo.tg/sitemap.xml" "Mozilla/5.0 AppleWebKit/537.36 (KHTML, like Gecko; compatible; GPTBot/1.4; +https://openai.com/gptbot)"
74.7.227.13 - - [28/Aug/2026:08:18:08 +0200] "GET /dp/5863175b830873 HTTP/1.1" 200 - "https://www.ucrm-togo.tg/sitemap.xml" "Mozilla/5.0 AppleWebKit/537.36 (KHTML, like Gecko; compatible; GPTBot/1.4; +https://openai.com/gptbot)"
74.7.227.13 - - [28/Aug/2026:08:18:09 +0200] "GET /dp/4f348670647869 HTTP/1.1" 200 - "https://www.ucrm-togo.tg/sitemap.xml" "Mozilla/5.0 AppleWebKit/537.36 (KHTML, like Gecko; compatible; GPTBot/1.4; +https://openai.com/gptbot)"
66.249.65.13 - - [28/Aug/2026:08:18:09 +0200] "GET /dp/1b862658917243 HTTP/1.1" 200 193960 "-" "Mozilla/5.0 (Linux; Android 6.0.1; Nexus 5X Build/MMB29P) AppleWebKit/537.36 (KHTML, like Gecko) Chrome/151.0.7922.173 Mobile Safari/537.36 (compatible; GoogleOther)"
74.7.227.13 - - [28/Aug/2026:08:18:09 +0200] "GET /dp/7167b870927292 HTTP/1.1" 200 - "https://www.ucrm-togo.tg/sitemap.xml" "Mozilla/5.0 AppleWebKit/537.36 (KHTML, like Gecko; compatible; GPTBot/1.4; +https://openai.com/gptbot)"
74.7.227.13 - - [28/Aug/2026:08:18:10 +0200] "GET /dp/f5241065121615 HTTP/1.1" 200 - "https://www.ucrm-togo.tg/sitemap.xml" "Mozilla/5.0 AppleWebKit/537.36 (KHTML, like Gecko; compatible; GPTBot/1.4; +https://openai.com/gptbot)"
66.249.65.13 - - [28/Aug/2026:08:18:10 +0200] "GET /dp/5495506955283 HTTP/1.1" 200 191710 "-" "Mozilla/5.0 (Linux; Android 6.0.1; Nexus 5X Build/MMB29P) AppleWebKit/537.36 (KHTML, like Gecko) Chrome/151.0.7922.173 Mobile Safari/537.36 (compatible; Googlebot/2.1; +http://www.google.com/bot.html)"
74.7.227.13 - - [28/Aug/2026:08:18:10 +0200] "GET /dp/40d33157245053 HTTP/1.1" 200 - "https://www.ucrm-togo.tg/sitemap.xml" "Mozilla/5.0 AppleWebKit/537.36 (KHTML, like Gecko; compatible; GPTBot/1.4; +https://openai.com/gptbot)"
74.7.227.13 - - [28/Aug/2026:08:18:11 +0200] "GET /dp/9300324a599696 HTTP/1.1" 200 - "https://www.ucrm-togo.tg/sitemap.xml" "Mozilla/5.0 AppleWebKit/537.36 (KHTML, like Gecko; compatible; GPTBot/1.4; +https://openai.com/gptbot)"
74.7.227.13 - - [28/Aug/2026:08:18:11 +0200] "GET /dp/05393e43515436 HTTP/1.1" 200 - "https://www.ucrm-togo.tg/sitemap.xml" "Mozilla/5.0 AppleWebKit/537.36 (KHTML, like Gecko; compatible; GPTBot/1.4; +https://openai.com/gptbot)"
74.7.227.13 - - [28/Aug/2026:08:18:12 +0200] "GET /dp/693d6756501060 HTTP/1.1" 200 - "https://www.ucrm-togo.tg/sitemap.xml" "Mozilla/5.0 AppleWebKit/537.36 (KHTML, like Gecko; compatible; GPTBot/1.4; +https://openai.com/gptbot)"
74.7.227.13 - - [28/Aug/2026:08:18:12 +0200] "GET /dp/388409d6740805 HTTP/1.1" 200 - "https://www.ucrm-togo.tg/sitemap.xml" "Mozilla/5.0 AppleWebKit/537.36 (KHTML, like Gecko; compatible; GPTBot/1.4; +https://openai.com/gptbot)"
74.7.227.13 - - [28/Aug/2026:08:18:13 +0200] "GET /dp/35509d80408317 HTTP/1.1" 200 - "https://www.ucrm-togo.tg/sitemap.xml" "Mozilla/5.0 AppleWebKit/537.36 (KHTML, like Gecko; compatible; GPTBot/1.4; +https://openai.com/gptbot)"
74.7.227.13 - - [28/Aug/2026:08:18:13 +0200] "GET /dp/37c84090984192 HTTP/1.1" 200 - "https://www.ucrm-togo.tg/sitemap.xml" "Mozilla/5.0 AppleWebKit/537.36 (KHTML, like Gecko; compatible; GPTBot/1.4; +https://openai.com/gptbot)"
74.7.227.13 - - [28/Aug/2026:08:18:14 +0200] "GET /dp/315954c9661749 HTTP/1.1" 200 - "https://www.ucrm-togo.tg/sitemap.xml" "Mozilla/5.0 AppleWebKit/537.36 (KHTML, like Gecko; compatible; GPTBot/1.4; +https://openai.com/gptbot)"
74.7.227.13 - - [28/Aug/2026:08:18:14 +0200] "GET /dp/c3475429755623 HTTP/1.1" 200 - "https://www.ucrm-togo.tg/sitemap.xml" "Mozilla/5.0 AppleWebKit/537.36 (KHTML, like Gecko; compatible; GPTBot/1.4; +https://openai.com/gptbot)"
74.7.227.13 - - [28/Aug/2026:08:18:15 +0200] "GET /dp/65326f09243786 HTTP/1.1" 200 - "https://www.ucrm-togo.tg/sitemap.xml" "Mozilla/5.0 AppleWebKit/537.36 (KHTML, like Gecko; compatible; GPTBot/1.4; +https://openai.com/gptbot)"
74.7.227.13 - - [28/Aug/2026:08:18:15 +0200] "GET /dp/8765d956261474 HTTP/1.1" 200 - "https://www.ucrm-togo.tg/sitemap.xml" "Mozilla/5.0 AppleWebKit/537.36 (KHTML, like Gecko; compatible; GPTBot/1.4; +https://openai.com/gptbot)"
74.7.227.13 - - [28/Aug/2026:08:18:16 +0200] "GET /dp/944f8701791105 HTTP/1.1" 200 - "https://www.ucrm-togo.tg/sitemap.xml" "Mozilla/5.0 AppleWebKit/537.36 (KHTML, like Gecko; compatible; GPTBot/1.4; +https://openai.com/gptbot)"
74.7.227.13 - - [28/Aug/2026:08:18:16 +0200] "GET /dp/8500280f460413 HTTP/1.1" 200 - "https://www.ucrm-togo.tg/sitemap.xml" "Mozilla/5.0 AppleWebKit/537.36 (KHTML, like Gecko; compatible; GPTBot/1.4; +https://openai.com/gptbot)"
74.7.227.13 - - [28/Aug/2026:08:18:17 +0200] "GET /dp/c0778250911499 HTTP/1.1" 200 - "https://www.ucrm-togo.tg/sitemap.xml" "Mozilla/5.0 AppleWebKit/537.36 (KHTML, like Gecko; compatible; GPTBot/1.4; +https://openai.com/gptbot)"
74.7.227.13 - - [28/Aug/2026:08:18:17 +0200] "GET /dp/29325b09158904 HTTP/1.1" 200 - "https://www.ucrm-togo.tg/sitemap.xml" "Mozilla/5.0 AppleWebKit/537.36 (KHTML, like Gecko; compatible; GPTBot/1.4; +https://openai.com/gptbot)"
104.165.0.228 - - [28/Aug/2026:08:18:18 +0200] "GET / HTTP/1.1" 200 5000 "-" "Mozilla/5.0 (Linux; Android 15; SM-S938B) AppleWebKit/537.36 (KHTML, like Gecko) Chrome/150.0.0.0 Mobile Safari/537.36"
74.7.227.13 - - [28/Aug/2026:08:18:18 +0200] "GET /dp/2592e945431083 HTTP/1.1" 200 - "https://www.ucrm-togo.tg/sitemap.xml" "Mozilla/5.0 AppleWebKit/537.36 (KHTML, like Gecko; compatible; GPTBot/1.4; +https://openai.com/gptbot)"
74.7.227.13 - - [28/Aug/2026:08:18:18 +0200] "GET /dp/179e7542296363 HTTP/1.1" 200 - "https://www.ucrm-togo.tg/sitemap.xml" "Mozilla/5.0 AppleWebKit/537.36 (KHTML, like Gecko; compatible; GPTBot/1.4; +https://openai.com/gptbot)"
74.7.227.13 - - [28/Aug/2026:08:18:19 +0200] "GET /dp/3953123b689020 HTTP/1.1" 200 - "https://www.ucrm-togo.tg/sitemap.xml" "Mozilla/5.0 AppleWebKit/537.36 (KHTML, like Gecko; compatible; GPTBot/1.4; +https://openai.com/gptbot)"
74.7.227.13 - - [28/Aug/2026:08:18:19 +0200] "GET /dp/789a8038924257 HTTP/1.1" 200 - "https://www.ucrm-togo.tg/sitemap.xml" "Mozilla/5.0 AppleWebKit/537.36 (KHTML, like Gecko; compatible; GPTBot/1.4; +https://openai.com/gptbot)"
74.7.227.13 - - [28/Aug/2026:08:18:20 +0200] "GET /dp/f9185549248280 HTTP/1.1" 200 - "https://www.ucrm-togo.tg/sitemap.xml" "Mozilla/5.0 AppleWebKit/537.36 (KHTML, like Gecko; compatible; GPTBot/1.4; +https://openai.com/gptbot)"
74.7.227.13 - - [28/Aug/2026:08:18:21 +0200] "GET /dp/5660e135641909 HTTP/1.1" 200 - "https://www.ucrm-togo.tg/sitemap.xml" "Mozilla/5.0 AppleWebKit/537.36 (KHTML, like Gecko; compatible; GPTBot/1.4; +https://openai.com/gptbot)"
74.7.227.13 - - [28/Aug/2026:08:18:21 +0200] "GET /dp/2255b706758961 HTTP/1.1" 200 - "https://www.ucrm-togo.tg/sitemap.xml" "Mozilla/5.0 AppleWebKit/537.36 (KHTML, like Gecko; compatible; GPTBot/1.4; +https://openai.com/gptbot)"
74.7.227.13 - - [28/Aug/2026:08:18:21 +0200] "GET /dp/824014b9750016 HTTP/1.1" 200 - "https://www.ucrm-togo.tg/sitemap.xml" "Mozilla/5.0 AppleWebKit/537.36 (KHTML, like Gecko; compatible; GPTBot/1.4; +https://openai.com/gptbot)"
74.7.227.13 - - [28/Aug/2026:08:18:22 +0200] "GET /dp/181954e8773047 HTTP/1.1" 200 - "https://www.ucrm-togo.tg/sitemap.xml" "Mozilla/5.0 AppleWebKit/537.36 (KHTML, like Gecko; compatible; GPTBot/1.4; +https://openai.com/gptbot)"
74.7.227.13 - - [28/Aug/2026:08:18:22 +0200] "GET /dp/2256e341740166 HTTP/1.1" 200 - "https://www.ucrm-togo.tg/sitemap.xml" "Mozilla/5.0 AppleWebKit/537.36 (KHTML, like Gecko; compatible; GPTBot/1.4; +https://openai.com/gptbot)"
74.7.227.13 - - [28/Aug/2026:08:18:23 +0200] "GET /dp/5125649e450734 HTTP/1.1" 200 - "https://www.ucrm-togo.tg/sitemap.xml" "Mozilla/5.0 AppleWebKit/537.36 (KHTML, like Gecko; compatible; GPTBot/1.4; +https://openai.com/gptbot)"
176.47.61.108 - - [28/Aug/2026:08:18:23 +0200] "GET /tag/chambre-de-metiers-2/ HTTP/1.1" 200 - "https://www.ucrm-togo.tg" "Mozilla/5.0 (Macintosh; Intel Mac OS X 10_15_7) AppleWebKit/537.36 (KHTML, like Gecko) Chrome/144.0.0.0 Safari/537.36"
66.249.65.12 - - [28/Aug/2026:08:18:23 +0200] "GET /dp/71e5c8a61659304 HTTP/1.1" 200 186474 "-" "Mozilla/5.0 (Linux; Android 6.0.1; Nexus 5X Build/MMB29P) AppleWebKit/537.36 (KHTML, like Gecko) Chrome/151.0.7922.173 Mobile Safari/537.36 (compatible; GoogleOther)"
74.7.227.13 - - [28/Aug/2026:08:18:23 +0200] "GET /dp/6972b956156345 HTTP/1.1" 200 - "https://www.ucrm-togo.tg/sitemap.xml" "Mozilla/5.0 AppleWebKit/537.36 (KHTML, like Gecko; compatible; GPTBot/1.4; +https://openai.com/gptbot)"
74.7.227.13 - - [28/Aug/2026:08:18:24 +0200] "GET /dp/79a15057394526 HTTP/1.1" 200 - "https://www.ucrm-togo.tg/sitemap.xml" "Mozilla/5.0 AppleWebKit/537.36 (KHTML, like Gecko; compatible; GPTBot/1.4; +https://openai.com/gptbot)"
74.7.227.13 - - [28/Aug/2026:08:18:24 +0200] "GET /dp/053e7342700812 HTTP/1.1" 200 - "https://www.ucrm-togo.tg/sitemap.xml" "Mozilla/5.0 AppleWebKit/537.36 (KHTML, like Gecko; compatible; GPTBot/1.4; +https://openai.com/gptbot)"
74.7.227.13 - - [28/Aug/2026:08:18:25 +0200] "GET /dp/04271c92356799 HTTP/1.1" 200 - "https://www.ucrm-togo.tg/sitemap.xml" "Mozilla/5.0 AppleWebKit/537.36 (KHTML, like Gecko; compatible; GPTBot/1.4; +https://openai.com/gptbot)"
74.7.227.13 - - [28/Aug/2026:08:18:25 +0200] "GET /dp/9b180b18723294 HTTP/1.1" 200 - "https://www.ucrm-togo.tg/sitemap.xml" "Mozilla/5.0 AppleWebKit/537.36 (KHTML, like Gecko; compatible; GPTBot/1.4; +https://openai.com/gptbot)"
74.7.227.13 - - [28/Aug/2026:08:18:26 +0200] "GET /dp/f95aa50e680971 HTTP/1.1" 200 - "https://www.ucrm-togo.tg/sitemap.xml" "Mozilla/5.0 AppleWebKit/537.36 (KHTML, like Gecko; compatible; GPTBot/1.4; +https://openai.com/gptbot)"
74.7.227.13 - - [28/Aug/2026:08:18:26 +0200] "GET /dp/73dbfe26417391 HTTP/1.1" 200 - "https://www.ucrm-togo.tg/sitemap.xml" "Mozilla/5.0 AppleWebKit/537.36 (KHTML, like Gecko; compatible; GPTBot/1.4; +https://openai.com/gptbot)"
154.162.28.151 - - [28/Aug/2026:08:18:27 +0200] "GET /author/ampahayaovi/page/1/ HTTP/1.1" 200 - "https://www.ucrm-togo.tg" "Mozilla/5.0 (Macintosh; Intel Mac OS X 10_15_7) AppleWebKit/537.36 (KHTML, like Gecko) Chrome/145.0.0.0 Safari/537.36"
74.7.227.13 - - [28/Aug/2026:08:18:27 +0200] "GET /dp/c4ed43f5709696 HTTP/1.1" 200 - "https://www.ucrm-togo.tg/sitemap.xml" "Mozilla/5.0 AppleWebKit/537.36 (KHTML, like Gecko; compatible; GPTBot/1.4; +https://openai.com/gptbot)"
74.7.227.13 - - [28/Aug/2026:08:18:27 +0200] "GET /dp/10fd2aa1729683 HTTP/1.1" 200 - "https://www.ucrm-togo.tg/sitemap.xml" "Mozilla/5.0 AppleWebKit/537.36 (KHTML, like Gecko; compatible; GPTBot/1.4; +https://openai.com/gptbot)"
74.7.227.13 - - [28/Aug/2026:08:18:28 +0200] "GET /dp/0ceb9e74211913 HTTP/1.1" 200 - "https://www.ucrm-togo.tg/sitemap.xml" "Mozilla/5.0 AppleWebKit/537.36 (KHTML, like Gecko; compatible; GPTBot/1.4; +https://openai.com/gptbot)"
74.7.227.13 - - [28/Aug/2026:08:18:28 +0200] "GET /dp/ca930ff1357603 HTTP/1.1" 200 - "https://www.ucrm-togo.tg/sitemap.xml" "Mozilla/5.0 AppleWebKit/537.36 (KHTML, like Gecko; compatible; GPTBot/1.4; +https://openai.com/gptbot)"
66.249.65.12 - - [28/Aug/2026:08:18:28 +0200] "GET /dp/7e228541457289 HTTP/1.1" 200 189581 "-" "Mozilla/5.0 (Linux; Android 6.0.1; Nexus 5X Build/MMB29P) AppleWebKit/537.36 (KHTML, like Gecko) Chrome/151.0.7922.173 Mobile Safari/537.36 (compatible; GoogleOther)"
74.7.227.13 - - [28/Aug/2026:08:18:29 +0200] "GET /dp/8dcff128329428 HTTP/1.1" 200 - "https://www.ucrm-togo.tg/sitemap.xml" "Mozilla/5.0 AppleWebKit/537.36 (KHTML, like Gecko; compatible; GPTBot/1.4; +https://openai.com/gptbot)"
74.7.227.13 - - [28/Aug/2026:08:18:29 +0200] "GET /dp/98c4dab0909828 HTTP/1.1" 200 - "https://www.ucrm-togo.tg/sitemap.xml" "Mozilla/5.0 AppleWebKit/537.36 (KHTML, like Gecko; compatible; GPTBot/1.4; +https://openai.com/gptbot)"
196.171.26.170 - - [28/Aug/2026:08:18:30 +0200] "GET / HTTP/1.1" 200 5000 "-" "Mozilla/5.0 (iPhone; CPU iPhone OS 17_4 like Mac OS X) AppleWebKit/605.1.15 (KHTML, like Gecko) EdgiOS/122.0.2365.99 Version/17.0 Mobile/15E148 Safari/604.1"
74.7.227.13 - - [28/Aug/2026:08:18:30 +0200] "GET /dp/88c4cf4e968009 HTTP/1.1" 200 - "https://www.ucrm-togo.tg/sitemap.xml" "Mozilla/5.0 AppleWebKit/537.36 (KHTML, like Gecko; compatible; GPTBot/1.4; +https://openai.com/gptbot)"
74.7.227.13 - - [28/Aug/2026:08:18:30 +0200] "GET /dp/e8ea1c35626132 HTTP/1.1" 200 - "https://www.ucrm-togo.tg/sitemap.xml" "Mozilla/5.0 AppleWebKit/537.36 (KHTML, like Gecko; compatible; GPTBot/1.4; +https://openai.com/gptbot)"
74.7.227.13 - - [28/Aug/2026:08:18:31 +0200] "GET /dp/006c8ecd965527 HTTP/1.1" 200 - "https://www.ucrm-togo.tg/sitemap.xml" "Mozilla/5.0 AppleWebKit/537.36 (KHTML, like Gecko; compatible; GPTBot/1.4; +https://openai.com/gptbot)"
74.7.227.13 - - [28/Aug/2026:08:18:31 +0200] "GET /dp/34810545267721 HTTP/1.1" 200 - "https://www.ucrm-togo.tg/sitemap.xml" "Mozilla/5.0 AppleWebKit/537.36 (KHTML, like Gecko; compatible; GPTBot/1.4; +https://openai.com/gptbot)"
74.7.227.13 - - [28/Aug/2026:08:18:32 +0200] "GET /dp/74937178510361 HTTP/1.1" 200 - "https://www.ucrm-togo.tg/sitemap.xml" "Mozilla/5.0 AppleWebKit/537.36 (KHTML, like Gecko; compatible; GPTBot/1.4; +https://openai.com/gptbot)"
74.7.227.13 - - [28/Aug/2026:08:18:32 +0200] "GET /dp/94187136812940 HTTP/1.1" 200 - "https://www.ucrm-togo.tg/sitemap.xml" "Mozilla/5.0 AppleWebKit/537.36 (KHTML, like Gecko; compatible; GPTBot/1.4; +https://openai.com/gptbot)"
74.7.227.13 - - [28/Aug/2026:08:18:33 +0200] "GET /dp/41464094287003 HTTP/1.1" 200 - "https://www.ucrm-togo.tg/sitemap.xml" "Mozilla/5.0 AppleWebKit/537.36 (KHTML, like Gecko; compatible; GPTBot/1.4; +https://openai.com/gptbot)"
74.7.227.13 - - [28/Aug/2026:08:18:34 +0200] "GET /dp/cbadfc36265475 HTTP/1.1" 200 - "https://www.ucrm-togo.tg/sitemap.xml" "Mozilla/5.0 AppleWebKit/537.36 (KHTML, like Gecko; compatible; GPTBot/1.4; +https://openai.com/gptbot)"
66.249.65.12 - - [28/Aug/2026:08:18:33 +0200] "GET /dp/060336051173506 HTTP/1.1" 200 182093 "-" "Mozilla/5.0 (Linux; Android 6.0.1; Nexus 5X Build/MMB29P) AppleWebKit/537.36 (KHTML, like Gecko) Chrome/151.0.7922.173 Mobile Safari/537.36 (compatible; GoogleOther)"
74.7.227.13 - - [28/Aug/2026:08:18:34 +0200] "GET /dp/fcbd113b584602 HTTP/1.1" 200 - "https://www.ucrm-togo.tg/sitemap.xml" "Mozilla/5.0 AppleWebKit/537.36 (KHTML, like Gecko; compatible; GPTBot/1.4; +https://openai.com/gptbot)"
74.7.227.13 - - [28/Aug/2026:08:18:34 +0200] "GET /dp/d0facdf6766829 HTTP/1.1" 200 - "https://www.ucrm-togo.tg/sitemap.xml" "Mozilla/5.0 AppleWebKit/537.36 (KHTML, like Gecko; compatible; GPTBot/1.4; +https://openai.com/gptbot)"
74.7.227.13 - - [28/Aug/2026:08:18:35 +0200] "GET /dp/61d029e04116 HTTP/1.1" 200 - "https://www.ucrm-togo.tg/sitemap.xml" "Mozilla/5.0 AppleWebKit/537.36 (KHTML, like Gecko; compatible; GPTBot/1.4; +https://openai.com/gptbot)"
180.75.247.75 - - [28/Aug/2026:08:18:35 +0200] "GET /author/ampahayaovi/page/1/ HTTP/1.1" 200 - "https://www.ucrm-togo.tg" "Mozilla/5.0 (Macintosh; Intel Mac OS X 10_15_7) AppleWebKit/537.36 (KHTML, like Gecko) Chrome/145.0.0.0 Safari/537.36"
74.7.227.13 - - [28/Aug/2026:08:18:35 +0200] "GET /dp/0ed04e04260640 HTTP/1.1" 200 - "https://www.ucrm-togo.tg/sitemap.xml" "Mozilla/5.0 AppleWebKit/537.36 (KHTML, like Gecko; compatible; GPTBot/1.4; +https://openai.com/gptbot)"
74.7.227.13 - - [28/Aug/2026:08:18:36 +0200] "GET /dp/cd729f83543331 HTTP/1.1" 200 - "https://www.ucrm-togo.tg/sitemap.xml" "Mozilla/5.0 AppleWebKit/537.36 (KHTML, like Gecko; compatible; GPTBot/1.4; +https://openai.com/gptbot)"
2.134.185.5 - - [28/Aug/2026:08:18:36 +0200] "GET /miato-2-stand-lome-vip-du-togo/?share=pocket HTTP/1.1" 200 - "https://www.ucrm-togo.tg" "Mozilla/5.0 (Macintosh; Intel Mac OS X 10_15_7) AppleWebKit/537.36 (KHTML, like Gecko) Chrome/144.0.0.0 Safari/537.36"
74.7.227.13 - - [28/Aug/2026:08:18:36 +0200] "GET /dp/d94b999b835710 HTTP/1.1" 200 - "https://www.ucrm-togo.tg/sitemap.xml" "Mozilla/5.0 AppleWebKit/537.36 (KHTML, like Gecko; compatible; GPTBot/1.4; +https://openai.com/gptbot)"
74.7.227.13 - - [28/Aug/2026:08:18:37 +0200] "GET /dp/5b1385cd336222 HTTP/1.1" 200 - "https://www.ucrm-togo.tg/sitemap.xml" "Mozilla/5.0 AppleWebKit/537.36 (KHTML, like Gecko; compatible; GPTBot/1.4; +https://openai.com/gptbot)"
74.7.227.13 - - [28/Aug/2026:08:18:37 +0200] "GET /dp/7763911c2435 HTTP/1.1" 200 - "https://www.ucrm-togo.tg/sitemap.xml" "Mozilla/5.0 AppleWebKit/537.36 (KHTML, like Gecko; compatible; GPTBot/1.4; +https://openai.com/gptbot)"
66.249.65.12 - - [28/Aug/2026:08:18:37 +0200] "GET /dp/55ce80cb3392033 HTTP/1.1" 200 181306 "-" "Mozilla/5.0 (Linux; Android 6.0.1; Nexus 5X Build/MMB29P) AppleWebKit/537.36 (KHTML, like Gecko) Chrome/151.0.7922.173 Mobile Safari/537.36 (compatible; GoogleOther)"
74.7.227.13 - - [28/Aug/2026:08:18:38 +0200] "GET /dp/6472b1404356 HTTP/1.1" 200 - "https://www.ucrm-togo.tg/sitemap.xml" "Mozilla/5.0 AppleWebKit/537.36 (KHTML, like Gecko; compatible; GPTBot/1.4; +https://openai.com/gptbot)"
74.7.227.13 - - [28/Aug/2026:08:18:38 +0200] "GET /dp/2596cd7175333 HTTP/1.1" 200 - "https://www.ucrm-togo.tg/sitemap.xml" "Mozilla/5.0 AppleWebKit/537.36 (KHTML, like Gecko; compatible; GPTBot/1.4; +https://openai.com/gptbot)"
74.7.227.13 - - [28/Aug/2026:08:18:39 +0200] "GET /dp/3bbdea18605486 HTTP/1.1" 200 - "https://www.ucrm-togo.tg/sitemap.xml" "Mozilla/5.0 AppleWebKit/537.36 (KHTML, like Gecko; compatible; GPTBot/1.4; +https://openai.com/gptbot)"
74.7.227.13 - - [28/Aug/2026:08:18:39 +0200] "GET /dp/2116012450242 HTTP/1.1" 200 - "https://www.ucrm-togo.tg/sitemap.xml" "Mozilla/5.0 AppleWebKit/537.36 (KHTML, like Gecko; compatible; GPTBot/1.4; +https://openai.com/gptbot)"
74.7.227.13 - - [28/Aug/2026:08:18:41 +0200] "GET /dp/ef71b458408523 HTTP/1.1" 200 - "https://www.ucrm-togo.tg/sitemap.xml" "Mozilla/5.0 AppleWebKit/537.36 (KHTML, like Gecko; compatible; GPTBot/1.4; +https://openai.com/gptbot)"
74.7.227.13 - - [28/Aug/2026:08:18:42 +0200] "GET /dp/3b88ef96380251 HTTP/1.1" 200 - "https://www.ucrm-togo.tg/sitemap.xml" "Mozilla/5.0 AppleWebKit/537.36 (KHTML, like Gecko; compatible; GPTBot/1.4; +https://openai.com/gptbot)"
74.7.227.13 - - [28/Aug/2026:08:18:43 +0200] "GET /dp/20cf10a5387432 HTTP/1.1" 200 - "https://www.ucrm-togo.tg/sitemap.xml" "Mozilla/5.0 AppleWebKit/537.36 (KHTML, like Gecko; compatible; GPTBot/1.4; +https://openai.com/gptbot)"
66.249.65.12 - - [28/Aug/2026:08:18:43 +0200] "GET /dp/5025ff43210016 HTTP/1.1" 200 188046 "-" "Mozilla/5.0 (Linux; Android 6.0.1; Nexus 5X Build/MMB29P) AppleWebKit/537.36 (KHTML, like Gecko) Chrome/151.0.7922.173 Mobile Safari/537.36 (compatible; GoogleOther)"
74.7.227.13 - - [28/Aug/2026:08:18:43 +0200] "GET /dp/34e4c1b6645289 HTTP/1.1" 200 - "https://www.ucrm-togo.tg/sitemap.xml" "Mozilla/5.0 AppleWebKit/537.36 (KHTML, like Gecko; compatible; GPTBot/1.4; +https://openai.com/gptbot)"
74.7.227.13 - - [28/Aug/2026:08:18:44 +0200] "GET /dp/c78095ae397406 HTTP/1.1" 200 - "https://www.ucrm-togo.tg/sitemap.xml" "Mozilla/5.0 AppleWebKit/537.36 (KHTML, like Gecko; compatible; GPTBot/1.4; +https://openai.com/gptbot)"
74.7.227.13 - - [28/Aug/2026:08:18:44 +0200] "GET /dp/91bef127405319 HTTP/1.1" 200 - "https://www.ucrm-togo.tg/sitemap.xml" "Mozilla/5.0 AppleWebKit/537.36 (KHTML, like Gecko; compatible; GPTBot/1.4; +https://openai.com/gptbot)"
74.7.227.13 - - [28/Aug/2026:08:18:45 +0200] "GET /dp/3a824d0b564714 HTTP/1.1" 200 - "https://www.ucrm-togo.tg/sitemap.xml" "Mozilla/5.0 AppleWebKit/537.36 (KHTML, like Gecko; compatible; GPTBot/1.4; +https://openai.com/gptbot)"
142.252.78.185 - - [28/Aug/2026:08:18:45 +0200] "GET / HTTP/1.1" 200 5000 "https://www.ucrm-togo.tg/" "Mozilla/5.0 (iPhone; CPU iPhone OS 17_3 like Mac OS X) AppleWebKit/605.1.15 (KHTML, like Gecko) CriOS/114.0.5735.124 Mobile/15E148 Safari/604.1"
74.7.227.13 - - [28/Aug/2026:08:18:45 +0200] "GET /dp/45cad019748603 HTTP/1.1" 200 - "https://www.ucrm-togo.tg/sitemap.xml" "Mozilla/5.0 AppleWebKit/537.36 (KHTML, like Gecko; compatible; GPTBot/1.4; +https://openai.com/gptbot)"
74.7.227.13 - - [28/Aug/2026:08:18:46 +0200] "GET /dp/f26c65a0848091 HTTP/1.1" 200 - "https://www.ucrm-togo.tg/sitemap.xml" "Mozilla/5.0 AppleWebKit/537.36 (KHTML, like Gecko; compatible; GPTBot/1.4; +https://openai.com/gptbot)"
74.7.227.13 - - [28/Aug/2026:08:18:46 +0200] "GET /dp/5641ed3d545656 HTTP/1.1" 200 - "https://www.ucrm-togo.tg/sitemap.xml" "Mozilla/5.0 AppleWebKit/537.36 (KHTML, like Gecko; compatible; GPTBot/1.4; +https://openai.com/gptbot)"
74.7.227.13 - - [28/Aug/2026:08:18:47 +0200] "GET /dp/ba2f4cd0142410 HTTP/1.1" 200 - "https://www.ucrm-togo.tg/sitemap.xml" "Mozilla/5.0 AppleWebKit/537.36 (KHTML, like Gecko; compatible; GPTBot/1.4; +https://openai.com/gptbot)"
74.7.227.13 - - [28/Aug/2026:08:18:47 +0200] "GET /dp/44af8ffe601244 HTTP/1.1" 200 - "https://www.ucrm-togo.tg/sitemap.xml" "Mozilla/5.0 AppleWebKit/537.36 (KHTML, like Gecko; compatible; GPTBot/1.4; +https://openai.com/gptbot)"
74.7.227.13 - - [28/Aug/2026:08:18:48 +0200] "GET /dp/cf9bb2d5100414 HTTP/1.1" 200 - "https://www.ucrm-togo.tg/sitemap.xml" "Mozilla/5.0 AppleWebKit/537.36 (KHTML, like Gecko; compatible; GPTBot/1.4; +https://openai.com/gptbot)"
74.7.227.13 - - [28/Aug/2026:08:18:48 +0200] "GET /dp/39bee8be263369 HTTP/1.1" 200 - "https://www.ucrm-togo.tg/sitemap.xml" "Mozilla/5.0 AppleWebKit/537.36 (KHTML, like Gecko; compatible; GPTBot/1.4; +https://openai.com/gptbot)"
74.7.227.13 - - [28/Aug/2026:08:18:49 +0200] "GET /dp/010babdd911966 HTTP/1.1" 200 - "https://www.ucrm-togo.tg/sitemap.xml" "Mozilla/5.0 AppleWebKit/537.36 (KHTML, like Gecko; compatible; GPTBot/1.4; +https://openai.com/gptbot)"
74.7.227.13 - - [28/Aug/2026:08:18:49 +0200] "GET /dp/0c0f092232268 HTTP/1.1" 200 - "https://www.ucrm-togo.tg/sitemap.xml" "Mozilla/5.0 AppleWebKit/537.36 (KHTML, like Gecko; compatible; GPTBot/1.4; +https://openai.com/gptbot)"
74.7.227.13 - - [28/Aug/2026:08:18:50 +0200] "GET /dp/01819b9c23837 HTTP/1.1" 200 - "https://www.ucrm-togo.tg/sitemap.xml" "Mozilla/5.0 AppleWebKit/537.36 (KHTML, like Gecko; compatible; GPTBot/1.4; +https://openai.com/gptbot)"
74.7.227.13 - - [28/Aug/2026:08:18:50 +0200] "GET /dp/7b7a019475660 HTTP/1.1" 200 - "https://www.ucrm-togo.tg/sitemap.xml" "Mozilla/5.0 AppleWebKit/537.36 (KHTML, like Gecko; compatible; GPTBot/1.4; +https://openai.com/gptbot)"
74.7.227.13 - - [28/Aug/2026:08:18:51 +0200] "GET /dp/58453cc864741 HTTP/1.1" 200 - "https://www.ucrm-togo.tg/sitemap.xml" "Mozilla/5.0 AppleWebKit/537.36 (KHTML, like Gecko; compatible; GPTBot/1.4; +https://openai.com/gptbot)"
74.7.227.13 - - [28/Aug/2026:08:18:51 +0200] "GET /dp/83d365c616252 HTTP/1.1" 200 - "https://www.ucrm-togo.tg/sitemap.xml" "Mozilla/5.0 AppleWebKit/537.36 (KHTML, like Gecko; compatible; GPTBot/1.4; +https://openai.com/gptbot)"
74.7.227.13 - - [28/Aug/2026:08:18:52 +0200] "GET /dp/368a1e8590598 HTTP/1.1" 200 - "https://www.ucrm-togo.tg/sitemap.xml" "Mozilla/5.0 AppleWebKit/537.36 (KHTML, like Gecko; compatible; GPTBot/1.4; +https://openai.com/gptbot)"
102.64.161.5 - - [28/Aug/2026:08:18:52 +0200] "GET / HTTP/1.1" 200 5000 "-" "Mozilla/5.0 (iPhone; CPU iPhone OS 16_0 like Mac OS X) AppleWebKit/605.1.15 (KHTML, like Gecko) CriOS/92.0.4515.90 Mobile/15E148 Safari/604.1"
74.7.227.13 - - [28/Aug/2026:08:18:52 +0200] "GET /dp/8472f2d910660 HTTP/1.1" 200 - "https://www.ucrm-togo.tg/sitemap.xml" "Mozilla/5.0 AppleWebKit/537.36 (KHTML, like Gecko; compatible; GPTBot/1.4; +https://openai.com/gptbot)"
74.7.227.13 - - [28/Aug/2026:08:18:53 +0200] "GET /dp/29010a3b51893 HTTP/1.1" 200 - "https://www.ucrm-togo.tg/sitemap.xml" "Mozilla/5.0 AppleWebKit/537.36 (KHTML, like Gecko; compatible; GPTBot/1.4; +https://openai.com/gptbot)"
74.7.227.13 - - [28/Aug/2026:08:18:53 +0200] "GET /dp/5365856472965 HTTP/1.1" 200 - "https://www.ucrm-togo.tg/sitemap.xml" "Mozilla/5.0 AppleWebKit/537.36 (KHTML, like Gecko; compatible; GPTBot/1.4; +https://openai.com/gptbot)"
66.249.65.14 - - [28/Aug/2026:08:18:53 +0200] "GET /dp/e12336771983858 HTTP/1.1" 200 179083 "-" "Mozilla/5.0 (Linux; Android 6.0.1; Nexus 5X Build/MMB29P) AppleWebKit/537.36 (KHTML, like Gecko) Chrome/151.0.7922.173 Mobile Safari/537.36 (compatible; GoogleOther)"
74.7.227.13 - - [28/Aug/2026:08:18:54 +0200] "GET /dp/8c226ab73234 HTTP/1.1" 200 - "https://www.ucrm-togo.tg/sitemap.xml" "Mozilla/5.0 AppleWebKit/537.36 (KHTML, like Gecko; compatible; GPTBot/1.4; +https://openai.com/gptbot)"
74.7.227.13 - - [28/Aug/2026:08:18:54 +0200] "GET /dp/c9e264b7784256 HTTP/1.1" 200 - "https://www.ucrm-togo.tg/sitemap.xml" "Mozilla/5.0 AppleWebKit/537.36 (KHTML, like Gecko; compatible; GPTBot/1.4; +https://openai.com/gptbot)"
74.7.227.13 - - [28/Aug/2026:08:18:55 +0200] "GET /dp/8b746ce9480637 HTTP/1.1" 200 - "https://www.ucrm-togo.tg/sitemap.xml" "Mozilla/5.0 AppleWebKit/537.36 (KHTML, like Gecko; compatible; GPTBot/1.4; +https://openai.com/gptbot)"
102.64.152.190 - - [28/Aug/2026:08:18:55 +0200] "GET / HTTP/1.1" 200 5000 "https://www.google.tg/" "Mozilla/5.0 (iPhone; CPU iPhone OS 17_3_1 like Mac OS X) AppleWebKit/605.1.15 (KHTML, like Gecko) FxiOS/124.0  Mobile/15E148 Safari/605.1.15"
74.7.227.13 - - [28/Aug/2026:08:18:55 +0200] "GET /dp/77ee41a5340292 HTTP/1.1" 200 - "https://www.ucrm-togo.tg/sitemap.xml" "Mozilla/5.0 AppleWebKit/537.36 (KHTML, like Gecko; compatible; GPTBot/1.4; +https://openai.com/gptbot)"
74.7.227.13 - - [28/Aug/2026:08:18:56 +0200] "GET /dp/49e1524287996 HTTP/1.1" 200 - "https://www.ucrm-togo.tg/sitemap.xml" "Mozilla/5.0 AppleWebKit/537.36 (KHTML, like Gecko; compatible; GPTBot/1.4; +https://openai.com/gptbot)"
66.249.65.14 - - [28/Aug/2026:08:18:55 +0200] "GET /dp/c05c0b301496378 HTTP/1.1" 200 179638 "-" "Mozilla/5.0 (Linux; Android 6.0.1; Nexus 5X Build/MMB29P) AppleWebKit/537.36 (KHTML, like Gecko) Chrome/151.0.7922.173 Mobile Safari/537.36 (compatible; GoogleOther)"
74.7.227.13 - - [28/Aug/2026:08:18:56 +0200] "GET /dp/26e0204163973 HTTP/1.1" 200 - "https://www.ucrm-togo.tg/sitemap.xml" "Mozilla/5.0 AppleWebKit/537.36 (KHTML, like Gecko; compatible; GPTBot/1.4; +https://openai.com/gptbot)"
74.7.227.13 - - [28/Aug/2026:08:18:57 +0200] "GET /dp/832e897190906 HTTP/1.1" 200 - "https://www.ucrm-togo.tg/sitemap.xml" "Mozilla/5.0 AppleWebKit/537.36 (KHTML, like Gecko; compatible; GPTBot/1.4; +https://openai.com/gptbot)"
74.7.227.13 - - [28/Aug/2026:08:18:57 +0200] "GET /dp/4148192c82746 HTTP/1.1" 200 - "https://www.ucrm-togo.tg/sitemap.xml" "Mozilla/5.0 AppleWebKit/537.36 (KHTML, like Gecko; compatible; GPTBot/1.4; +https://openai.com/gptbot)"
199.250.129.99 - - [28/Aug/2026:08:18:58 +0200] "GET /le-ministre-hodin-content-du-fonctionnement-et-de-la-vision-de-lucrm/ HTTP/1.1" 200 - "https://www.ucrm-togo.tg" "Mozilla/5.0 (Windows NT 10.0; Win64; x64) AppleWebKit/537.36 (KHTML, like Gecko) Chrome/144.0.0.0 Safari/537.36"
74.7.227.13 - - [28/Aug/2026:08:18:58 +0200] "GET /dp/5029f11267492 HTTP/1.1" 200 - "https://www.ucrm-togo.tg/sitemap.xml" "Mozilla/5.0 AppleWebKit/537.36 (KHTML, like Gecko; compatible; GPTBot/1.4; +https://openai.com/gptbot)"
74.7.227.13 - - [28/Aug/2026:08:18:58 +0200] "GET /dp/0a3a8f37328261 HTTP/1.1" 200 - "https://www.ucrm-togo.tg/sitemap.xml" "Mozilla/5.0 AppleWebKit/537.36 (KHTML, like Gecko; compatible; GPTBot/1.4; +https://openai.com/gptbot)"
66.249.65.14 - - [28/Aug/2026:08:18:58 +0200] "GET /dp/a04f04733098676 HTTP/1.1" 200 180536 "-" "Mozilla/5.0 (Linux; Android 6.0.1; Nexus 5X Build/MMB29P) AppleWebKit/537.36 (KHTML, like Gecko) Chrome/151.0.7922.173 Mobile Safari/537.36 (compatible; GoogleOther)"
74.7.227.13 - - [28/Aug/2026:08:18:59 +0200] "GET /dp/a6655f9b345053 HTTP/1.1" 200 - "https://www.ucrm-togo.tg/sitemap.xml" "Mozilla/5.0 AppleWebKit/537.36 (KHTML, like Gecko; compatible; GPTBot/1.4; +https://openai.com/gptbot)"
74.7.227.13 - - [28/Aug/2026:08:18:59 +0200] "GET /dp/e2d1660c658725 HTTP/1.1" 200 - "https://www.ucrm-togo.tg/sitemap.xml" "Mozilla/5.0 AppleWebKit/537.36 (KHTML, like Gecko; compatible; GPTBot/1.4; +https://openai.com/gptbot)"
74.7.227.13 - - [28/Aug/2026:08:19:00 +0200] "GET /dp/7a4d26f9784750 HTTP/1.1" 200 - "https://www.ucrm-togo.tg/sitemap.xml" "Mozilla/5.0 AppleWebKit/537.36 (KHTML, like Gecko; compatible; GPTBot/1.4; +https://openai.com/gptbot)"
74.7.227.13 - - [28/Aug/2026:08:19:00 +0200] "GET /dp/8bda2884983268 HTTP/1.1" 200 - "https://www.ucrm-togo.tg/sitemap.xml" "Mozilla/5.0 AppleWebKit/537.36 (KHTML, like Gecko; compatible; GPTBot/1.4; +https://openai.com/gptbot)"
66.249.65.14 - - [28/Aug/2026:08:19:00 +0200] "GET /dp/011725991894664 HTTP/1.1" 200 181800 "-" "Mozilla/5.0 (Linux; Android 6.0.1; Nexus 5X Build/MMB29P) AppleWebKit/537.36 (KHTML, like Gecko) Chrome/151.0.7922.173 Mobile Safari/537.36 (compatible; GoogleOther)"
74.7.227.13 - - [28/Aug/2026:08:19:01 +0200] "GET /dp/c022a73b731244 HTTP/1.1" 200 - "https://www.ucrm-togo.tg/sitemap.xml" "Mozilla/5.0 AppleWebKit/537.36 (KHTML, like Gecko; compatible; GPTBot/1.4; +https://openai.com/gptbot)"
74.7.227.13 - - [28/Aug/2026:08:19:01 +0200] "GET /dp/66fb69d5316511 HTTP/1.1" 200 - "https://www.ucrm-togo.tg/sitemap.xml" "Mozilla/5.0 AppleWebKit/537.36 (KHTML, like Gecko; compatible; GPTBot/1.4; +https://openai.com/gptbot)"
74.7.227.13 - - [28/Aug/2026:08:19:02 +0200] "GET /dp/6ad160a5300870 HTTP/1.1" 200 - "https://www.ucrm-togo.tg/sitemap.xml" "Mozilla/5.0 AppleWebKit/537.36 (KHTML, like Gecko; compatible; GPTBot/1.4; +https://openai.com/gptbot)"
74.7.227.13 - - [28/Aug/2026:08:19:02 +0200] "GET /dp/4071f5ca445964 HTTP/1.1" 200 - "https://www.ucrm-togo.tg/sitemap.xml" "Mozilla/5.0 AppleWebKit/537.36 (KHTML, like Gecko; compatible; GPTBot/1.4; +https://openai.com/gptbot)"
74.7.227.13 - - [28/Aug/2026:08:19:03 +0200] "GET /dp/a6728fe6615578 HTTP/1.1" 200 - "https://www.ucrm-togo.tg/sitemap.xml" "Mozilla/5.0 AppleWebKit/537.36 (KHTML, like Gecko; compatible; GPTBot/1.4; +https://openai.com/gptbot)"
74.7.227.13 - - [28/Aug/2026:08:19:03 +0200] "GET /dp/7a20cd07792372 HTTP/1.1" 200 - "https://www.ucrm-togo.tg/sitemap.xml" "Mozilla/5.0 AppleWebKit/537.36 (KHTML, like Gecko; compatible; GPTBot/1.4; +https://openai.com/gptbot)"
