40.77.167.76 - - [28/Aug/2026:05:03:57 +0200] "GET /dp/84b0556f112631 HTTP/1.1" 200 184281 "-" "Mozilla/5.0 AppleWebKit/537.36 (KHTML, like Gecko; compatible; bingbot/2.0; +http://www.bing.com/bingbot.htm) Chrome/116.0.1938.76 Safari/537.36"
40.77.167.76 - - [28/Aug/2026:05:03:58 +0200] "GET /dp/654971be1056074 HTTP/1.1" 200 188384 "-" "Mozilla/5.0 AppleWebKit/537.36 (KHTML, like Gecko; compatible; bingbot/2.0; +http://www.bing.com/bingbot.htm) Chrome/116.0.1938.76 Safari/537.36"
40.77.167.76 - - [28/Aug/2026:05:03:59 +0200] "GET /dp/4fb108f91001604 HTTP/1.1" 200 185681 "-" "Mozilla/5.0 AppleWebKit/537.36 (KHTML, like Gecko; compatible; bingbot/2.0; +http://www.bing.com/bingbot.htm) Chrome/116.0.1938.76 Safari/537.36"
40.77.167.76 - - [28/Aug/2026:05:04:00 +0200] "GET /dp/57cd38244344164 HTTP/1.1" 200 182979 "-" "Mozilla/5.0 AppleWebKit/537.36 (KHTML, like Gecko; compatible; bingbot/2.0; +http://www.bing.com/bingbot.htm) Chrome/116.0.1938.76 Safari/537.36"
40.77.167.76 - - [28/Aug/2026:05:04:01 +0200] "GET /dp/0a40c5634237779 HTTP/1.1" 200 179819 "-" "Mozilla/5.0 AppleWebKit/537.36 (KHTML, like Gecko; compatible; bingbot/2.0; +http://www.bing.com/bingbot.htm) Chrome/116.0.1938.76 Safari/537.36"
40.77.167.76 - - [28/Aug/2026:05:04:01 +0200] "GET /dp/690d8c021967329 HTTP/1.1" 200 181640 "-" "Mozilla/5.0 AppleWebKit/537.36 (KHTML, like Gecko; compatible; bingbot/2.0; +http://www.bing.com/bingbot.htm) Chrome/116.0.1938.76 Safari/537.36"
40.77.167.76 - - [28/Aug/2026:05:04:02 +0200] "GET /dp/10331a441296001 HTTP/1.1" 200 179053 "-" "Mozilla/5.0 AppleWebKit/537.36 (KHTML, like Gecko; compatible; bingbot/2.0; +http://www.bing.com/bingbot.htm) Chrome/116.0.1938.76 Safari/537.36"
40.77.167.76 - - [28/Aug/2026:05:04:03 +0200] "GET /dp/b85529832997105 HTTP/1.1" 200 181078 "-" "Mozilla/5.0 AppleWebKit/537.36 (KHTML, like Gecko; compatible; bingbot/2.0; +http://www.bing.com/bingbot.htm) Chrome/116.0.1938.76 Safari/537.36"
40.77.167.76 - - [28/Aug/2026:05:04:04 +0200] "GET /dp/a627b234690081 HTTP/1.1" 200 189069 "-" "Mozilla/5.0 AppleWebKit/537.36 (KHTML, like Gecko; compatible; bingbot/2.0; +http://www.bing.com/bingbot.htm) Chrome/116.0.1938.76 Safari/537.36"
40.77.167.76 - - [28/Aug/2026:05:04:05 +0200] "GET /dp/28447d7f1839397 HTTP/1.1" 200 188078 "-" "Mozilla/5.0 AppleWebKit/537.36 (KHTML, like Gecko; compatible; bingbot/2.0; +http://www.bing.com/bingbot.htm) Chrome/116.0.1938.76 Safari/537.36"
40.77.167.76 - - [28/Aug/2026:05:04:05 +0200] "GET /dp/6a5c236c1249273 HTTP/1.1" 200 185042 "-" "Mozilla/5.0 AppleWebKit/537.36 (KHTML, like Gecko; compatible; bingbot/2.0; +http://www.bing.com/bingbot.htm) Chrome/116.0.1938.76 Safari/537.36"
40.77.167.76 - - [28/Aug/2026:05:04:06 +0200] "GET /dp/0c12b1a83710730 HTTP/1.1" 200 187042 "-" "Mozilla/5.0 AppleWebKit/537.36 (KHTML, like Gecko; compatible; bingbot/2.0; +http://www.bing.com/bingbot.htm) Chrome/116.0.1938.76 Safari/537.36"
40.77.167.76 - - [28/Aug/2026:05:04:07 +0200] "GET /dp/15767f8b117857 HTTP/1.1" 200 183089 "-" "Mozilla/5.0 AppleWebKit/537.36 (KHTML, like Gecko; compatible; bingbot/2.0; +http://www.bing.com/bingbot.htm) Chrome/116.0.1938.76 Safari/537.36"
40.77.167.76 - - [28/Aug/2026:05:04:08 +0200] "GET /dp/63e6744b3788797 HTTP/1.1" 200 179664 "-" "Mozilla/5.0 AppleWebKit/537.36 (KHTML, like Gecko; compatible; bingbot/2.0; +http://www.bing.com/bingbot.htm) Chrome/116.0.1938.76 Safari/537.36"
40.77.167.76 - - [28/Aug/2026:05:04:08 +0200] "GET /dp/9b770d2a3528381 HTTP/1.1" 200 183045 "-" "Mozilla/5.0 AppleWebKit/537.36 (KHTML, like Gecko; compatible; bingbot/2.0; +http://www.bing.com/bingbot.htm) Chrome/116.0.1938.76 Safari/537.36"
40.77.167.76 - - [28/Aug/2026:05:04:09 +0200] "GET /dp/96af50831672534 HTTP/1.1" 200 187177 "-" "Mozilla/5.0 AppleWebKit/537.36 (KHTML, like Gecko; compatible; bingbot/2.0; +http://www.bing.com/bingbot.htm) Chrome/116.0.1938.76 Safari/537.36"
40.77.167.76 - - [28/Aug/2026:05:04:10 +0200] "GET /dp/67570b264402869 HTTP/1.1" 200 185952 "-" "Mozilla/5.0 AppleWebKit/537.36 (KHTML, like Gecko; compatible; bingbot/2.0; +http://www.bing.com/bingbot.htm) Chrome/116.0.1938.76 Safari/537.36"
40.77.167.76 - - [28/Aug/2026:05:04:11 +0200] "GET /dp/09d89699401493 HTTP/1.1" 200 190035 "-" "Mozilla/5.0 AppleWebKit/537.36 (KHTML, like Gecko; compatible; bingbot/2.0; +http://www.bing.com/bingbot.htm) Chrome/116.0.1938.76 Safari/537.36"
40.77.167.76 - - [28/Aug/2026:05:04:12 +0200] "GET /dp/b154ff502725109 HTTP/1.1" 200 179114 "-" "Mozilla/5.0 AppleWebKit/537.36 (KHTML, like Gecko; compatible; bingbot/2.0; +http://www.bing.com/bingbot.htm) Chrome/116.0.1938.76 Safari/537.36"
40.77.167.76 - - [28/Aug/2026:05:04:12 +0200] "GET /dp/80b957b54168777 HTTP/1.1" 200 187760 "-" "Mozilla/5.0 AppleWebKit/537.36 (KHTML, like Gecko; compatible; bingbot/2.0; +http://www.bing.com/bingbot.htm) Chrome/116.0.1938.76 Safari/537.36"
40.77.167.76 - - [28/Aug/2026:05:04:19 +0200] "GET /dp/193083164398808 HTTP/1.1" 200 184303 "-" "Mozilla/5.0 AppleWebKit/537.36 (KHTML, like Gecko; compatible; bingbot/2.0; +http://www.bing.com/bingbot.htm) Chrome/116.0.1938.76 Safari/537.36"
40.77.167.76 - - [28/Aug/2026:05:04:21 +0200] "GET /dp/8f13459c900056 HTTP/1.1" 200 198120 "-" "Mozilla/5.0 AppleWebKit/537.36 (KHTML, like Gecko; compatible; bingbot/2.0; +http://www.bing.com/bingbot.htm) Chrome/116.0.1938.76 Safari/537.36"
40.77.167.76 - - [28/Aug/2026:05:04:22 +0200] "GET /dp/f8e8168b934675 HTTP/1.1" 200 189243 "-" "Mozilla/5.0 AppleWebKit/537.36 (KHTML, like Gecko; compatible; bingbot/2.0; +http://www.bing.com/bingbot.htm) Chrome/116.0.1938.76 Safari/537.36"
40.77.167.76 - - [28/Aug/2026:05:04:22 +0200] "GET /dp/9c284a8b2581211 HTTP/1.1" 200 178430 "-" "Mozilla/5.0 AppleWebKit/537.36 (KHTML, like Gecko; compatible; bingbot/2.0; +http://www.bing.com/bingbot.htm) Chrome/116.0.1938.76 Safari/537.36"
40.77.167.76 - - [28/Aug/2026:05:04:23 +0200] "GET /dp/2942833b1866293 HTTP/1.1" 200 185551 "-" "Mozilla/5.0 AppleWebKit/537.36 (KHTML, like Gecko; compatible; bingbot/2.0; +http://www.bing.com/bingbot.htm) Chrome/116.0.1938.76 Safari/537.36"
40.77.167.76 - - [28/Aug/2026:05:04:24 +0200] "GET /dp/9165f5621829051 HTTP/1.1" 200 186164 "-" "Mozilla/5.0 AppleWebKit/537.36 (KHTML, like Gecko; compatible; bingbot/2.0; +http://www.bing.com/bingbot.htm) Chrome/116.0.1938.76 Safari/537.36"
40.77.167.76 - - [28/Aug/2026:05:04:25 +0200] "GET /dp/05b6389e1183148 HTTP/1.1" 200 180179 "-" "Mozilla/5.0 AppleWebKit/537.36 (KHTML, like Gecko; compatible; bingbot/2.0; +http://www.bing.com/bingbot.htm) Chrome/116.0.1938.76 Safari/537.36"
40.77.167.76 - - [28/Aug/2026:05:04:25 +0200] "GET /dp/23b449474320066 HTTP/1.1" 200 182633 "-" "Mozilla/5.0 AppleWebKit/537.36 (KHTML, like Gecko; compatible; bingbot/2.0; +http://www.bing.com/bingbot.htm) Chrome/116.0.1938.76 Safari/537.36"
40.77.167.76 - - [28/Aug/2026:05:04:26 +0200] "GET /dp/027f21114111583 HTTP/1.1" 200 182843 "-" "Mozilla/5.0 AppleWebKit/537.36 (KHTML, like Gecko; compatible; bingbot/2.0; +http://www.bing.com/bingbot.htm) Chrome/116.0.1938.76 Safari/537.36"
40.77.167.76 - - [28/Aug/2026:05:04:27 +0200] "GET /dp/c509b4ad4443521 HTTP/1.1" 200 182574 "-" "Mozilla/5.0 AppleWebKit/537.36 (KHTML, like Gecko; compatible; bingbot/2.0; +http://www.bing.com/bingbot.htm) Chrome/116.0.1938.76 Safari/537.36"
40.77.167.76 - - [28/Aug/2026:05:04:28 +0200] "GET /dp/29dc7afb3765123 HTTP/1.1" 200 179549 "-" "Mozilla/5.0 AppleWebKit/537.36 (KHTML, like Gecko; compatible; bingbot/2.0; +http://www.bing.com/bingbot.htm) Chrome/116.0.1938.76 Safari/537.36"
40.77.167.76 - - [28/Aug/2026:05:04:29 +0200] "GET /dp/3105353c3169209 HTTP/1.1" 200 185365 "-" "Mozilla/5.0 AppleWebKit/537.36 (KHTML, like Gecko; compatible; bingbot/2.0; +http://www.bing.com/bingbot.htm) Chrome/116.0.1938.76 Safari/537.36"
40.77.167.76 - - [28/Aug/2026:05:04:29 +0200] "GET /dp/0b7d55462783690 HTTP/1.1" 200 185423 "-" "Mozilla/5.0 AppleWebKit/537.36 (KHTML, like Gecko; compatible; bingbot/2.0; +http://www.bing.com/bingbot.htm) Chrome/116.0.1938.76 Safari/537.36"
40.77.167.76 - - [28/Aug/2026:05:04:30 +0200] "GET /dp/5810898f2898831 HTTP/1.1" 200 188564 "-" "Mozilla/5.0 AppleWebKit/537.36 (KHTML, like Gecko; compatible; bingbot/2.0; +http://www.bing.com/bingbot.htm) Chrome/116.0.1938.76 Safari/537.36"
40.77.167.76 - - [28/Aug/2026:05:04:31 +0200] "GET /dp/5083dc611730887 HTTP/1.1" 200 185067 "-" "Mozilla/5.0 AppleWebKit/537.36 (KHTML, like Gecko; compatible; bingbot/2.0; +http://www.bing.com/bingbot.htm) Chrome/116.0.1938.76 Safari/537.36"
40.77.167.76 - - [28/Aug/2026:05:04:32 +0200] "GET /dp/4373b4ac1986784 HTTP/1.1" 200 187330 "-" "Mozilla/5.0 AppleWebKit/537.36 (KHTML, like Gecko; compatible; bingbot/2.0; +http://www.bing.com/bingbot.htm) Chrome/116.0.1938.76 Safari/537.36"
40.77.167.76 - - [28/Aug/2026:05:04:32 +0200] "GET /dp/74212031614636 HTTP/1.1" 200 186032 "-" "Mozilla/5.0 AppleWebKit/537.36 (KHTML, like Gecko; compatible; bingbot/2.0; +http://www.bing.com/bingbot.htm) Chrome/116.0.1938.76 Safari/537.36"
40.77.167.76 - - [28/Aug/2026:05:04:33 +0200] "GET /dp/25fb5c914292120 HTTP/1.1" 200 180958 "-" "Mozilla/5.0 AppleWebKit/537.36 (KHTML, like Gecko; compatible; bingbot/2.0; +http://www.bing.com/bingbot.htm) Chrome/116.0.1938.76 Safari/537.36"
40.77.167.76 - - [28/Aug/2026:05:04:34 +0200] "GET /dp/039122953784578 HTTP/1.1" 200 184037 "-" "Mozilla/5.0 AppleWebKit/537.36 (KHTML, like Gecko; compatible; bingbot/2.0; +http://www.bing.com/bingbot.htm) Chrome/116.0.1938.76 Safari/537.36"
40.77.167.76 - - [28/Aug/2026:05:04:35 +0200] "GET /dp/03250595786251 HTTP/1.1" 200 195226 "-" "Mozilla/5.0 AppleWebKit/537.36 (KHTML, like Gecko; compatible; bingbot/2.0; +http://www.bing.com/bingbot.htm) Chrome/116.0.1938.76 Safari/537.36"
40.77.167.76 - - [28/Aug/2026:05:04:36 +0200] "GET /dp/026639382586666 HTTP/1.1" 200 186547 "-" "Mozilla/5.0 AppleWebKit/537.36 (KHTML, like Gecko; compatible; bingbot/2.0; +http://www.bing.com/bingbot.htm) Chrome/116.0.1938.76 Safari/537.36"
40.77.167.76 - - [28/Aug/2026:05:04:36 +0200] "GET /dp/93e4f5061291700 HTTP/1.1" 200 180172 "-" "Mozilla/5.0 AppleWebKit/537.36 (KHTML, like Gecko; compatible; bingbot/2.0; +http://www.bing.com/bingbot.htm) Chrome/116.0.1938.76 Safari/537.36"
40.77.167.76 - - [28/Aug/2026:05:04:37 +0200] "GET /dp/56b8711b4203825 HTTP/1.1" 200 181775 "-" "Mozilla/5.0 AppleWebKit/537.36 (KHTML, like Gecko; compatible; bingbot/2.0; +http://www.bing.com/bingbot.htm) Chrome/116.0.1938.76 Safari/537.36"
40.77.167.76 - - [28/Aug/2026:05:04:38 +0200] "GET /dp/91bbfda63322370 HTTP/1.1" 200 180198 "-" "Mozilla/5.0 AppleWebKit/537.36 (KHTML, like Gecko; compatible; bingbot/2.0; +http://www.bing.com/bingbot.htm) Chrome/116.0.1938.76 Safari/537.36"
40.77.167.76 - - [28/Aug/2026:05:04:39 +0200] "GET /dp/435394814221015 HTTP/1.1" 200 185059 "-" "Mozilla/5.0 AppleWebKit/537.36 (KHTML, like Gecko; compatible; bingbot/2.0; +http://www.bing.com/bingbot.htm) Chrome/116.0.1938.76 Safari/537.36"
40.77.167.76 - - [28/Aug/2026:05:04:39 +0200] "GET /dp/8e7972402345715 HTTP/1.1" 200 184358 "-" "Mozilla/5.0 AppleWebKit/537.36 (KHTML, like Gecko; compatible; bingbot/2.0; +http://www.bing.com/bingbot.htm) Chrome/116.0.1938.76 Safari/537.36"
40.77.167.76 - - [28/Aug/2026:05:04:40 +0200] "GET /dp/102359d51454213 HTTP/1.1" 200 188209 "-" "Mozilla/5.0 AppleWebKit/537.36 (KHTML, like Gecko; compatible; bingbot/2.0; +http://www.bing.com/bingbot.htm) Chrome/116.0.1938.76 Safari/537.36"
40.77.167.76 - - [28/Aug/2026:05:04:41 +0200] "GET /dp/2816c848364819 HTTP/1.1" 200 197641 "-" "Mozilla/5.0 AppleWebKit/537.36 (KHTML, like Gecko; compatible; bingbot/2.0; +http://www.bing.com/bingbot.htm) Chrome/116.0.1938.76 Safari/537.36"
40.77.167.76 - - [28/Aug/2026:05:04:42 +0200] "GET /dp/69a483892814257 HTTP/1.1" 200 178138 "-" "Mozilla/5.0 AppleWebKit/537.36 (KHTML, like Gecko; compatible; bingbot/2.0; +http://www.bing.com/bingbot.htm) Chrome/116.0.1938.76 Safari/537.36"
40.77.167.76 - - [28/Aug/2026:05:04:43 +0200] "GET /dp/56342d333508883 HTTP/1.1" 200 182555 "-" "Mozilla/5.0 AppleWebKit/537.36 (KHTML, like Gecko; compatible; bingbot/2.0; +http://www.bing.com/bingbot.htm) Chrome/116.0.1938.76 Safari/537.36"
40.77.167.76 - - [28/Aug/2026:05:04:49 +0200] "GET /dp/ff6129b51081463 HTTP/1.1" 200 183608 "-" "Mozilla/5.0 AppleWebKit/537.36 (KHTML, like Gecko; compatible; bingbot/2.0; +http://www.bing.com/bingbot.htm) Chrome/116.0.1938.76 Safari/537.36"
40.77.167.76 - - [28/Aug/2026:05:04:50 +0200] "GET /dp/31847885783535 HTTP/1.1" 200 190137 "-" "Mozilla/5.0 AppleWebKit/537.36 (KHTML, like Gecko; compatible; bingbot/2.0; +http://www.bing.com/bingbot.htm) Chrome/116.0.1938.76 Safari/537.36"
40.77.167.76 - - [28/Aug/2026:05:04:51 +0200] "GET /dp/e886b0a92336848 HTTP/1.1" 200 181437 "-" "Mozilla/5.0 AppleWebKit/537.36 (KHTML, like Gecko; compatible; bingbot/2.0; +http://www.bing.com/bingbot.htm) Chrome/116.0.1938.76 Safari/537.36"
66.249.65.14 - - [28/Aug/2026:05:04:52 +0200] "GET /jukyuban/ HTTP/1.1" 200 185336 "-" "Mozilla/5.0 (Linux; Android 6.0.1; Nexus 5X Build/MMB29P) AppleWebKit/537.36 (KHTML, like Gecko) Chrome/151.0.7922.173 Mobile Safari/537.36 (compatible; GoogleOther)"
40.77.167.76 - - [28/Aug/2026:05:04:52 +0200] "GET /dp/0147e8232574892 HTTP/1.1" 200 186617 "-" "Mozilla/5.0 AppleWebKit/537.36 (KHTML, like Gecko; compatible; bingbot/2.0; +http://www.bing.com/bingbot.htm) Chrome/116.0.1938.76 Safari/537.36"
40.77.167.76 - - [28/Aug/2026:05:04:53 +0200] "GET /dp/736ebf633106549 HTTP/1.1" 200 183573 "-" "Mozilla/5.0 AppleWebKit/537.36 (KHTML, like Gecko; compatible; bingbot/2.0; +http://www.bing.com/bingbot.htm) Chrome/116.0.1938.76 Safari/537.36"
40.77.167.76 - - [28/Aug/2026:05:04:54 +0200] "GET /dp/75d1c50c1434515 HTTP/1.1" 200 185412 "-" "Mozilla/5.0 AppleWebKit/537.36 (KHTML, like Gecko; compatible; bingbot/2.0; +http://www.bing.com/bingbot.htm) Chrome/116.0.1938.76 Safari/537.36"
40.77.167.76 - - [28/Aug/2026:05:04:54 +0200] "GET /dp/e63149492696822 HTTP/1.1" 200 184407 "-" "Mozilla/5.0 AppleWebKit/537.36 (KHTML, like Gecko; compatible; bingbot/2.0; +http://www.bing.com/bingbot.htm) Chrome/116.0.1938.76 Safari/537.36"
40.77.167.76 - - [28/Aug/2026:05:04:55 +0200] "GET /dp/6e7302e72192216 HTTP/1.1" 200 182501 "-" "Mozilla/5.0 AppleWebKit/537.36 (KHTML, like Gecko; compatible; bingbot/2.0; +http://www.bing.com/bingbot.htm) Chrome/116.0.1938.76 Safari/537.36"
40.77.167.76 - - [28/Aug/2026:05:04:56 +0200] "GET /dp/02de6200568702 HTTP/1.1" 200 182270 "-" "Mozilla/5.0 AppleWebKit/537.36 (KHTML, like Gecko; compatible; bingbot/2.0; +http://www.bing.com/bingbot.htm) Chrome/116.0.1938.76 Safari/537.36"
40.77.167.76 - - [28/Aug/2026:05:04:57 +0200] "GET /dp/74f623372728606 HTTP/1.1" 200 180013 "-" "Mozilla/5.0 AppleWebKit/537.36 (KHTML, like Gecko; compatible; bingbot/2.0; +http://www.bing.com/bingbot.htm) Chrome/116.0.1938.76 Safari/537.36"
40.77.167.76 - - [28/Aug/2026:05:04:58 +0200] "GET /dp/30e287573760692 HTTP/1.1" 200 187097 "-" "Mozilla/5.0 AppleWebKit/537.36 (KHTML, like Gecko; compatible; bingbot/2.0; +http://www.bing.com/bingbot.htm) Chrome/116.0.1938.76 Safari/537.36"
40.77.167.76 - - [28/Aug/2026:05:04:58 +0200] "GET /dp/7c6521f32164539 HTTP/1.1" 200 184317 "-" "Mozilla/5.0 AppleWebKit/537.36 (KHTML, like Gecko; compatible; bingbot/2.0; +http://www.bing.com/bingbot.htm) Chrome/116.0.1938.76 Safari/537.36"
40.77.167.76 - - [28/Aug/2026:05:04:59 +0200] "GET /dp/62b280501970123 HTTP/1.1" 200 184361 "-" "Mozilla/5.0 AppleWebKit/537.36 (KHTML, like Gecko; compatible; bingbot/2.0; +http://www.bing.com/bingbot.htm) Chrome/116.0.1938.76 Safari/537.36"
40.77.167.76 - - [28/Aug/2026:05:05:00 +0200] "GET /dp/060134bd1751958 HTTP/1.1" 200 184420 "-" "Mozilla/5.0 AppleWebKit/537.36 (KHTML, like Gecko; compatible; bingbot/2.0; +http://www.bing.com/bingbot.htm) Chrome/116.0.1938.76 Safari/537.36"
40.77.167.76 - - [28/Aug/2026:05:05:01 +0200] "GET /dp/61820c8a3082299 HTTP/1.1" 200 182055 "-" "Mozilla/5.0 AppleWebKit/537.36 (KHTML, like Gecko; compatible; bingbot/2.0; +http://www.bing.com/bingbot.htm) Chrome/116.0.1938.76 Safari/537.36"
40.77.167.76 - - [28/Aug/2026:05:05:01 +0200] "GET /dp/732198683500504 HTTP/1.1" 200 185358 "-" "Mozilla/5.0 AppleWebKit/537.36 (KHTML, like Gecko; compatible; bingbot/2.0; +http://www.bing.com/bingbot.htm) Chrome/116.0.1938.76 Safari/537.36"
40.77.167.76 - - [28/Aug/2026:05:05:02 +0200] "GET /dp/f752de652924501 HTTP/1.1" 200 186828 "-" "Mozilla/5.0 AppleWebKit/537.36 (KHTML, like Gecko; compatible; bingbot/2.0; +http://www.bing.com/bingbot.htm) Chrome/116.0.1938.76 Safari/537.36"
40.77.167.76 - - [28/Aug/2026:05:05:03 +0200] "GET /dp/b90d98d8813233 HTTP/1.1" 200 191793 "-" "Mozilla/5.0 AppleWebKit/537.36 (KHTML, like Gecko; compatible; bingbot/2.0; +http://www.bing.com/bingbot.htm) Chrome/116.0.1938.76 Safari/537.36"
219.95.152.189 - - [28/Aug/2026:05:05:20 +0200] "GET /tag/pompage/ HTTP/1.1" 200 - "https://www.ucrm-togo.tg" "Mozilla/5.0 (Windows NT 10.0; Win64; x64) AppleWebKit/537.36 (KHTML, like Gecko) Chrome/144.0.0.0 Safari/537.36 Edg/144.0.0.0"
52.167.144.160 - - [28/Aug/2026:05:05:20 +0200] "GET /dp/91a708384058841 HTTP/1.1" 200 178372 "-" "Mozilla/5.0 AppleWebKit/537.36 (KHTML, like Gecko; compatible; bingbot/2.0; +http://www.bing.com/bingbot.htm) Chrome/116.0.1938.76 Safari/537.36"
52.167.144.160 - - [28/Aug/2026:05:05:21 +0200] "GET /dp/95bb764c286760 HTTP/1.1" 200 189100 "-" "Mozilla/5.0 AppleWebKit/537.36 (KHTML, like Gecko; compatible; bingbot/2.0; +http://www.bing.com/bingbot.htm) Chrome/116.0.1938.76 Safari/537.36"
52.167.144.160 - - [28/Aug/2026:05:05:22 +0200] "GET /dp/209dd0652749918 HTTP/1.1" 200 181635 "-" "Mozilla/5.0 AppleWebKit/537.36 (KHTML, like Gecko; compatible; bingbot/2.0; +http://www.bing.com/bingbot.htm) Chrome/116.0.1938.76 Safari/537.36"
52.167.144.160 - - [28/Aug/2026:05:05:23 +0200] "GET /dp/e9e7f72a3185407 HTTP/1.1" 200 184816 "-" "Mozilla/5.0 AppleWebKit/537.36 (KHTML, like Gecko; compatible; bingbot/2.0; +http://www.bing.com/bingbot.htm) Chrome/116.0.1938.76 Safari/537.36"
52.167.144.160 - - [28/Aug/2026:05:05:24 +0200] "GET /dp/988147624011735 HTTP/1.1" 200 186542 "-" "Mozilla/5.0 AppleWebKit/537.36 (KHTML, like Gecko; compatible; bingbot/2.0; +http://www.bing.com/bingbot.htm) Chrome/116.0.1938.76 Safari/537.36"
52.167.144.160 - - [28/Aug/2026:05:05:24 +0200] "GET /dp/1918043c3126624 HTTP/1.1" 200 183857 "-" "Mozilla/5.0 AppleWebKit/537.36 (KHTML, like Gecko; compatible; bingbot/2.0; +http://www.bing.com/bingbot.htm) Chrome/116.0.1938.76 Safari/537.36"
52.167.144.160 - - [28/Aug/2026:05:05:25 +0200] "GET /dp/338809802416961 HTTP/1.1" 200 183860 "-" "Mozilla/5.0 AppleWebKit/537.36 (KHTML, like Gecko; compatible; bingbot/2.0; +http://www.bing.com/bingbot.htm) Chrome/116.0.1938.76 Safari/537.36"
52.167.144.160 - - [28/Aug/2026:05:05:26 +0200] "GET /dp/30ed5d90483509 HTTP/1.1" 200 190862 "-" "Mozilla/5.0 AppleWebKit/537.36 (KHTML, like Gecko; compatible; bingbot/2.0; +http://www.bing.com/bingbot.htm) Chrome/116.0.1938.76 Safari/537.36"
52.167.144.160 - - [28/Aug/2026:05:05:27 +0200] "GET /dp/cd2364172705110 HTTP/1.1" 200 179581 "-" "Mozilla/5.0 AppleWebKit/537.36 (KHTML, like Gecko; compatible; bingbot/2.0; +http://www.bing.com/bingbot.htm) Chrome/116.0.1938.76 Safari/537.36"
52.167.144.160 - - [28/Aug/2026:05:05:28 +0200] "GET /dp/50a514e3436137 HTTP/1.1" 200 191402 "-" "Mozilla/5.0 AppleWebKit/537.36 (KHTML, like Gecko; compatible; bingbot/2.0; +http://www.bing.com/bingbot.htm) Chrome/116.0.1938.76 Safari/537.36"
52.167.144.160 - - [28/Aug/2026:05:05:28 +0200] "GET /dp/973859ab803650 HTTP/1.1" 200 187871 "-" "Mozilla/5.0 AppleWebKit/537.36 (KHTML, like Gecko; compatible; bingbot/2.0; +http://www.bing.com/bingbot.htm) Chrome/116.0.1938.76 Safari/537.36"
52.167.144.160 - - [28/Aug/2026:05:05:29 +0200] "GET /dp/07d387513573596 HTTP/1.1" 200 185488 "-" "Mozilla/5.0 AppleWebKit/537.36 (KHTML, like Gecko; compatible; bingbot/2.0; +http://www.bing.com/bingbot.htm) Chrome/116.0.1938.76 Safari/537.36"
52.167.144.160 - - [28/Aug/2026:05:05:31 +0200] "GET /dp/b46544e42838179 HTTP/1.1" 200 176896 "-" "Mozilla/5.0 AppleWebKit/537.36 (KHTML, like Gecko; compatible; bingbot/2.0; +http://www.bing.com/bingbot.htm) Chrome/116.0.1938.76 Safari/537.36"
52.167.144.160 - - [28/Aug/2026:05:05:32 +0200] "GET /dp/84d151823115361 HTTP/1.1" 200 181887 "-" "Mozilla/5.0 AppleWebKit/537.36 (KHTML, like Gecko; compatible; bingbot/2.0; +http://www.bing.com/bingbot.htm) Chrome/116.0.1938.76 Safari/537.36"
52.167.144.160 - - [28/Aug/2026:05:05:33 +0200] "GET /dp/6479023761857 HTTP/1.1" 200 185384 "-" "Mozilla/5.0 AppleWebKit/537.36 (KHTML, like Gecko; compatible; bingbot/2.0; +http://www.bing.com/bingbot.htm) Chrome/116.0.1938.76 Safari/537.36"
52.167.144.160 - - [28/Aug/2026:05:05:34 +0200] "GET /dp/744b9f263065383 HTTP/1.1" 200 186203 "-" "Mozilla/5.0 AppleWebKit/537.36 (KHTML, like Gecko; compatible; bingbot/2.0; +http://www.bing.com/bingbot.htm) Chrome/116.0.1938.76 Safari/537.36"
52.167.144.160 - - [28/Aug/2026:05:05:34 +0200] "GET /dp/ccac5d292114649 HTTP/1.1" 200 179860 "-" "Mozilla/5.0 AppleWebKit/537.36 (KHTML, like Gecko; compatible; bingbot/2.0; +http://www.bing.com/bingbot.htm) Chrome/116.0.1938.76 Safari/537.36"
52.167.144.160 - - [28/Aug/2026:05:05:35 +0200] "GET /dp/00a50a2d4170307 HTTP/1.1" 200 179096 "-" "Mozilla/5.0 AppleWebKit/537.36 (KHTML, like Gecko; compatible; bingbot/2.0; +http://www.bing.com/bingbot.htm) Chrome/116.0.1938.76 Safari/537.36"
52.167.144.160 - - [28/Aug/2026:05:05:36 +0200] "GET /dp/6c2e9e0851681 HTTP/1.1" 200 186933 "-" "Mozilla/5.0 AppleWebKit/537.36 (KHTML, like Gecko; compatible; bingbot/2.0; +http://www.bing.com/bingbot.htm) Chrome/116.0.1938.76 Safari/537.36"
52.167.144.160 - - [28/Aug/2026:05:05:37 +0200] "GET /dp/fedc63f21655677 HTTP/1.1" 200 188668 "-" "Mozilla/5.0 AppleWebKit/537.36 (KHTML, like Gecko; compatible; bingbot/2.0; +http://www.bing.com/bingbot.htm) Chrome/116.0.1938.76 Safari/537.36"
52.167.144.160 - - [28/Aug/2026:05:05:37 +0200] "GET /dp/d6576902375101 HTTP/1.1" 200 190362 "-" "Mozilla/5.0 AppleWebKit/537.36 (KHTML, like Gecko; compatible; bingbot/2.0; +http://www.bing.com/bingbot.htm) Chrome/116.0.1938.76 Safari/537.36"
52.167.144.160 - - [28/Aug/2026:05:05:38 +0200] "GET /dp/02c873583094875 HTTP/1.1" 200 184533 "-" "Mozilla/5.0 AppleWebKit/537.36 (KHTML, like Gecko; compatible; bingbot/2.0; +http://www.bing.com/bingbot.htm) Chrome/116.0.1938.76 Safari/537.36"
52.167.144.160 - - [28/Aug/2026:05:05:39 +0200] "GET /dp/0cd01480105676 HTTP/1.1" 200 182794 "-" "Mozilla/5.0 AppleWebKit/537.36 (KHTML, like Gecko; compatible; bingbot/2.0; +http://www.bing.com/bingbot.htm) Chrome/116.0.1938.76 Safari/537.36"
52.167.144.160 - - [28/Aug/2026:05:05:40 +0200] "GET /dp/38b41a422698817 HTTP/1.1" 200 179770 "-" "Mozilla/5.0 AppleWebKit/537.36 (KHTML, like Gecko; compatible; bingbot/2.0; +http://www.bing.com/bingbot.htm) Chrome/116.0.1938.76 Safari/537.36"
52.167.144.160 - - [28/Aug/2026:05:05:40 +0200] "GET /dp/c08509b32467837 HTTP/1.1" 200 184356 "-" "Mozilla/5.0 AppleWebKit/537.36 (KHTML, like Gecko; compatible; bingbot/2.0; +http://www.bing.com/bingbot.htm) Chrome/116.0.1938.76 Safari/537.36"
52.167.144.160 - - [28/Aug/2026:05:05:41 +0200] "GET /dp/2a4b2f022173981 HTTP/1.1" 200 178753 "-" "Mozilla/5.0 AppleWebKit/537.36 (KHTML, like Gecko; compatible; bingbot/2.0; +http://www.bing.com/bingbot.htm) Chrome/116.0.1938.76 Safari/537.36"
52.167.144.160 - - [28/Aug/2026:05:05:41 +0200] "GET /dp/8e746e7f4187820 HTTP/1.1" 200 180609 "-" "Mozilla/5.0 AppleWebKit/537.36 (KHTML, like Gecko; compatible; bingbot/2.0; +http://www.bing.com/bingbot.htm) Chrome/116.0.1938.76 Safari/537.36"
52.167.144.160 - - [28/Aug/2026:05:05:42 +0200] "GET /dp/a37820131267505 HTTP/1.1" 200 186891 "-" "Mozilla/5.0 AppleWebKit/537.36 (KHTML, like Gecko; compatible; bingbot/2.0; +http://www.bing.com/bingbot.htm) Chrome/116.0.1938.76 Safari/537.36"
52.167.144.160 - - [28/Aug/2026:05:05:43 +0200] "GET /dp/fb885e56326278 HTTP/1.1" 200 192384 "-" "Mozilla/5.0 AppleWebKit/537.36 (KHTML, like Gecko; compatible; bingbot/2.0; +http://www.bing.com/bingbot.htm) Chrome/116.0.1938.76 Safari/537.36"
66.249.65.13 - - [28/Aug/2026:05:06:40 +0200] "GET /dp/e24bb64b2813940 HTTP/1.1" 200 185480 "-" "Mozilla/5.0 (Linux; Android 6.0.1; Nexus 5X Build/MMB29P) AppleWebKit/537.36 (KHTML, like Gecko) Chrome/151.0.7922.173 Mobile Safari/537.36 (compatible; GoogleOther)"
84.37.155.222 - - [28/Aug/2026:05:06:48 +0200] "GET /upl.php HTTP/1.1" 200 - "-" "Mozilla/5.0 (Linux; Android 14; Pixel 8 Pro) AppleWebKit/537.36 (KHTML, like Gecko) Chrome/148.0.0.0 Mobile Safari/537.36"
23.109.177.106 - - [28/Aug/2026:05:07:01 +0200] "GET /actualites/ HTTP/1.1" 200 - "-" "Mozilla/5.0 (iPhone; CPU iPhone OS 18_4 like Mac OS X) AppleWebKit/605.1.15 (KHTML, like Gecko) CriOS/151.0.0.0 Mobile/15E148 Safari/604.1"
66.249.65.14 - - [28/Aug/2026:05:07:10 +0200] "GET /dp/f49808bd2485885 HTTP/1.1" 200 190362 "-" "Mozilla/5.0 (Linux; Android 6.0.1; Nexus 5X Build/MMB29P) AppleWebKit/537.36 (KHTML, like Gecko) Chrome/151.0.7922.173 Mobile Safari/537.36 (compatible; GoogleOther)"
196.171.126.46 - - [28/Aug/2026:05:07:41 +0200] "GET /readme.html HTTP/1.1" 200 7402 "-" "Mozilla/5.0 (Windows NT 10.0; Win64; x64) AppleWebKit/537.36 (KHTML, like Gecko) Chrome/151.0.0.0 Safari/537.36 Edg/151.0.0.0"
66.249.65.13 - - [28/Aug/2026:05:08:00 +0200] "GET /dp/68a1176d3091322 HTTP/1.1" 200 182472 "-" "Mozilla/5.0 (Linux; Android 6.0.1; Nexus 5X Build/MMB29P) AppleWebKit/537.36 (KHTML, like Gecko) Chrome/151.0.7922.173 Mobile Safari/537.36 (compatible; GoogleOther)"
74.7.241.166 - - [28/Aug/2026:05:08:09 +0200] "GET /robots.txt HTTP/1.1" 200 63 "-" "Mozilla/5.0 (Macintosh; Intel Mac OS X 10_15_7) AppleWebKit/537.36 (KHTML, like Gecko) Chrome/131.0.0.0 Safari/537.36; compatible; OAI-SearchBot/1.4; robots.txt; +https://openai.com/searchbot"
185.191.171.11 - - [28/Aug/2026:05:09:01 +0200] "GET /le-directeur-de-lartisanat-fait-un-tour-sur-le-site-de-formation-pfpert-a-kara/ HTTP/1.1" 200 - "-" "Mozilla/5.0 (compatible; SemrushBot/7~bl; +http://www.semrush.com/bot.html)"
66.249.65.13 - - [28/Aug/2026:05:09:36 +0200] "GET /dp/ff768342972106 HTTP/1.1" 200 197858 "-" "Mozilla/5.0 (Linux; Android 6.0.1; Nexus 5X Build/MMB29P) AppleWebKit/537.36 (KHTML, like Gecko) Chrome/151.0.7922.173 Mobile Safari/537.36 (compatible; GoogleOther)"
104.165.0.214 - - [28/Aug/2026:05:10:51 +0200] "GET / HTTP/1.1" 200 5412 "-" "Mozilla/5.0 (Linux; Android 15; CPH2653) AppleWebKit/537.36 (KHTML, like Gecko) Chrome/149.0.0.0 Mobile Safari/537.36"
196.170.21.99 - - [28/Aug/2026:05:11:05 +0200] "GET /actualites/ HTTP/1.1" 200 - "https://www.ucrm-togo.tg/" "Mozilla/5.0 (Linux; Android 11; Redmi Note10) AppleWebKit/537.36 (KHTML, like Gecko) Chrome/61.0.3163.100 Mobile Safari/537.36 OPR/48.0.2685.52"
66.249.65.12 - - [28/Aug/2026:05:11:32 +0200] "GET /dp/479954792021528 HTTP/1.1" 200 185838 "-" "Mozilla/5.0 (Linux; Android 6.0.1; Nexus 5X Build/MMB29P) AppleWebKit/537.36 (KHTML, like Gecko) Chrome/151.0.7922.173 Mobile Safari/537.36 (compatible; GoogleOther)"
66.249.65.12 - - [28/Aug/2026:05:12:57 +0200] "GET /dp/a70f6c064040925 HTTP/1.1" 200 185234 "-" "Mozilla/5.0 (Linux; Android 6.0.1; Nexus 5X Build/MMB29P) AppleWebKit/537.36 (KHTML, like Gecko) Chrome/151.0.7922.173 Mobile Safari/537.36 (compatible; GoogleOther)"
172.59.172.228 - - [28/Aug/2026:05:13:20 +0200] "GET /le-pfpert-appui-le-cretfp-de-dapaong-en-materiels-solaires-pedagogiques/?share=jetpack-whatsapp HTTP/1.1" 200 - "https://www.ucrm-togo.tg" "Mozilla/5.0 (Windows NT 10.0; Win64; x64) AppleWebKit/537.36 (KHTML, like Gecko) Chrome/143.0.0.0 Safari/537.36"
182.189.3.171 - - [28/Aug/2026:05:13:25 +0200] "GET /lucrm-et-le-glcet-sunissent-par-un-partenariat-pour-plus-de-professionnalisme-des-artisans-de-la-branche-hygiene-et-soins-corporels/?share=skype HTTP/1.1" 200 - "https://www.ucrm-togo.tg" "Mozilla/5.0 (Macintosh; Intel Mac OS X 10_15_7) AppleWebKit/537.36 (KHTML, like Gecko) Chrome/145.0.0.0 Safari/537.36"
66.249.65.12 - - [28/Aug/2026:05:13:26 +0200] "GET /dp/75925279513334 HTTP/1.1" 200 186098 "-" "Mozilla/5.0 (Linux; Android 6.0.1; Nexus 5X Build/MMB29P) AppleWebKit/537.36 (KHTML, like Gecko) Chrome/151.0.7922.173 Mobile Safari/537.36 (compatible; GoogleOther)"
186.236.192.152 - - [28/Aug/2026:05:13:34 +0200] "GET /avis-de-recrutement/?share=jetpack-whatsapp HTTP/1.1" 200 - "https://www.ucrm-togo.tg" "Mozilla/5.0 (Windows NT 10.0; Win64; x64) AppleWebKit/537.36 (KHTML, like Gecko) Chrome/142.0.0.0 Safari/537.36"
141.148.77.185 - - [28/Aug/2026:05:13:39 +0200] "GET /category/actualites HTTP/1.1" 200 - "-" "Mozilla/5.0 (X11; Linux x86_64) AppleWebKit/537.36 (KHTML, like Gecko) Chrome/125.0.0.0 Safari/537.36"
209.212.214.101 - - [28/Aug/2026:05:14:38 +0200] "GET /formation-des-menuisiers-cpm-tchaoudjo-en-charpenterie-moderne/?share=facebook HTTP/1.1" 200 - "https://www.ucrm-togo.tg" "Mozilla/5.0 (Windows NT 10.0; Win64; x64) AppleWebKit/537.36 (KHTML, like Gecko) Chrome/142.0.0.0 Safari/537.36"
66.249.65.13 - - [28/Aug/2026:05:14:47 +0200] "GET /dp/639bb5dc1561970 HTTP/1.1" 200 182273 "-" "Mozilla/5.0 (Linux; Android 6.0.1; Nexus 5X Build/MMB29P) AppleWebKit/537.36 (KHTML, like Gecko) Chrome/151.0.7922.173 Mobile Safari/537.36 (compatible; GoogleOther)"
196.170.21.99 - - [28/Aug/2026:05:14:51 +0200] "GET /wp-cron.php HTTP/1.1" 200 - "https://www.ucrm-togo.tg/" "Mozilla/5.0 (Linux; Android 11; Redmi Note10) AppleWebKit/537.36 (KHTML, like Gecko) Chrome/61.0.3163.100 Mobile Safari/537.36 OPR/48.0.2685.52"
196.170.21.99 - - [28/Aug/2026:05:15:04 +0200] "GET /xmlrpc.php HTTP/1.1" 406 - "https://www.ucrm-togo.tg/" "Mozilla/5.0 (Linux; Android 11; Redmi Note10) AppleWebKit/537.36 (KHTML, like Gecko) Chrome/61.0.3163.100 Mobile Safari/537.36 OPR/48.0.2685.52"
66.249.65.12 - - [28/Aug/2026:05:15:22 +0200] "GET /dp/922a31974360694 HTTP/1.1" 200 179696 "-" "Mozilla/5.0 (Linux; Android 6.0.1; Nexus 5X Build/MMB29P) AppleWebKit/537.36 (KHTML, like Gecko) Chrome/151.0.7922.173 Mobile Safari/537.36 (compatible; GoogleOther)"
102.64.222.222 - - [28/Aug/2026:05:15:38 +0200] "GET /tag/menuiserie-aluminium/ HTTP/1.1" 200 - "https://www.google.com/" "Mozilla/5.0 (Linux; Android 10; K) AppleWebKit/537.36 (KHTML, like Gecko) Chrome/151.0.0.0 Mobile Safari/537.36"
102.64.222.222 - - [28/Aug/2026:05:15:39 +0200] "GET /favicon.ico HTTP/1.1" 200 - "https://www.ucrm-togo.tg/tag/menuiserie-aluminium/" "Mozilla/5.0 (Linux; Android 10; K) AppleWebKit/537.36 (KHTML, like Gecko) Chrome/151.0.0.0 Mobile Safari/537.36"
102.64.222.222 - - [28/Aug/2026:05:16:14 +0200] "GET /tag/menuiserie-aluminium/ HTTP/1.1" 200 - "https://www.google.com/" "Mozilla/5.0 (Linux; Android 10; K) AppleWebKit/537.36 (KHTML, like Gecko) Chrome/151.0.0.0 Mobile Safari/537.36"
102.64.222.222 - - [28/Aug/2026:05:16:14 +0200] "GET /favicon.ico HTTP/1.1" 200 - "https://www.ucrm-togo.tg/tag/menuiserie-aluminium/" "Mozilla/5.0 (Linux; Android 10; K) AppleWebKit/537.36 (KHTML, like Gecko) Chrome/151.0.0.0 Mobile Safari/537.36"
57.141.20.2 - - [28/Aug/2026:05:16:16 +0200] "GET /la-crm-maritime-met-a-contribution-les-chambres-de-metiers-de-la-nouvelle-aquitaine-et-de-frankfurt-rhein-main-pour-la-formation-des-artisans-metalliers/ HTTP/1.1" 200 - "-" "Mozilla/5.0 (Windows NT 10.0; Win64; x64) AppleWebKit/537.36 (KHTML, like Gecko) Chrome/145.0.0.0 Safari/537.36 (compatible; meta-externalagent/1.1 (+https://developers.facebook.com/docs/sharing/webmasters/crawler))"
102.64.222.222 - - [28/Aug/2026:05:16:29 +0200] "GET /tag/menuiserie-aluminium/ HTTP/1.1" 200 - "https://www.google.com/" "Mozilla/5.0 (Linux; Android 10; K) AppleWebKit/537.36 (KHTML, like Gecko) Chrome/151.0.0.0 Mobile Safari/537.36"
102.64.222.222 - - [28/Aug/2026:05:16:30 +0200] "GET /favicon.ico HTTP/1.1" 200 - "https://www.ucrm-togo.tg/tag/menuiserie-aluminium/" "Mozilla/5.0 (Linux; Android 10; K) AppleWebKit/537.36 (KHTML, like Gecko) Chrome/151.0.0.0 Mobile Safari/537.36"
102.64.222.222 - - [28/Aug/2026:05:16:32 +0200] "GET /tag/menuiserie-aluminium/ HTTP/1.1" 200 - "https://www.google.com/" "Mozilla/5.0 (Linux; Android 10; K) AppleWebKit/537.36 (KHTML, like Gecko) Chrome/151.0.0.0 Mobile Safari/537.36"
102.64.222.222 - - [28/Aug/2026:05:16:33 +0200] "GET /favicon.ico HTTP/1.1" 200 - "https://www.ucrm-togo.tg/tag/menuiserie-aluminium/" "Mozilla/5.0 (Linux; Android 10; K) AppleWebKit/537.36 (KHTML, like Gecko) Chrome/151.0.0.0 Mobile Safari/537.36"
66.249.65.13 - - [28/Aug/2026:05:16:39 +0200] "GET /dp/179d33c42581828 HTTP/1.1" 200 183138 "-" "Mozilla/5.0 (Linux; Android 6.0.1; Nexus 5X Build/MMB29P) AppleWebKit/537.36 (KHTML, like Gecko) Chrome/151.0.7922.173 Mobile Safari/537.36 (compatible; GoogleOther)"
66.249.65.14 - - [28/Aug/2026:05:16:42 +0200] "GET /dp/d9a951b11986266 HTTP/1.1" 200 179834 "-" "Mozilla/5.0 (Linux; Android 6.0.1; Nexus 5X Build/MMB29P) AppleWebKit/537.36 (KHTML, like Gecko) Chrome/151.0.7922.173 Mobile Safari/537.36 (compatible; GoogleOther)"
66.249.65.12 - - [28/Aug/2026:05:17:19 +0200] "GET /dp/7c044f0d2278730 HTTP/1.1" 200 186154 "-" "Mozilla/5.0 (Linux; Android 6.0.1; Nexus 5X Build/MMB29P) AppleWebKit/537.36 (KHTML, like Gecko) Chrome/151.0.7922.173 Mobile Safari/537.36 (compatible; GoogleOther)"
102.64.222.222 - - [28/Aug/2026:05:17:22 +0200] "GET /tag/menuiserie-aluminium/ HTTP/1.1" 200 - "https://www.google.com/" "Mozilla/5.0 (Linux; Android 10; K) AppleWebKit/537.36 (KHTML, like Gecko) Chrome/151.0.0.0 Mobile Safari/537.36"
102.64.222.222 - - [28/Aug/2026:05:17:23 +0200] "GET /favicon.ico HTTP/1.1" 200 - "https://www.ucrm-togo.tg/tag/menuiserie-aluminium/" "Mozilla/5.0 (Linux; Android 10; K) AppleWebKit/537.36 (KHTML, like Gecko) Chrome/151.0.0.0 Mobile Safari/537.36"
102.64.222.222 - - [28/Aug/2026:05:17:49 +0200] "GET /tag/menuiserie-aluminium/ HTTP/1.1" 200 - "https://www.google.com/" "Mozilla/5.0 (Linux; Android 10; K) AppleWebKit/537.36 (KHTML, like Gecko) Chrome/151.0.0.0 Mobile Safari/537.36"
102.64.222.222 - - [28/Aug/2026:05:17:49 +0200] "GET /favicon.ico HTTP/1.1" 200 - "https://www.ucrm-togo.tg/tag/menuiserie-aluminium/" "Mozilla/5.0 (Linux; Android 10; K) AppleWebKit/537.36 (KHTML, like Gecko) Chrome/151.0.0.0 Mobile Safari/537.36"
102.64.222.222 - - [28/Aug/2026:05:17:53 +0200] "GET /tag/menuiserie-aluminium/ HTTP/1.1" 200 - "https://www.google.com/" "Mozilla/5.0 (Linux; Android 10; K) AppleWebKit/537.36 (KHTML, like Gecko) Chrome/151.0.0.0 Mobile Safari/537.36"
102.64.222.222 - - [28/Aug/2026:05:17:54 +0200] "GET /favicon.ico HTTP/1.1" 200 - "https://www.ucrm-togo.tg/tag/menuiserie-aluminium/" "Mozilla/5.0 (Linux; Android 10; K) AppleWebKit/537.36 (KHTML, like Gecko) Chrome/151.0.0.0 Mobile Safari/537.36"
102.64.166.121 - - [28/Aug/2026:05:18:53 +0200] "GET /upl.php HTTP/1.1" 200 - "-" "Mozilla/5.0 (iPhone; CPU iPhone OS 18_6 like Mac OS X) AppleWebKit/605.1.15 (KHTML, like Gecko) EdgiOS/130.0.2849.80 Version/18.0 Mobile/15E148 Safari/604.1"
66.249.65.14 - - [28/Aug/2026:05:18:56 +0200] "GET /dp/9622c6b53805595 HTTP/1.1" 200 184486 "-" "Mozilla/5.0 (Linux; Android 6.0.1; Nexus 5X Build/MMB29P) AppleWebKit/537.36 (KHTML, like Gecko) Chrome/151.0.7922.173 Mobile Safari/537.36 (compatible; GoogleOther)"
189.81.8.169 - - [28/Aug/2026:05:19:05 +0200] "GET /actualites/ HTTP/1.1" 200 - "-" "Mozilla/5.0 (iPhone; CPU iPhone OS 18_5 like Mac OS X) AppleWebKit/605.1.15 (KHTML, like Gecko) CriOS/147.0.0.0 Mobile/15E148 Safari/604.1"
66.249.65.14 - - [28/Aug/2026:05:19:09 +0200] "GET /hg/ HTTP/1.1" 200 184240 "-" "Mozilla/5.0 (Linux; Android 6.0.1; Nexus 5X Build/MMB29P) AppleWebKit/537.36 (KHTML, like Gecko) Chrome/151.0.7922.173 Mobile Safari/537.36 (compatible; GoogleOther)"
66.249.65.13 - - [28/Aug/2026:05:19:17 +0200] "GET /hg/?gtm_latency=1 HTTP/1.1" 200 177981 "-" "GoogleOther"
66.249.65.12 - - [28/Aug/2026:05:19:24 +0200] "GET /hg/?gtm_latency=1 HTTP/1.1" 200 177981 "-" "GoogleOther"
66.249.65.12 - - [28/Aug/2026:05:19:25 +0200] "GET /hg/?gtm_latency=1 HTTP/1.1" 200 177981 "-" "GoogleOther"
57.141.20.62 - - [28/Aug/2026:05:19:26 +0200] "GET /derniere-minute-la-16eme-edition-du-siao-aura-lieu-du-27-janvier-au-5-fevrier-2023/ HTTP/1.1" 200 - "-" "Mozilla/5.0 (Windows NT 10.0; Win64; x64) AppleWebKit/537.36 (KHTML, like Gecko) Chrome/145.0.0.0 Safari/537.36 (compatible; meta-externalagent/1.1 (+https://developers.facebook.com/docs/sharing/webmasters/crawler))"
66.249.65.12 - - [28/Aug/2026:05:19:29 +0200] "GET /dp/7e6504442719848 HTTP/1.1" 200 182021 "-" "Mozilla/5.0 (Linux; Android 6.0.1; Nexus 5X Build/MMB29P) AppleWebKit/537.36 (KHTML, like Gecko) Chrome/151.0.7922.173 Mobile Safari/537.36 (compatible; GoogleOther)"
185.191.171.6 - - [28/Aug/2026:05:20:25 +0200] "GET /le-pfpert-sest-fait-decouvrir-dans-les-regions-des-savanes-de-la-kara-et-centrale/ HTTP/1.1" 200 - "-" "Mozilla/5.0 (compatible; SemrushBot/7~bl; +http://www.semrush.com/bot.html)"
66.249.65.13 - - [28/Aug/2026:05:20:36 +0200] "GET /hg/?gtm_latency=1 HTTP/1.1" 200 177981 "-" "GoogleOther"
66.249.65.13 - - [28/Aug/2026:05:20:38 +0200] "GET /dp/d20627853329380 HTTP/1.1" 200 182367 "-" "Mozilla/5.0 (Linux; Android 6.0.1; Nexus 5X Build/MMB29P) AppleWebKit/537.36 (KHTML, like Gecko) Chrome/151.0.7922.173 Mobile Safari/537.36 (compatible; GoogleOther)"
41.86.38.114 - - [28/Aug/2026:05:20:57 +0200] "GET /tag/crm-dagl/ HTTP/1.1" 200 - "https://www.ucrm-togo.tg" "Mozilla/5.0 (Windows NT 10.0; Win64; x64) AppleWebKit/537.36 (KHTML, like Gecko) Chrome/143.0.0.0 Safari/537.36"
104.210.140.130 - - [28/Aug/2026:05:21:55 +0200] "GET /robots.txt HTTP/1.1" 200 63 "-" "Mozilla/5.0 (Macintosh; Intel Mac OS X 10_15_7) AppleWebKit/537.36 (KHTML, like Gecko) Chrome/131.0.0.0 Safari/537.36; compatible; OAI-SearchBot/1.0; +https://openai.com/searchbot"
196.187.149.69 - - [28/Aug/2026:05:22:15 +0200] "GET /les-membres-du-bureau-de-la-crm-pateaux-officiellement-installes/?share=twitter HTTP/1.1" 200 - "https://www.ucrm-togo.tg" "Mozilla/5.0 (Windows NT 10.0; Win64; x64) AppleWebKit/537.36 (KHTML, like Gecko) Chrome/143.0.0.0 Safari/537.36"
189.126.217.86 - - [28/Aug/2026:05:22:24 +0200] "GET /les-membres-du-bureau-de-la-crm-pateaux-officiellement-installes/?share=twitter HTTP/1.1" 200 - "https://www.ucrm-togo.tg" "Mozilla/5.0 (Windows NT 10.0; Win64; x64) AppleWebKit/537.36 (KHTML, like Gecko) Chrome/143.0.0.0 Safari/537.36"
155.254.42.235 - - [28/Aug/2026:05:22:51 +0200] "GET / HTTP/1.1" 200 5412 "-" "Mozilla/5.0 (iPhone; CPU iPhone OS 18_3 like Mac OS X) AppleWebKit/605.1.15 (KHTML, like Gecko) CriOS/148.0.0.0 Mobile/15E148 Safari/604.1"
23.109.176.71 - - [28/Aug/2026:05:23:05 +0200] "GET /blog/page/33/ HTTP/1.1" 200 - "-" "Mozilla/5.0 (iPhone; CPU iPhone OS 18_2 like Mac OS X) AppleWebKit/605.1.15 (KHTML, like Gecko) CriOS/149.0.0.0 Mobile/15E148 Safari/604.1"
85.208.96.200 - - [28/Aug/2026:05:23:12 +0200] "GET /journee-mondiale-de-lutte-contre-le-vih-sida-a-la-maritime/ HTTP/1.1" 200 - "-" "Mozilla/5.0 (compatible; SemrushBot/7~bl; +http://www.semrush.com/bot.html)"
38.137.36.173 - - [28/Aug/2026:05:23:17 +0200] "GET /bilan-du-bureau-executif-de-lucrm/?share=jetpack-whatsapp HTTP/1.1" 200 - "https://www.ucrm-togo.tg" "Mozilla/5.0 (Macintosh; Intel Mac OS X 10_15_7) AppleWebKit/537.36 (KHTML, like Gecko) Chrome/144.0.0.0 Safari/537.36"
185.191.171.3 - - [28/Aug/2026:05:23:34 +0200] "GET /les-artisans-boulangers-en-formation-a-baga-sur-la-fabrication-du-pain-a-base-de-farine-de-sorgho-et-soja/ HTTP/1.1" 200 - "-" "Mozilla/5.0 (compatible; SemrushBot/7~bl; +http://www.semrush.com/bot.html)"
38.41.188.202 - - [28/Aug/2026:05:24:19 +0200] "GET /les-inscriptions-au-coaching-managerial-continuent-jusquau-mercredi-09-octobre-2024/?share=pocket HTTP/1.1" 200 - "https://www.ucrm-togo.tg" "Mozilla/5.0 (Windows NT 10.0; Win64; x64) AppleWebKit/537.36 (KHTML, like Gecko) Chrome/142.0.0.0 Safari/537.36"
66.249.65.12 - - [28/Aug/2026:05:25:23 +0200] "GET /dp/e35d43673649485 HTTP/1.1" 200 185076 "-" "Mozilla/5.0 (Linux; Android 6.0.1; Nexus 5X Build/MMB29P) AppleWebKit/537.36 (KHTML, like Gecko) Chrome/151.0.7922.173 Mobile Safari/537.36 (compatible; GoogleOther)"
85.208.96.194 - - [28/Aug/2026:05:25:43 +0200] "GET /le-bas-mono-est-au-rendez-vous-des-jat/ HTTP/1.1" 200 - "-" "Mozilla/5.0 (compatible; SemrushBot/7~bl; +http://www.semrush.com/bot.html)"
149.30.139.41 - - [28/Aug/2026:05:26:07 +0200] "GET /atelier-de-formation-des-elus-des-chambres-de-metiers-de-la-region-centrale-sur-le-management-responsables-du-22-au-25-novembre-2021/?share=skype HTTP/1.1" 200 - "https://www.ucrm-togo.tg" "Mozilla/5.0 (Windows NT 10.0; Win64; x64) AppleWebKit/537.36 (KHTML, like Gecko) Chrome/143.0.0.0 Safari/537.36"
102.64.166.121 - - [28/Aug/2026:05:26:54 +0200] "GET /actualites/ HTTP/1.1" 200 - "-" "Mozilla/5.0 (iPhone; CPU iPhone OS 18_6 like Mac OS X) AppleWebKit/605.1.15 (KHTML, like Gecko) EdgiOS/130.0.2849.80 Version/18.0 Mobile/15E148 Safari/604.1"
104.243.196.40 - - [28/Aug/2026:05:27:06 +0200] "GET /o2-qc-BQTIG7wggBNbo3FzYRBs0KjRf.php HTTP/1.1" 200 37 "-" "Mozilla/5.0 (iPhone; CPU iPhone OS 18_5 like Mac OS X) AppleWebKit/605.1.15 (KHTML, like Gecko) CriOS/147.0.0.0 Mobile/15E148 Safari/604.1"
80.248.76.63 - - [28/Aug/2026:05:27:15 +0200] "GET / HTTP/1.1" 200 5206 "-" "Mozilla/5.0 (Windows NT 10.0; Win64; x64) AppleWebKit/537.36 (KHTML, like Gecko) Chrome/151.0.0.0 Safari/537.36"
185.191.171.15 - - [28/Aug/2026:05:27:21 +0200] "GET /les-membres-des-bureaux-des-chambres-prefectorales-de-metiers-des-plateaux-officiellement-installes/ HTTP/1.1" 200 - "-" "Mozilla/5.0 (compatible; SemrushBot/7~bl; +http://www.semrush.com/bot.html)"
102.64.146.55 - - [28/Aug/2026:05:27:23 +0200] "GET / HTTP/1.1" 200 5206 "-" "Mozilla/5.0 (Windows NT 10.0; Win64; x64) AppleWebKit/537.36 (KHTML, like Gecko) Chrome/150.0.0.0 Safari/537.36"
66.249.65.13 - - [28/Aug/2026:05:27:24 +0200] "GET /dp/9820b6861242132 HTTP/1.1" 200 185584 "-" "Mozilla/5.0 (Linux; Android 6.0.1; Nexus 5X Build/MMB29P) AppleWebKit/537.36 (KHTML, like Gecko) Chrome/151.0.7922.173 Mobile Safari/537.36 (compatible; GoogleOther)"
102.64.146.55 - - [28/Aug/2026:05:27:24 +0200] "GET /favicon.ico HTTP/1.1" 200 - "https://www.ucrm-togo.tg/" "Mozilla/5.0 (Windows NT 10.0; Win64; x64) AppleWebKit/537.36 (KHTML, like Gecko) Chrome/150.0.0.0 Safari/537.36"
102.64.146.55 - - [28/Aug/2026:05:27:28 +0200] "GET / HTTP/1.1" 200 5206 "-" "Mozilla/5.0 (Windows NT 10.0; Win64; x64) AppleWebKit/537.36 (KHTML, like Gecko) Chrome/150.0.0.0 Safari/537.36"
102.64.146.55 - - [28/Aug/2026:05:27:28 +0200] "GET /favicon.ico HTTP/1.1" 200 - "https://www.ucrm-togo.tg/" "Mozilla/5.0 (Windows NT 10.0; Win64; x64) AppleWebKit/537.36 (KHTML, like Gecko) Chrome/150.0.0.0 Safari/537.36"
66.249.65.13 - - [28/Aug/2026:05:27:59 +0200] "GET /dp/2c22a0e12461848 HTTP/1.1" 200 186202 "-" "Mozilla/5.0 (Linux; Android 6.0.1; Nexus 5X Build/MMB29P) AppleWebKit/537.36 (KHTML, like Gecko) Chrome/151.0.7922.173 Mobile Safari/537.36 (compatible; GoogleOther)"
66.249.65.13 - - [28/Aug/2026:05:28:02 +0200] "GET /dp/d88c22c81325121 HTTP/1.1" 200 181423 "-" "Mozilla/5.0 (Linux; Android 6.0.1; Nexus 5X Build/MMB29P) AppleWebKit/537.36 (KHTML, like Gecko) Chrome/151.0.7922.173 Mobile Safari/537.36 (compatible; GoogleOther)"
38.183.41.71 - - [28/Aug/2026:05:29:32 +0200] "GET /sensibilisation-des-apprentis-tchaoudjo-sur-les-thematiques-de-cvja-ssr-vih-ist-pour-un-changement-de-comportement/?share=tumblr HTTP/1.1" 200 - "https://www.ucrm-togo.tg" "Mozilla/5.0 (Windows NT 10.0; Win64; x64) AppleWebKit/537.36 (KHTML, like Gecko) Chrome/145.0.0.0 Safari/537.36"
66.249.65.14 - - [28/Aug/2026:05:29:33 +0200] "GET /dp/40896e151697028 HTTP/1.1" 200 180185 "-" "Mozilla/5.0 (Linux; Android 6.0.1; Nexus 5X Build/MMB29P) AppleWebKit/537.36 (KHTML, like Gecko) Chrome/151.0.7922.173 Mobile Safari/537.36 (compatible; GoogleOther)"
85.208.96.204 - - [28/Aug/2026:05:29:39 +0200] "GET /deroulement-de-lexamen-cfa-dans-la-region-maritime/ HTTP/1.1" 200 - "-" "Mozilla/5.0 (compatible; SemrushBot/7~bl; +http://www.semrush.com/bot.html)"
109.234.162.247 - - [28/Aug/2026:05:30:55 +0200] "POST /wp-cron.php?doing_wp_cron=1787887855.3423941135406494140625 HTTP/1.1" 200 - "-" "WordPress/6.2.11; https://www.ucrm-togo.tg"
142.252.153.10 - - [28/Aug/2026:05:30:54 +0200] "GET /wp-load.php HTTP/1.1" 200 - "-" "Mozilla/5.0 (Linux; Android 15; Pixel 9) AppleWebKit/537.36 (KHTML, like Gecko) Chrome/151.0.0.0 Mobile Safari/537.36"
40.77.167.16 - - [28/Aug/2026:05:30:54 +0200] "GET /seance-de-travail-et-damitie-de-son-excellence-monsieur-le-ministre-du-meta-et-de-son-homologue-centrafricain-des-pme-au-cra-zio/feed/ HTTP/1.1" 200 187662 "-" "Mozilla/5.0 AppleWebKit/537.36 (KHTML, like Gecko; compatible; bingbot/2.0; +http://www.bing.com/bingbot.htm) Chrome/116.0.1938.76 Safari/537.36"
40.77.167.48 - - [28/Aug/2026:05:31:07 +0200] "GET /la-lutte-contre-le-chomage-et-la-pauvrete-est-le-leitmotiv-de-la-ccom-6/feed/ HTTP/1.1" 200 187129 "-" "Mozilla/5.0 AppleWebKit/537.36 (KHTML, like Gecko; compatible; bingbot/2.0; +http://www.bing.com/bingbot.htm) Chrome/116.0.1938.76 Safari/537.36"
40.77.167.48 - - [28/Aug/2026:05:31:46 +0200] "GET /dp/2011517e3782402 HTTP/1.1" 200 186887 "-" "Mozilla/5.0 AppleWebKit/537.36 (KHTML, like Gecko; compatible; bingbot/2.0; +http://www.bing.com/bingbot.htm) Chrome/116.0.1938.76 Safari/537.36"
85.208.96.198 - - [28/Aug/2026:05:33:06 +0200] "GET /la-cpm-ave-ouvre-le-bal-des-assemblees-generales-dans-la-maritime/ HTTP/1.1" 200 - "-" "Mozilla/5.0 (compatible; SemrushBot/7~bl; +http://www.semrush.com/bot.html)"
102.64.222.222 - - [28/Aug/2026:05:33:25 +0200] "GET /favicon.ico HTTP/1.1" 200 - "https://www.ucrm-togo.tg/tag/menuiserie-aluminium/" "Mozilla/5.0 (Linux; Android 10; K) AppleWebKit/537.36 (KHTML, like Gecko) Chrome/151.0.0.0 Mobile Safari/537.36"
189.191.134.226 - - [28/Aug/2026:05:34:06 +0200] "GET /une-serie-de-formations-techniques-et-de-perfectionnement-en-faveur-des-artisans/?share=facebook HTTP/1.1" 200 - "https://www.ucrm-togo.tg" "Mozilla/5.0 (Windows NT 10.0; Win64; x64) AppleWebKit/537.36 (KHTML, like Gecko) Chrome/142.0.0.0 Safari/537.36"
185.191.171.15 - - [28/Aug/2026:05:34:28 +0200] "GET /fin-de-la-formation-des-delegues-consulaires-sur-le-management-et-le-leadership/ HTTP/1.1" 200 - "-" "Mozilla/5.0 (compatible; SemrushBot/7~bl; +http://www.semrush.com/bot.html)"
66.249.65.13 - - [28/Aug/2026:05:34:32 +0200] "GET /contents/reform/ HTTP/1.1" 200 184357 "-" "Mozilla/5.0 (Linux; Android 6.0.1; Nexus 5X Build/MMB29P) AppleWebKit/537.36 (KHTML, like Gecko) Chrome/151.0.7922.173 Mobile Safari/537.36 (compatible; GoogleOther)"
66.249.65.14 - - [28/Aug/2026:05:34:36 +0200] "GET /dp/40d4ec103608126 HTTP/1.1" 200 185478 "-" "Mozilla/5.0 (Linux; Android 6.0.1; Nexus 5X Build/MMB29P) AppleWebKit/537.36 (KHTML, like Gecko) Chrome/151.0.7922.173 Mobile Safari/537.36 (compatible; GoogleOther)"
209.101.14.172 - - [28/Aug/2026:05:34:53 +0200] "GET / HTTP/1.1" 200 5206 "-" "Mozilla/5.0 (Linux; Android 15; SM-S938B) AppleWebKit/537.36 (KHTML, like Gecko) Chrome/150.0.0.0 Mobile Safari/537.36"
185.191.171.9 - - [28/Aug/2026:05:34:54 +0200] "GET /visite-inopinee-du-president-issa-aux-formateurs-sur-lenergie-photovoltaique/ HTTP/1.1" 200 - "-" "Mozilla/5.0 (compatible; SemrushBot/7~bl; +http://www.semrush.com/bot.html)"
172.252.8.8 - - [28/Aug/2026:05:35:07 +0200] "GET /wp-includes/ HTTP/1.1" 200 30 "-" "Mozilla/5.0 (iPhone; CPU iPhone OS 18_6 like Mac OS X) AppleWebKit/605.1.15 (KHTML, like Gecko) CriOS/150.0.0.0 Mobile/15E148 Safari/604.1"
14.224.162.64 - - [28/Aug/2026:05:35:21 +0200] "GET /kara-tournee-de-sensibilisation-a-la-strategie-de-mobilisation-des-ressources-internes-dans-la-chambre-regionale-de-metiers/?share=twitter HTTP/1.1" 200 - "https://www.ucrm-togo.tg" "Mozilla/5.0 (Windows NT 10.0; Win64; x64) AppleWebKit/537.36 (KHTML, like Gecko) Chrome/143.0.0.0 Safari/537.36"
176.120.100.215 - - [28/Aug/2026:05:35:29 +0200] "GET /kara-tournee-de-sensibilisation-a-la-strategie-de-mobilisation-des-ressources-internes-dans-la-chambre-regionale-de-metiers/?share=twitter HTTP/1.1" 200 - "https://www.ucrm-togo.tg" "Mozilla/5.0 (Windows NT 10.0; Win64; x64) AppleWebKit/537.36 (KHTML, like Gecko) Chrome/143.0.0.0 Safari/537.36"
85.208.96.202 - - [28/Aug/2026:05:35:29 +0200] "GET /la-ccom-7-engagee-pour-le-developpement-de-lartisanat-dans-les-communes-dagoe-nyve-4-et-6/ HTTP/1.1" 200 - "-" "Mozilla/5.0 (compatible; SemrushBot/7~bl; +http://www.semrush.com/bot.html)"
185.191.171.15 - - [28/Aug/2026:05:36:12 +0200] "GET /reunion-de-cadrage-entre-lucrm-et-le-cabinet-sec-diarra/ HTTP/1.1" 200 - "-" "Mozilla/5.0 (compatible; SemrushBot/7~bl; +http://www.semrush.com/bot.html)"
40.77.167.235 - - [28/Aug/2026:05:36:17 +0200] "GET /dp/81270f1d2639170 HTTP/1.1" 200 186403 "-" "Mozilla/5.0 AppleWebKit/537.36 (KHTML, like Gecko; compatible; bingbot/2.0; +http://www.bing.com/bingbot.htm) Chrome/116.0.1938.76 Safari/537.36"
57.141.20.25 - - [28/Aug/2026:05:36:23 +0200] "GET /le-president-issa-fait-le-bilan-du-cfa-2022-avec-toutes-les-crm/ HTTP/1.1" 200 - "-" "Mozilla/5.0 (Macintosh; Intel Mac OS X 10_15_7) AppleWebKit/537.36 (KHTML, like Gecko) Chrome/145.0.0.0 Safari/537.36 (compatible; meta-externalagent/1.1 (+https://developers.facebook.com/docs/sharing/webmasters/crawler))"
66.249.65.12 - - [28/Aug/2026:05:36:46 +0200] "GET /dp/457396701832197 HTTP/1.1" 200 185971 "-" "Mozilla/5.0 (Linux; Android 6.0.1; Nexus 5X Build/MMB29P) AppleWebKit/537.36 (KHTML, like Gecko) Chrome/151.0.7922.173 Mobile Safari/537.36 (compatible; GoogleOther)"
66.249.65.12 - - [28/Aug/2026:05:36:54 +0200] "GET /dp/21b1829a255642 HTTP/1.1" 200 192632 "-" "Mozilla/5.0 (Linux; Android 6.0.1; Nexus 5X Build/MMB29P) AppleWebKit/537.36 (KHTML, like Gecko) Chrome/151.0.7922.173 Mobile Safari/537.36 (compatible; GoogleOther)"
66.249.65.14 - - [28/Aug/2026:05:37:01 +0200] "GET /dp/a27014054198000 HTTP/1.1" 200 182033 "-" "Mozilla/5.0 (Linux; Android 6.0.1; Nexus 5X Build/MMB29P) AppleWebKit/537.36 (KHTML, like Gecko) Chrome/151.0.7922.173 Mobile Safari/537.36 (compatible; GoogleOther)"
